000
CDUS42 KKEY 050528
CLIMTH

CLIMATE REPORT
NATIONAL WEATHER SERVICE KEY WEST, FL
126 AM EDT SAT SEP 5 2015

...................................

...THE MARATHON CLIMATE SUMMARY FOR SEPTEMBER 4 2015...

CLIMATE NORMAL PERIOD 1981 TO 2010

WEATHER ITEM   OBSERVED TIME   NORMAL DEPARTURE LAST
               VALUE    (LST)  VALUE  FROM      YEAR
                                      NORMAL
......................................................
TEMPERATURE (F)
 YESTERDAY
  MAXIMUM         92    340 PM  90      2       91
  MINIMUM         81    621 AM  79      2       76
  AVERAGE         87            85      2       84

PRECIPITATION (IN)
  YESTERDAY        0.00          0.24  -0.24     0.08
  MONTH TO DATE    0.00          1.01  -1.01     0.26
  SINCE SEP 1      0.00          1.01  -1.01     0.26
  SINCE JAN 1     14.11         29.83 -15.72    20.20

SNOWFALL (IN)
  YESTERDAY        0.0
  MONTH TO DATE    0.0
  SINCE SEP 1      0.0
  SINCE JUL 1      0.0
  SNOW DEPTH       0

DEGREE DAYS
 HEATING
  YESTERDAY        0             0      0        0
  MONTH TO DATE    0             0      0        0
  SINCE SEP 1      0             0      0        0
  SINCE JUL 1      0             0      0        0

 COOLING
  YESTERDAY       22            19      3       19
  MONTH TO DATE   90            79     11       78
  SINCE SEP 1     90            79     11       78
  SINCE JAN 1   3906          3465    441     3762
......................................................

WIND (MPH)
  HIGHEST WIND SPEED     9   HIGHEST WIND DIRECTION    NE (30)
  HIGHEST GUST SPEED    14   HIGHEST GUST DIRECTION    SW (230)
  AVERAGE WIND SPEED     3.6

SKY COVER
  POSSIBLE SUNSHINE  MM
  AVERAGE SKY COVER 0.2

WEATHER CONDITIONS
 THE FOLLOWING WEATHER WAS RECORDED YESTERDAY.
  NO SIGNIFICANT WEATHER WAS OBSERVED.

RELATIVE HUMIDITY (PERCENT)
 HIGHEST    91
 LOWEST     64
 AVERAGE    78
..........................................................

THE MARATHON CLIMATE NORMALS FOR TODAY
                         NORMAL
 MAXIMUM TEMPERATURE (F)   90
 MINIMUM TEMPERATURE (F)   79

SUNRISE AND SUNSET
SEPTEMBER  5 2015.....SUNRISE   707 AM EDT   SUNSET   739 PM EDT
SEPTEMBER  6 2015.....SUNRISE   707 AM EDT   SUNSET   738 PM EDT

-  INDICATES NEGATIVE NUMBERS.
R  INDICATES RECORD WAS SET OR TIED.
MM INDICATES DATA IS MISSING.
T  INDICATES TRACE AMOUNT.

$$
