000
CDUS45 KGJT 290801
CLIMTJ


CLIMATE REPORT
NATIONAL WEATHER SERVICE GRAND JUNCTION CO
159 AM MDT SAT AUG 29 2015


...................................

...THE MONTROSE CO CLIMATE SUMMARY FOR AUGUST 28 2015...

CLIMATE NORMAL PERIOD 1981 TO 2010
CLIMATE RECORD PERIOD 9999 TO 9999


WEATHER ITEM   OBSERVED TIME   RECORD YEAR NORMAL DEPARTURE LAST
                VALUE   (LST)  VALUE       VALUE  FROM      YEAR
                                                  NORMAL
..................................................................
TEMPERATURE (F)
 YESTERDAY
  MAXIMUM         84    413 PM  MM      MM  83      1       74
  MINIMUM         52    609 AM  MM      MM  53     -1       54
  AVERAGE         68                        68      0       64

PRECIPITATION (IN)
  YESTERDAY        T            MM      MM   0.04  -0.04     0.04
  MONTH TO DATE    0.54                      1.12  -0.58     1.47
  SINCE JUN 1      2.12                      2.89  -0.77     2.30
  SINCE JAN 1      6.57                      7.19  -0.62     5.57

SNOWFALL (IN)
  YESTERDAY       MM            MM      MM  MM     MM       MM
  MONTH TO DATE   MM                        MM     MM       MM
  SINCE JUN 1     MM                        MM     MM       MM
  SINCE JUL 1     MM                        MM     MM       MM
  SNOW DEPTH      MM

DEGREE DAYS
 HEATING
  YESTERDAY        0                         0      0        1
  MONTH TO DATE    1                         0      1        7
  SINCE JUN 1     22                        39    -17       25
  SINCE JUL 1      1                         0      1        7

 COOLING
  YESTERDAY        3                         4     -1        0
  MONTH TO DATE  201                       173     28      166
  SINCE JUN 1    640                       578     62      647
  SINCE JAN 1    644                       595     49      688
..................................................................


WIND (MPH)
  HIGHEST WIND SPEED    15   HIGHEST WIND DIRECTION    SE (130)
  HIGHEST GUST SPEED    18   HIGHEST GUST DIRECTION    SE (130)
  AVERAGE WIND SPEED     6.8


SKY COVER
  POSSIBLE SUNSHINE  MM
  AVERAGE SKY COVER 0.0


WEATHER CONDITIONS
 THE FOLLOWING WEATHER WAS RECORDED YESTERDAY.
  LIGHT RAIN


RELATIVE HUMIDITY (PERCENT)
 HIGHEST    93           400 AM
 LOWEST     24           300 PM
 AVERAGE    59

..........................................................


THE MONTROSE CO CLIMATE NORMALS FOR TODAY
                         NORMAL    RECORD    YEAR
 MAXIMUM TEMPERATURE (F)   83        MM        MM
 MINIMUM TEMPERATURE (F)   53        MM        MM


SUNRISE AND SUNSET
AUGUST 29 2015........SUNRISE   638 AM MDT   SUNSET   746 PM MDT
AUGUST 30 2015........SUNRISE   639 AM MDT   SUNSET   745 PM MDT


-  INDICATES NEGATIVE NUMBERS.
R  INDICATES RECORD WAS SET OR TIED.
MM INDICATES DATA IS MISSING.
T  INDICATES TRACE AMOUNT.




$$
