000
CDUS43 KILX 252156
CLIMTO


CLIMATE REPORT
NATIONAL WEATHER SERVICE LINCOLN IL
455 PM CDT MON MAY 25 2015


...................................

...THE MATTOON IL AIRPORT CLIMATE SUMMARY FOR MAY 25 2015...
VALID TODAY AS OF 0400 PM LOCAL TIME.

CLIMATE NORMAL PERIOD 1981 TO 2010
CLIMATE RECORD PERIOD 9999 TO 9999


WEATHER ITEM   OBSERVED TIME   RECORD YEAR NORMAL DEPARTURE LAST
                VALUE   (LST)  VALUE       VALUE  FROM      YEAR
                                                  NORMAL
..................................................................
TEMPERATURE (F)
 TODAY
  MAXIMUM         78    258 PM  MM      MM  76      2       76
  MINIMUM         67    128 AM  MM      MM  56     11       62
  AVERAGE         73                        66      7       69

PRECIPITATION (IN)
  TODAY            0.12         MM      MM   0.12   0.00     0.00
  MONTH TO DATE    1.70                      3.70  -2.00     2.72
  SINCE MAR 1      8.01                      9.70  -1.69     7.86
  SINCE JAN 1      9.36                     13.68  -4.32     9.79

DEGREE DAYS
 HEATING
  TODAY            0                         3     -3        0
  MONTH TO DATE   80                       117    -37      135
  SINCE MAR 1   1200                      1175     25     1348
  SINCE JUL 1   5893                      5379    514     6195

 COOLING
  TODAY            8                         3      5        4
  MONTH TO DATE   95                        51     44       65
  SINCE MAR 1     97                        65     32       69
  SINCE JAN 1     97                        65     32       69
..................................................................


WIND (MPH)
  HIGHEST WIND SPEED    22   HIGHEST WIND DIRECTION     S (200)
  HIGHEST GUST SPEED    34   HIGHEST GUST DIRECTION     S (190)
  AVERAGE WIND SPEED    13.1


SKY COVER
  POSSIBLE SUNSHINE  MM
  AVERAGE SKY COVER 0.7


WEATHER CONDITIONS
 THE FOLLOWING WEATHER WAS RECORDED TODAY.
  RAIN
  LIGHT RAIN


RELATIVE HUMIDITY (PERCENT)
 HIGHEST    93           100 AM
 LOWEST     62           100 PM
 AVERAGE    78

..........................................................


THE MATTOON IL AIRPORT CLIMATE NORMALS FOR TOMORROW
                         NORMAL    RECORD    YEAR
 MAXIMUM TEMPERATURE (F)   76        MM        MM
 MINIMUM TEMPERATURE (F)   56        MM        MM


SUNRISE AND SUNSET
MAY 25 2015...........SUNRISE   532 AM CDT   SUNSET   809 PM CDT
MAY 26 2015...........SUNRISE   531 AM CDT   SUNSET   810 PM CDT


-  INDICATES NEGATIVE NUMBERS.
R  INDICATES RECORD WAS SET OR TIED.
MM INDICATES DATA IS MISSING.
T  INDICATES TRACE AMOUNT.




$$
