000
CDUS43 KILX 020652
CLIMTO


CLIMATE REPORT
NATIONAL WEATHER SERVICE LINCOLN IL
152 AM CDT WED SEP 2 2015


...................................

...THE MATTOON IL AIRPORT CLIMATE SUMMARY FOR SEPTEMBER 1 2015...

CLIMATE NORMAL PERIOD 1981 TO 2010
CLIMATE RECORD PERIOD 9999 TO 9999


WEATHER ITEM   OBSERVED TIME   RECORD YEAR NORMAL DEPARTURE LAST
                VALUE   (LST)  VALUE       VALUE  FROM      YEAR
                                                  NORMAL
..................................................................
TEMPERATURE (F)
 YESTERDAY
  MAXIMUM         89    231 PM  MM      MM  83      6       83
  MINIMUM         69    856 AM  MM      MM  60      9       69
  AVERAGE         79                        72      7       76

PRECIPITATION (IN)
  YESTERDAY        0.05         MM      MM   0.13  -0.08     0.33
  MONTH TO DATE    0.05                      0.13  -0.08     0.33
  SINCE SEP 1      0.05                      0.13  -0.08     0.33
  SINCE JAN 1     24.20                     26.03  -1.83    21.77

DEGREE DAYS
 HEATING
  YESTERDAY        0                         0      0        0
  MONTH TO DATE    0                         0      0        0
  SINCE SEP 1      0                         0      0        0
  SINCE JUL 1      0                         5     -5        5

 COOLING
  YESTERDAY       14                         7      7       11
  MONTH TO DATE   14                         7      7       11
  SINCE SEP 1     14                         7      7       11
  SINCE JAN 1    918                       927     -9      845
..................................................................


WIND (MPH)
  HIGHEST WIND SPEED    16   HIGHEST WIND DIRECTION    SE (130)
  HIGHEST GUST SPEED    21   HIGHEST GUST DIRECTION    SE (140)
  AVERAGE WIND SPEED     7.1


SKY COVER
  POSSIBLE SUNSHINE  MM
  AVERAGE SKY COVER 0.4


WEATHER CONDITIONS
 THE FOLLOWING WEATHER WAS RECORDED YESTERDAY.
  THUNDERSTORM
  LIGHT RAIN
  FOG
  HAZE


RELATIVE HUMIDITY (PERCENT)
 HIGHEST    90           400 AM
 LOWEST     55           200 PM
 AVERAGE    73

..........................................................


THE MATTOON IL AIRPORT CLIMATE NORMALS FOR TODAY
                         NORMAL    RECORD    YEAR
 MAXIMUM TEMPERATURE (F)   83        MM        MM
 MINIMUM TEMPERATURE (F)   60        MM        MM


SUNRISE AND SUNSET
SEPTEMBER  2 2015.....SUNRISE   622 AM CDT   SUNSET   723 PM CDT
SEPTEMBER  3 2015.....SUNRISE   623 AM CDT   SUNSET   721 PM CDT


-  INDICATES NEGATIVE NUMBERS.
R  INDICATES RECORD WAS SET OR TIED.
MM INDICATES DATA IS MISSING.
T  INDICATES TRACE AMOUNT.




$$
