000
CDUS43 KILX 180633
CLIMTO


CLIMATE REPORT
NATIONAL WEATHER SERVICE LINCOLN IL
1231 AM CST SAT NOV 18 2017


...................................

...THE MATTOON IL AIRPORT CLIMATE SUMMARY FOR NOVEMBER 17 2017...

CLIMATE NORMAL PERIOD 1981 TO 2010
CLIMATE RECORD PERIOD 9999 TO 9999


WEATHER ITEM   OBSERVED TIME   RECORD YEAR NORMAL DEPARTURE LAST
                VALUE   (LST)  VALUE       VALUE  FROM      YEAR
                                                  NORMAL
..................................................................
TEMPERATURE (F)
 YESTERDAY
  MAXIMUM         55   1159 PM  MM      MM  51      4       75
  MINIMUM         30    720 AM  MM      MM  34     -4       50
  AVERAGE         43                        43      0       63

PRECIPITATION (IN)
  YESTERDAY        T            MM      MM   0.12  -0.12     0.00
  MONTH TO DATE    1.89                      2.00  -0.11     0.95
  SINCE SEP 1      7.83                      7.90  -0.07     6.53
  SINCE JAN 1     34.98                     33.80   1.18    30.00

DEGREE DAYS
 HEATING
  YESTERDAY       22                        22      0        2
  MONTH TO DATE  351                       321     30      214
  SINCE SEP 1    649                       720    -71      401
  SINCE JUL 1    650                       725    -75      406

 COOLING
  YESTERDAY        0                         0      0        0
  MONTH TO DATE    0                         0      0       11
  SINCE SEP 1    236                       137     99      253
  SINCE JAN 1   1161                      1057    104     1316
..................................................................


WIND (MPH)
  HIGHEST WIND SPEED    21   HIGHEST WIND DIRECTION     S (160)
  HIGHEST GUST SPEED    30   HIGHEST GUST DIRECTION    SE (150)
  AVERAGE WIND SPEED    13.2


SKY COVER
  POSSIBLE SUNSHINE  MM
  AVERAGE SKY COVER 0.6


WEATHER CONDITIONS
 THE FOLLOWING WEATHER WAS RECORDED YESTERDAY.
  LIGHT RAIN
  FOG
  HAZE


RELATIVE HUMIDITY (PERCENT)
 HIGHEST   100           800 AM
 LOWEST     66          1100 PM
 AVERAGE    83

..........................................................


THE MATTOON IL AIRPORT CLIMATE NORMALS FOR TODAY
                         NORMAL    RECORD    YEAR
 MAXIMUM TEMPERATURE (F)   50        MM        MM
 MINIMUM TEMPERATURE (F)   34        MM        MM


SUNRISE AND SUNSET
NOVEMBER 18 2017......SUNRISE   641 AM CST   SUNSET   436 PM CST
NOVEMBER 19 2017......SUNRISE   642 AM CST   SUNSET   435 PM CST


-  INDICATES NEGATIVE NUMBERS.
R  INDICATES RECORD WAS SET OR TIED.
MM INDICATES DATA IS MISSING.
T  INDICATES TRACE AMOUNT.




$$
