000
CDUS43 KILX 242157
CLIMTO


CLIMATE REPORT
NATIONAL WEATHER SERVICE LINCOLN IL
457 PM CDT MON JUL 24 2017


...................................

...THE MATTOON IL AIRPORT CLIMATE SUMMARY FOR JULY 24 2017...
VALID TODAY AS OF 0400 PM LOCAL TIME.

CLIMATE NORMAL PERIOD 1981 TO 2010
CLIMATE RECORD PERIOD 9999 TO 9999


WEATHER ITEM   OBSERVED TIME   RECORD YEAR NORMAL DEPARTURE LAST
                VALUE   (LST)  VALUE       VALUE  FROM      YEAR
                                                  NORMAL
..................................................................
TEMPERATURE (F)
 TODAY
  MAXIMUM         83    236 PM  MM      MM  86     -3       90
  MINIMUM         67    534 AM  MM      MM  65      2       71
  AVERAGE         75                        76     -1       81

PRECIPITATION (IN)
  TODAY            0.00         MM      MM   0.13  -0.13     0.01
  MONTH TO DATE    2.04                      3.50  -1.46     3.85
  SINCE JUN 1      6.27                      7.74  -1.47     5.99
  SINCE JAN 1     22.65                     22.09   0.56    17.73

DEGREE DAYS
 HEATING
  TODAY            0                         0      0        0
  MONTH TO DATE    0                         0      0        5
  SINCE JUN 1      1                        17    -16        5
  SINCE JUL 1      0                         0      0        5

 COOLING
  TODAY           10                        11     -1       16
  MONTH TO DATE  320                       262     58      258
  SINCE JUN 1    580                       485     95      571
  SINCE JAN 1    686                       573    113      646
..................................................................


WIND (MPH)
  HIGHEST WIND SPEED    14   HIGHEST WIND DIRECTION     N (10)
  HIGHEST GUST SPEED    17   HIGHEST GUST DIRECTION     N (10)
  AVERAGE WIND SPEED     7.0


SKY COVER
  POSSIBLE SUNSHINE  MM
  AVERAGE SKY COVER 0.1


WEATHER CONDITIONS
 THE FOLLOWING WEATHER WAS RECORDED TODAY.
  NO SIGNIFICANT WEATHER WAS OBSERVED.


RELATIVE HUMIDITY (PERCENT)
 HIGHEST   100          1200 AM
 LOWEST     67           300 PM
 AVERAGE    84

..........................................................


THE MATTOON IL AIRPORT CLIMATE NORMALS FOR TOMORROW
                         NORMAL    RECORD    YEAR
 MAXIMUM TEMPERATURE (F)   86        MM        MM
 MINIMUM TEMPERATURE (F)   65        MM        MM


SUNRISE AND SUNSET
JULY 24 2017..........SUNRISE   546 AM CDT   SUNSET   813 PM CDT
JULY 25 2017..........SUNRISE   547 AM CDT   SUNSET   812 PM CDT


-  INDICATES NEGATIVE NUMBERS.
R  INDICATES RECORD WAS SET OR TIED.
MM INDICATES DATA IS MISSING.
T  INDICATES TRACE AMOUNT.




$$
