930
CDUS43 KILX 232232
CLIMTO


CLIMATE REPORT
NATIONAL WEATHER SERVICE LINCOLN IL
432 PM CST TUE JAN 23 2018


...................................

...THE MATTOON IL AIRPORT CLIMATE SUMMARY FOR JANUARY 23 2018...
VALID TODAY AS OF 0400 PM LOCAL TIME.

CLIMATE NORMAL PERIOD 1981 TO 2010
CLIMATE RECORD PERIOD 9999 TO 9999


WEATHER ITEM   OBSERVED TIME   RECORD YEAR NORMAL DEPARTURE LAST
                VALUE   (LST)  VALUE       VALUE  FROM      YEAR
                                                  NORMAL
..................................................................
TEMPERATURE (F)
 TODAY
  MAXIMUM         38   1221 AM  MM      MM  35      3       41
  MINIMUM         31    359 PM  MM      MM  19     12       38
  AVERAGE         35                        27      8       40

PRECIPITATION (IN)
  TODAY            T            MM      MM   0.05  -0.05     0.00
  MONTH TO DATE    0.60                      1.76  -1.16     1.72
  SINCE DEC 1      0.89                      4.53  -3.64     2.25
  SINCE JAN 1      0.60                      1.76  -1.16     1.72

DEGREE DAYS
 HEATING
  TODAY           30                        38     -8       25
  MONTH TO DATE 1009                       871    138      712
  SINCE DEC 1   2072                      1915    157     1805
  SINCE JUL 1   3002                      2974     28     2516

 COOLING
  TODAY            0                         0      0        0
  MONTH TO DATE    0                         0      0        0
  SINCE DEC 1      0                         0      0        0
  SINCE JAN 1      0                         0      0        0
..................................................................


WIND (MPH)
  HIGHEST WIND SPEED    24   HIGHEST WIND DIRECTION     W (290)
  HIGHEST GUST SPEED    31   HIGHEST GUST DIRECTION     W (280)
  AVERAGE WIND SPEED    14.7


SKY COVER
  POSSIBLE SUNSHINE  MM
  AVERAGE SKY COVER 0.9


WEATHER CONDITIONS
 THE FOLLOWING WEATHER WAS RECORDED TODAY.
  LIGHT RAIN
  LIGHT SNOW
  FOG


RELATIVE HUMIDITY (PERCENT)
 HIGHEST   100           100 AM
 LOWEST     85           200 PM
 AVERAGE    93

..........................................................


THE MATTOON IL AIRPORT CLIMATE NORMALS FOR TOMORROW
                         NORMAL    RECORD    YEAR
 MAXIMUM TEMPERATURE (F)   35        MM        MM
 MINIMUM TEMPERATURE (F)   19        MM        MM


SUNRISE AND SUNSET
JANUARY 23 2018.......SUNRISE   708 AM CST   SUNSET   503 PM CST
JANUARY 24 2018.......SUNRISE   707 AM CST   SUNSET   504 PM CST


-  INDICATES NEGATIVE NUMBERS.
R  INDICATES RECORD WAS SET OR TIED.
MM INDICATES DATA IS MISSING.
T  INDICATES TRACE AMOUNT.




$$
