000
CDUS43 KILX 270645
CLIMTO


CLIMATE REPORT
NATIONAL WEATHER SERVICE LINCOLN IL
144 AM CDT FRI MAR 27 2015


...................................

...THE MATTOON IL AIRPORT CLIMATE SUMMARY FOR MARCH 26 2015...

CLIMATE NORMAL PERIOD 1981 TO 2010
CLIMATE RECORD PERIOD 9999 TO 9999


WEATHER ITEM   OBSERVED TIME   RECORD YEAR NORMAL DEPARTURE LAST
                VALUE   (LST)  VALUE       VALUE  FROM      YEAR
                                                  NORMAL
..................................................................
TEMPERATURE (F)
 YESTERDAY
  MAXIMUM         47    416 PM  MM      MM  56     -9       42
  MINIMUM         32   1159 PM  MM      MM  36     -4       16
  AVERAGE         40                        46     -6       29

PRECIPITATION (IN)
  YESTERDAY        0.52         MM      MM   0.10   0.42     0.00
  MONTH TO DATE    2.48                      2.02   0.46     0.79
  SINCE MAR 1      2.48                      2.02   0.46     0.79
  SINCE JAN 1      3.83                      6.00  -2.17     2.72

DEGREE DAYS
 HEATING
  YESTERDAY       25                        19      6       36
  MONTH TO DATE  691                       609     82      788
  SINCE MAR 1    691                       609     82      788
  SINCE JUL 1   5384                      4813    571     5635

 COOLING
  YESTERDAY        0                         0      0        0
  MONTH TO DATE    0                         0      0        0
  SINCE MAR 1      0                         0      0        0
  SINCE JAN 1      0                         0      0        0
..................................................................


WIND (MPH)
  HIGHEST WIND SPEED    23   HIGHEST WIND DIRECTION     N (360)
  HIGHEST GUST SPEED    29   HIGHEST GUST DIRECTION     N (360)
  AVERAGE WIND SPEED    14.0


SKY COVER
  POSSIBLE SUNSHINE  MM
  AVERAGE SKY COVER 0.7


WEATHER CONDITIONS
 THE FOLLOWING WEATHER WAS RECORDED YESTERDAY.
  HEAVY RAIN
  RAIN
  LIGHT RAIN
  FOG


RELATIVE HUMIDITY (PERCENT)
 HIGHEST   100          1200 AM
 LOWEST     53           500 PM
 AVERAGE    77

..........................................................


THE MATTOON IL AIRPORT CLIMATE NORMALS FOR TODAY
                         NORMAL    RECORD    YEAR
 MAXIMUM TEMPERATURE (F)   57        MM        MM
 MINIMUM TEMPERATURE (F)   36        MM        MM


SUNRISE AND SUNSET
MARCH 27 2015.........SUNRISE   646 AM CDT   SUNSET   712 PM CDT
MARCH 28 2015.........SUNRISE   644 AM CDT   SUNSET   713 PM CDT


-  INDICATES NEGATIVE NUMBERS.
R  INDICATES RECORD WAS SET OR TIED.
MM INDICATES DATA IS MISSING.
T  INDICATES TRACE AMOUNT.




$$
