000
CDUS41 KBTV 240539
CLIMVL


CLIMATE REPORT
NATIONAL WEATHER SERVICE BURLINGTON VT
137 AM EDT TUE OCT 24 2017


...................................

...THE MORRISVILLE VT CLIMATE SUMMARY FOR OCTOBER 23 2017...

CLIMATE NORMAL PERIOD 1981 TO 2010
CLIMATE RECORD PERIOD 9999 TO 9999


WEATHER ITEM   OBSERVED TIME   NORMAL DEPARTURE LAST
                VALUE   (LST)  VALUE  FROM      YEAR
                                      NORMAL
......................................................
TEMPERATURE (F)
 YESTERDAY
  MAXIMUM         68    223 PM  54     14       47
  MINIMUM         36    548 AM  33      3       33
  AVERAGE         52            43      9       40

PRECIPITATION (IN)
  YESTERDAY        0.00          0.09  -0.09     0.07
  MONTH TO DATE    1.01          2.32  -1.31     0.70
  SINCE SEP 1      3.75          5.69  -1.94     1.59
  SINCE JAN 1     30.71         29.45   1.26    17.23

DEGREE DAYS
 HEATING
  YESTERDAY       13            22     -9       25
  MONTH TO DATE  266           413   -147      316
  SINCE SEP 1    439           650   -211      490
  SINCE JUL 1    601           745   -144      549

 COOLING
  YESTERDAY        0             0      0        0
  MONTH TO DATE    0             0      0        0
  SINCE SEP 1     47            18     29       34
  SINCE JAN 1    191           265    -74      322
......................................................


WIND (MPH)
  HIGHEST WIND SPEED    18   HIGHEST WIND DIRECTION     S (170)
  HIGHEST GUST SPEED    26   HIGHEST GUST DIRECTION    SW (210)
  AVERAGE WIND SPEED     6.9


SKY COVER
  AVERAGE SKY COVER 0.4


WEATHER CONDITIONS
 THE FOLLOWING WEATHER WAS RECORDED YESTERDAY.
  NO SIGNIFICANT WEATHER WAS OBSERVED.


RELATIVE HUMIDITY (PERCENT)
 HIGHEST   100          1200 AM
 LOWEST     52           100 PM
 AVERAGE    76

..........................................................


THE MORRISVILLE VT CLIMATE NORMALS FOR TODAY
                         NORMAL    RECORD    YEAR
 MAXIMUM TEMPERATURE (F)   53        69      2001
 MINIMUM TEMPERATURE (F)   33        20      2008


SUNRISE AND SUNSET
OCTOBER 24 2017.......SUNRISE   718 AM EDT   SUNSET   551 PM EDT
OCTOBER 25 2017.......SUNRISE   719 AM EDT   SUNSET   549 PM EDT


-  INDICATES NEGATIVE NUMBERS.
R  INDICATES RECORD WAS SET OR TIED.
MM INDICATES DATA IS MISSING.
T  INDICATES TRACE AMOUNT.




$$
