000
CDUS41 KBTV 180533
CLIMVL


CLIMATE REPORT
NATIONAL WEATHER SERVICE BURLINGTON VT
1232 AM EST THU JAN 18 2018


...................................

...THE MORRISVILLE VT CLIMATE SUMMARY FOR JANUARY 17 2018...

CLIMATE NORMAL PERIOD 1981 TO 2010
CLIMATE RECORD PERIOD 9999 TO 9999


WEATHER ITEM   OBSERVED TIME   NORMAL DEPARTURE LAST
                VALUE   (LST)  VALUE  FROM      YEAR
                                      NORMAL
......................................................
TEMPERATURE (F)
 YESTERDAY
  MAXIMUM         26    259 PM  26      0       37
  MINIMUM         12   1159 PM   5      7       14
  AVERAGE         19            15      4       26

PRECIPITATION (IN)
  YESTERDAY        0.01          0.08  -0.07     0.05
  MONTH TO DATE    2.54          1.50   1.04     0.69
  SINCE DEC 1      3.39          4.14  -0.75     3.90
  SINCE JAN 1      2.54          1.50   1.04     0.69

DEGREE DAYS
 HEATING
  YESTERDAY       46            50     -4       39
  MONTH TO DATE  785           828    -43      744
  SINCE DEC 1   2268          2138    130     2014
  SINCE JUL 1   3909          3966    -57     3605

 COOLING
  YESTERDAY        0             0      0        0
  MONTH TO DATE    0             0      0        0
  SINCE DEC 1      0             0      0        0
  SINCE JAN 1      0             0      0        0
......................................................


WIND (MPH)
  HIGHEST WIND SPEED     9   HIGHEST WIND DIRECTION     N (20)
  HIGHEST GUST SPEED    11   HIGHEST GUST DIRECTION     N (10)
  AVERAGE WIND SPEED     1.1


SKY COVER
  AVERAGE SKY COVER 1.0


WEATHER CONDITIONS
 THE FOLLOWING WEATHER WAS RECORDED YESTERDAY.
  LIGHT SNOW
  FOG


RELATIVE HUMIDITY (PERCENT)
 HIGHEST   100          1200 AM
 LOWEST     84           200 PM
 AVERAGE    92

..........................................................


THE MORRISVILLE VT CLIMATE NORMALS FOR TODAY
                         NORMAL    RECORD    YEAR
 MAXIMUM TEMPERATURE (F)   26        45      1999
 MINIMUM TEMPERATURE (F)    5       -27      2003


SUNRISE AND SUNSET
JANUARY 18 2018.......SUNRISE   722 AM EST   SUNSET   440 PM EST
JANUARY 19 2018.......SUNRISE   721 AM EST   SUNSET   442 PM EST


-  INDICATES NEGATIVE NUMBERS.
R  INDICATES RECORD WAS SET OR TIED.
MM INDICATES DATA IS MISSING.
T  INDICATES TRACE AMOUNT.




$$
