000
CDUS41 KBTV 070547
CLIMVL


CLIMATE REPORT
NATIONAL WEATHER SERVICE BURLINGTON VT
1239 AM EST SUN FEB 7 2016


...................................

...THE MORRISVILLE VT CLIMATE SUMMARY FOR FEBRUARY 6 2016...

CLIMATE NORMAL PERIOD 1981 TO 2010
CLIMATE RECORD PERIOD 9999 TO 9999


WEATHER ITEM   OBSERVED TIME   NORMAL DEPARTURE LAST
                VALUE   (LST)  VALUE  FROM      YEAR
                                      NORMAL
......................................................
TEMPERATURE (F)
 YESTERDAY
  MAXIMUM         38    105 PM  28     10       19
  MINIMUM         17    228 AM   5     12      -20
  AVERAGE         28            16     12        0

PRECIPITATION (IN)
  YESTERDAY        T             0.06  -0.06      T
  MONTH TO DATE    0.36          0.35   0.01     0.12
  SINCE DEC 1      2.99          5.53  -2.54     1.75
  SINCE JAN 1      1.05          2.89  -1.84     0.96

DEGREE DAYS
 HEATING
  YESTERDAY       37            49    -12       65
  MONTH TO DATE  186           294   -108      361
  SINCE DEC 1   2376          3128   -752     3017
  SINCE JUL 1   3791          4956  -1165     4360

 COOLING
  YESTERDAY        0             0      0        0
  MONTH TO DATE    0             0      0        0
  SINCE DEC 1      0             0      0        0
  SINCE JAN 1      0             0      0        0
......................................................


WIND (MPH)
  HIGHEST WIND SPEED    18   HIGHEST WIND DIRECTION     S (200)
  HIGHEST GUST SPEED    26   HIGHEST GUST DIRECTION     S (200)
  AVERAGE WIND SPEED     7.0


SKY COVER
  AVERAGE SKY COVER 0.8


WEATHER CONDITIONS
 THE FOLLOWING WEATHER WAS RECORDED YESTERDAY.
  LIGHT SNOW


RELATIVE HUMIDITY (PERCENT)
 HIGHEST    80           200 AM
 LOWEST     48           200 PM
 AVERAGE    64

..........................................................


THE MORRISVILLE VT CLIMATE NORMALS FOR TODAY
                         NORMAL    RECORD    YEAR
 MAXIMUM TEMPERATURE (F)   29        52      2005
 MINIMUM TEMPERATURE (F)    5       -25      1988


SUNRISE AND SUNSET
FEBRUARY  7 2016......SUNRISE   702 AM EST   SUNSET   507 PM EST
FEBRUARY  8 2016......SUNRISE   701 AM EST   SUNSET   509 PM EST


-  INDICATES NEGATIVE NUMBERS.
R  INDICATES RECORD WAS SET OR TIED.
MM INDICATES DATA IS MISSING.
T  INDICATES TRACE AMOUNT.




$$
