000
CDUS41 KBTV 270552
CLIMVL


CLIMATE REPORT
NATIONAL WEATHER SERVICE BURLINGTON VT
151 AM EDT SUN JUL 27 2014


...................................

...THE MORRISVILLE VT CLIMATE SUMMARY FOR JULY 26 2014...

CLIMATE NORMAL PERIOD 1981 TO 2010
CLIMATE RECORD PERIOD 9999 TO 9999


WEATHER ITEM   OBSERVED TIME   NORMAL DEPARTURE LAST
                VALUE   (LST)  VALUE  FROM      YEAR
                                      NORMAL
......................................................
TEMPERATURE (F)
 YESTERDAY
  MAXIMUM         79    315 PM  80     -1       74
  MINIMUM         52    526 AM  56     -4       51
  AVERAGE         66            68     -2       63

PRECIPITATION (IN)
  YESTERDAY        0.00          0.11  -0.11     0.00
  MONTH TO DATE    4.74          3.52   1.22     4.89
  SINCE JUN 1      8.63          7.50   1.13    13.51
  SINCE JAN 1     22.23         19.12   3.11    25.52

DEGREE DAYS
 HEATING
  YESTERDAY        0             1     -1        2
  MONTH TO DATE   16            27    -11       13
  SINCE JUN 1     88           150    -62      143
  SINCE JUL 1     16            27    -11       13

 COOLING
  YESTERDAY        1             4     -3        0
  MONTH TO DATE  106            97      9      171
  SINCE JUN 1    146           145      1      247
  SINCE JAN 1    151           153     -2      267
......................................................


WIND (MPH)
  HIGHEST WIND SPEED    13   HIGHEST WIND DIRECTION     S (200)
  HIGHEST GUST SPEED    17   HIGHEST GUST DIRECTION    SW (210)
  AVERAGE WIND SPEED     1.8


SKY COVER
  AVERAGE SKY COVER 0.4


WEATHER CONDITIONS
 THE FOLLOWING WEATHER WAS RECORDED YESTERDAY.
  FOG


RELATIVE HUMIDITY (PERCENT)
 HIGHEST   100           600 AM
 LOWEST     42           300 PM
 AVERAGE    71

..........................................................


THE MORRISVILLE VT CLIMATE NORMALS FOR TODAY
                         NORMAL    RECORD    YEAR
 MAXIMUM TEMPERATURE (F)   80        MM        MM
 MINIMUM TEMPERATURE (F)   56        MM        MM


SUNRISE AND SUNSET
JULY 27 2014..........SUNRISE   532 AM EDT   SUNSET   822 PM EDT
JULY 28 2014..........SUNRISE   533 AM EDT   SUNSET   821 PM EDT


-  INDICATES NEGATIVE NUMBERS.
R  INDICATES RECORD WAS SET OR TIED.
MM INDICATES DATA IS MISSING.
T  INDICATES TRACE AMOUNT.




$$
