000
CDUS41 KBTV 040525
CLIMVL


CLIMATE REPORT
NATIONAL WEATHER SERVICE BURLINGTON VT
123 AM EDT WED MAY 4 2016


...................................

...THE MORRISVILLE VT CLIMATE SUMMARY FOR MAY 3 2016...

CLIMATE NORMAL PERIOD 1981 TO 2010
CLIMATE RECORD PERIOD 9999 TO 9999


WEATHER ITEM   OBSERVED TIME   NORMAL DEPARTURE LAST
                VALUE   (LST)  VALUE  FROM      YEAR
                                      NORMAL
......................................................
TEMPERATURE (F)
 YESTERDAY
  MAXIMUM         49    425 PM  63    -14       76
  MINIMUM         34   1152 PM  37     -3       35
  AVERAGE         42            50     -8       56

PRECIPITATION (IN)
  YESTERDAY        0.00          0.09  -0.09     0.00
  MONTH TO DATE    0.23          0.26  -0.03     0.00
  SINCE MAR 1      3.05          4.33  -1.28     1.50
  SINCE JAN 1      6.20          8.61  -2.41     2.62

DEGREE DAYS
 HEATING
  YESTERDAY       23            15      8        9
  MONTH TO DATE   68            47     21       37
  SINCE MAR 1   1845          1867    -22     2053
  SINCE JUL 1   6418          7827  -1409     7735

 COOLING
  YESTERDAY        0             0      0        0
  MONTH TO DATE    0             0      0        0
  SINCE MAR 1      0             1     -1        0
  SINCE JAN 1      0             1     -1        0
......................................................


WIND (MPH)
  HIGHEST WIND SPEED     8   HIGHEST WIND DIRECTION     N (10)
  HIGHEST GUST SPEED    11   HIGHEST GUST DIRECTION     N (340)
  AVERAGE WIND SPEED     3.8


SKY COVER
  AVERAGE SKY COVER 1.0


WEATHER CONDITIONS
 THE FOLLOWING WEATHER WAS RECORDED YESTERDAY.
  NO SIGNIFICANT WEATHER WAS OBSERVED.


RELATIVE HUMIDITY (PERCENT)
 HIGHEST   100          1100 PM
 LOWEST     61           200 PM
 AVERAGE    81

..........................................................


THE MORRISVILLE VT CLIMATE NORMALS FOR TODAY
                         NORMAL    RECORD    YEAR
 MAXIMUM TEMPERATURE (F)   63        82      2015
 MINIMUM TEMPERATURE (F)   37        22      1987


SUNRISE AND SUNSET
MAY  4 2016...........SUNRISE   536 AM EDT   SUNSET   759 PM EDT
MAY  5 2016...........SUNRISE   535 AM EDT   SUNSET   800 PM EDT


-  INDICATES NEGATIVE NUMBERS.
R  INDICATES RECORD WAS SET OR TIED.
MM INDICATES DATA IS MISSING.
T  INDICATES TRACE AMOUNT.




$$
