000
CDUS41 KBTV 270618
CLIMVL


CLIMATE REPORT
NATIONAL WEATHER SERVICE BURLINGTON VT
216 AM EDT TUE JUN 27 2017


...................................

...THE MORRISVILLE VT CLIMATE SUMMARY FOR JUNE 26 2017...

CLIMATE NORMAL PERIOD 1981 TO 2010
CLIMATE RECORD PERIOD 9999 TO 9999


WEATHER ITEM   OBSERVED TIME   NORMAL DEPARTURE LAST
                VALUE   (LST)  VALUE  FROM      YEAR
                                      NORMAL
......................................................
TEMPERATURE (F)
 YESTERDAY
  MAXIMUM         69    250 PM  77     -8       88
  MINIMUM         50   1159 PM  54     -4       49
  AVERAGE         60            65     -5       69

PRECIPITATION (IN)
  YESTERDAY        0.00          0.16  -0.16     0.00
  MONTH TO DATE    4.87          3.43   1.44     1.50
  SINCE JUN 1      4.87          3.43   1.44     1.50
  SINCE JAN 1     17.62         15.05   2.57     8.55

DEGREE DAYS
 HEATING
  YESTERDAY        5             2      3        0
  MONTH TO DATE  133           117     16      131
  SINCE JUN 1    133           117     16      131
  SINCE JUL 1   7666          8248   -582     6833

 COOLING
  YESTERDAY        0             2     -2        4
  MONTH TO DATE   44            37      7       19
  SINCE JUN 1     44            37      7       19
  SINCE JAN 1     53            45      8       48
......................................................


WIND (MPH)
  HIGHEST WIND SPEED    12   HIGHEST WIND DIRECTION     N (340)
  HIGHEST GUST SPEED    17   HIGHEST GUST DIRECTION     N (340)
  AVERAGE WIND SPEED     3.2


SKY COVER
  AVERAGE SKY COVER 0.6


WEATHER CONDITIONS
 THE FOLLOWING WEATHER WAS RECORDED YESTERDAY.
  NO SIGNIFICANT WEATHER WAS OBSERVED.


RELATIVE HUMIDITY (PERCENT)
 HIGHEST   100          1200 AM
 LOWEST     44          1100 AM
 AVERAGE    72

..........................................................


THE MORRISVILLE VT CLIMATE NORMALS FOR TODAY
                         NORMAL    RECORD    YEAR
 MAXIMUM TEMPERATURE (F)   78        92      2005
 MINIMUM TEMPERATURE (F)   54        42      2004


SUNRISE AND SUNSET
JUNE 27 2017..........SUNRISE   508 AM EDT   SUNSET   839 PM EDT
JUNE 28 2017..........SUNRISE   508 AM EDT   SUNSET   839 PM EDT


-  INDICATES NEGATIVE NUMBERS.
R  INDICATES RECORD WAS SET OR TIED.
MM INDICATES DATA IS MISSING.
T  INDICATES TRACE AMOUNT.




$$
