000
CDUS41 KBTV 040559
CLIMVL


CLIMATE REPORT
NATIONAL WEATHER SERVICE BURLINGTON VT
1259 AM EST WED MAR 4 2015


...................................

...THE MORRISVILLE VT CLIMATE SUMMARY FOR MARCH 3 2015...

CLIMATE NORMAL PERIOD 1981 TO 2010
CLIMATE RECORD PERIOD 9999 TO 9999


WEATHER ITEM   OBSERVED TIME   NORMAL DEPARTURE LAST
                VALUE   (LST)  VALUE  FROM      YEAR
                                      NORMAL
......................................................
TEMPERATURE (F)
 YESTERDAY
  MAXIMUM         27    509 PM  35     -8       13
  MINIMUM         -6    728 AM  12    -18      -12
  AVERAGE         11            24    -13        1

PRECIPITATION (IN)
  YESTERDAY        0.02          0.04  -0.02     0.00
  MONTH TO DATE    0.03          0.12  -0.09     0.02
  SINCE MAR 1      0.03          0.12  -0.09     0.02
  SINCE JAN 1      1.15          4.40  -3.25     4.62

DEGREE DAYS
 HEATING
  YESTERDAY       54            41     13       64
  MONTH TO DATE  156           125     31      170
  SINCE MAR 1    156           125     31      170
  SINCE JUL 1   5838          6085   -247     6224

 COOLING
  YESTERDAY        0             0      0        0
  MONTH TO DATE    0             0      0        0
  SINCE MAR 1      0             0      0        0
  SINCE JAN 1      0             0      0        0
......................................................


WIND (MPH)
  HIGHEST WIND SPEED    21   HIGHEST WIND DIRECTION     S (190)
  HIGHEST GUST SPEED    32   HIGHEST GUST DIRECTION     S (180)
  AVERAGE WIND SPEED     4.6


SKY COVER
  AVERAGE SKY COVER 0.3


WEATHER CONDITIONS
 THE FOLLOWING WEATHER WAS RECORDED YESTERDAY.
  LIGHT SNOW


RELATIVE HUMIDITY (PERCENT)
 HIGHEST    82           700 AM
 LOWEST     27           100 PM
 AVERAGE    55

..........................................................


THE MORRISVILLE VT CLIMATE NORMALS FOR TODAY
                         NORMAL    RECORD    YEAR
 MAXIMUM TEMPERATURE (F)   35        52      2008
 MINIMUM TEMPERATURE (F)   13       -19      2014


SUNRISE AND SUNSET
MARCH  4 2015.........SUNRISE   623 AM EST   SUNSET   542 PM EST
MARCH  5 2015.........SUNRISE   621 AM EST   SUNSET   543 PM EST


-  INDICATES NEGATIVE NUMBERS.
R  INDICATES RECORD WAS SET OR TIED.
MM INDICATES DATA IS MISSING.
T  INDICATES TRACE AMOUNT.




$$
