000
CDUS46 KOTX 230833
CLIMWH


CLIMATE REPORT
NATIONAL WEATHER SERVICE SPOKANE, WA
132 AM PDT TUE SEP 23 2014


...................................

...THE MOSES LAKE WA AIRPORT CLIMATE SUMMARY FOR SEPTEMBER 22 2014...

CLIMATE NORMAL PERIOD 1981 TO 2010
CLIMATE RECORD PERIOD 9999 TO 9999


WEATHER ITEM   OBSERVED TIME   RECORD YEAR NORMAL DEPARTURE LAST
                VALUE   (LST)  VALUE       VALUE  FROM      YEAR
                                                  NORMAL
..................................................................
TEMPERATURE (F)
 YESTERDAY
  MAXIMUM         85    219 PM  MM      MM  75     10       68
  MINIMUM         52    618 AM  MM      MM  44      8       45
  AVERAGE         69                        60      9       57

PRECIPITATION (IN)
  YESTERDAY        0.00         MM      MM   0.02  -0.02     0.02
  MONTH TO DATE    0.00                      0.23  -0.23     0.80
  SINCE OCT 1      4.52                      8.95  -4.43     9.14
  SINCE JAN 1      3.88                      5.66  -1.78     5.11

SNOWFALL (IN)
  YESTERDAY       MM            MM      MM  MM     MM       MM
  MONTH TO DATE   MM                        MM     MM       MM
  SINCE SEP 1     MM                        MM     MM       MM
  SINCE JUL 1     MM                        MM     MM       MM
  SNOW DEPTH      MM

DEGREE DAYS
 HEATING
  YESTERDAY        0                         6     -6        8
  MONTH TO DATE   30                        69    -39       30
  SINCE SEP 1     30                        69    -39       30
  SINCE JUL 1     30                        89    -59       30

 COOLING
  YESTERDAY        4                         1      3        0
  MONTH TO DATE   66                        43     23      135
  SINCE SEP 1     66                        43     23      135
  SINCE JAN 1    944                       613    331      948
..................................................................


WIND (MPH)
  HIGHEST WIND SPEED    20   HIGHEST WIND DIRECTION     S (180)
  HIGHEST GUST SPEED    24   HIGHEST GUST DIRECTION     S (180)
  AVERAGE WIND SPEED     6.1


SKY COVER
  POSSIBLE SUNSHINE  MM
  AVERAGE SKY COVER 0.1


WEATHER CONDITIONS
 THE FOLLOWING WEATHER WAS RECORDED YESTERDAY.
  NO SIGNIFICANT WEATHER WAS OBSERVED.


RELATIVE HUMIDITY (PERCENT)
 HIGHEST    64           500 AM
 LOWEST     33           100 PM
 AVERAGE    49

..........................................................


THE MOSES LAKE WA AIRPORT CLIMATE NORMALS FOR TODAY
                         NORMAL    RECORD    YEAR
 MAXIMUM TEMPERATURE (F)   75        MM        MM
 MINIMUM TEMPERATURE (F)   44        MM        MM


SUNRISE AND SUNSET
SEPTEMBER 23 2014.....SUNRISE   645 AM PDT   SUNSET   653 PM PDT
SEPTEMBER 24 2014.....SUNRISE   647 AM PDT   SUNSET   651 PM PDT


-  INDICATES NEGATIVE NUMBERS.
R  INDICATES RECORD WAS SET OR TIED.
MM INDICATES DATA IS MISSING.
T  INDICATES TRACE AMOUNT.




$$
