436
CDUS46 KOTX 240835
CLIMWH


CLIMATE REPORT
NATIONAL WEATHER SERVICE SPOKANE, WA
135 AM PDT SAT JUN 24 2017


...................................

...THE MOSES LAKE WA AIRPORT CLIMATE SUMMARY FOR JUNE 23 2017...

CLIMATE NORMAL PERIOD 1981 TO 2010
CLIMATE RECORD PERIOD 9999 TO 9999


WEATHER ITEM   OBSERVED TIME   RECORD YEAR NORMAL DEPARTURE LAST
                VALUE   (LST)  VALUE       VALUE  FROM      YEAR
                                                  NORMAL
..................................................................
TEMPERATURE (F)
 YESTERDAY
  MAXIMUM         87    324 PM  MM      MM  82      5       81
  MINIMUM         47    355 AM  MM      MM  53     -6       60
  AVERAGE         67                        68     -1       71

PRECIPITATION (IN)
  YESTERDAY        0.00         MM      MM   0.02  -0.02     0.07
  MONTH TO DATE    0.29                      0.66  -0.37     0.70
  SINCE OCT 1      9.57                      7.97   1.60     8.35
  SINCE JAN 1      5.68                      4.68   1.00     5.09

SNOWFALL (IN)
  YESTERDAY       MM

DEGREE DAYS
 HEATING
  YESTERDAY        0                         1     -1        0
  MONTH TO DATE   48                        46      2       53
  SINCE JUN 1     48                        46      2       53
  SINCE JUL 1   6176                      5873    303     5002

 COOLING
  YESTERDAY        2                         4     -2        6
  MONTH TO DATE   53                        54     -1       98
  SINCE JUN 1     53                        54     -1       98
  SINCE JAN 1     96                        79     17      117
..................................................................


WIND (MPH)
  HIGHEST WIND SPEED    13   HIGHEST WIND DIRECTION    NE (30)
  HIGHEST GUST SPEED    18   HIGHEST GUST DIRECTION     S (200)
  AVERAGE WIND SPEED     6.2


SKY COVER
  POSSIBLE SUNSHINE  MM
  AVERAGE SKY COVER 0.0


WEATHER CONDITIONS
 THE FOLLOWING WEATHER WAS RECORDED YESTERDAY.
  NO SIGNIFICANT WEATHER WAS OBSERVED.


RELATIVE HUMIDITY (PERCENT)
 HIGHEST    76           400 AM
 LOWEST     13           200 PM
 AVERAGE    45

..........................................................


THE MOSES LAKE WA AIRPORT CLIMATE NORMALS FOR TODAY
                         NORMAL    RECORD    YEAR
 MAXIMUM TEMPERATURE (F)   82        MM        MM
 MINIMUM TEMPERATURE (F)   53        MM        MM


SUNRISE AND SUNSET
JUNE 24 2017..........SUNRISE   502 AM PDT   SUNSET   857 PM PDT
JUNE 25 2017..........SUNRISE   503 AM PDT   SUNSET   857 PM PDT


-  INDICATES NEGATIVE NUMBERS.
R  INDICATES RECORD WAS SET OR TIED.
MM INDICATES DATA IS MISSING.
T  INDICATES TRACE AMOUNT.




$$
