000
CDUS45 KBOI 290942
CLIMYL


CLIMATE REPORT
NATIONAL WEATHER SERVICE BOISE ID
337 AM MDT FRI APR 29 2016


...................................

...THE MCCALL ID CLIMATE SUMMARY FOR APRIL 28 2016...

CLIMATE NORMAL PERIOD 1981 TO 2010
CLIMATE RECORD PERIOD 1930 TO 2016


WEATHER ITEM   OBSERVED TIME   RECORD YEAR NORMAL DEPARTURE LAST
                VALUE   (LST)  VALUE       VALUE  FROM      YEAR
                                                  NORMAL
..................................................................
TEMPERATURE (F)
 YESTERDAY
  MAXIMUM         51    428 PM  84    1987  53     -2       69
  MINIMUM         34    440 AM  18    1958  28      6       30
  AVERAGE         43                        41      2       50

PRECIPITATION (IN)
  YESTERDAY        0.00          0.97 1930   0.07  -0.07     0.00
  MONTH TO DATE    1.50                      1.80  -0.30     1.05
  SINCE OCT 1     21.55                     13.65   7.90    15.79
  SINCE JAN 1     10.98                      7.47   3.51     7.03

DEGREE DAYS
 HEATING
  YESTERDAY       22                        24     -2       15
  MONTH TO DATE  557                       798   -241      702
  SINCE MAR 1   1550                      1912   -362     1520
  SINCE JUL 1   7419                      8587  -1168     6842

 COOLING
  YESTERDAY        0                         0      0        0
  MONTH TO DATE    0                         0      0        0
  SINCE MAR 1      0                         0      0        0
  SINCE JAN 1      0                         0      0        0
..................................................................


WIND (MPH)
  HIGHEST WIND SPEED    17   HIGHEST WIND DIRECTION     N (350)
  HIGHEST GUST SPEED    25   HIGHEST GUST DIRECTION     N (350)
  AVERAGE WIND SPEED     7.8


SKY COVER
  AVERAGE SKY COVER 0.6


WEATHER CONDITIONS
 THE FOLLOWING WEATHER WAS RECORDED YESTERDAY.
  NO SIGNIFICANT WEATHER WAS OBSERVED.


RELATIVE HUMIDITY (PERCENT)
 HIGHEST    92           300 AM
 LOWEST     46          1200 PM
 AVERAGE    69

..........................................................


THE MCCALL ID CLIMATE NORMALS FOR TODAY
                         NORMAL    RECORD    YEAR
 MAXIMUM TEMPERATURE (F)   54        79      1939
 MINIMUM TEMPERATURE (F)   28        16      2011


SUNRISE AND SUNSET
APRIL 29 2016.........SUNRISE   636 AM MDT   SUNSET   848 PM MDT
APRIL 30 2016.........SUNRISE   635 AM MDT   SUNSET   849 PM MDT


-  INDICATES NEGATIVE NUMBERS.
R  INDICATES RECORD WAS SET OR TIED.
MM INDICATES DATA IS MISSING.
T  INDICATES TRACE AMOUNT.




$$
