000
CDUS45 KBOI 280931
CLIMYL


CLIMATE REPORT
NATIONAL WEATHER SERVICE BOISE ID
231 AM MST FRI NOV 28 2014


...................................

...THE MCCALL ID CLIMATE SUMMARY FOR NOVEMBER 27 2014...

CLIMATE NORMAL PERIOD 1981 TO 2010
CLIMATE RECORD PERIOD 1930 TO 2014


WEATHER ITEM   OBSERVED TIME   RECORD YEAR NORMAL DEPARTURE LAST
                VALUE   (LST)  VALUE       VALUE  FROM      YEAR
                                                  NORMAL
..................................................................
TEMPERATURE (F)
 YESTERDAY
  MAXIMUM         47   1254 PM  55    1936  31     16       45
  MINIMUM         31    148 AM  -1    1993  15     16       22
  AVERAGE         39                        23     16       34

PRECIPITATION (IN)
  YESTERDAY        0.53          1.23 1942   0.07   0.46     0.00
  MONTH TO DATE    3.05                      2.50   0.55     2.05
  SINCE OCT 1      4.65                      3.90   0.75     2.28
  SINCE JAN 1     22.06                     17.82   4.24    17.89

DEGREE DAYS
 HEATING
  YESTERDAY       26                        42    -16       31
  MONTH TO DATE  984                       968     16      885
  SINCE SEP 1   1838                      2183   -345     1944
  SINCE JUL 1   1954                      2511   -557     1991

 COOLING
  YESTERDAY        0                         0      0        0
  MONTH TO DATE    0                         0      0        0
  SINCE SEP 1      0                         0      0        6
  SINCE JAN 1    185                        25    160      186
..................................................................


WIND (MPH)
  HIGHEST WIND SPEED    25   HIGHEST WIND DIRECTION     S (170)
  HIGHEST GUST SPEED    35   HIGHEST GUST DIRECTION     S (170)
  AVERAGE WIND SPEED     6.2


SKY COVER
  AVERAGE SKY COVER 0.9


WEATHER CONDITIONS
 THE FOLLOWING WEATHER WAS RECORDED YESTERDAY.
  RAIN
  LIGHT RAIN
  FOG


RELATIVE HUMIDITY (PERCENT)
 HIGHEST   100           400 AM
 LOWEST     49           100 PM
 AVERAGE    75

..........................................................


THE MCCALL ID CLIMATE NORMALS FOR TODAY
                         NORMAL    RECORD    YEAR
 MAXIMUM TEMPERATURE (F)   31        50      1936
 MINIMUM TEMPERATURE (F)   15        -5      1979


SUNRISE AND SUNSET
NOVEMBER 28 2014......SUNRISE   759 AM MST   SUNSET   506 PM MST
NOVEMBER 29 2014......SUNRISE   800 AM MST   SUNSET   506 PM MST


-  INDICATES NEGATIVE NUMBERS.
R  INDICATES RECORD WAS SET OR TIED.
MM INDICATES DATA IS MISSING.
T  INDICATES TRACE AMOUNT.




$$
