000
CDUS45 KBOI 260932
CLIMYL


CLIMATE REPORT
NATIONAL WEATHER SERVICE BOISE ID
332 AM MDT SUN OCT 26 2014


...................................

...THE MCCALL ID CLIMATE SUMMARY FOR OCTOBER 25 2014...

CLIMATE NORMAL PERIOD 1981 TO 2010
CLIMATE RECORD PERIOD 1930 TO 2014


WEATHER ITEM   OBSERVED TIME   RECORD YEAR NORMAL DEPARTURE LAST
                VALUE   (LST)  VALUE       VALUE  FROM      YEAR
                                                  NORMAL
..................................................................
TEMPERATURE (F)
 YESTERDAY
  MAXIMUM         61    335 PM  70    2005  51     10       65
  MINIMUM         31    658 AM  12    2004  24      7       26
  AVERAGE         46                        37      9       46

PRECIPITATION (IN)
  YESTERDAY        T             1.07 1940   0.06  -0.06     0.00
  MONTH TO DATE    1.48                      1.03   0.45     0.17
  SINCE OCT 1      1.48                      1.03   0.45     0.17
  SINCE JAN 1     18.89                     14.95   3.94    15.78

DEGREE DAYS
 HEATING
  YESTERDAY       19                        28     -9       19
  MONTH TO DATE  431                       605   -174      593
  SINCE SEP 1    683                      1042   -359      895
  SINCE JUL 1    799                      1370   -571      942

 COOLING
  YESTERDAY        0                         0      0        0
  MONTH TO DATE    0                         0      0        0
  SINCE SEP 1      0                         0      0        6
  SINCE JAN 1    185                        25    160      186
..................................................................


WIND (MPH)
  HIGHEST WIND SPEED    30   HIGHEST WIND DIRECTION     S (180)
  HIGHEST GUST SPEED    39   HIGHEST GUST DIRECTION     S (190)
  AVERAGE WIND SPEED     6.9


SKY COVER
  AVERAGE SKY COVER 0.7


WEATHER CONDITIONS
 THE FOLLOWING WEATHER WAS RECORDED YESTERDAY.
  LIGHT RAIN
  FOG
  FOG W/VISIBILITY <= 1/4 MILE


RELATIVE HUMIDITY (PERCENT)
 HIGHEST   100          1200 AM
 LOWEST     36           500 PM
 AVERAGE    68

..........................................................


THE MCCALL ID CLIMATE NORMALS FOR TODAY
                         NORMAL    RECORD    YEAR
 MAXIMUM TEMPERATURE (F)   50        71      1944
 MINIMUM TEMPERATURE (F)   24        11      2002


SUNRISE AND SUNSET
OCTOBER 26 2014.......SUNRISE   815 AM MDT   SUNSET   641 PM MDT
OCTOBER 27 2014.......SUNRISE   816 AM MDT   SUNSET   640 PM MDT


-  INDICATES NEGATIVE NUMBERS.
R  INDICATES RECORD WAS SET OR TIED.
MM INDICATES DATA IS MISSING.
T  INDICATES TRACE AMOUNT.




$$
