000
CDUS45 KBOI 260933
CLIMYL


CLIMATE REPORT
NATIONAL WEATHER SERVICE BOISE ID
332 AM MDT THU MAY 26 2016


...................................

...THE MCCALL ID CLIMATE SUMMARY FOR MAY 25 2016...

CLIMATE NORMAL PERIOD 1981 TO 2010
CLIMATE RECORD PERIOD 1930 TO 2016


WEATHER ITEM   OBSERVED TIME   RECORD YEAR NORMAL DEPARTURE LAST
                VALUE   (LST)  VALUE       VALUE  FROM      YEAR
                                                  NORMAL
..................................................................
TEMPERATURE (F)
 YESTERDAY
  MAXIMUM         62    426 PM  86    2001  61      1       64
  MINIMUM         32    533 AM  18    1975  35     -3       39
  AVERAGE         47                        48     -1       52

PRECIPITATION (IN)
  YESTERDAY        0.00          0.58 1981   0.07  -0.07     0.06
  MONTH TO DATE    1.29                      1.76  -0.47     2.15
  SINCE OCT 1     23.00                     15.53   7.47    17.94
  SINCE JAN 1     12.43                      9.35   3.08     9.18

DEGREE DAYS
 HEATING
  YESTERDAY       18                        17      1       13
  MONTH TO DATE  388                       496   -108      378
  SINCE MAR 1   1982                      2456   -474     1932
  SINCE JUL 1   7851                      9131  -1280     7254

 COOLING
  YESTERDAY        0                         0      0        0
  MONTH TO DATE    0                         0      0        0
  SINCE MAR 1      0                         0      0        0
  SINCE JAN 1      0                         0      0        0
..................................................................


WIND (MPH)
  HIGHEST WIND SPEED    16   HIGHEST WIND DIRECTION     N (10)
  HIGHEST GUST SPEED    21   HIGHEST GUST DIRECTION    NE (30)
  AVERAGE WIND SPEED     6.1


SKY COVER
  AVERAGE SKY COVER 0.2


WEATHER CONDITIONS
 THE FOLLOWING WEATHER WAS RECORDED YESTERDAY.
  NO SIGNIFICANT WEATHER WAS OBSERVED.


RELATIVE HUMIDITY (PERCENT)
 HIGHEST    96           600 AM
 LOWEST     33           700 PM
 AVERAGE    65

..........................................................


THE MCCALL ID CLIMATE NORMALS FOR TODAY
                         NORMAL    RECORD    YEAR
 MAXIMUM TEMPERATURE (F)   62        85      1966
 MINIMUM TEMPERATURE (F)   35        21      1964


SUNRISE AND SUNSET
MAY 26 2016...........SUNRISE   605 AM MDT   SUNSET   919 PM MDT
MAY 27 2016...........SUNRISE   604 AM MDT   SUNSET   920 PM MDT


-  INDICATES NEGATIVE NUMBERS.
R  INDICATES RECORD WAS SET OR TIED.
MM INDICATES DATA IS MISSING.
T  INDICATES TRACE AMOUNT.




$$
