458
CDUS45 KBOI 190931
CLIMYL


CLIMATE REPORT
NATIONAL WEATHER SERVICE BOISE ID
231 AM MST FRI JAN 19 2018


...................................

...THE MCCALL ID CLIMATE SUMMARY FOR JANUARY 18 2018...

CLIMATE NORMAL PERIOD 1981 TO 2010
CLIMATE RECORD PERIOD 1930 TO 2018


WEATHER ITEM   OBSERVED TIME   RECORD YEAR NORMAL DEPARTURE LAST
                VALUE   (LST)  VALUE       VALUE  FROM      YEAR
                                                  NORMAL
..................................................................
TEMPERATURE (F)
 YESTERDAY
  MAXIMUM         42   1144 AM  47    1998  29     13       33
  MINIMUM         27   1246 AM -35    1943  11     16       15
  AVERAGE         35                        20     15       24

PRECIPITATION (IN)
  YESTERDAY        0.52          1.80 1921   0.05   0.47     1.06
  MONTH TO DATE    2.13                      1.04   1.09     2.55
  SINCE OCT 1      8.98                      7.22   1.76    11.04
  SINCE JAN 1      2.13                      1.04   1.09     2.55

DEGREE DAYS
 HEATING
  YESTERDAY       30                        45    -15       41
  MONTH TO DATE  649                       819   -170      970
  SINCE DEC 1   2040                      2255   -215     2533
  SINCE JUL 1   4166                      4893   -727     4570

 COOLING
  YESTERDAY        0                         0      0        0
  MONTH TO DATE    0                         0      0        0
  SINCE DEC 1      0                         0      0        0
  SINCE JAN 1      0                         0      0        0
..................................................................


WIND (MPH)
  HIGHEST WIND SPEED    18   HIGHEST WIND DIRECTION    SE (140)
  HIGHEST GUST SPEED    24   HIGHEST GUST DIRECTION    SE (140)
  AVERAGE WIND SPEED     6.4


SKY COVER
  AVERAGE SKY COVER 0.8


WEATHER CONDITIONS
 THE FOLLOWING WEATHER WAS RECORDED YESTERDAY.
  LIGHT RAIN
  LIGHT SNOW
  FOG


RELATIVE HUMIDITY (PERCENT)
 HIGHEST   100           700 PM
 LOWEST     62           900 AM
 AVERAGE    81

..........................................................


THE MCCALL ID CLIMATE NORMALS FOR TODAY
                         NORMAL    RECORD    YEAR
 MAXIMUM TEMPERATURE (F)   29        45      2005
                                             1971
 MINIMUM TEMPERATURE (F)   11       -35      1943


SUNRISE AND SUNSET
JANUARY 19 2018.......SUNRISE   816 AM MST   SUNSET   535 PM MST
JANUARY 20 2018.......SUNRISE   815 AM MST   SUNSET   536 PM MST


-  INDICATES NEGATIVE NUMBERS.
R  INDICATES RECORD WAS SET OR TIED.
MM INDICATES DATA IS MISSING.
T  INDICATES TRACE AMOUNT.




$$
