000
CDUS45 KBOI 200932
CLIMYL


CLIMATE REPORT
NATIONAL WEATHER SERVICE BOISE ID
231 AM MST MON NOV 20 2017


...................................

...THE MCCALL ID CLIMATE SUMMARY FOR NOVEMBER 19 2017...

CLIMATE NORMAL PERIOD 1981 TO 2010
CLIMATE RECORD PERIOD 1930 TO 2017


WEATHER ITEM   OBSERVED TIME   RECORD YEAR NORMAL DEPARTURE LAST
                VALUE   (LST)  VALUE       VALUE  FROM      YEAR
                                                  NORMAL
..................................................................
TEMPERATURE (F)
 YESTERDAY
  MAXIMUM         36    426 PM  57    1936  35      1       44
  MINIMUM         16    827 AM  -4    1985  19     -3       31
  AVERAGE         26                        27     -1       38

PRECIPITATION (IN)
  YESTERDAY        0.00          1.83 1946   0.09  -0.09      T
  MONTH TO DATE    2.40                      1.89   0.51     0.93
  SINCE OCT 1      3.65                      3.29   0.36     4.08
  SINCE JAN 1     26.44                     17.21   9.23    19.79

DEGREE DAYS
 HEATING
  YESTERDAY       39                        38      1       27
  MONTH TO DATE  671                       646     25      459
  SINCE SEP 1   1755                      1861   -106     1465
  SINCE JUL 1   1785                      2189   -404     1658

 COOLING
  YESTERDAY        0                         0      0        0
  MONTH TO DATE    0                         0      0        0
  SINCE SEP 1     31                         0     31        0
  SINCE JAN 1    229                        25    204      108
..................................................................


WIND (MPH)
  HIGHEST WIND SPEED     7   HIGHEST WIND DIRECTION    NW (310)
  HIGHEST GUST SPEED     8   HIGHEST GUST DIRECTION    SW (230)
  AVERAGE WIND SPEED     1.7


SKY COVER
  AVERAGE SKY COVER 0.1


WEATHER CONDITIONS
 THE FOLLOWING WEATHER WAS RECORDED YESTERDAY.
  NO SIGNIFICANT WEATHER WAS OBSERVED.


RELATIVE HUMIDITY (PERCENT)
 HIGHEST    92           500 AM
 LOWEST     52           300 PM
 AVERAGE    72

..........................................................


THE MCCALL ID CLIMATE NORMALS FOR TODAY
                         NORMAL    RECORD    YEAR
 MAXIMUM TEMPERATURE (F)   34        56      1936
 MINIMUM TEMPERATURE (F)   19        -1      1929


SUNRISE AND SUNSET
NOVEMBER 20 2017......SUNRISE   749 AM MST   SUNSET   511 PM MST
NOVEMBER 21 2017......SUNRISE   750 AM MST   SUNSET   510 PM MST


-  INDICATES NEGATIVE NUMBERS.
R  INDICATES RECORD WAS SET OR TIED.
MM INDICATES DATA IS MISSING.
T  INDICATES TRACE AMOUNT.




$$
