000
CDUS45 KBOI 290931
CLIMYL


CLIMATE REPORT
NATIONAL WEATHER SERVICE BOISE ID
330 AM MDT WED MAR 29 2017


...................................

...THE MCCALL ID CLIMATE SUMMARY FOR MARCH 28 2017...

CLIMATE NORMAL PERIOD 1981 TO 2010
CLIMATE RECORD PERIOD 1930 TO 2017


WEATHER ITEM   OBSERVED TIME   RECORD YEAR NORMAL DEPARTURE LAST
                VALUE   (LST)  VALUE       VALUE  FROM      YEAR
                                                  NORMAL
..................................................................
TEMPERATURE (F)
 YESTERDAY
  MAXIMUM         42    500 PM  64    1986  43     -1       39
  MINIMUM         21    650 AM  -9    1975  22     -1       14
  AVERAGE         32                        32      0       27

PRECIPITATION (IN)
  YESTERDAY        0.00          1.31 1963   0.09  -0.09     0.00
  MONTH TO DATE    4.81                      1.94   2.87     4.76
  SINCE OCT 1     21.92                     11.59  10.33    20.05
  SINCE JAN 1     13.43                      5.41   8.02     9.48

DEGREE DAYS
 HEATING
  YESTERDAY       33                        33      0       38
  MONTH TO DATE  873                      1017   -144      919
  SINCE MAR 1    873                      1017   -144      919
  SINCE JUL 1   7076                      7692   -616     6788

 COOLING
  YESTERDAY        0                         0      0        0
  MONTH TO DATE    0                         0      0        0
  SINCE MAR 1      0                         0      0        0
  SINCE JAN 1      0                         0      0        0
..................................................................


WIND (MPH)
  HIGHEST WIND SPEED     9   HIGHEST WIND DIRECTION    SW (240)
  HIGHEST GUST SPEED    12   HIGHEST GUST DIRECTION     W (250)
  AVERAGE WIND SPEED     2.9


SKY COVER
  AVERAGE SKY COVER 0.4


WEATHER CONDITIONS
 THE FOLLOWING WEATHER WAS RECORDED YESTERDAY.
  NO SIGNIFICANT WEATHER WAS OBSERVED.


RELATIVE HUMIDITY (PERCENT)
 HIGHEST    88           300 AM
 LOWEST     43           200 PM
 AVERAGE    66

..........................................................


THE MCCALL ID CLIMATE NORMALS FOR TODAY
                         NORMAL    RECORD    YEAR
 MAXIMUM TEMPERATURE (F)   43        64      1978
 MINIMUM TEMPERATURE (F)   22        -2      1950


SUNRISE AND SUNSET
MARCH 29 2017.........SUNRISE   730 AM MDT   SUNSET   809 PM MDT
MARCH 30 2017.........SUNRISE   728 AM MDT   SUNSET   810 PM MDT


-  INDICATES NEGATIVE NUMBERS.
R  INDICATES RECORD WAS SET OR TIED.
MM INDICATES DATA IS MISSING.
T  INDICATES TRACE AMOUNT.




$$
