000
CDUS45 KBOI 200932
CLIMYL


CLIMATE REPORT
NATIONAL WEATHER SERVICE BOISE ID
332 AM MDT WED SEP 20 2017


...................................

...THE MCCALL ID CLIMATE SUMMARY FOR SEPTEMBER 19 2017...

CLIMATE NORMAL PERIOD 1981 TO 2010
CLIMATE RECORD PERIOD 1930 TO 2017


WEATHER ITEM   OBSERVED TIME   RECORD YEAR NORMAL DEPARTURE LAST
                VALUE   (LST)  VALUE       VALUE  FROM      YEAR
                                                  NORMAL
..................................................................
TEMPERATURE (F)
 YESTERDAY
  MAXIMUM         44    227 PM  87    1981  66    -22       69
  MINIMUM         33    629 AM  20    1971  32      1       38
  AVERAGE         39                        49    -10       54

PRECIPITATION (IN)
  YESTERDAY        0.20          0.60 1921   0.04   0.16     0.00
  MONTH TO DATE    0.50                      0.53  -0.03     0.16
  SINCE OCT 1     30.35                     19.75  10.60    25.39
  SINCE JAN 1     21.86                     13.57   8.29    14.82

DEGREE DAYS
 HEATING
  YESTERDAY       26                        16     10       11
  MONTH TO DATE  110                       237   -127      242
  SINCE SEP 1    110                       237   -127      242
  SINCE JUL 1    140                       565   -425      435

 COOLING
  YESTERDAY        0                         0      0        0
  MONTH TO DATE   31                         0     31        0
  SINCE SEP 1     31                         0     31        0
  SINCE JAN 1    229                        25    204      108
..................................................................


WIND (MPH)
  HIGHEST WIND SPEED    21   HIGHEST WIND DIRECTION     S (190)
  HIGHEST GUST SPEED    26   HIGHEST GUST DIRECTION     W (290)
  AVERAGE WIND SPEED     6.5


SKY COVER
  AVERAGE SKY COVER 0.9


WEATHER CONDITIONS
 THE FOLLOWING WEATHER WAS RECORDED YESTERDAY.
  THUNDERSTORM
  RAIN
  LIGHT RAIN
  FOG
  FOG W/VISIBILITY <= 1/4 MILE


RELATIVE HUMIDITY (PERCENT)
 HIGHEST   100          1200 AM
 LOWEST     76           500 PM
 AVERAGE    88

..........................................................


THE MCCALL ID CLIMATE NORMALS FOR TODAY
                         NORMAL    RECORD    YEAR
 MAXIMUM TEMPERATURE (F)   66        88      1930
 MINIMUM TEMPERATURE (F)   32        20      1983


SUNRISE AND SUNSET
SEPTEMBER 20 2017.....SUNRISE   729 AM MDT   SUNSET   745 PM MDT
SEPTEMBER 21 2017.....SUNRISE   731 AM MDT   SUNSET   743 PM MDT


-  INDICATES NEGATIVE NUMBERS.
R  INDICATES RECORD WAS SET OR TIED.
MM INDICATES DATA IS MISSING.
T  INDICATES TRACE AMOUNT.




$$
