000
CDUS45 KBOI 070933
CLIMYL


CLIMATE REPORT
NATIONAL WEATHER SERVICE BOISE ID
232 AM MST WED DEC 7 2016


...................................

...THE MCCALL ID CLIMATE SUMMARY FOR DECEMBER 6 2016...

CLIMATE NORMAL PERIOD 1981 TO 2010
CLIMATE RECORD PERIOD 1930 TO 2016


WEATHER ITEM   OBSERVED TIME   RECORD YEAR NORMAL DEPARTURE LAST
                VALUE   (LST)  VALUE       VALUE  FROM      YEAR
                                                  NORMAL
..................................................................
TEMPERATURE (F)
 YESTERDAY
  MAXIMUM         21    220 PM  58    1939  28     -7       36
  MINIMUM          5   1016 PM  -8    1972  12     -7       24
  AVERAGE         13                        20     -7       30

PRECIPITATION (IN)
  YESTERDAY        0.13          0.91 1982   0.06   0.07     0.28
  MONTH TO DATE    0.41                      0.35   0.06     0.73
  SINCE OCT 1      5.14                      4.47   0.67     4.53
  SINCE JAN 1     20.85                     18.39   2.46    18.73

DEGREE DAYS
 HEATING
  YESTERDAY       52                        45      7       35
  MONTH TO DATE  276                       266     10      240
  SINCE DEC 1    276                       266     10      240
  SINCE JUL 1   2313                      2904   -591     2341

 COOLING
  YESTERDAY        0                         0      0        0
  MONTH TO DATE    0                         0      0        0
  SINCE DEC 1      0                         0      0        0
  SINCE JAN 1    108                        25     83      169
..................................................................


WIND (MPH)
  HIGHEST WIND SPEED     9   HIGHEST WIND DIRECTION     W (290)
  HIGHEST GUST SPEED    15   HIGHEST GUST DIRECTION    SE (140)
  AVERAGE WIND SPEED     2.0


SKY COVER
  AVERAGE SKY COVER 0.9


WEATHER CONDITIONS
 THE FOLLOWING WEATHER WAS RECORDED YESTERDAY.
  LIGHT SNOW
  FOG
  HAZE


RELATIVE HUMIDITY (PERCENT)
 HIGHEST    88          1200 AM
 LOWEST     73           400 PM
 AVERAGE    81

..........................................................


THE MCCALL ID CLIMATE NORMALS FOR TODAY
                         NORMAL    RECORD    YEAR
 MAXIMUM TEMPERATURE (F)   28        52      1939
 MINIMUM TEMPERATURE (F)   11       -19      2005


SUNRISE AND SUNSET
DECEMBER  7 2016......SUNRISE   809 AM MST   SUNSET   503 PM MST
DECEMBER  8 2016......SUNRISE   810 AM MST   SUNSET   503 PM MST


-  INDICATES NEGATIVE NUMBERS.
R  INDICATES RECORD WAS SET OR TIED.
MM INDICATES DATA IS MISSING.
T  INDICATES TRACE AMOUNT.




$$
