000
CDUS45 KBOI 240931
CLIMYL


CLIMATE REPORT
NATIONAL WEATHER SERVICE BOISE ID
331 AM MDT MON JUL 24 2017


...................................

...THE MCCALL ID CLIMATE SUMMARY FOR JULY 23 2017...

CLIMATE NORMAL PERIOD 1981 TO 2010
CLIMATE RECORD PERIOD 1930 TO 2017


WEATHER ITEM   OBSERVED TIME   RECORD YEAR NORMAL DEPARTURE LAST
                VALUE   (LST)  VALUE       VALUE  FROM      YEAR
                                                  NORMAL
..................................................................
TEMPERATURE (F)
 YESTERDAY
  MAXIMUM         89    501 PM  96    1994  80      9       76
  MINIMUM         50    544 AM  32    1924  44      6       48
  AVERAGE         70                        62      8       62

PRECIPITATION (IN)
  YESTERDAY        0.00          0.42 1993   0.01  -0.01     0.00
  MONTH TO DATE    T                         0.57  -0.57     1.40
  SINCE OCT 1     29.77                     18.39  11.38    25.23
  SINCE JAN 1     21.28                     12.21   9.07    14.66

DEGREE DAYS
 HEATING
  YESTERDAY        0                         4     -4        3
  MONTH TO DATE    3                       123   -120      113
  SINCE JUN 1    239                       490   -251      339
  SINCE JUL 1      3                       123   -120      113

 COOLING
  YESTERDAY        5                         1      4        0
  MONTH TO DATE   82                         8     74        8
  SINCE JUN 1     88                         9     79       43
  SINCE JAN 1     88                         9     79       43
..................................................................


WIND (MPH)
  HIGHEST WIND SPEED    16   HIGHEST WIND DIRECTION     S (180)
  HIGHEST GUST SPEED    20   HIGHEST GUST DIRECTION    SW (210)
  AVERAGE WIND SPEED     3.3


SKY COVER
  AVERAGE SKY COVER 0.0


WEATHER CONDITIONS
 THE FOLLOWING WEATHER WAS RECORDED YESTERDAY.
  HAZE


RELATIVE HUMIDITY (PERCENT)
 HIGHEST    64           700 AM
 LOWEST     12           500 PM
 AVERAGE    38

..........................................................


THE MCCALL ID CLIMATE NORMALS FOR TODAY
                         NORMAL    RECORD    YEAR
 MAXIMUM TEMPERATURE (F)   80        94      1928
 MINIMUM TEMPERATURE (F)   44        31      1924


SUNRISE AND SUNSET
JULY 24 2017..........SUNRISE   622 AM MDT   SUNSET   919 PM MDT
JULY 25 2017..........SUNRISE   623 AM MDT   SUNSET   918 PM MDT


-  INDICATES NEGATIVE NUMBERS.
R  INDICATES RECORD WAS SET OR TIED.
MM INDICATES DATA IS MISSING.
T  INDICATES TRACE AMOUNT.




$$
