000
CDUS45 KBOI 220931
CLIMYL


CLIMATE REPORT
NATIONAL WEATHER SERVICE BOISE ID
331 AM MDT WED OCT 22 2014


...................................

...THE MCCALL ID CLIMATE SUMMARY FOR OCTOBER 21 2014...

CLIMATE NORMAL PERIOD 1981 TO 2010
CLIMATE RECORD PERIOD 1930 TO 2014


WEATHER ITEM   OBSERVED TIME   RECORD YEAR NORMAL DEPARTURE LAST
                VALUE   (LST)  VALUE       VALUE  FROM      YEAR
                                                  NORMAL
..................................................................
TEMPERATURE (F)
 YESTERDAY
  MAXIMUM         49    138 AM  70    2003  53     -4       61
  MINIMUM         32   1016 PM   7    1996  24      8       28
  AVERAGE         41                        38      3       45

PRECIPITATION (IN)
  YESTERDAY        0.32          1.29 1946   0.05   0.27     0.00
  MONTH TO DATE    0.41                      0.80  -0.39     0.17
  SINCE OCT 1      0.41                      0.80  -0.39     0.17
  SINCE JAN 1     17.82                     14.72   3.10    15.78

DEGREE DAYS
 HEATING
  YESTERDAY       24                        27     -3       20
  MONTH TO DATE  346                       495   -149      518
  SINCE SEP 1    598                       932   -334      820
  SINCE JUL 1    714                      1260   -546      867

 COOLING
  YESTERDAY        0                         0      0        0
  MONTH TO DATE    0                         0      0        0
  SINCE SEP 1      0                         0      0        6
  SINCE JAN 1    185                        25    160      186
..................................................................


WIND (MPH)
  HIGHEST WIND SPEED    16   HIGHEST WIND DIRECTION     S (180)
  HIGHEST GUST SPEED    20   HIGHEST GUST DIRECTION     S (170)
  AVERAGE WIND SPEED     4.6


SKY COVER
  AVERAGE SKY COVER 0.9


WEATHER CONDITIONS
 THE FOLLOWING WEATHER WAS RECORDED YESTERDAY.
  RAIN
  LIGHT RAIN
  FOG


RELATIVE HUMIDITY (PERCENT)
 HIGHEST   100           800 AM
 LOWEST     61           100 AM
 AVERAGE    81

..........................................................


THE MCCALL ID CLIMATE NORMALS FOR TODAY
                         NORMAL    RECORD    YEAR
 MAXIMUM TEMPERATURE (F)   52        76      2003
 MINIMUM TEMPERATURE (F)   24        12      1996


SUNRISE AND SUNSET
OCTOBER 22 2014.......SUNRISE   809 AM MDT   SUNSET   648 PM MDT
OCTOBER 23 2014.......SUNRISE   811 AM MDT   SUNSET   646 PM MDT


-  INDICATES NEGATIVE NUMBERS.
R  INDICATES RECORD WAS SET OR TIED.
MM INDICATES DATA IS MISSING.
T  INDICATES TRACE AMOUNT.




$$
