000
CDUS45 KBOI 140931
CLIMYL


CLIMATE REPORT
NATIONAL WEATHER SERVICE BOISE ID
231 AM MST SUN FEB 14 2016


...................................

...THE MCCALL ID CLIMATE SUMMARY FOR FEBRUARY 13 2016...

CLIMATE NORMAL PERIOD 1981 TO 2010
CLIMATE RECORD PERIOD 1930 TO 2016


WEATHER ITEM   OBSERVED TIME   RECORD YEAR NORMAL DEPARTURE LAST
                VALUE   (LST)  VALUE       VALUE  FROM      YEAR
                                                  NORMAL
..................................................................
TEMPERATURE (F)
 YESTERDAY
  MAXIMUM         38   1107 AM  51    1996  33      5       49
  MINIMUM         25    749 AM -27    1933  10     15       20
  AVERAGE         32                        22     10       35

PRECIPITATION (IN)
  YESTERDAY        0.05          1.29 1979   0.05   0.00     0.00
  MONTH TO DATE    0.34                      0.89  -0.55     2.35
  SINCE OCT 1     13.79                      8.80   4.99    12.89
  SINCE JAN 1      3.22                      2.62   0.60     4.13

DEGREE DAYS
 HEATING
  YESTERDAY       33                        43    -10       30
  MONTH TO DATE  533                       571    -38      394
  SINCE DEC 1   3213                      3407   -194     2808
  SINCE JUL 1   5314                      6045   -731     4823

 COOLING
  YESTERDAY        0                         0      0        0
  MONTH TO DATE    0                         0      0        0
  SINCE DEC 1      0                         0      0        0
  SINCE JAN 1      0                         0      0        0
..................................................................


WIND (MPH)
  HIGHEST WIND SPEED    14   HIGHEST WIND DIRECTION    NW (310)
  HIGHEST GUST SPEED    17   HIGHEST GUST DIRECTION    NW (310)
  AVERAGE WIND SPEED     4.7


SKY COVER
  AVERAGE SKY COVER 0.8


WEATHER CONDITIONS
 THE FOLLOWING WEATHER WAS RECORDED YESTERDAY.
  LIGHT SNOW
  FOG


RELATIVE HUMIDITY (PERCENT)
 HIGHEST    92          1200 AM
 LOWEST     56           400 PM
 AVERAGE    74

..........................................................


THE MCCALL ID CLIMATE NORMALS FOR TODAY
                         NORMAL    RECORD    YEAR
 MAXIMUM TEMPERATURE (F)   33        53      1996
 MINIMUM TEMPERATURE (F)   10       -25      1933


SUNRISE AND SUNSET
FEBRUARY 14 2016......SUNRISE   747 AM MST   SUNSET   611 PM MST
FEBRUARY 15 2016......SUNRISE   746 AM MST   SUNSET   612 PM MST


-  INDICATES NEGATIVE NUMBERS.
R  INDICATES RECORD WAS SET OR TIED.
MM INDICATES DATA IS MISSING.
T  INDICATES TRACE AMOUNT.




$$
