000
CDUS44 KLIX 270801
CLINEW


CLIMATE REPORT
NATIONAL WEATHER SERVICE NEW ORLEANS
200 AM CST THU NOV 27 2014


...................................

...THE NEW ORLEANS CLIMATE SUMMARY FOR NOVEMBER 26 2014...

CLIMATE NORMAL PERIOD 1981 TO 2010
CLIMATE RECORD PERIOD 1946 TO 2014


WEATHER ITEM   OBSERVED TIME   RECORD YEAR NORMAL DEPARTURE LAST
                VALUE   (LST)  VALUE       VALUE  FROM      YEAR
                                                  NORMAL
..................................................................
TEMPERATURE (F)
 YESTERDAY
  MAXIMUM         69    322 PM  84    1985  69      0       56
  MINIMUM         38    650 AM  32    1991  51    -13       43
  AVERAGE         54                        60     -6       50

PRECIPITATION (IN)
  YESTERDAY        0.00          2.75 1948   0.15  -0.15     1.09
  MONTH TO DATE    2.14                      3.84  -1.70     1.89
  SINCE SEP 1      7.82                     12.35  -4.53    12.86
  SINCE JAN 1     50.78                     56.56  -5.78    63.17

SNOWFALL (IN)
  YESTERDAY        0.0
  MONTH TO DATE    0.0
  SINCE SEP 1      0.0
  SINCE JUL 1      0.0
  SNOW DEPTH       0

DEGREE DAYS
 HEATING
  YESTERDAY       11                         7      4       15
  MONTH TO DATE  204                       110     94      113
  SINCE SEP 1    206                       135     71      118
  SINCE JUL 1    206                       135     71      118

 COOLING
  YESTERDAY        0                         1     -1        0
  MONTH TO DATE   29                        64    -35       51
  SINCE SEP 1    780                       727     53      823
  SINCE JAN 1   2964                      2973     -9     2959
..................................................................


WIND (MPH)
  HIGHEST WIND SPEED    22   HIGHEST WIND DIRECTION     W (260)
  HIGHEST GUST SPEED    27   HIGHEST GUST DIRECTION     W (260)
  AVERAGE WIND SPEED     8.1


SKY COVER
  POSSIBLE SUNSHINE  MM
  AVERAGE SKY COVER 0.1


WEATHER CONDITIONS
 THE FOLLOWING WEATHER WAS RECORDED YESTERDAY.
  FOG


RELATIVE HUMIDITY (PERCENT)
 HIGHEST    85           500 AM
 LOWEST     26           100 PM
 AVERAGE    56

..........................................................


THE NEW ORLEANS CLIMATE NORMALS FOR TODAY
                         NORMAL    RECORD    YEAR
 MAXIMUM TEMPERATURE (F)   69        85      1981
 MINIMUM TEMPERATURE (F)   51        29      1974


SUNRISE AND SUNSET
NOVEMBER 27 2014......SUNRISE   636 AM CST   SUNSET   501 PM CST
NOVEMBER 28 2014......SUNRISE   637 AM CST   SUNSET   501 PM CST


-  INDICATES NEGATIVE NUMBERS.
R  INDICATES RECORD WAS SET OR TIED.
MM INDICATES DATA IS MISSING.
T  INDICATES TRACE AMOUNT.




$$
