000
CDUS44 KLIX 010700
CLINEW


CLIMATE REPORT
NATIONAL WEATHER SERVICE NEW ORLEANS
200 AM CDT SUN MAY 1 2016


...................................

...THE NEW ORLEANS CLIMATE SUMMARY FOR APRIL 30 2016...

CLIMATE NORMAL PERIOD 1981 TO 2010
CLIMATE RECORD PERIOD 1946 TO 2016


WEATHER ITEM   OBSERVED TIME   RECORD YEAR NORMAL DEPARTURE LAST
                VALUE   (LST)  VALUE       VALUE  FROM      YEAR
                                                  NORMAL
..................................................................
TEMPERATURE (F)
 YESTERDAY
  MAXIMUM         82   1015 AM  89    2002  82      0       81
                                      1955
                                      1953
  MINIMUM         70   1159 PM  46    1965  64      6       56
  AVERAGE         76                        73      3       69

PRECIPITATION (IN)
  YESTERDAY        2.07          2.79 1975   0.16   1.91     0.00
  MONTH TO DATE    9.89                      4.61   5.28    11.97
  SINCE MAR 1     16.25                      9.16   7.09    18.33
  SINCE JAN 1     24.38                     19.61   4.77    26.03

SNOWFALL (IN)
  YESTERDAY        0.0
  MONTH TO DATE    0.0
  SINCE MAR 1      0.0
  SINCE JUL 1      0.0
  SNOW DEPTH       0

DEGREE DAYS
 HEATING
  YESTERDAY        0                         0      0        0
  MONTH TO DATE    3                        32    -29        0
  SINCE MAR 1     41                       170   -129       70
  SINCE JUL 1    755                      1279   -524     1274

 COOLING
  YESTERDAY       11                         8      3        4
  MONTH TO DATE  205                       157     48      268
  SINCE MAR 1    348                       220    128      392
  SINCE JAN 1    384                       257    127      410
..................................................................


WIND (MPH)
  HIGHEST WIND SPEED    29   HIGHEST WIND DIRECTION    NW (300)
  HIGHEST GUST SPEED    36   HIGHEST GUST DIRECTION     W (290)
  AVERAGE WIND SPEED    10.5


SKY COVER
  POSSIBLE SUNSHINE  MM
  AVERAGE SKY COVER 0.8


WEATHER CONDITIONS
 THE FOLLOWING WEATHER WAS RECORDED YESTERDAY.
  THUNDERSTORM
  HEAVY RAIN
  RAIN
  LIGHT RAIN
  FOG
  FOG W/VISIBILITY <= 1/4 MILE
  HAZE


RELATIVE HUMIDITY (PERCENT)
 HIGHEST    93           300 PM
 LOWEST     74           900 AM
 AVERAGE    84

..........................................................


THE NEW ORLEANS CLIMATE NORMALS FOR TODAY
                         NORMAL    RECORD    YEAR
 MAXIMUM TEMPERATURE (F)   82        91      1978
 MINIMUM TEMPERATURE (F)   64        49      1965


SUNRISE AND SUNSET
MAY  1 2016...........SUNRISE   618 AM CDT   SUNSET   739 PM CDT
MAY  2 2016...........SUNRISE   617 AM CDT   SUNSET   739 PM CDT


-  INDICATES NEGATIVE NUMBERS.
R  INDICATES RECORD WAS SET OR TIED.
MM INDICATES DATA IS MISSING.
T  INDICATES TRACE AMOUNT.




$$
