000
CDUS44 KLIX 180802
CLINEW


CLIMATE REPORT
NATIONAL WEATHER SERVICE NEW ORLEANS
200 AM CST SUN FEB 18 2018


...................................

...THE NEW ORLEANS CLIMATE SUMMARY FOR FEBRUARY 17 2018...

CLIMATE NORMAL PERIOD 1981 TO 2010
CLIMATE RECORD PERIOD 1946 TO 2018


WEATHER ITEM   OBSERVED TIME   RECORD YEAR NORMAL DEPARTURE LAST
                VALUE   (LST)  VALUE       VALUE  FROM      YEAR
                                                  NORMAL
..................................................................
TEMPERATURE (F)
 YESTERDAY
  MAXIMUM         82R   413 PM  80    2000  66     16       59
  MINIMUM         63    130 AM  28    1996  48     15       44
                                      1980
  AVERAGE         73                        57     16       52

PRECIPITATION (IN)
  YESTERDAY        0.00          2.67 1992   0.19  -0.19     0.74
  MONTH TO DATE    1.48                      3.36  -1.88     1.80
  SINCE DEC 1     11.19                     13.75  -2.56    14.56
  SINCE JAN 1      6.03                      8.51  -2.48     6.70

SNOWFALL (IN)
  YESTERDAY        0.0
  MONTH TO DATE    0.0
  SINCE DEC 1      T
  SINCE JUL 1      T
  SNOW DEPTH       0

DEGREE DAYS
 HEATING
  YESTERDAY        0                         9     -9       13
  MONTH TO DATE   51                       171   -120       62
  SINCE DEC 1    867                       863      4      477
  SINCE JUL 1    999                      1027    -28      548

 COOLING
  YESTERDAY        8                         1      7        0
  MONTH TO DATE   46                        17     29       38
  SINCE DEC 1     80                        60     20      145
  SINCE JAN 1     50                        33     17       90
..................................................................


WIND (MPH)
  HIGHEST WIND SPEED    20   HIGHEST WIND DIRECTION     W (250)
  HIGHEST GUST SPEED    26   HIGHEST GUST DIRECTION     W (250)
  AVERAGE WIND SPEED     6.8


SKY COVER
  POSSIBLE SUNSHINE  MM
  AVERAGE SKY COVER 0.6


WEATHER CONDITIONS
 THE FOLLOWING WEATHER WAS RECORDED YESTERDAY.
  FOG


RELATIVE HUMIDITY (PERCENT)
 HIGHEST   100          1200 AM
 LOWEST     51           300 PM
 AVERAGE    76

..........................................................


THE NEW ORLEANS CLIMATE NORMALS FOR TODAY
                         NORMAL    RECORD    YEAR
 MAXIMUM TEMPERATURE (F)   66        81      2000
                                             1975
                                             1956
 MINIMUM TEMPERATURE (F)   49        29      1958


SUNRISE AND SUNSET
FEBRUARY 18 2018......SUNRISE   638 AM CST   SUNSET   552 PM CST
FEBRUARY 19 2018......SUNRISE   637 AM CST   SUNSET   553 PM CST


-  INDICATES NEGATIVE NUMBERS.
R  INDICATES RECORD WAS SET OR TIED.
MM INDICATES DATA IS MISSING.
T  INDICATES TRACE AMOUNT.




$$
