987
CDUS44 KLIX 180802
CLINEW


CLIMATE REPORT
NATIONAL WEATHER SERVICE NEW ORLEANS
202 AM CST WED JAN 18 2017


...................................

...THE NEW ORLEANS CLIMATE SUMMARY FOR JANUARY 17 2017...

CLIMATE NORMAL PERIOD 1981 TO 2010
CLIMATE RECORD PERIOD 1946 TO 2017


WEATHER ITEM   OBSERVED TIME   RECORD YEAR NORMAL DEPARTURE LAST
                VALUE   (LST)  VALUE       VALUE  FROM      YEAR
                                                  NORMAL
..................................................................
TEMPERATURE (F)
 YESTERDAY
  MAXIMUM         79R   215 PM  79    1974  62     17       55
  MINIMUM         64    305 AM  23    1977  44     20       43
  AVERAGE         72                        53     19       49

PRECIPITATION (IN)
  YESTERDAY        0.00          1.95 1980   0.16  -0.16      T
  MONTH TO DATE    3.50                      2.78   0.72     2.74
  SINCE DEC 1     11.36                      8.02   3.34     9.20
  SINCE JAN 1      3.50                      2.78   0.72     2.74

SNOWFALL (IN)
  YESTERDAY        0.0
  MONTH TO DATE    0.0
  SINCE DEC 1      0.0
  SINCE JUL 1      0.0
  SNOW DEPTH       0

DEGREE DAYS
 HEATING
  YESTERDAY        0                        12    -12       16
  MONTH TO DATE  119                       204    -85      199
  SINCE DEC 1    338                       521   -183      315
  SINCE JUL 1    409                       685   -276      373

 COOLING
  YESTERDAY        7                         1      6        0
  MONTH TO DATE   30                        12     18        0
  SINCE DEC 1     85                        39     46      111
  SINCE JAN 1     30                        12     18        0
..................................................................


WIND (MPH)
  HIGHEST WIND SPEED    15   HIGHEST WIND DIRECTION     S (160)
  HIGHEST GUST SPEED    20   HIGHEST GUST DIRECTION     S (170)
  AVERAGE WIND SPEED     8.1


SKY COVER
  POSSIBLE SUNSHINE  MM
  AVERAGE SKY COVER 0.8


WEATHER CONDITIONS
 THE FOLLOWING WEATHER WAS RECORDED YESTERDAY.
  FOG
  FOG W/VISIBILITY <= 1/4 MILE


RELATIVE HUMIDITY (PERCENT)
 HIGHEST   100          1200 AM
 LOWEST     58           200 PM
 AVERAGE    79

..........................................................


THE NEW ORLEANS CLIMATE NORMALS FOR TODAY
                         NORMAL    RECORD    YEAR
 MAXIMUM TEMPERATURE (F)   62        79      1974
 MINIMUM TEMPERATURE (F)   45        22      1948


SUNRISE AND SUNSET
JANUARY 18 2017.......SUNRISE   657 AM CST   SUNSET   526 PM CST
JANUARY 19 2017.......SUNRISE   657 AM CST   SUNSET   527 PM CST


-  INDICATES NEGATIVE NUMBERS.
R  INDICATES RECORD WAS SET OR TIED.
MM INDICATES DATA IS MISSING.
T  INDICATES TRACE AMOUNT.




$$
