906
CDUS44 KLIX 260801
CLINEW


CLIMATE REPORT
NATIONAL WEATHER SERVICE NEW ORLEANS
201 AM CST SUN FEB 26 2017


...................................

...THE NEW ORLEANS CLIMATE SUMMARY FOR FEBRUARY 25 2017...

CLIMATE NORMAL PERIOD 1981 TO 2010
CLIMATE RECORD PERIOD 1946 TO 2017


WEATHER ITEM   OBSERVED TIME   RECORD YEAR NORMAL DEPARTURE LAST
                VALUE   (LST)  VALUE       VALUE  FROM      YEAR
                                                  NORMAL
..................................................................
TEMPERATURE (F)
 YESTERDAY
  MAXIMUM         69    432 PM  82    1972  68      1       70
  MINIMUM         56   1159 PM  30    1968  50      6       42
                                      1965
  AVERAGE         63                        59      4       56

PRECIPITATION (IN)
  YESTERDAY        0.00          1.90 2013   0.16  -0.16     0.00
  MONTH TO DATE    2.69                      4.80  -2.11     3.72
  SINCE DEC 1     15.45                     15.19   0.26    14.59
  SINCE JAN 1      7.59                      9.95  -2.36     8.13

SNOWFALL (IN)
  YESTERDAY        0.0
  MONTH TO DATE    0.0
  SINCE DEC 1      0.0
  SINCE JUL 1      0.0
  SNOW DEPTH       0

DEGREE DAYS
 HEATING
  YESTERDAY        2                         7     -5        9
  MONTH TO DATE   68                       232   -164      167
  SINCE DEC 1    483                       924   -441      623
  SINCE JUL 1    554                      1088   -534      681

 COOLING
  YESTERDAY        0                         1     -1        0
  MONTH TO DATE   51                        25     26       32
  SINCE DEC 1    158                        68     90      147
  SINCE JAN 1    103                        41     62       36
..................................................................


WIND (MPH)
  HIGHEST WIND SPEED    20   HIGHEST WIND DIRECTION     N (360)
  HIGHEST GUST SPEED    32   HIGHEST GUST DIRECTION    NW (320)
  AVERAGE WIND SPEED    10.3


SKY COVER
  POSSIBLE SUNSHINE  MM
  AVERAGE SKY COVER 0.1


WEATHER CONDITIONS
 THE FOLLOWING WEATHER WAS RECORDED YESTERDAY.
  NO SIGNIFICANT WEATHER WAS OBSERVED.


RELATIVE HUMIDITY (PERCENT)
 HIGHEST    93          1200 AM
 LOWEST     23           400 PM
 AVERAGE    58

..........................................................


THE NEW ORLEANS CLIMATE NORMALS FOR TODAY
                         NORMAL    RECORD    YEAR
 MAXIMUM TEMPERATURE (F)   68        85      1972
 MINIMUM TEMPERATURE (F)   50        29      1965


SUNRISE AND SUNSET
FEBRUARY 26 2017......SUNRISE   630 AM CST   SUNSET   558 PM CST
FEBRUARY 27 2017......SUNRISE   629 AM CST   SUNSET   559 PM CST


-  INDICATES NEGATIVE NUMBERS.
R  INDICATES RECORD WAS SET OR TIED.
MM INDICATES DATA IS MISSING.
T  INDICATES TRACE AMOUNT.




$$
