000
CDUS44 KLIX 230703
CLINEW


CLIMATE REPORT
NATIONAL WEATHER SERVICE NEW ORLEANS
202 AM CDT FRI JUN 23 2017


...................................

...THE NEW ORLEANS CLIMATE SUMMARY FOR JUNE 22 2017...

CLIMATE NORMAL PERIOD 1981 TO 2010
CLIMATE RECORD PERIOD 1946 TO 2017


WEATHER ITEM   OBSERVED TIME   RECORD YEAR NORMAL DEPARTURE LAST
                VALUE   (LST)  VALUE       VALUE  FROM      YEAR
                                                  NORMAL
..................................................................
TEMPERATURE (F)
 YESTERDAY
  MAXIMUM         88    215 PM  96    2009  90     -2       93
  MINIMUM         78   1240 AM  63    1976  74      4       76
  AVERAGE         83                        82      1       85

PRECIPITATION (IN)
  YESTERDAY        0.20          2.65 2011   0.29  -0.09     0.00
  MONTH TO DATE   11.17                      5.93   5.24     8.64
  SINCE JUN 1     11.17                      5.93   5.24     8.64
  SINCE JAN 1     37.07                     30.17   6.90    37.97

SNOWFALL (IN)
  YESTERDAY        0.0
  MONTH TO DATE    0.0
  SINCE JUN 1      0.0
  SINCE JUL 1      0.0
  SNOW DEPTH       0

DEGREE DAYS
 HEATING
  YESTERDAY        0                         0      0        0
  MONTH TO DATE    0                         0      0        0
  SINCE JUN 1      0                         0      0        0
  SINCE JUL 1    635                      1280   -645      755

 COOLING
  YESTERDAY       18                        17      1       20
  MONTH TO DATE  325                       354    -29      415
  SINCE JUN 1    325                       354    -29      415
  SINCE JAN 1   1080                       973    107     1195
..................................................................


WIND (MPH)
  HIGHEST WIND SPEED    29   HIGHEST WIND DIRECTION     S (190)
  HIGHEST GUST SPEED    39   HIGHEST GUST DIRECTION     S (190)
  AVERAGE WIND SPEED    17.7


SKY COVER
  POSSIBLE SUNSHINE  MM
  AVERAGE SKY COVER 0.7


WEATHER CONDITIONS
 THE FOLLOWING WEATHER WAS RECORDED YESTERDAY.
  LIGHT RAIN
  FOG


RELATIVE HUMIDITY (PERCENT)
 HIGHEST    94           900 PM
 LOWEST     68           100 PM
 AVERAGE    81

..........................................................


THE NEW ORLEANS CLIMATE NORMALS FOR TODAY
                         NORMAL    RECORD    YEAR
 MAXIMUM TEMPERATURE (F)   90        99      2009
 MINIMUM TEMPERATURE (F)   75        65      1966


SUNRISE AND SUNSET
JUNE 23 2017..........SUNRISE   601 AM CDT   SUNSET   806 PM CDT
JUNE 24 2017..........SUNRISE   601 AM CDT   SUNSET   806 PM CDT


-  INDICATES NEGATIVE NUMBERS.
R  INDICATES RECORD WAS SET OR TIED.
MM INDICATES DATA IS MISSING.
T  INDICATES TRACE AMOUNT.




$$
