000
CDUS46 KMTR 220035
CLINUQ


CLIMATE REPORT
NATIONAL WEATHER SERVICE SAN FRANCISCO BAY AREA
535 PM PDT MON JUL 21 2014


...................................

...THE MOFFETT FIELD CLIMATE SUMMARY FOR JULY 21 2014...
VALID TODAY AS OF 0500 PM LOCAL TIME.

CLIMATE NORMAL PERIOD 1981 TO 2010
CLIMATE RECORD PERIOD 1945 TO 2014


WEATHER ITEM   OBSERVED TIME   RECORD YEAR NORMAL DEPARTURE LAST
                VALUE   (LST)  VALUE       VALUE  FROM      YEAR
                                                  NORMAL
..................................................................
TEMPERATURE (F)
 TODAY
  MAXIMUM         78    352 PM  90    2006  77      1       75
  MINIMUM         66    550 AM  51    1973  59      7       57
  AVERAGE         72                        68      4       66

PRECIPITATION (IN)
  TODAY            0.00          0.09 1979   0.00   0.00     0.00
  MONTH TO DATE    0.00                      0.02  -0.02     0.00
  SINCE JUL 1      0.00                      0.02  -0.02     0.00
  SINCE JAN 1      5.19                      9.65  -4.46     1.82

DEGREE DAYS
 HEATING
  TODAY            0                                         0
  MONTH TO DATE    0                                         1
  SINCE JUN 1      7                                        14
  SINCE JUL 1      0                                         1

 COOLING
  TODAY            7                                         1
  MONTH TO DATE   77                                        71
  SINCE JUN 1    154                                       168
  SINCE JAN 1    241                                       242
..................................................................


WIND (MPH)
  RESULTANT WIND SPEED   6   RESULTANT WIND DIRECTION   N (360)
  HIGHEST WIND SPEED    22   HIGHEST WIND DIRECTION     N (340)
  HIGHEST GUST SPEED    26   HIGHEST GUST DIRECTION     N (350)
  AVERAGE WIND SPEED     7.8


SKY COVER
  POSSIBLE SUNSHINE  MM
  AVERAGE SKY COVER 0.6


WEATHER CONDITIONS
 THE FOLLOWING WEATHER WAS RECORDED TODAY.
  NO SIGNIFICANT WEATHER WAS OBSERVED.


RELATIVE HUMIDITY (PERCENT)
 HIGHEST    81          1200 AM
 LOWEST     54          1000 AM
 AVERAGE    68

..........................................................


THE MOFFETT FIELD CLIMATE NORMALS FOR TOMORROW
                         NORMAL    RECORD    YEAR
 MAXIMUM TEMPERATURE (F)   77       101      2006
 MINIMUM TEMPERATURE (F)   59        50      1970


SUNRISE AND SUNSET
JULY 21 2014..........SUNRISE   604 AM PDT   SUNSET   825 PM PDT
JULY 22 2014..........SUNRISE   605 AM PDT   SUNSET   824 PM PDT


-  INDICATES NEGATIVE NUMBERS.
R  INDICATES RECORD WAS SET OR TIED.
MM INDICATES DATA IS MISSING.
T  INDICATES TRACE AMOUNT.




$$
