000
CDUS46 KMTR 300845
CLINUQ


CLIMATE REPORT
NATIONAL WEATHER SERVICE SAN FRANCISCO BAY AREA
145 AM PDT MON MAY 30 2016


...................................

...THE MOFFETT FIELD CLIMATE SUMMARY FOR MAY 29 2016...

CLIMATE NORMAL PERIOD 1981 TO 2010
CLIMATE RECORD PERIOD 1945 TO 2016


WEATHER ITEM   OBSERVED TIME   RECORD YEAR NORMAL DEPARTURE LAST
                VALUE   (LST)  VALUE       VALUE  FROM      YEAR
                                                  NORMAL
..................................................................
TEMPERATURE (F)
 YESTERDAY
  MAXIMUM         80   1205 PM  98    1950  74      6       65
  MINIMUM         55    457 AM  45    1961  55      0       55
  AVERAGE         68                        64      4       60

PRECIPITATION (IN)
  YESTERDAY        0.00          0.42 1948   0.01  -0.01     0.00
  MONTH TO DATE    0.13                      0.45  -0.32     0.64
  SINCE OCT 1     13.15                     14.35  -1.20    14.12
  SINCE JAN 1      8.75                      9.51  -0.76     4.13

DEGREE DAYS
 HEATING
  YESTERDAY        0                                         5
  MONTH TO DATE   61                                       136
  SINCE MAR 1    395                                       441
  SINCE JUL 1   1780                                      1546

 COOLING
  YESTERDAY        3                                         0
  MONTH TO DATE   28                                         0
  SINCE MAR 1     51                                        18
  SINCE JAN 1     53                                        18
..................................................................


WIND (MPH)
  RESULTANT WIND SPEED   5   RESULTANT WIND DIRECTION   N (360)
  HIGHEST WIND SPEED    18   HIGHEST WIND DIRECTION     N (340)
  HIGHEST GUST SPEED    23   HIGHEST GUST DIRECTION     N (340)
  AVERAGE WIND SPEED     7.2


SKY COVER
  POSSIBLE SUNSHINE  MM
  AVERAGE SKY COVER 0.0


WEATHER CONDITIONS
 THE FOLLOWING WEATHER WAS RECORDED YESTERDAY.
  NO SIGNIFICANT WEATHER WAS OBSERVED.


RELATIVE HUMIDITY (PERCENT)
 HIGHEST    86          1100 PM
 LOWEST     39          1200 PM
 AVERAGE    63

..........................................................


THE MOFFETT FIELD CLIMATE NORMALS FOR TODAY
                         NORMAL    RECORD    YEAR
 MAXIMUM TEMPERATURE (F)   74        99      2001
 MINIMUM TEMPERATURE (F)   55        44      1974


SUNRISE AND SUNSET
MAY 30 2016...........SUNRISE   549 AM PDT   SUNSET   823 PM PDT
MAY 31 2016...........SUNRISE   549 AM PDT   SUNSET   823 PM PDT


-  INDICATES NEGATIVE NUMBERS.
R  INDICATES RECORD WAS SET OR TIED.
MM INDICATES DATA IS MISSING.
T  INDICATES TRACE AMOUNT.




$$
