000
CDUS46 KMTR 170826
CLINUQ


CLIMATE REPORT
NATIONAL WEATHER SERVICE SAN FRANCISCO BAY AREA
1226 AM PST FRI NOV 17 2017


...................................

...THE MOFFETT FIELD CLIMATE SUMMARY FOR NOVEMBER 16 2017...

CLIMATE NORMAL PERIOD 1981 TO 2010
CLIMATE RECORD PERIOD 1945 TO 2017


WEATHER ITEM   OBSERVED TIME   RECORD YEAR NORMAL DEPARTURE LAST
                VALUE   (LST)  VALUE       VALUE  FROM      YEAR
                                                  NORMAL
..................................................................
TEMPERATURE (F)
 YESTERDAY
  MAXIMUM         62    149 AM  77    2005  65     -3       62
  MINIMUM         54   1159 PM  34    1958  47      7       49
  AVERAGE         58                        56      2       56

PRECIPITATION (IN)
  YESTERDAY        1.08R         0.65 1965   0.06   1.02     0.00
  MONTH TO DATE    1.50                      0.80   0.70     0.06
  SINCE OCT 1      1.65                      1.44   0.21     1.75
  SINCE JAN 1     15.29                     11.28   4.01    10.50

DEGREE DAYS
 HEATING
  YESTERDAY        7                                         9
  MONTH TO DATE  109                                        53
  SINCE SEP 1    174                                       118
  SINCE JUL 1    176                                       125

 COOLING
  YESTERDAY        0                                         0
  MONTH TO DATE    0                                         0
  SINCE SEP 1    278                                       124
  SINCE JAN 1    689                                       460
..................................................................


WIND (MPH)
  RESULTANT WIND SPEED   1   RESULTANT WIND DIRECTION  NE (60)
  HIGHEST WIND SPEED    21   HIGHEST WIND DIRECTION    SE (130)
  HIGHEST GUST SPEED    30   HIGHEST GUST DIRECTION    SE (140)
  AVERAGE WIND SPEED     7.2


SKY COVER
  POSSIBLE SUNSHINE  MM
  AVERAGE SKY COVER 0.9


WEATHER CONDITIONS
 THE FOLLOWING WEATHER WAS RECORDED YESTERDAY.
  HEAVY RAIN
  RAIN
  LIGHT RAIN
  FOG


RELATIVE HUMIDITY (PERCENT)
 HIGHEST   100           700 AM
 LOWEST     84           200 AM
 AVERAGE    92

..........................................................


THE MOFFETT FIELD CLIMATE NORMALS FOR TODAY
                         NORMAL    RECORD    YEAR
 MAXIMUM TEMPERATURE (F)   65        80      1989
 MINIMUM TEMPERATURE (F)   47        30      1958


SUNRISE AND SUNSET
NOVEMBER 17 2017......SUNRISE   650 AM PST   SUNSET   456 PM PST
NOVEMBER 18 2017......SUNRISE   651 AM PST   SUNSET   455 PM PST


-  INDICATES NEGATIVE NUMBERS.
R  INDICATES RECORD WAS SET OR TIED.
MM INDICATES DATA IS MISSING.
T  INDICATES TRACE AMOUNT.




$$
