000
CDUS46 KMTR 040040
CLINUQ


CLIMATE REPORT
NATIONAL WEATHER SERVICE SAN FRANCISCO BAY AREA
440 PM PST TUE MAR 3 2015


...................................

...THE MOFFETT FIELD CLIMATE SUMMARY FOR MARCH 3 2015...
VALID TODAY AS OF 0400 PM LOCAL TIME.

CLIMATE NORMAL PERIOD 1981 TO 2010
CLIMATE RECORD PERIOD 1945 TO 2015


WEATHER ITEM   OBSERVED TIME   RECORD YEAR NORMAL DEPARTURE LAST
                VALUE   (LST)  VALUE       VALUE  FROM      YEAR
                                                  NORMAL
..................................................................
TEMPERATURE (F)
 TODAY
  MAXIMUM         64    200 PM  78    1959  64      0       63
  MINIMUM         41        MM  30    1951  47     -6       49
  AVERAGE         53                        55     -2       56

PRECIPITATION (IN)
  TODAY            0.00          0.69 1991   0.09  -0.09     0.14
  MONTH TO DATE    0.05                      0.27  -0.22     0.38
  SINCE OCT 1     12.49                     10.93   1.56     3.98
  SINCE JAN 1      2.50                      6.09  -3.59     3.22

DEGREE DAYS
 HEATING
  TODAY           12                                         9
  MONTH TO DATE   38                                        21
  SINCE MAR 1     38                                        21
  SINCE JUL 1   1143                                      1479

 COOLING
  TODAY            0                                         0
  MONTH TO DATE    0                                         0
  SINCE MAR 1      0                                         0
  SINCE JAN 1      0                                         0
..................................................................


WIND (MPH)
  RESULTANT WIND SPEED   2   RESULTANT WIND DIRECTION   N (0)
  HIGHEST WIND SPEED     8   HIGHEST WIND DIRECTION     N (360)
  HIGHEST GUST SPEED    MM   HIGHEST GUST DIRECTION    MM
  AVERAGE WIND SPEED     1.6


SKY COVER
  POSSIBLE SUNSHINE  MM
  AVERAGE SKY COVER 0.0


WEATHER CONDITIONS
 THE FOLLOWING WEATHER WAS RECORDED TODAY.
  NO SIGNIFICANT WEATHER WAS OBSERVED.


RELATIVE HUMIDITY (PERCENT)
 HIGHEST    89           200 AM
 LOWEST     48           100 PM
 AVERAGE    69

..........................................................


THE MOFFETT FIELD CLIMATE NORMALS FOR TOMORROW
                         NORMAL    RECORD    YEAR
 MAXIMUM TEMPERATURE (F)   64        75      1984
 MINIMUM TEMPERATURE (F)   47        32      1948


SUNRISE AND SUNSET
MARCH  3 2015.........SUNRISE   637 AM PST   SUNSET   604 PM PST
MARCH  4 2015.........SUNRISE   635 AM PST   SUNSET   605 PM PST


-  INDICATES NEGATIVE NUMBERS.
R  INDICATES RECORD WAS SET OR TIED.
MM INDICATES DATA IS MISSING.
T  INDICATES TRACE AMOUNT.




$$
