000
CDUS46 KMTR 090845
CLINUQ


CLIMATE REPORT
NATIONAL WEATHER SERVICE SAN FRANCISCO BAY AREA
1245 AM PST FRI DEC 9 2016


...................................

...THE MOFFETT FIELD CLIMATE SUMMARY FOR DECEMBER 8 2016...

CLIMATE NORMAL PERIOD 1981 TO 2010
CLIMATE RECORD PERIOD 1945 TO 2016


WEATHER ITEM   OBSERVED TIME   RECORD YEAR NORMAL DEPARTURE LAST
                VALUE   (LST)  VALUE       VALUE  FROM      YEAR
                                                  NORMAL
..................................................................
TEMPERATURE (F)
 YESTERDAY
  MAXIMUM         64   1219 PM  72    1988  60      4       64
  MINIMUM         49    322 AM  31    2009  43      6       47
  AVERAGE         57                        51      6       56

PRECIPITATION (IN)
  YESTERDAY        0.04          0.89 1955   0.08  -0.04     0.00
  MONTH TO DATE    0.06                      0.55  -0.49     0.11
  SINCE OCT 1      3.15                      2.83   0.32     2.58
  SINCE JAN 1     11.90                     12.67  -0.77     6.84

DEGREE DAYS
 HEATING
  YESTERDAY        8                                         9
  MONTH TO DATE  107                                        98
  SINCE DEC 1    107                                        98
  SINCE JUL 1    394                                       441

 COOLING
  YESTERDAY        0                                         0
  MONTH TO DATE    0                                         0
  SINCE DEC 1      0                                         0
  SINCE JAN 1    460                                       667
..................................................................


WIND (MPH)
  RESULTANT WIND SPEED   9   RESULTANT WIND DIRECTION  SE (140)
  HIGHEST WIND SPEED    21   HIGHEST WIND DIRECTION    SE (130)
  HIGHEST GUST SPEED    26   HIGHEST GUST DIRECTION    SE (130)
  AVERAGE WIND SPEED    10.0


SKY COVER
  POSSIBLE SUNSHINE  MM
  AVERAGE SKY COVER 0.7


WEATHER CONDITIONS
 THE FOLLOWING WEATHER WAS RECORDED YESTERDAY.
  LIGHT RAIN
  FOG


RELATIVE HUMIDITY (PERCENT)
 HIGHEST    89           700 AM
 LOWEST     72          1100 AM
 AVERAGE    81

..........................................................


THE MOFFETT FIELD CLIMATE NORMALS FOR TODAY
                         NORMAL    RECORD    YEAR
 MAXIMUM TEMPERATURE (F)   59        70      2015
 MINIMUM TEMPERATURE (F)   43        28      1951


SUNRISE AND SUNSET
DECEMBER  9 2016......SUNRISE   711 AM PST   SUNSET   450 PM PST
DECEMBER 10 2016......SUNRISE   712 AM PST   SUNSET   450 PM PST


-  INDICATES NEGATIVE NUMBERS.
R  INDICATES RECORD WAS SET OR TIED.
MM INDICATES DATA IS MISSING.
T  INDICATES TRACE AMOUNT.




$$
