000
CDUS46 KMTR 220836
CLINUQ


CLIMATE REPORT
NATIONAL WEATHER SERVICE SAN FRANCISCO BAY AREA
136 AM PDT MON MAY 22 2017


...................................

...THE MOFFETT FIELD CLIMATE SUMMARY FOR MAY 21 2017...

CLIMATE NORMAL PERIOD 1981 TO 2010
CLIMATE RECORD PERIOD 1945 TO 2017


WEATHER ITEM   OBSERVED TIME   RECORD YEAR NORMAL DEPARTURE LAST
                VALUE   (LST)  VALUE       VALUE  FROM      YEAR
                                                  NORMAL
..................................................................
TEMPERATURE (F)
 YESTERDAY
  MAXIMUM         83    109 PM  96    2000  73     10       64
  MINIMUM         58   1141 PM  44    1974  54      4       53
  AVERAGE         71                        63      8       59

PRECIPITATION (IN)
  YESTERDAY        0.00          0.14 1946   0.01  -0.01      T
  MONTH TO DATE    0.00                      0.38  -0.38     0.13
  SINCE OCT 1     18.13                     14.28   3.85    13.15
  SINCE JAN 1     13.56                      9.44   4.12     8.75

DEGREE DAYS
 HEATING
  YESTERDAY        0                                         6
  MONTH TO DATE   57                                        46
  SINCE MAR 1    454                                       380
  SINCE JUL 1   1982                                      1765

 COOLING
  YESTERDAY        6                                         0
  MONTH TO DATE   48                                        18
  SINCE MAR 1     50                                        41
  SINCE JAN 1     50                                        43
..................................................................


WIND (MPH)
  RESULTANT WIND SPEED   5   RESULTANT WIND DIRECTION   N (340)
  HIGHEST WIND SPEED    15   HIGHEST WIND DIRECTION     N (350)
  HIGHEST GUST SPEED    19   HIGHEST GUST DIRECTION     N (340)
  AVERAGE WIND SPEED     5.8


SKY COVER
  POSSIBLE SUNSHINE  MM
  AVERAGE SKY COVER 0.0


WEATHER CONDITIONS
 THE FOLLOWING WEATHER WAS RECORDED YESTERDAY.
  NO SIGNIFICANT WEATHER WAS OBSERVED.


RELATIVE HUMIDITY (PERCENT)
 HIGHEST    80          1000 PM
 LOWEST     42           300 PM
 AVERAGE    61

..........................................................


THE MOFFETT FIELD CLIMATE NORMALS FOR TODAY
                         NORMAL    RECORD    YEAR
 MAXIMUM TEMPERATURE (F)   73        87      2000
 MINIMUM TEMPERATURE (F)   54        44      2002


SUNRISE AND SUNSET
MAY 22 2017...........SUNRISE   554 AM PDT   SUNSET   816 PM PDT
MAY 23 2017...........SUNRISE   553 AM PDT   SUNSET   817 PM PDT


-  INDICATES NEGATIVE NUMBERS.
R  INDICATES RECORD WAS SET OR TIED.
MM INDICATES DATA IS MISSING.
T  INDICATES TRACE AMOUNT.




$$
