000
CDUS46 KMTR 300827
CLINUQ


CLIMATE REPORT
NATIONAL WEATHER SERVICE SAN FRANCISCO BAY AREA
127 AM PDT TUE AUG 30 2016


...................................

...THE MOFFETT FIELD CLIMATE SUMMARY FOR AUGUST 29 2016...

CLIMATE NORMAL PERIOD 1981 TO 2010
CLIMATE RECORD PERIOD 1945 TO 2016


WEATHER ITEM   OBSERVED TIME   RECORD YEAR NORMAL DEPARTURE LAST
                VALUE   (LST)  VALUE       VALUE  FROM      YEAR
                                                  NORMAL
..................................................................
TEMPERATURE (F)
 YESTERDAY
  MAXIMUM         73    516 PM 100    1977  78     -5       81
  MINIMUM         59    710 AM  51    1975  59      0       64
  AVERAGE         66                        68     -2       73

PRECIPITATION (IN)
  YESTERDAY        0.00          0.03 1953   0.00   0.00      T
  MONTH TO DATE    0.00                      0.01  -0.01     0.01
  SINCE OCT 1     13.15                     14.50  -1.35    14.24
  SINCE JAN 1      8.75                      9.66  -0.91     4.25

DEGREE DAYS
 HEATING
  YESTERDAY        0                                         0
  MONTH TO DATE    2                                         0
  SINCE JUN 1     15                                        16
  SINCE JUL 1      7                                         0

 COOLING
  YESTERDAY        1                                         8
  MONTH TO DATE   79                                       167
  SINCE JUN 1    271                                       396
  SINCE JAN 1    331                                       414
..................................................................


WIND (MPH)
  RESULTANT WIND SPEED   6   RESULTANT WIND DIRECTION   N (340)
  HIGHEST WIND SPEED    18   HIGHEST WIND DIRECTION     N (360)
  HIGHEST GUST SPEED    23   HIGHEST GUST DIRECTION     N (360)
  AVERAGE WIND SPEED     6.7


SKY COVER
  POSSIBLE SUNSHINE  MM
  AVERAGE SKY COVER 0.5


WEATHER CONDITIONS
 THE FOLLOWING WEATHER WAS RECORDED YESTERDAY.
  NO SIGNIFICANT WEATHER WAS OBSERVED.


RELATIVE HUMIDITY (PERCENT)
 HIGHEST    84          1200 AM
 LOWEST     53           300 PM
 AVERAGE    69

..........................................................


THE MOFFETT FIELD CLIMATE NORMALS FOR TODAY
                         NORMAL    RECORD    YEAR
 MAXIMUM TEMPERATURE (F)   78        90      2007
 MINIMUM TEMPERATURE (F)   59        47      1955


SUNRISE AND SUNSET
AUGUST 30 2016........SUNRISE   637 AM PDT   SUNSET   739 PM PDT
AUGUST 31 2016........SUNRISE   638 AM PDT   SUNSET   738 PM PDT


-  INDICATES NEGATIVE NUMBERS.
R  INDICATES RECORD WAS SET OR TIED.
MM INDICATES DATA IS MISSING.
T  INDICATES TRACE AMOUNT.




$$
