000
CDUS46 KMTR 280826
CLINUQ


CLIMATE REPORT
NATIONAL WEATHER SERVICE SAN FRANCISCO BAY AREA
125 AM PDT TUE MAR 28 2017


...................................

...THE MOFFETT FIELD CLIMATE SUMMARY FOR MARCH 27 2017...

CLIMATE NORMAL PERIOD 1981 TO 2010
CLIMATE RECORD PERIOD 1945 TO 2017


WEATHER ITEM   OBSERVED TIME   RECORD YEAR NORMAL DEPARTURE LAST
                VALUE   (LST)  VALUE       VALUE  FROM      YEAR
                                                  NORMAL
..................................................................
TEMPERATURE (F)
 YESTERDAY
  MAXIMUM         63    302 PM  82    1969  66     -3       68
  MINIMUM         50    557 AM  38    1972  48      2       52
  AVERAGE         57                        57      0       60

PRECIPITATION (IN)
  YESTERDAY        0.00          0.94 1979   0.06  -0.06     0.00
  MONTH TO DATE    1.61                      2.04  -0.43     3.25
  SINCE OCT 1     16.80                     12.70   4.10    11.61
  SINCE JAN 1     12.23                      7.86   4.37     7.21

DEGREE DAYS
 HEATING
  YESTERDAY        8                                         5
  MONTH TO DATE  215                                       174
  SINCE MAR 1    215                                       174
  SINCE JUL 1   1743                                      1559

 COOLING
  YESTERDAY        0                                         0
  MONTH TO DATE    0                                         0
  SINCE MAR 1      0                                         0
  SINCE JAN 1      0                                         2
..................................................................


WIND (MPH)
  RESULTANT WIND SPEED   8   RESULTANT WIND DIRECTION  NW (310)
  HIGHEST WIND SPEED    18   HIGHEST WIND DIRECTION    NW (320)
  HIGHEST GUST SPEED    28   HIGHEST GUST DIRECTION    NW (330)
  AVERAGE WIND SPEED     8.6


SKY COVER
  POSSIBLE SUNSHINE  MM
  AVERAGE SKY COVER 0.1


WEATHER CONDITIONS
 THE FOLLOWING WEATHER WAS RECORDED YESTERDAY.
  NO SIGNIFICANT WEATHER WAS OBSERVED.


RELATIVE HUMIDITY (PERCENT)
 HIGHEST    89           200 AM
 LOWEST     52           100 PM
 AVERAGE    71

..........................................................


THE MOFFETT FIELD CLIMATE NORMALS FOR TODAY
                         NORMAL    RECORD    YEAR
 MAXIMUM TEMPERATURE (F)   66        80      1969
 MINIMUM TEMPERATURE (F)   48        35      1950


SUNRISE AND SUNSET
MARCH 28 2017.........SUNRISE   659 AM PDT   SUNSET   728 PM PDT
MARCH 29 2017.........SUNRISE   658 AM PDT   SUNSET   729 PM PDT


-  INDICATES NEGATIVE NUMBERS.
R  INDICATES RECORD WAS SET OR TIED.
MM INDICATES DATA IS MISSING.
T  INDICATES TRACE AMOUNT.




$$
