000
CDUS46 KMTR 230832
CLINUQ


CLIMATE REPORT
NATIONAL WEATHER SERVICE SAN FRANCISCO BAY AREA
132 AM PDT SAT AUG 23 2014


...................................

...THE MOFFETT FIELD CLIMATE SUMMARY FOR AUGUST 22 2014...

CLIMATE NORMAL PERIOD 1981 TO 2010
CLIMATE RECORD PERIOD 1945 TO 2014


WEATHER ITEM   OBSERVED TIME   RECORD YEAR NORMAL DEPARTURE LAST
                VALUE   (LST)  VALUE       VALUE  FROM      YEAR
                                                  NORMAL
..................................................................
TEMPERATURE (F)
 YESTERDAY
  MAXIMUM         80    116 PM  92    1999  78      2       72
  MINIMUM         61   1137 PM  47    1947  59      2       58
  AVERAGE         71                        68      3       65

PRECIPITATION (IN)
  YESTERDAY        0.00          0.00 2009   0.00   0.00     0.00
  MONTH TO DATE    T                         0.01  -0.01     0.00
  SINCE JUL 1      T                         0.03  -0.03      T
  SINCE JAN 1      5.19                      9.66  -4.47     1.82

DEGREE DAYS
 HEATING
  YESTERDAY        0                                         0
  MONTH TO DATE    0                                         3
  SINCE JUN 1      7                                        17
  SINCE JUL 1      0                                         4

 COOLING
  YESTERDAY        6                                         0
  MONTH TO DATE   87                                        53
  SINCE JUN 1    316                                       244
  SINCE JAN 1    403                                       318
..................................................................


WIND (MPH)
  RESULTANT WIND SPEED   7   RESULTANT WIND DIRECTION   N (350)
  HIGHEST WIND SPEED    24   HIGHEST WIND DIRECTION     N (350)
  HIGHEST GUST SPEED    28   HIGHEST GUST DIRECTION     N (340)
  AVERAGE WIND SPEED     7.5


SKY COVER
  POSSIBLE SUNSHINE  MM
  AVERAGE SKY COVER 0.2


WEATHER CONDITIONS
 THE FOLLOWING WEATHER WAS RECORDED YESTERDAY.
  NO SIGNIFICANT WEATHER WAS OBSERVED.


RELATIVE HUMIDITY (PERCENT)
 HIGHEST    90           200 AM
 LOWEST     48           100 PM
 AVERAGE    69

..........................................................


THE MOFFETT FIELD CLIMATE NORMALS FOR TODAY
                         NORMAL    RECORD    YEAR
 MAXIMUM TEMPERATURE (F)   78        93      2010
 MINIMUM TEMPERATURE (F)   59        52      1960


SUNRISE AND SUNSET
AUGUST 23 2014........SUNRISE   631 AM PDT   SUNSET   750 PM PDT
AUGUST 24 2014........SUNRISE   632 AM PDT   SUNSET   748 PM PDT


-  INDICATES NEGATIVE NUMBERS.
R  INDICATES RECORD WAS SET OR TIED.
MM INDICATES DATA IS MISSING.
T  INDICATES TRACE AMOUNT.




$$
