805
CDUS41 KOKX 280618
CLINYC


CLIMATE REPORT
NATIONAL WEATHER SERVICE NEW YORK NY
217 AM EDT FRI APR 28 2017


...................................

...THE CENTRAL PARK NY CLIMATE SUMMARY FOR APRIL 27 2017...

CLIMATE NORMAL PERIOD 1981 TO 2010
CLIMATE RECORD PERIOD 1869 TO 2017


WEATHER ITEM   OBSERVED TIME   RECORD YEAR NORMAL DEPARTURE LAST
                VALUE   (LST)  VALUE       VALUE  FROM      YEAR
                                                  NORMAL
..................................................................
TEMPERATURE (F)
 YESTERDAY
  MAXIMUM         70    122 PM  92    1915  65      5       62
  MINIMUM         57   1151 PM  36    1932  48      9       46
  AVERAGE         64                        57      7       54

PRECIPITATION (IN)
  YESTERDAY        0.00          2.04 2007   0.14  -0.14     0.00
  MONTH TO DATE    3.78                      4.08  -0.30     1.56
  SINCE MAR 1      9.03                      8.44   0.59     2.73
  SINCE JAN 1     16.34                     15.18   1.16    11.54

SNOWFALL (IN)
  YESTERDAY        0.0           T    1967   0.0    0.0      0.0
                                      2000
  MONTH TO DATE    0.0                       0.6   -0.6       T
  SINCE OCT 1     30.2                      25.8    4.4     32.8
  SINCE JUL 1     30.2                      25.8    4.4     32.8
  SNOW DEPTH       0

DEGREE DAYS
 HEATING
  YESTERDAY        1                         9     -8       11
  MONTH TO DATE  256                       346    -90      322
  SINCE MAR 1   1049                      1046      3      820
  SINCE JUL 1   4032                      4568   -536     3567

 COOLING
  YESTERDAY        0                         1     -1        0
  MONTH TO DATE   17                         6     11       13
  SINCE MAR 1     17                         7     10       19
  SINCE JAN 1     17                         7     10       19
..................................................................


WIND (MPH)
  HIGHEST WIND SPEED    16   HIGHEST WIND DIRECTION     S (160)
  HIGHEST GUST SPEED    22   HIGHEST GUST DIRECTION     S (160)
  AVERAGE WIND SPEED     3.0


SKY COVER
  AVERAGE SKY COVER 0.9


WEATHER CONDITIONS
 THE FOLLOWING WEATHER WAS RECORDED YESTERDAY.
  FOG
  HAZE


RELATIVE HUMIDITY (PERCENT)
 HIGHEST   100           100 AM
 LOWEST     68          1200 PM
 AVERAGE    84

..........................................................


THE CENTRAL PARK NY CLIMATE NORMALS FOR TODAY
                         NORMAL    RECORD    YEAR
 MAXIMUM TEMPERATURE (F)   66        90      2009
                                             1990
 MINIMUM TEMPERATURE (F)   49        34      1934
                                             1874


SUNRISE AND SUNSET
APRIL 28 2017.........SUNRISE   558 AM EDT   SUNSET   749 PM EDT
APRIL 29 2017.........SUNRISE   557 AM EDT   SUNSET   750 PM EDT


-  INDICATES NEGATIVE NUMBERS.
R  INDICATES RECORD WAS SET OR TIED.
MM INDICATES DATA IS MISSING.
T  INDICATES TRACE AMOUNT.




$$
