000
CDUS41 KOKX 270622
CLINYC


CLIMATE REPORT
NATIONAL WEATHER SERVICE NEW YORK NY
122 AM EST TUE JAN 27 2015


...................................

...THE CENTRAL PARK NY CLIMATE SUMMARY FOR JANUARY 26 2015...

CLIMATE NORMAL PERIOD 1981 TO 2010
CLIMATE RECORD PERIOD 1869 TO 2015


WEATHER ITEM   OBSERVED TIME   RECORD YEAR NORMAL DEPARTURE LAST
                VALUE   (LST)  VALUE       VALUE  FROM      YEAR
                                                  NORMAL
..................................................................
TEMPERATURE (F)
 YESTERDAY
  MAXIMUM         31   1202 AM  72    1950  39     -8       34
  MINIMUM         22   1148 AM   3    1927  27     -5       17
  AVERAGE         27                        33     -6       26

PRECIPITATION (IN)
  YESTERDAY        0.48          2.19 1986   0.11   0.37      T
  MONTH TO DATE    4.79                      3.09   1.70     2.75
  SINCE DEC 1     10.83                      7.09   3.74     7.60
  SINCE JAN 1      4.79                      3.09   1.70     2.75

SNOWFALL (IN)
  YESTERDAY        5.5          12.3  2011   0.2    5.3       T
  MONTH TO DATE   10.0                       5.7    4.3     18.9
  SINCE OCT 1     11.2                      10.8    0.4     27.5
  SINCE JUL 1     11.2                      10.8    0.4     27.5
  SNOW DEPTH       2

DEGREE DAYS
 HEATING
  YESTERDAY       38                        32      6       39
  MONTH TO DATE  882                       847     35      919
  SINCE DEC 1   1633                      1699    -66     1734
  SINCE JUL 1   2418                      2532   -114     2542

 COOLING
  YESTERDAY        0                         0      0        0
  MONTH TO DATE    0                         0      0        0
  SINCE DEC 1      0                         0      0        1
  SINCE JAN 1      0                         0      0        0
..................................................................


WIND (MPH)
  HIGHEST WIND SPEED    23   HIGHEST WIND DIRECTION    NE (60)
  HIGHEST GUST SPEED    34   HIGHEST GUST DIRECTION    NE (50)
  AVERAGE WIND SPEED    12.8


SKY COVER
  AVERAGE SKY COVER 1.0


WEATHER CONDITIONS
 THE FOLLOWING WEATHER WAS RECORDED YESTERDAY.
  HEAVY SNOW
  SNOW
  LIGHT SNOW
  FOG
  FOG W/VISIBILITY <= 1/4 MILE
  HAZE


RELATIVE HUMIDITY (PERCENT)
 HIGHEST    88           500 PM
 LOWEST     34           200 AM
 AVERAGE    61

..........................................................


THE CENTRAL PARK NY CLIMATE NORMALS FOR TODAY
                         NORMAL    RECORD    YEAR
 MAXIMUM TEMPERATURE (F)   39        69      1916
 MINIMUM TEMPERATURE (F)   27        -1      1927


SUNRISE AND SUNSET
JANUARY 27 2015.......SUNRISE   711 AM EST   SUNSET   507 PM EST
JANUARY 28 2015.......SUNRISE   710 AM EST   SUNSET   508 PM EST


-  INDICATES NEGATIVE NUMBERS.
R  INDICATES RECORD WAS SET OR TIED.
MM INDICATES DATA IS MISSING.
T  INDICATES TRACE AMOUNT.




$$
