322
CDUS41 KOKX 242139
CLINYC


CLIMATE REPORT
NATIONAL WEATHER SERVICE NEW YORK NY
438 PM EST FRI FEB 24 2017


...................................

...THE CENTRAL PARK NY CLIMATE SUMMARY FOR FEBRUARY 24 2017...
VALID TODAY AS OF 0400 PM LOCAL TIME.

CLIMATE NORMAL PERIOD 1981 TO 2010
CLIMATE RECORD PERIOD 1869 TO 2017


WEATHER ITEM   OBSERVED TIME   RECORD YEAR NORMAL DEPARTURE LAST
                VALUE   (LST)  VALUE       VALUE  FROM      YEAR
                                                  NORMAL
..................................................................
TEMPERATURE (F)
 TODAY
  MAXIMUM         70    234 PM  75    1985  44     26       60
  MINIMUM         58    717 AM  -4    1873  30     28       36
  AVERAGE         64                        37     27       48

PRECIPITATION (IN)
  TODAY            0.00          1.69 1977   0.12  -0.12     1.22
  MONTH TO DATE    1.94                      2.62  -0.68     4.33
  SINCE DEC 1      9.66                     10.27  -0.61    13.46
  SINCE JAN 1      6.77                      6.27   0.50     8.74

SNOWFALL (IN)
  TODAY            0.0           6.0  1907   0.3   -0.3      0.0
  MONTH TO DATE    9.4                       8.1    1.3      4.0
  SINCE OCT 1     20.5                      20.2    0.3     31.9
  SINCE JUL 1     20.5                      20.2    0.3     31.9
  SNOW DEPTH       0

DEGREE DAYS
 HEATING
  TODAY            1                        28    -27       17
  MONTH TO DATE  580                       722   -142      679
  SINCE DEC 1   2228                      2578   -350     2053
  SINCE JUL 1   2915                      3411   -496     2641

 COOLING
  TODAY            0                         0      0        0
  MONTH TO DATE    0                         0      0        0
  SINCE DEC 1      0                         0      0        3
  SINCE JAN 1      0                         0      0        0
..................................................................


WIND (MPH)
  HIGHEST WIND SPEED    14   HIGHEST WIND DIRECTION    SE (150)
  HIGHEST GUST SPEED    20   HIGHEST GUST DIRECTION    SW (240)
  AVERAGE WIND SPEED     6.2


SKY COVER
  AVERAGE SKY COVER 0.1


WEATHER CONDITIONS
 THE FOLLOWING WEATHER WAS RECORDED TODAY.
  NO SIGNIFICANT WEATHER WAS OBSERVED.


RELATIVE HUMIDITY (PERCENT)
 HIGHEST    80           600 AM
 LOWEST     53          1200 PM
 AVERAGE    67

..........................................................


THE CENTRAL PARK NY CLIMATE NORMALS FOR TOMORROW
                         NORMAL    RECORD    YEAR
 MAXIMUM TEMPERATURE (F)   44        75      1930
 MINIMUM TEMPERATURE (F)   31         1      1914
                                             1894


SUNRISE AND SUNSET
FEBRUARY 24 2017......SUNRISE   637 AM EST   SUNSET   542 PM EST
FEBRUARY 25 2017......SUNRISE   636 AM EST   SUNSET   543 PM EST


-  INDICATES NEGATIVE NUMBERS.
R  INDICATES RECORD WAS SET OR TIED.
MM INDICATES DATA IS MISSING.
T  INDICATES TRACE AMOUNT.




$$
