000
CDUS41 KOKX 050720
CLINYC


CLIMATE REPORT
NATIONAL WEATHER SERVICE NEW YORK NY
320 AM EDT SAT SEP 5 2015


...................................

...THE CENTRAL PARK NY CLIMATE SUMMARY FOR SEPTEMBER 4 2015...

CLIMATE NORMAL PERIOD 1981 TO 2010
CLIMATE RECORD PERIOD 1869 TO 2015


WEATHER ITEM   OBSERVED TIME   RECORD YEAR NORMAL DEPARTURE LAST
                VALUE   (LST)  VALUE       VALUE  FROM      YEAR
                                                  NORMAL
..................................................................
TEMPERATURE (F)
 YESTERDAY
  MAXIMUM         85    301 PM  97    1929  79      6       87
  MINIMUM         72   1159 PM  47    1883  65      7       69
  AVERAGE         79                        72      7       78

PRECIPITATION (IN)
  YESTERDAY        0.00          3.48 1913   0.14  -0.14     0.00
  MONTH TO DATE    0.00                      0.53  -0.53     0.00
  SINCE SEP 1      0.00                      0.53  -0.53     0.00
  SINCE JAN 1     27.05                     33.77  -6.72    36.26

SNOWFALL (IN)
  YESTERDAY        0.0           0.0  2002   0.0    0.0      0.0
                                      2001
  MONTH TO DATE    0.0                       0.0    0.0      0.0
  SINCE OCT 1     50.3                      25.8   24.5     57.4
  SINCE JUL 1      0.0                       0.0    0.0      0.0
  SNOW DEPTH       0

DEGREE DAYS
 HEATING
  YESTERDAY        0                         0      0        0
  MONTH TO DATE    0                         0      0        0
  SINCE SEP 1      0                         0      0        0
  SINCE JUL 1      0                         2     -2        0

 COOLING
  YESTERDAY       14                         7      7       13
  MONTH TO DATE   69                        30     39       64
  SINCE SEP 1     69                        30     39       64
  SINCE JAN 1   1334                       984    350     1002
..................................................................


WIND (MPH)
  HIGHEST WIND SPEED    17   HIGHEST WIND DIRECTION    NE (60)
  HIGHEST GUST SPEED    25   HIGHEST GUST DIRECTION    NE (50)
  AVERAGE WIND SPEED     6.9


SKY COVER
  AVERAGE SKY COVER 0.3


WEATHER CONDITIONS
 THE FOLLOWING WEATHER WAS RECORDED YESTERDAY.
  HAZE


RELATIVE HUMIDITY (PERCENT)
 HIGHEST    69           400 AM
 LOWEST     51           200 PM
 AVERAGE    60

..........................................................


THE CENTRAL PARK NY CLIMATE NORMALS FOR TODAY
                         NORMAL    RECORD    YEAR
 MAXIMUM TEMPERATURE (F)   79        94      1985
 MINIMUM TEMPERATURE (F)   64        51      1963


SUNRISE AND SUNSET
SEPTEMBER  5 2015.....SUNRISE   626 AM EDT   SUNSET   722 PM EDT
SEPTEMBER  6 2015.....SUNRISE   627 AM EDT   SUNSET   720 PM EDT


-  INDICATES NEGATIVE NUMBERS.
R  INDICATES RECORD WAS SET OR TIED.
MM INDICATES DATA IS MISSING.
T  INDICATES TRACE AMOUNT.




$$
