000
CDUS41 KOKX 180617
CLINYC


CLIMATE REPORT
NATIONAL WEATHER SERVICE NEW YORK NY
117 AM EST MON DEC 18 2017


...................................

...THE CENTRAL PARK NY CLIMATE SUMMARY FOR DECEMBER 17 2017...

CLIMATE NORMAL PERIOD 1981 TO 2010
CLIMATE RECORD PERIOD 1869 TO 2017


WEATHER ITEM   OBSERVED TIME   RECORD YEAR NORMAL DEPARTURE LAST
                VALUE   (LST)  VALUE       VALUE  FROM      YEAR
                                                  NORMAL
..................................................................
TEMPERATURE (F)
 YESTERDAY
  MAXIMUM         38    221 PM  62    2000  42     -4       39
  MINIMUM         32    814 AM   1    1919  32      0       24
  AVERAGE         35                        37     -2       32

PRECIPITATION (IN)
  YESTERDAY        0.00          2.28 1888   0.13  -0.13     0.73
  MONTH TO DATE    1.41                      2.30  -0.89     1.96
  SINCE DEC 1      1.41                      2.30  -0.89     1.96
  SINCE JAN 1     44.24                     48.24  -4.00    41.24

SNOWFALL (IN)
  YESTERDAY        0.0           6.7  1932   0.2   -0.2      2.8
  MONTH TO DATE    7.0                       2.0    5.0      3.2
  SINCE OCT 1      7.0                       2.3    4.7      3.2
  SINCE JUL 1      7.0                       2.3    4.7      3.2
  SNOW DEPTH       1

DEGREE DAYS
 HEATING
  YESTERDAY       30                        28      2       33
  MONTH TO DATE  452                       431     21      459
  SINCE DEC 1    452                       431     21      459
  SINCE JUL 1   1114                      1264   -150     1146

 COOLING
  YESTERDAY        0                         0      0        0
  MONTH TO DATE    0                         0      0        0
  SINCE DEC 1      0                         0      0        0
  SINCE JAN 1   1265                      1105    160     1489
..................................................................


WIND (MPH)
  HIGHEST WIND SPEED     9   HIGHEST WIND DIRECTION     N (350)
  HIGHEST GUST SPEED    12   HIGHEST GUST DIRECTION     N (10)
  AVERAGE WIND SPEED     2.9


SKY COVER
  AVERAGE SKY COVER 0.7


WEATHER CONDITIONS
 THE FOLLOWING WEATHER WAS RECORDED YESTERDAY.
  NO SIGNIFICANT WEATHER WAS OBSERVED.


RELATIVE HUMIDITY (PERCENT)
 HIGHEST    70           500 PM
 LOWEST     54           100 PM
 AVERAGE    62

..........................................................


THE CENTRAL PARK NY CLIMATE NORMALS FOR TODAY
                         NORMAL    RECORD    YEAR
 MAXIMUM TEMPERATURE (F)   42        63      1984
                                             1937
 MINIMUM TEMPERATURE (F)   31        -1      1919


SUNRISE AND SUNSET
DECEMBER 18 2017......SUNRISE   715 AM EST   SUNSET   430 PM EST
DECEMBER 19 2017......SUNRISE   716 AM EST   SUNSET   431 PM EST


-  INDICATES NEGATIVE NUMBERS.
R  INDICATES RECORD WAS SET OR TIED.
MM INDICATES DATA IS MISSING.
T  INDICATES TRACE AMOUNT.




$$
