000
CDUS41 KOKX 271440
CLINYC


CLIMATE REPORT
NATIONAL WEATHER SERVICE NEW YORK NY
1039 AM EDT FRI MAY 27 2016


...................................

...THE CENTRAL PARK NY CLIMATE SUMMARY FOR MAY 26 2016...

CLIMATE NORMAL PERIOD 1981 TO 2010
CLIMATE RECORD PERIOD 1869 TO 2016


WEATHER ITEM   OBSERVED TIME   RECORD YEAR NORMAL DEPARTURE LAST
                VALUE   (LST)  VALUE       VALUE  FROM      YEAR
                                                  NORMAL
..................................................................
TEMPERATURE (F)
 YESTERDAY
  MAXIMUM         90   1255 PM  95    1880  74     16       88
  MINIMUM         69    518 AM  42    1967  57     12       67
  AVERAGE         80                        65     15       78

PRECIPITATION (IN)
  YESTERDAY        0.00          1.28 2003   0.15  -0.15     0.00
  MONTH TO DATE    2.10                      3.45  -1.35     0.32
  SINCE MAR 1      4.88                     12.31  -7.43     7.12
  SINCE JAN 1     13.69                     19.05  -5.36    14.39

SNOWFALL (IN)
  YESTERDAY        0.0           0.0  2002   0.0    0.0      0.0
                                      2001
  MONTH TO DATE    0.0                       0.0    0.0      0.0
  SINCE OCT 1     32.8                      25.8    7.0     50.3
  SINCE JUL 1     32.8                      25.8    7.0     50.3
  SNOW DEPTH       0

DEGREE DAYS
 HEATING
  YESTERDAY        0                         3     -3        0
  MONTH TO DATE  161                       127     34       37
  SINCE MAR 1   1014                      1198   -184     1182
  SINCE JUL 1   3761                      4720   -959     4941

 COOLING
  YESTERDAY       15                         3     12       13
  MONTH TO DATE   31                        41    -10      100
  SINCE MAR 1     50                        53     -3      105
  SINCE JAN 1     50                        53     -3      105
..................................................................


WIND (MPH)
  HIGHEST WIND SPEED    10   HIGHEST WIND DIRECTION     S (180)
  HIGHEST GUST SPEED    17   HIGHEST GUST DIRECTION     S (190)
  AVERAGE WIND SPEED     3.6


SKY COVER
  AVERAGE SKY COVER 0.0


WEATHER CONDITIONS
 THE FOLLOWING WEATHER WAS RECORDED YESTERDAY.
  NO SIGNIFICANT WEATHER WAS OBSERVED.


RELATIVE HUMIDITY (PERCENT)
 HIGHEST    49           600 AM
 LOWEST     24           100 PM
 AVERAGE    37

..........................................................


THE CENTRAL PARK NY CLIMATE NORMALS FOR TODAY
                         NORMAL    RECORD    YEAR
 MAXIMUM TEMPERATURE (F)   74        96      1880
 MINIMUM TEMPERATURE (F)   57        41      1961


SUNRISE AND SUNSET
MAY 27 2016...........SUNRISE   529 AM EDT   SUNSET   818 PM EDT
MAY 28 2016...........SUNRISE   528 AM EDT   SUNSET   818 PM EDT


-  INDICATES NEGATIVE NUMBERS.
R  INDICATES RECORD WAS SET OR TIED.
MM INDICATES DATA IS MISSING.
T  INDICATES TRACE AMOUNT.




$$
