000
CDUS45 KPSR 030831
CLINYL

CDUS45 KPSR DDHHMM
CLINYL

CLIMATE REPORT
NATIONAL WEATHER SERVICE PHOENIX AZ
129 AM MST FRI JUL 3 2015


...................................

...THE YUMA AZ CLIMATE SUMMARY FOR JULY 2 2015...

CLIMATE NORMAL PERIOD 1981 TO 2010
CLIMATE RECORD PERIOD 1876 TO 2015


WEATHER ITEM   OBSERVED TIME   RECORD YEAR NORMAL DEPARTURE LAST
                VALUE   (LST)  VALUE       VALUE  FROM      YEAR
                                                  NORMAL
..................................................................
TEMPERATURE (F)
 YESTERDAY
  MAXIMUM        107    536 PM 117    2011 106      1      109
                                      1937
  MINIMUM         80    526 AM  61    1879  80      0       82
  AVERAGE         94                        93      1       96

PRECIPITATION (IN)
  YESTERDAY        0.00          0.02 1939   0.01  -0.01     0.00
  MONTH TO DATE    0.06                      0.01   0.05     0.00
  SINCE OCT 1      1.65                      2.28  -0.63     1.18
  SINCE JAN 1      1.21                      1.34  -0.13     0.07

DEGREE DAYS
 HEATING
  YESTERDAY        0                         0      0        0
  MONTH TO DATE    0                         0      0        0
  SINCE JUN 1      0                         0      0        0
  SINCE JUL 1      0                         0      0        0

 COOLING
  YESTERDAY       29                        28      1       31
  MONTH TO DATE   53                        56     -3       63
  SINCE JUN 1    843                       777     66      872
  SINCE JAN 1   1922                      1689    233     2034
..................................................................


WIND (MPH)
  HIGHEST WIND SPEED    13   HIGHEST WIND DIRECTION    SW (220)
  HIGHEST GUST SPEED    17   HIGHEST GUST DIRECTION    SW (220)
  AVERAGE WIND SPEED     5.0


SKY COVER
  AVERAGE SKY COVER 0.2


WEATHER CONDITIONS
 THE FOLLOWING WEATHER WAS RECORDED YESTERDAY.
  HAZE


RELATIVE HUMIDITY (PERCENT)
 HIGHEST    62
 LOWEST     21
 AVERAGE    42

..........................................................


THE YUMA AZ CLIMATE NORMALS FOR TODAY
                         NORMAL    RECORD    YEAR
 MAXIMUM TEMPERATURE (F)  107       117      1889
 MINIMUM TEMPERATURE (F)   80        61      1879


SUNRISE AND SUNSET
JULY  3 2015..........SUNRISE   535 AM MST   SUNSET   750 PM MST
JULY  4 2015..........SUNRISE   536 AM MST   SUNSET   750 PM MST


-  INDICATES NEGATIVE NUMBERS.
R  INDICATES RECORD WAS SET OR TIED.
MM INDICATES DATA IS MISSING.
T  INDICATES TRACE AMOUNT.

$$
