000
CDUS45 KPSR 010017
CLINYL

CLIMATE REPORT
NATIONAL WEATHER SERVICE PHOENIX AZ
515 PM MST WED AUG 31 2016


...................................

...THE YUMA AZ CLIMATE SUMMARY FOR AUGUST 31 2016...
VALID TODAY AS OF 0500 PM LOCAL TIME.

CLIMATE NORMAL PERIOD 1981 TO 2010
CLIMATE RECORD PERIOD 1876 TO 2016


WEATHER ITEM   OBSERVED TIME   RECORD YEAR NORMAL DEPARTURE LAST
                VALUE   (LST)  VALUE       VALUE  FROM      YEAR
                                                  NORMAL
..................................................................
TEMPERATURE (F)
 TODAY
  MAXIMUM        107    422 PM 118    1950 105      2      107
  MINIMUM         85    719 AM  60    1887  81      4       84
  AVERAGE         96                        93      3       96

PRECIPITATION (IN)
  TODAY            0.00          0.67 1931   0.01  -0.01     0.00
  MONTH TO DATE    0.08                      0.47  -0.39      T
  SINCE OCT 1      1.89                      3.03  -1.14     1.68
  SINCE JAN 1      1.75                      2.09  -0.34     1.24

DEGREE DAYS
 HEATING
  TODAY            0                         0      0        0
  MONTH TO DATE    0                         0      0        0
  SINCE JUN 1      0                         0      0        0
  SINCE JUL 1      0                         0      0        0

 COOLING
  TODAY           31                        28      3       31
  MONTH TO DATE  942                       907     35     1023
  SINCE JUN 1   2746                      2541    205     2708
  SINCE JAN 1   3747                      3453    294     3787
..................................................................


WIND (MPH)
  HIGHEST WIND SPEED    24   HIGHEST WIND DIRECTION    SE (140)
  HIGHEST GUST SPEED    30   HIGHEST GUST DIRECTION    SE (150)
  AVERAGE WIND SPEED    10.4


SKY COVER
  AVERAGE SKY COVER 0.1


WEATHER CONDITIONS
 THE FOLLOWING WEATHER WAS RECORDED TODAY.
  NO SIGNIFICANT WEATHER WAS OBSERVED.


RELATIVE HUMIDITY (PERCENT)
 HIGHEST    70
 LOWEST     22
 AVERAGE    46

..........................................................


THE YUMA AZ CLIMATE NORMALS FOR TOMORROW
                         NORMAL    RECORD    YEAR
 MAXIMUM TEMPERATURE (F)  105       123      1950
 MINIMUM TEMPERATURE (F)   81        62      1902
                                             1887


SUNRISE AND SUNSET
AUGUST 31 2016........SUNRISE   613 AM MST   SUNSET   704 PM MST
SEPTEMBER  1 2016.....SUNRISE   614 AM MST   SUNSET   702 PM MST


-  INDICATES NEGATIVE NUMBERS.
R  INDICATES RECORD WAS SET OR TIED.
MM INDICATES DATA IS MISSING.
T  INDICATES TRACE AMOUNT.

$$
