000
CDUS45 KPSR 250825 RRA
CLINYL

CDUS45 KPSR DDHHMM
CLINYL

CLIMATE REPORT
NATIONAL WEATHER SERVICE PHOENIX AZ
124 AM MST THU MAY 25 2017


...................................

...THE YUMA AZ CLIMATE SUMMARY FOR MAY 24 2017...

CLIMATE NORMAL PERIOD 1981 TO 2010
CLIMATE RECORD PERIOD 1876 TO 2017


WEATHER ITEM   OBSERVED TIME   RECORD YEAR NORMAL DEPARTURE LAST
                VALUE   (LST)  VALUE       VALUE  FROM      YEAR
                                                  NORMAL
..................................................................
TEMPERATURE (F)
 YESTERDAY
  MAXIMUM        109R   430 PM 109    2001  98     11       86
                                      1983
  MINIMUM         73    616 AM  52    2010  69      4       62
                                      1909
  AVERAGE         91                        83      8       74

PRECIPITATION (IN)
  YESTERDAY        0.00          0.31 1994   0.01  -0.01     0.00
  MONTH TO DATE    0.14                      0.07   0.07     0.18
  SINCE OCT 1      2.65                      2.25   0.40     1.12
  SINCE JAN 1      1.70                      1.31   0.39     0.98

DEGREE DAYS
 HEATING
  YESTERDAY        0                         0      0        0
  MONTH TO DATE    0                         0      0        0
  SINCE MAR 1     13                        63    -50       22
  SINCE JUL 1    526                       686   -160      598

 COOLING
  YESTERDAY       26                        18      8        9
  MONTH TO DATE  329                       370    -41      312
  SINCE MAR 1    892                       740    152      764
  SINCE JAN 1    933                       776    157      900
..................................................................


WIND (MPH)
  HIGHEST WIND SPEED    20   HIGHEST WIND DIRECTION     W (280)
  HIGHEST GUST SPEED    26   HIGHEST GUST DIRECTION     W (280)
  AVERAGE WIND SPEED     8.0


SKY COVER
  AVERAGE SKY COVER 0.2


WEATHER CONDITIONS
 THE FOLLOWING WEATHER WAS RECORDED YESTERDAY.
  NO SIGNIFICANT WEATHER WAS OBSERVED.


RELATIVE HUMIDITY (PERCENT)
 HIGHEST    33
 LOWEST      3
 AVERAGE    18

..........................................................


THE YUMA AZ CLIMATE NORMALS FOR TODAY
                         NORMAL    RECORD    YEAR
 MAXIMUM TEMPERATURE (F)   98       112      1951
 MINIMUM TEMPERATURE (F)   69        51      1916


SUNRISE AND SUNSET
MAY 25 2017...........SUNRISE   534 AM MST   SUNSET   737 PM MST
MAY 26 2017...........SUNRISE   534 AM MST   SUNSET   738 PM MST


-  INDICATES NEGATIVE NUMBERS.
R  INDICATES RECORD WAS SET OR TIED.
MM INDICATES DATA IS MISSING.
T  INDICATES TRACE AMOUNT.

$$
