000
CDUS45 KPSR 210835 RRA
CLINYL

CDUS45 KPSR DDHHMM
CLINYL

CLIMATE REPORT
NATIONAL WEATHER SERVICE PHOENIX AZ
133 AM MST TUE FEB 21 2017


...................................

...THE YUMA AZ CLIMATE SUMMARY FOR FEBRUARY 20 2017...

CLIMATE NORMAL PERIOD 1981 TO 2010
CLIMATE RECORD PERIOD 1876 TO 2017


WEATHER ITEM   OBSERVED TIME   RECORD YEAR NORMAL DEPARTURE LAST
                VALUE   (LST)  VALUE       VALUE  FROM      YEAR
                                                  NORMAL
..................................................................
TEMPERATURE (F)
 YESTERDAY
  MAXIMUM         72    430 PM  91    1995  75     -3       86
  MINIMUM         53    739 AM  31    1955  51      2       54
  AVERAGE         63                        63      0       70

PRECIPITATION (IN)
  YESTERDAY        0.00          1.23 1958   0.02  -0.02     0.00
  MONTH TO DATE    0.86                      0.28   0.58     0.00
  SINCE OCT 1      2.12                      1.59   0.53     0.63
  SINCE JAN 1      1.17                      0.65   0.52     0.49

DEGREE DAYS
 HEATING
  YESTERDAY        2                         4     -2        0
  MONTH TO DATE   26                        90    -64       54
  SINCE DEC 1    431                       530    -99      506
  SINCE JUL 1    477                       598   -121      576

 COOLING
  YESTERDAY        0                         1     -1        5
  MONTH TO DATE   36                        19     17       90
  SINCE DEC 1     45                        27     18       94
  SINCE JAN 1     36                        25     11       92
..................................................................


WIND (MPH)
  HIGHEST WIND SPEED    12   HIGHEST WIND DIRECTION     S (180)
  HIGHEST GUST SPEED    14   HIGHEST GUST DIRECTION    SE (150)
  AVERAGE WIND SPEED     4.5


SKY COVER
  AVERAGE SKY COVER 0.0


WEATHER CONDITIONS
 THE FOLLOWING WEATHER WAS RECORDED YESTERDAY.
  NO SIGNIFICANT WEATHER WAS OBSERVED.


RELATIVE HUMIDITY (PERCENT)
 HIGHEST    93
 LOWEST     47
 AVERAGE    70

..........................................................


THE YUMA AZ CLIMATE NORMALS FOR TODAY
                         NORMAL    RECORD    YEAR
 MAXIMUM TEMPERATURE (F)   75        89      1982
 MINIMUM TEMPERATURE (F)   51        32      1953


SUNRISE AND SUNSET
FEBRUARY 21 2017......SUNRISE   715 AM MST   SUNSET   630 PM MST
FEBRUARY 22 2017......SUNRISE   714 AM MST   SUNSET   630 PM MST


-  INDICATES NEGATIVE NUMBERS.
R  INDICATES RECORD WAS SET OR TIED.
MM INDICATES DATA IS MISSING.
T  INDICATES TRACE AMOUNT.

$$
