000
CDUS45 KPSR 010834
CLINYL

CLIMATE REPORT
NATIONAL WEATHER SERVICE PHOENIX AZ
133 AM MST MON SEP 1 2014


...................................

...THE YUMA AZ CLIMATE SUMMARY FOR AUGUST 31 2014...

CLIMATE NORMAL PERIOD 1981 TO 2010
CLIMATE RECORD PERIOD 1876 TO 2014


WEATHER ITEM   OBSERVED TIME   RECORD YEAR NORMAL DEPARTURE LAST
                VALUE   (LST)  VALUE       VALUE  FROM      YEAR
                                                  NORMAL
..................................................................
TEMPERATURE (F)
 YESTERDAY
  MAXIMUM        111    520 PM 118    1950 105      6      103
  MINIMUM         86    703 AM  60    1887  81      5       86
  AVERAGE         99                        93      6       95

PRECIPITATION (IN)
  YESTERDAY        0.00          0.67 1931   0.01  -0.01     0.00
  MONTH TO DATE    0.49                      0.47   0.02     0.22
  SINCE OCT 1      1.95                      3.03  -1.08     2.43
  SINCE JAN 1      0.84                      2.09  -1.25     1.80

DEGREE DAYS
 HEATING
  YESTERDAY        0                         0      0        0
  MONTH TO DATE    0                         0      0        0
  SINCE JUN 1      0                         0      0        0
  SINCE JUL 1      0                         0      0        0

 COOLING
  YESTERDAY       34                        28      6       30
  MONTH TO DATE  887                       907    -20      886
  SINCE JUN 1   2674                      2541    133     2637
  SINCE JAN 1   3836                      3453    383     3698
..................................................................


WIND (MPH)
  HIGHEST WIND SPEED    20   HIGHEST WIND DIRECTION     S (190)
  HIGHEST GUST SPEED    26   HIGHEST GUST DIRECTION     S (180)
  AVERAGE WIND SPEED    12.1


SKY COVER
  AVERAGE SKY COVER 0.0


WEATHER CONDITIONS
 THE FOLLOWING WEATHER WAS RECORDED YESTERDAY.
  NO SIGNIFICANT WEATHER WAS OBSERVED.


RELATIVE HUMIDITY (PERCENT)
 HIGHEST    47
 LOWEST     11
 AVERAGE    29

..........................................................


THE YUMA AZ CLIMATE NORMALS FOR TODAY
                         NORMAL    RECORD    YEAR
 MAXIMUM TEMPERATURE (F)  105       123      1950
 MINIMUM TEMPERATURE (F)   81        62      1902
                                             1887


SUNRISE AND SUNSET
SEPTEMBER  1 2014.....SUNRISE   613 AM MST   SUNSET   703 PM MST
SEPTEMBER  2 2014.....SUNRISE   614 AM MST   SUNSET   702 PM MST


-  INDICATES NEGATIVE NUMBERS.
R  INDICATES RECORD WAS SET OR TIED.
MM INDICATES DATA IS MISSING.
T  INDICATES TRACE AMOUNT.

$$
