000
CDUS45 KPSR 270849
CLINYL

CLIMATE REPORT
NATIONAL WEATHER SERVICE PHOENIX AZ
148 AM MST SAT DEC 27 2014


...................................

...THE YUMA AZ CLIMATE SUMMARY FOR DECEMBER 26 2014...

CLIMATE NORMAL PERIOD 1981 TO 2010
CLIMATE RECORD PERIOD 1876 TO 2014


WEATHER ITEM   OBSERVED TIME   RECORD YEAR NORMAL DEPARTURE LAST
                VALUE   (LST)  VALUE       VALUE  FROM      YEAR
                                                  NORMAL
..................................................................
TEMPERATURE (F)
 YESTERDAY
  MAXIMUM         MM        MM  80    1980  67     MM       74
  MINIMUM         MM        MM  22    1911  46     MM       47
  AVERAGE         MM                        57     MM       61

PRECIPITATION (IN)
  YESTERDAY        0.00          0.86 1927   0.01  -0.01     0.00
  MONTH TO DATE    0.38                      0.42  -0.04     0.11
  SINCE OCT 1      0.43                      0.85  -0.42     1.11
  SINCE JAN 1      2.71                      3.47  -0.76     3.42

DEGREE DAYS
 HEATING
  YESTERDAY       MM                         8     MM        4
  MONTH TO DATE   MM                       192     MM      172
  SINCE DEC 1     MM                       192     MM      172
  SINCE JUL 1     15                       260   -245      211

 COOLING
  YESTERDAY       MM                         0     MM        0
  MONTH TO DATE   MM                         0     MM        1
  SINCE DEC 1     MM                         0     MM        1
  SINCE JAN 1   5292                      4649    643     4806
..................................................................


WIND (MPH)
  HIGHEST WIND SPEED    14   HIGHEST WIND DIRECTION     N (350)
  HIGHEST GUST SPEED    20   HIGHEST GUST DIRECTION     N (340)
  AVERAGE WIND SPEED     5.5


SKY COVER
  AVERAGE SKY COVER 0.0


WEATHER CONDITIONS
 THE FOLLOWING WEATHER WAS RECORDED YESTERDAY.
  NO SIGNIFICANT WEATHER WAS OBSERVED.


RELATIVE HUMIDITY (PERCENT)
 HIGHEST    MM
 LOWEST     MM
 AVERAGE    MM

..........................................................


THE YUMA AZ CLIMATE NORMALS FOR TODAY
                         NORMAL    RECORD    YEAR
 MAXIMUM TEMPERATURE (F)   68        84      1980
 MINIMUM TEMPERATURE (F)   46        28      1911


SUNRISE AND SUNSET
DECEMBER 27 2014......SUNRISE   739 AM MST   SUNSET   540 PM MST
DECEMBER 28 2014......SUNRISE   739 AM MST   SUNSET   541 PM MST


-  INDICATES NEGATIVE NUMBERS.
R  INDICATES RECORD WAS SET OR TIED.
MM INDICATES DATA IS MISSING.
T  INDICATES TRACE AMOUNT.

$$
