000
CDUS45 KPSR 272313
CLINYL

CLIMATE REPORT
NATIONAL WEATHER SERVICE PHOENIX AZ
412 PM MST TUE JAN 27 2015


...................................

...THE YUMA AZ CLIMATE SUMMARY FOR JANUARY 27 2015...
VALID TODAY AS OF 0400 PM LOCAL TIME.

CLIMATE NORMAL PERIOD 1981 TO 2010
CLIMATE RECORD PERIOD 1876 TO 2015


WEATHER ITEM   OBSERVED TIME   RECORD YEAR NORMAL DEPARTURE LAST
                VALUE   (LST)  VALUE       VALUE  FROM      YEAR
                                                  NORMAL
..................................................................
TEMPERATURE (F)
 TODAY
  MAXIMUM         71    359 PM  82    1986  71      0       80
  MINIMUM         56    831 AM  29    1937  48      8       57
  AVERAGE         64                        60      4       69

PRECIPITATION (IN)
  TODAY            0.00          0.41 1983   0.01  -0.01      T
  MONTH TO DATE    0.17                      0.33  -0.16      T
  SINCE OCT 1      0.61                      1.27  -0.66     1.11
  SINCE JAN 1      0.17                      0.33  -0.16      T

DEGREE DAYS
 HEATING
  TODAY            1                         6     -5        0
  MONTH TO DATE   33                       182   -149       64
  SINCE DEC 1     33                       418   -385      266
  SINCE JUL 1     48                       486   -438      305

 COOLING
  TODAY            0                         0      0        4
  MONTH TO DATE    0                         0      0       11
  SINCE DEC 1      0                         2     -2       12
  SINCE JAN 1      0                         0      0       11
..................................................................


WIND (MPH)
  RESULTANT WIND SPEED   9   RESULTANT WIND DIRECTION   N (20)
  HIGHEST WIND SPEED    17   HIGHEST WIND DIRECTION    NE (40)
  HIGHEST GUST SPEED    20   HIGHEST GUST DIRECTION    NE (40)
  AVERAGE WIND SPEED     9.6


SKY COVER
  AVERAGE SKY COVER 0.9


WEATHER CONDITIONS
 THE FOLLOWING WEATHER WAS RECORDED TODAY.
  NO SIGNIFICANT WEATHER WAS OBSERVED.


RELATIVE HUMIDITY (PERCENT)
 HIGHEST    86
 LOWEST     61
 AVERAGE    74

..........................................................


THE YUMA AZ CLIMATE NORMALS FOR TOMORROW
                         NORMAL    RECORD    YEAR
 MAXIMUM TEMPERATURE (F)   71        84      1986
 MINIMUM TEMPERATURE (F)   48        31      1950
                                             1918


SUNRISE AND SUNSET
JANUARY 27 2015.......SUNRISE   736 AM MST   SUNSET   607 PM MST
JANUARY 28 2015.......SUNRISE   736 AM MST   SUNSET   607 PM MST


-  INDICATES NEGATIVE NUMBERS.
R  INDICATES RECORD WAS SET OR TIED.
MM INDICATES DATA IS MISSING.
T  INDICATES TRACE AMOUNT.

$$
