000
CDUS46 KMTR 300826
CLIOAK


CLIMATE REPORT
NATIONAL WEATHER SERVICE SAN FRANCISCO BAY AREA
126 AM PDT THU JUL 30 2015


...................................

...THE OAKLAND AIRPORT CLIMATE SUMMARY FOR JULY 29 2015...

CLIMATE NORMAL PERIOD 1981 TO 2010
CLIMATE RECORD PERIOD 1948 TO 2015


WEATHER ITEM   OBSERVED TIME   RECORD YEAR NORMAL DEPARTURE LAST
                VALUE   (LST)  VALUE       VALUE  FROM      YEAR
                                                  NORMAL
..................................................................
TEMPERATURE (F)
 YESTERDAY
  MAXIMUM         79   1250 PM  91    1977  70      9       76
  MINIMUM         60    519 AM  53    1950  56      4       60
  AVERAGE         70                        63      7       68

PRECIPITATION (IN)
  YESTERDAY        0.00          T    2009   0.00   0.00     0.00
                                      2009
                                      2012
  MONTH TO DATE    0.01                      0.01   0.00     0.01
  SINCE OCT 1     14.58                     20.54  -5.96     9.45
  SINCE JAN 1      3.36                     13.23  -9.87     7.99

SNOWFALL (IN)
  YESTERDAY        0.0                                       0.0
  MONTH TO DATE    0.0                                       0.0
  SINCE JUN 1      0.0                                       0.0
  SINCE JUL 1      0.0                                       0.0

DEGREE DAYS
 HEATING
  YESTERDAY        0                         3     -3        0
  MONTH TO DATE    2                        87    -85       21
  SINCE JUN 1     64                       190   -126       92
  SINCE JUL 1      2                        87    -85       21

 COOLING
  YESTERDAY        5                         0      5        3
  MONTH TO DATE   71                        21     50       68
  SINCE JUN 1     90                        39     51       88
  SINCE JAN 1     94                        55     39      132
..................................................................


WIND (MPH)
  RESULTANT WIND SPEED   9   RESULTANT WIND DIRECTION  NW (310)
  HIGHEST WIND SPEED    18   HIGHEST WIND DIRECTION    NW (310)
  HIGHEST GUST SPEED    23   HIGHEST GUST DIRECTION    NW (310)
  AVERAGE WIND SPEED     9.7


SKY COVER
  POSSIBLE SUNSHINE  MM
  AVERAGE SKY COVER 0.1


WEATHER CONDITIONS
 THE FOLLOWING WEATHER WAS RECORDED YESTERDAY.
  NO SIGNIFICANT WEATHER WAS OBSERVED.


RELATIVE HUMIDITY (PERCENT)
 HIGHEST    90           400 AM
 LOWEST     48           100 PM
 AVERAGE    69

..........................................................


THE OAKLAND AIRPORT CLIMATE NORMALS FOR TODAY
                         NORMAL    RECORD    YEAR
 MAXIMUM TEMPERATURE (F)   70        95      1977
 MINIMUM TEMPERATURE (F)   56        52      1951


SUNRISE AND SUNSET
JULY 30 2015..........SUNRISE   611 AM PDT   SUNSET   819 PM PDT
JULY 31 2015..........SUNRISE   612 AM PDT   SUNSET   818 PM PDT


-  INDICATES NEGATIVE NUMBERS.
R  INDICATES RECORD WAS SET OR TIED.
MM INDICATES DATA IS MISSING.
T  INDICATES TRACE AMOUNT.




$$
