000
CDUS46 KMTR 310838
CLIOAK


CLIMATE REPORT
NATIONAL WEATHER SERVICE SAN FRANCISCO BAY AREA
138 AM PDT WED AUG 31 2016


...................................

...THE OAKLAND AIRPORT CLIMATE SUMMARY FOR AUGUST 30 2016...

CLIMATE NORMAL PERIOD 1981 TO 2010
CLIMATE RECORD PERIOD 1948 TO 2016


WEATHER ITEM   OBSERVED TIME   RECORD YEAR NORMAL DEPARTURE LAST
                VALUE   (LST)  VALUE       VALUE  FROM      YEAR
                                                  NORMAL
..................................................................
TEMPERATURE (F)
 YESTERDAY
  MAXIMUM         74    306 PM  84    2005  75     -1       78
  MINIMUM         61    603 AM  48    1955  56      5       61
  AVERAGE         68                        65      3       70

PRECIPITATION (IN)
  YESTERDAY        0.00          0.09 1951   0.01  -0.01     0.00
  MONTH TO DATE    T                         0.05  -0.05      T
  SINCE OCT 1     16.56                     20.59  -4.03    14.58
  SINCE JAN 1     11.34                     13.28  -1.94     3.36

SNOWFALL (IN)
  YESTERDAY        0.0                                       0.0
  MONTH TO DATE    0.0                                       0.0
  SINCE JUN 1      0.0                                       0.0
  SINCE JUL 1      0.0                                       0.0

DEGREE DAYS
 HEATING
  YESTERDAY        0                         2     -2        0
  MONTH TO DATE   20                        60    -40        0
  SINCE JUN 1     87                       246   -159       64
  SINCE JUL 1     56                       143    -87        2

 COOLING
  YESTERDAY        3                         2      1        5
  MONTH TO DATE   14                        26    -12      119
  SINCE JUN 1     63                        62      1      214
  SINCE JAN 1     97                        78     19      218
..................................................................


WIND (MPH)
  RESULTANT WIND SPEED  10   RESULTANT WIND DIRECTION   W (260)
  HIGHEST WIND SPEED    18   HIGHEST WIND DIRECTION     W (270)
  HIGHEST GUST SPEED    23   HIGHEST GUST DIRECTION     W (250)
  AVERAGE WIND SPEED    10.5


SKY COVER
  POSSIBLE SUNSHINE  MM
  AVERAGE SKY COVER 0.6


WEATHER CONDITIONS
 THE FOLLOWING WEATHER WAS RECORDED YESTERDAY.
  NO SIGNIFICANT WEATHER WAS OBSERVED.


RELATIVE HUMIDITY (PERCENT)
 HIGHEST    90           500 AM
 LOWEST     57           100 PM
 AVERAGE    74

..........................................................


THE OAKLAND AIRPORT CLIMATE NORMALS FOR TODAY
                         NORMAL    RECORD    YEAR
 MAXIMUM TEMPERATURE (F)   75        92      1952
 MINIMUM TEMPERATURE (F)   56        50      1955


SUNRISE AND SUNSET
AUGUST 31 2016........SUNRISE   639 AM PDT   SUNSET   739 PM PDT
SEPTEMBER  1 2016.....SUNRISE   639 AM PDT   SUNSET   737 PM PDT


-  INDICATES NEGATIVE NUMBERS.
R  INDICATES RECORD WAS SET OR TIED.
MM INDICATES DATA IS MISSING.
T  INDICATES TRACE AMOUNT.




$$
