000
CDUS46 KMTR 280827
CLIOAK


CLIMATE REPORT
NATIONAL WEATHER SERVICE SAN FRANCISCO BAY AREA
126 AM PDT SAT MAR 28 2015


...................................

...THE OAKLAND AIRPORT CLIMATE SUMMARY FOR MARCH 27 2015...

CLIMATE NORMAL PERIOD 1981 TO 2010
CLIMATE RECORD PERIOD 1948 TO 2015


WEATHER ITEM   OBSERVED TIME   RECORD YEAR NORMAL DEPARTURE LAST
                VALUE   (LST)  VALUE       VALUE  FROM      YEAR
                                                  NORMAL
..................................................................
TEMPERATURE (F)
 YESTERDAY
  MAXIMUM         64   1252 PM  82    1951  64      0       65
  MINIMUM         52   1158 PM  40    1959  47      5       56
  AVERAGE         58                        55      3       61

PRECIPITATION (IN)
  YESTERDAY        0.00          1.49 1963   0.08  -0.08      T
  MONTH TO DATE    0.09                      2.76  -2.67     1.20
  SINCE OCT 1     13.31                     18.01  -4.70     6.36
  SINCE JAN 1      2.09                     10.70  -8.61     4.90

SNOWFALL (IN)
  YESTERDAY        0.0                                       0.0
  MONTH TO DATE    0.0                                       0.0
  SINCE MAR 1      0.0                                       0.0
  SINCE JUL 1      0.0                                       0.0

DEGREE DAYS
 HEATING
  YESTERDAY        7                        10     -3        4
  MONTH TO DATE  178                       294   -116      154
  SINCE MAR 1    178                       294   -116      154
  SINCE JUL 1   1487                      2316   -829     1975

 COOLING
  YESTERDAY        0                         0      0        0
  MONTH TO DATE    1                         0      1        1
  SINCE MAR 1      1                         0      1        1
  SINCE JAN 1      1                         0      1        1
..................................................................


WIND (MPH)
  RESULTANT WIND SPEED   8   RESULTANT WIND DIRECTION   W (280)
  HIGHEST WIND SPEED    21   HIGHEST WIND DIRECTION     W (270)
  HIGHEST GUST SPEED    23   HIGHEST GUST DIRECTION     W (270)
  AVERAGE WIND SPEED     9.0


SKY COVER
  POSSIBLE SUNSHINE  MM
  AVERAGE SKY COVER 0.3


WEATHER CONDITIONS
 THE FOLLOWING WEATHER WAS RECORDED YESTERDAY.
  FOG


RELATIVE HUMIDITY (PERCENT)
 HIGHEST    96           600 AM
 LOWEST     67          1200 PM
 AVERAGE    82

..........................................................


THE OAKLAND AIRPORT CLIMATE NORMALS FOR TODAY
                         NORMAL    RECORD    YEAR
 MAXIMUM TEMPERATURE (F)   64        79      1968
 MINIMUM TEMPERATURE (F)   47        38      1950


SUNRISE AND SUNSET
MARCH 28 2015.........SUNRISE   700 AM PDT   SUNSET   728 PM PDT
MARCH 29 2015.........SUNRISE   659 AM PDT   SUNSET   729 PM PDT


-  INDICATES NEGATIVE NUMBERS.
R  INDICATES RECORD WAS SET OR TIED.
MM INDICATES DATA IS MISSING.
T  INDICATES TRACE AMOUNT.




$$
