000
CDUS46 KMTR 300827
CLIOAK


CLIMATE REPORT
NATIONAL WEATHER SERVICE SAN FRANCISCO BAY AREA
127 AM PDT TUE MAY 30 2017


...................................

...THE OAKLAND AIRPORT CLIMATE SUMMARY FOR MAY 29 2017...

CLIMATE NORMAL PERIOD 1981 TO 2010
CLIMATE RECORD PERIOD 1948 TO 2017


WEATHER ITEM   OBSERVED TIME   RECORD YEAR NORMAL DEPARTURE LAST
                VALUE   (LST)  VALUE       VALUE  FROM      YEAR
                                                  NORMAL
..................................................................
TEMPERATURE (F)
 YESTERDAY
  MAXIMUM         63    322 PM  98    1975  68     -5       73
  MINIMUM         55    827 AM  47    2000  52      3       55
  AVERAGE         59                        60     -1       64

PRECIPITATION (IN)
  YESTERDAY        T   R         T    2015   0.01  -0.01      T
                                      2015
                                      2016
  MONTH TO DATE    T                         0.65  -0.65     0.02
  SINCE OCT 1     28.45                     20.32   8.13    16.56
  SINCE JAN 1     20.02                     13.01   7.01    11.34

SNOWFALL (IN)
  YESTERDAY        0.0                                       0.0
  MONTH TO DATE    0.0                                       0.0
  SINCE MAR 1      0.0                                       0.0
  SINCE JUL 1      0.0                                       0.0

DEGREE DAYS
 HEATING
  YESTERDAY        6                         5      1        1
  MONTH TO DATE   88                       172    -84       81
  SINCE MAR 1    453                       736   -283      416
  SINCE JUL 1   1982                      2758   -776     1891

 COOLING
  YESTERDAY        0                         0      0        0
  MONTH TO DATE   34                         0     34       14
  SINCE MAR 1     36                         6     30       32
  SINCE JAN 1     36                         6     30       33
..................................................................


WIND (MPH)
  RESULTANT WIND SPEED  13   RESULTANT WIND DIRECTION   W (260)
  HIGHEST WIND SPEED    24   HIGHEST WIND DIRECTION     W (270)
  HIGHEST GUST SPEED    30   HIGHEST GUST DIRECTION     W (250)
  AVERAGE WIND SPEED    13.5


SKY COVER
  POSSIBLE SUNSHINE  MM
  AVERAGE SKY COVER 1.0


WEATHER CONDITIONS
 THE FOLLOWING WEATHER WAS RECORDED YESTERDAY.
  LIGHT RAIN
  FOG
  HAZE


RELATIVE HUMIDITY (PERCENT)
 HIGHEST    86          1200 AM
 LOWEST     67           200 PM
 AVERAGE    77

..........................................................


THE OAKLAND AIRPORT CLIMATE NORMALS FOR TODAY
                         NORMAL    RECORD    YEAR
 MAXIMUM TEMPERATURE (F)   69        94      2001
 MINIMUM TEMPERATURE (F)   52        46      2000


SUNRISE AND SUNSET
MAY 30 2017...........SUNRISE   549 AM PDT   SUNSET   824 PM PDT
MAY 31 2017...........SUNRISE   549 AM PDT   SUNSET   825 PM PDT


-  INDICATES NEGATIVE NUMBERS.
R  INDICATES RECORD WAS SET OR TIED.
MM INDICATES DATA IS MISSING.
T  INDICATES TRACE AMOUNT.




$$
