000
CDUS46 KMTR 060837
CLIOAK


CLIMATE REPORT
NATIONAL WEATHER SERVICE SAN FRANCISCO BAY AREA
137 AM PDT MON JUL 6 2015


...................................

...THE OAKLAND AIRPORT CLIMATE SUMMARY FOR JULY 5 2015...

CLIMATE NORMAL PERIOD 1981 TO 2010
CLIMATE RECORD PERIOD 1948 TO 2015


WEATHER ITEM   OBSERVED TIME   RECORD YEAR NORMAL DEPARTURE LAST
                VALUE   (LST)  VALUE       VALUE  FROM      YEAR
                                                  NORMAL
..................................................................
TEMPERATURE (F)
 YESTERDAY
  MAXIMUM         75   1243 PM  84    2011  71      4       72
  MINIMUM         61    406 AM  51    1998  55      6       53
  AVERAGE         68                        63      5       63

PRECIPITATION (IN)
  YESTERDAY        0.00          0.02 1948   0.00   0.00     0.00
  MONTH TO DATE    0.00                      0.00   0.00     0.00
  SINCE OCT 1     14.57                     20.53  -5.96     9.44
  SINCE JAN 1      3.35                     13.22  -9.87     7.98

SNOWFALL (IN)
  YESTERDAY        0.0                                       0.0
  MONTH TO DATE    0.0                                       0.0
  SINCE JUN 1      0.0                                       0.0
  SINCE JUL 1      0.0                                       0.0

DEGREE DAYS
 HEATING
  YESTERDAY        0                         3     -3        2
  MONTH TO DATE    0                        15    -15       11
  SINCE JUN 1     62                       118    -56       82
  SINCE JUL 1      0                        15    -15       11

 COOLING
  YESTERDAY        3                         1      2        0
  MONTH TO DATE   10                         5      5        0
  SINCE JUN 1     29                        23      6       20
  SINCE JAN 1     33                        39     -6       64
..................................................................


WIND (MPH)
  RESULTANT WIND SPEED  10   RESULTANT WIND DIRECTION   W (290)
  HIGHEST WIND SPEED    22   HIGHEST WIND DIRECTION     W (290)
  HIGHEST GUST SPEED    26   HIGHEST GUST DIRECTION     W (290)
  AVERAGE WIND SPEED    11.1


SKY COVER
  POSSIBLE SUNSHINE  MM
  AVERAGE SKY COVER 0.8


WEATHER CONDITIONS
 THE FOLLOWING WEATHER WAS RECORDED YESTERDAY.
  NO SIGNIFICANT WEATHER WAS OBSERVED.


RELATIVE HUMIDITY (PERCENT)
 HIGHEST    84          1200 AM
 LOWEST     57          1200 PM
 AVERAGE    71

..........................................................


THE OAKLAND AIRPORT CLIMATE NORMALS FOR TODAY
                         NORMAL    RECORD    YEAR
 MAXIMUM TEMPERATURE (F)   71        84      1957
 MINIMUM TEMPERATURE (F)   55        48      1955


SUNRISE AND SUNSET
JULY  6 2015..........SUNRISE   553 AM PDT   SUNSET   834 PM PDT
JULY  7 2015..........SUNRISE   554 AM PDT   SUNSET   833 PM PDT


-  INDICATES NEGATIVE NUMBERS.
R  INDICATES RECORD WAS SET OR TIED.
MM INDICATES DATA IS MISSING.
T  INDICATES TRACE AMOUNT.




$$
