000
CDUS46 KMTR 190036
CLIOAK


CLIMATE REPORT
NATIONAL WEATHER SERVICE SAN FRANCISCO BAY AREA
536 PM PDT THU SEP 18 2014


...................................

...THE OAKLAND AIRPORT CLIMATE SUMMARY FOR SEPTEMBER 18 2014...
VALID TODAY AS OF 0500 PM LOCAL TIME.

CLIMATE NORMAL PERIOD 1981 TO 2010
CLIMATE RECORD PERIOD 1948 TO 2014


WEATHER ITEM   OBSERVED TIME   RECORD YEAR NORMAL DEPARTURE LAST
                VALUE   (LST)  VALUE       VALUE  FROM      YEAR
                                                  NORMAL
..................................................................
TEMPERATURE (F)
 TODAY
  MAXIMUM         78    251 PM  88    2011  75      3       79
                                      2003
  MINIMUM         68    752 AM  48    2008  54     14       52
                                      1955
  AVERAGE         73                        64      9       66

PRECIPITATION (IN)
  TODAY            T             3.17 1959   0.01  -0.01     0.00
  MONTH TO DATE    T                         0.08  -0.08      T
  SINCE JUL 1      0.01                      0.14  -0.13      T
  SINCE JAN 1      7.99                     13.36  -5.37     2.82

SNOWFALL (IN)
  TODAY            0.0           0.0  1985
  MONTH TO DATE    0.0
  SINCE SEP 1      0.0
  SINCE JUL 1      0.0

DEGREE DAYS
 HEATING
  TODAY            0                         2     -2        0
  MONTH TO DATE    1                        34    -33        3
  SINCE SEP 1      1                        34    -33        3
  SINCE JUL 1     26                       174   -148       90

 COOLING
  TODAY            8                         1      7        1
  MONTH TO DATE   50                        35     15       49
  SINCE SEP 1     50                        35     15       49
  SINCE JAN 1    246                       115    131      193
..................................................................


WIND (MPH)
  RESULTANT WIND SPEED   9   RESULTANT WIND DIRECTION  SW (230)
  HIGHEST WIND SPEED    17   HIGHEST WIND DIRECTION     W (280)
  HIGHEST GUST SPEED    29   HIGHEST GUST DIRECTION    NW (320)
  AVERAGE WIND SPEED    10.6


SKY COVER
  POSSIBLE SUNSHINE  MM
  AVERAGE SKY COVER 0.6


WEATHER CONDITIONS
 THE FOLLOWING WEATHER WAS RECORDED TODAY.
  LIGHT RAIN
  FOG


RELATIVE HUMIDITY (PERCENT)
 HIGHEST    78           300 AM
 LOWEST     54           300 PM
 AVERAGE    66

..........................................................


THE OAKLAND AIRPORT CLIMATE NORMALS FOR TOMORROW
                         NORMAL    RECORD    YEAR
 MAXIMUM TEMPERATURE (F)   75        91      2011
 MINIMUM TEMPERATURE (F)   54        49      1955


SUNRISE AND SUNSET
SEPTEMBER 18 2014.....SUNRISE   653 AM PDT   SUNSET   712 PM PDT
SEPTEMBER 19 2014.....SUNRISE   654 AM PDT   SUNSET   710 PM PDT


-  INDICATES NEGATIVE NUMBERS.
R  INDICATES RECORD WAS SET OR TIED.
MM INDICATES DATA IS MISSING.
T  INDICATES TRACE AMOUNT.




$$
