000
CDUS43 KOAX 300626
CLIOAX


CLIMATE REPORT
NATIONAL WEATHER SERVICE OMAHA NEBRASKA
123 AM CDT MON MAY 30 2016


...................................

...THE VALLEY  NWS, NEBRASKA CLIMATE SUMMARY FOR MAY 29 2016...

CLIMATE NORMAL PERIOD 1981 TO 2010
CLIMATE RECORD PERIOD 1997 TO 2016


WEATHER ITEM   OBSERVED TIME   NORMAL DEPARTURE LAST
                VALUE   (LST)  VALUE  FROM      YEAR
                                      NORMAL
......................................................
TEMPERATURE (F)
 YESTERDAY
  MAXIMUM         84    438 PM  77      7       79
  MINIMUM         56    443 AM  57     -1       53
  AVERAGE         70            67      3       66

PRECIPITATION (IN)
  YESTERDAY        0.00          0.16  -0.16     0.27
  MONTH TO DATE    6.91          4.25   2.66     6.10
  SINCE MAR 1     14.70          9.28   5.42    10.28
  SINCE JAN 1     16.44         10.99   5.45    11.85

SNOWFALL (IN)
  YESTERDAY        0.0                           0.0
  MONTH TO DATE    0.0                           0.0
  SINCE JUL 1     28.7                          19.3
  SNOW DEPTH       0

DEGREE DAYS
 HEATING
  YESTERDAY        0             2     -2        0
  MONTH TO DATE  129           147    -18      138
  SINCE MAR 1   1011          1414   -403     1126
  SINCE JUL 1   4999          6245  -1246     5855

 COOLING
  YESTERDAY        5             4      1        1
  MONTH TO DATE   39            57    -18       27
  SINCE MAR 1     39            64    -25       31
  SINCE JAN 1     39            64    -25       31
......................................................


WIND (MPH)
  HIGHEST WIND SPEED    MM   HIGHEST WIND DIRECTION    MM
  HIGHEST GUST SPEED    12   HIGHEST GUST DIRECTION    MM


SKY COVER
  POSSIBLE SUNSHINE  MM


WEATHER CONDITIONS
 THE FOLLOWING WEATHER WAS RECORDED YESTERDAY.
  NO SIGNIFICANT WEATHER WAS OBSERVED.


..........................................................


THE VALLEY  NWS, NEBRASKA CLIMATE NORMALS FOR TODAY
                         NORMAL
 MAXIMUM TEMPERATURE (F)   78
 MINIMUM TEMPERATURE (F)   57


SUNRISE AND SUNSET
MAY 30 2016...........SUNRISE   555 AM CDT   SUNSET   851 PM CDT
MAY 31 2016...........SUNRISE   555 AM CDT   SUNSET   852 PM CDT


-  INDICATES NEGATIVE NUMBERS.
R  INDICATES RECORD WAS SET OR TIED.
MM INDICATES DATA IS MISSING.
T  INDICATES TRACE AMOUNT.


$$

BCM
