000
CDUS43 KOAX 290631
CLIOAX


CLIMATE REPORT
NATIONAL WEATHER SERVICE OMAHA NEBRASKA
131 AM CDT MON AUG 29 2016


...................................

...THE VALLEY  NWS, NEBRASKA CLIMATE SUMMARY FOR AUGUST 28 2016...

CLIMATE NORMAL PERIOD 1981 TO 2010
CLIMATE RECORD PERIOD 1997 TO 2016


WEATHER ITEM   OBSERVED TIME   NORMAL DEPARTURE LAST
                VALUE   (LST)  VALUE  FROM      YEAR
                                      NORMAL
......................................................
TEMPERATURE (F)
 YESTERDAY
  MAXIMUM         88    132 PM  82      6       76
  MINIMUM         69    335 AM  61      8       63
  AVERAGE         79            72      7       70

PRECIPITATION (IN)
  YESTERDAY        0.00          0.13  -0.13     0.74
  MONTH TO DATE    7.11          3.69   3.42     5.73
  SINCE JUN 1     20.31         13.23   7.08    13.80
  SINCE JAN 1     36.81         24.55  12.26    25.65

SNOWFALL (IN)
  YESTERDAY        0.0                           0.0
  MONTH TO DATE    0.0                           0.0
  SINCE JUL 1      0.0                           0.0
  SNOW DEPTH       0

DEGREE DAYS
 HEATING
  YESTERDAY        0             0      0        0
  MONTH TO DATE    2             0      2        7
  SINCE JUN 1      2            17    -15        8
  SINCE JUL 1      2             1      1        7

 COOLING
  YESTERDAY       14             7      7        5
  MONTH TO DATE  273           265      8      219
  SINCE JUN 1   1017           858    159      796
  SINCE JAN 1   1070           930    140      827
......................................................


WIND (MPH)
  HIGHEST WIND SPEED    MM   HIGHEST WIND DIRECTION    MM
  HIGHEST GUST SPEED    26   HIGHEST GUST DIRECTION    MM


SKY COVER
  POSSIBLE SUNSHINE  MM


WEATHER CONDITIONS
 THE FOLLOWING WEATHER WAS RECORDED YESTERDAY.
  NO SIGNIFICANT WEATHER WAS OBSERVED.


..........................................................


THE VALLEY  NWS, NEBRASKA CLIMATE NORMALS FOR TODAY
                         NORMAL
 MAXIMUM TEMPERATURE (F)   82
 MINIMUM TEMPERATURE (F)   61


SUNRISE AND SUNSET
AUGUST 29 2016........SUNRISE   649 AM CDT   SUNSET   802 PM CDT
AUGUST 30 2016........SUNRISE   650 AM CDT   SUNSET   801 PM CDT


-  INDICATES NEGATIVE NUMBERS.
R  INDICATES RECORD WAS SET OR TIED.
MM INDICATES DATA IS MISSING.
T  INDICATES TRACE AMOUNT.




$$
