000
CDUS43 KOAX 240633
CLIOAX


CLIMATE REPORT
NATIONAL WEATHER SERVICE OMAHA NEBRASKA
132 AM CDT FRI OCT 24 2014


...................................

...THE VALLEY  NWS, NEBRASKA CLIMATE SUMMARY FOR OCTOBER 23 2014...

CLIMATE NORMAL PERIOD 1981 TO 2010
CLIMATE RECORD PERIOD 1997 TO 2014


WEATHER ITEM   OBSERVED TIME   NORMAL DEPARTURE LAST
                VALUE   (LST)  VALUE  FROM      YEAR
                                      NORMAL
......................................................
TEMPERATURE (F)
 YESTERDAY
  MAXIMUM         70    226 PM  61      9       49
  MINIMUM         53    806 AM  39     14       32
  AVERAGE         62            50     12       41

PRECIPITATION (IN)
  YESTERDAY        0.00          0.07  -0.07      T
  MONTH TO DATE    1.50          1.79  -0.29     4.39
  SINCE SEP 1      6.10          4.64   1.46     5.93
  SINCE JAN 1     36.15         29.56   6.59    26.97

SNOWFALL (IN)
  YESTERDAY        0.0                           0.0
  MONTH TO DATE    0.0                           0.0
  SINCE JUL 1      0.0                           0.0
  SNOW DEPTH       0

DEGREE DAYS
 HEATING
  YESTERDAY        3            15    -12       24
  MONTH TO DATE  201           249    -48      240
  SINCE SEP 1    283           339    -56      255
  SINCE JUL 1    284           345    -61      260

 COOLING
  YESTERDAY        0             0      0        0
  MONTH TO DATE    4            13     -9       21
  SINCE SEP 1    112           121     -9      225
  SINCE JAN 1   1037          1072    -35     1237
......................................................


WIND (MPH)
  HIGHEST WIND SPEED    MM   HIGHEST WIND DIRECTION    MM
  HIGHEST GUST SPEED    14   HIGHEST GUST DIRECTION    MM


SKY COVER
  POSSIBLE SUNSHINE  MM


WEATHER CONDITIONS
 THE FOLLOWING WEATHER WAS RECORDED YESTERDAY.
  FOG


..........................................................


THE VALLEY  NWS, NEBRASKA CLIMATE NORMALS FOR TODAY
                         NORMAL
 MAXIMUM TEMPERATURE (F)   61
 MINIMUM TEMPERATURE (F)   39


SUNRISE AND SUNSET
OCTOBER 24 2014.......SUNRISE   747 AM CDT   SUNSET   631 PM CDT
OCTOBER 25 2014.......SUNRISE   749 AM CDT   SUNSET   630 PM CDT


-  INDICATES NEGATIVE NUMBERS.
R  INDICATES RECORD WAS SET OR TIED.
MM INDICATES DATA IS MISSING.
T  INDICATES TRACE AMOUNT.




$$
