000
CDUS43 KOAX 180625
CLIOAX


CLIMATE REPORT
NATIONAL WEATHER SERVICE OMAHA NEBRASKA
121 AM CDT THU SEP 18 2014


...................................

...THE VALLEY  NWS, NEBRASKA CLIMATE SUMMARY FOR SEPTEMBER 17 2014...

CLIMATE NORMAL PERIOD 1981 TO 2010
CLIMATE RECORD PERIOD 1997 TO 2014


WEATHER ITEM   OBSERVED TIME   NORMAL DEPARTURE LAST
                VALUE   (LST)  VALUE  FROM      YEAR
                                      NORMAL
......................................................
TEMPERATURE (F)
 YESTERDAY
  MAXIMUM         79    311 PM  77      2       73
  MINIMUM         56    610 AM  54      2       58
  AVERAGE         68            65      3       66

PRECIPITATION (IN)
  YESTERDAY        0.00          0.08  -0.08     0.19
  MONTH TO DATE    3.00          1.73   1.27     0.73
  SINCE SEP 1      3.00          1.73   1.27     0.73
  SINCE JAN 1     33.05         26.65   6.40    21.77

SNOWFALL (IN)
  YESTERDAY        0.0                           0.0
  MONTH TO DATE    0.0                           0.0
  SINCE JUL 1      0.0                           0.0
  SNOW DEPTH       0

DEGREE DAYS
 HEATING
  YESTERDAY        0             3     -3        0
  MONTH TO DATE   75            29     46        3
  SINCE SEP 1     75            29     46        3
  SINCE JUL 1     76            35     41        8

 COOLING
  YESTERDAY        3             3      0        1
  MONTH TO DATE   52            80    -28      150
  SINCE SEP 1     52            80    -28      150
  SINCE JAN 1    977          1031    -54     1162
......................................................


WIND (MPH)
  HIGHEST WIND SPEED    MM   HIGHEST WIND DIRECTION    MM
  HIGHEST GUST SPEED    14   HIGHEST GUST DIRECTION    MM


SKY COVER
  POSSIBLE SUNSHINE  MM


WEATHER CONDITIONS
 THE FOLLOWING WEATHER WAS RECORDED YESTERDAY.
  NO SIGNIFICANT WEATHER WAS OBSERVED.


..........................................................


THE VALLEY  NWS, NEBRASKA CLIMATE NORMALS FOR TODAY
                         NORMAL
 MAXIMUM TEMPERATURE (F)   76
 MINIMUM TEMPERATURE (F)   53


SUNRISE AND SUNSET
SEPTEMBER 18 2014.....SUNRISE   709 AM CDT   SUNSET   729 PM CDT
SEPTEMBER 19 2014.....SUNRISE   710 AM CDT   SUNSET   728 PM CDT


-  INDICATES NEGATIVE NUMBERS.
R  INDICATES RECORD WAS SET OR TIED.
MM INDICATES DATA IS MISSING.
T  INDICATES TRACE AMOUNT.


$$

BCM
