000
CDUS43 KGID 250636
CLIODX


CLIMATE REPORT
NATIONAL WEATHER SERVICE HASTINGS NE
135 AM CDT FRI APR 25 2014


...................................

...THE ORD NE CLIMATE SUMMARY FOR APRIL 24 2014...

CLIMATE NORMAL PERIOD 1981 TO 2010
CLIMATE RECORD PERIOD 1895 TO 2014


WEATHER ITEM   OBSERVED TIME   NORMAL DEPARTURE LAST
                VALUE   (LST)  VALUE  FROM      YEAR
                                      NORMAL
......................................................
TEMPERATURE (F)
 YESTERDAY
  MAXIMUM         70    515 PM  64      6       57
  MINIMUM         34   1131 PM  39     -5       21
  AVERAGE         52            52      0       39

PRECIPITATION (IN)
  YESTERDAY        0.07          0.10  -0.03      T
  MONTH TO DATE    0.89          1.95  -1.06     2.51
  SINCE MAR 1      1.09          3.40  -2.31     3.12
  SINCE JAN 1      1.34          4.21  -2.87     4.74

DEGREE DAYS
 HEATING
  YESTERDAY       13                            26
  MONTH TO DATE  411                           619

 COOLING
  YESTERDAY        0                             0
  MONTH TO DATE    1                             0
  SINCE MAR 1      1                             0
  SINCE JAN 1      1                             0
......................................................


WIND (MPH)
  HIGHEST WIND SPEED    30   HIGHEST WIND DIRECTION     N (340)
  HIGHEST GUST SPEED    44   HIGHEST GUST DIRECTION    NW (330)
  AVERAGE WIND SPEED    13.1


SKY COVER
  AVERAGE SKY COVER 0.3


WEATHER CONDITIONS
 THE FOLLOWING WEATHER WAS RECORDED YESTERDAY.
  LIGHT RAIN


RELATIVE HUMIDITY (PERCENT)
 HIGHEST    77          1200 AM
 LOWEST     14           300 PM
 AVERAGE    46

..........................................................


THE ORD NE CLIMATE NORMALS FOR TODAY
                         NORMAL
 MAXIMUM TEMPERATURE (F)   65
 MINIMUM TEMPERATURE (F)   39


SUNRISE AND SUNSET
APRIL 25 2014.........SUNRISE   641 AM CDT   SUNSET   827 PM CDT
APRIL 26 2014.........SUNRISE   639 AM CDT   SUNSET   828 PM CDT


-  INDICATES NEGATIVE NUMBERS.
R  INDICATES RECORD WAS SET OR TIED.
MM INDICATES DATA IS MISSING.
T  INDICATES TRACE AMOUNT.




$$
