000
CDUS43 KGID 230629
CLIODX


CLIMATE REPORT
NATIONAL WEATHER SERVICE HASTINGS NE
128 AM CDT SAT JUL 23 2016


...................................

...THE ORD NE CLIMATE SUMMARY FOR JULY 22 2016...

CLIMATE NORMAL PERIOD 1981 TO 2010
CLIMATE RECORD PERIOD 1895 TO 2016


WEATHER ITEM   OBSERVED TIME   NORMAL DEPARTURE LAST
                VALUE   (LST)  VALUE  FROM      YEAR
                                      NORMAL
......................................................
TEMPERATURE (F)
 YESTERDAY
  MAXIMUM         98    236 PM  88     10       80
  MINIMUM         71    416 AM  62      9       65
  AVERAGE         85            75     10       73

PRECIPITATION (IN)
  YESTERDAY        0.00          0.09  -0.09      T
  MONTH TO DATE    3.20          1.85   1.35     2.07
  SINCE JUN 1      6.72          5.97   0.75     5.34
  SINCE JAN 1     23.26         14.63   8.63    11.80

DEGREE DAYS
 HEATING
  YESTERDAY        0             0      0        0
  MONTH TO DATE    8             0      8        5
  SINCE JUN 1     10            37    -27       11
  SINCE JUL 1      8             0      8        5

 COOLING
  YESTERDAY       20            10     10        8
  MONTH TO DATE  208           207      1      203
  SINCE JUN 1    473           369    104      363
  SINCE JAN 1    495           410     85      372
......................................................


WIND (MPH)
  HIGHEST WIND SPEED    12   HIGHEST WIND DIRECTION    NE (40)
  HIGHEST GUST SPEED    15   HIGHEST GUST DIRECTION    NE (50)
  AVERAGE WIND SPEED     4.5


SKY COVER
  AVERAGE SKY COVER 0.1


WEATHER CONDITIONS
 THE FOLLOWING WEATHER WAS RECORDED YESTERDAY.
  FOG


RELATIVE HUMIDITY (PERCENT)
 HIGHEST    93           100 AM
 LOWEST     48           400 PM
 AVERAGE    71

..........................................................


THE ORD NE CLIMATE NORMALS FOR TODAY
                         NORMAL
 MAXIMUM TEMPERATURE (F)   88
 MINIMUM TEMPERATURE (F)   62


SUNRISE AND SUNSET
JULY 23 2016..........SUNRISE   622 AM CDT   SUNSET   902 PM CDT
JULY 24 2016..........SUNRISE   623 AM CDT   SUNSET   901 PM CDT


-  INDICATES NEGATIVE NUMBERS.
R  INDICATES RECORD WAS SET OR TIED.
MM INDICATES DATA IS MISSING.
T  INDICATES TRACE AMOUNT.




$$
