000
CDUS43 KGID 050657
CLIODX


CLIMATE REPORT
NATIONAL WEATHER SERVICE HASTINGS NE
155 AM CDT THU MAY 5 2016


...................................

...THE ORD NE CLIMATE SUMMARY FOR MAY 4 2016...

CLIMATE NORMAL PERIOD 1981 TO 2010
CLIMATE RECORD PERIOD 1895 TO 2016


WEATHER ITEM   OBSERVED TIME   NORMAL DEPARTURE LAST
                VALUE   (LST)  VALUE  FROM      YEAR
                                      NORMAL
......................................................
TEMPERATURE (F)
 YESTERDAY
  MAXIMUM         71    356 PM  68      3       66
  MINIMUM         40    532 AM  42     -2       54
  AVERAGE         56            55      1       60

PRECIPITATION (IN)
  YESTERDAY        0.00          0.12  -0.12      T
  MONTH TO DATE    0.22          0.48  -0.26      T
  SINCE MAR 1     10.56          4.52   6.04     2.74
  SINCE JAN 1     11.71          5.33   6.38     3.48

DEGREE DAYS
 HEATING
  YESTERDAY        9            10     -1        5
  MONTH TO DATE   61            43     18        7
  SINCE MAR 1   1179          1379   -200     1156
  SINCE JUL 1   5528          6396   -868     6288

 COOLING
  YESTERDAY        0             0      0        0
  MONTH TO DATE    0             0      0        2
  SINCE MAR 1      0             2     -2        6
  SINCE JAN 1      0             2     -2        6
......................................................


WIND (MPH)
  HIGHEST WIND SPEED    21   HIGHEST WIND DIRECTION     N (350)
  HIGHEST GUST SPEED    26   HIGHEST GUST DIRECTION     N (350)
  AVERAGE WIND SPEED     8.8


SKY COVER
  AVERAGE SKY COVER 0.0


WEATHER CONDITIONS
 THE FOLLOWING WEATHER WAS RECORDED YESTERDAY.
  NO SIGNIFICANT WEATHER WAS OBSERVED.


RELATIVE HUMIDITY (PERCENT)
 HIGHEST    89           400 AM
 LOWEST     24           100 PM
 AVERAGE    57

..........................................................


THE ORD NE CLIMATE NORMALS FOR TODAY
                         NORMAL
 MAXIMUM TEMPERATURE (F)   68
 MINIMUM TEMPERATURE (F)   43


SUNRISE AND SUNSET
MAY  5 2016...........SUNRISE   627 AM CDT   SUNSET   839 PM CDT
MAY  6 2016...........SUNRISE   626 AM CDT   SUNSET   840 PM CDT


-  INDICATES NEGATIVE NUMBERS.
R  INDICATES RECORD WAS SET OR TIED.
MM INDICATES DATA IS MISSING.
T  INDICATES TRACE AMOUNT.




$$
