000
CDUS43 KGID 230631
CLIODX


CLIMATE REPORT
NATIONAL WEATHER SERVICE HASTINGS NE
130 AM CDT THU MAR 23 2017


...................................

...THE ORD NE CLIMATE SUMMARY FOR MARCH 22 2017...

CLIMATE NORMAL PERIOD 1981 TO 2010
CLIMATE RECORD PERIOD 1895 TO 2017


WEATHER ITEM   OBSERVED TIME   NORMAL DEPARTURE LAST
                VALUE   (LST)  VALUE  FROM      YEAR
                                      NORMAL
......................................................
TEMPERATURE (F)
 YESTERDAY
  MAXIMUM         54    513 PM  54      0       71
  MINIMUM         29    659 AM  27      2       44
  AVERAGE         42            40      2       58

PRECIPITATION (IN)
  YESTERDAY        T             0.05  -0.05     0.00
  MONTH TO DATE    0.16          0.67  -0.51     0.12
  SINCE MAR 1      0.16          0.67  -0.51     0.12
  SINCE JAN 1      2.10          1.48   0.62     1.27

DEGREE DAYS
 HEATING
  YESTERDAY       23            25     -2        7
  MONTH TO DATE  555           640    -85      453
  SINCE MAR 1    555           640    -85      453
  SINCE JUL 1   5066          5657   -591     4802

 COOLING
  YESTERDAY        0             0      0        0
  MONTH TO DATE    0             0      0        0
  SINCE MAR 1      0             0      0        0
  SINCE JAN 1      0             0      0        0
......................................................


WIND (MPH)
  HIGHEST WIND SPEED    24   HIGHEST WIND DIRECTION     S (170)
  HIGHEST GUST SPEED    32   HIGHEST GUST DIRECTION    SE (140)
  AVERAGE WIND SPEED    13.3


SKY COVER
  AVERAGE SKY COVER 0.9


WEATHER CONDITIONS
 THE FOLLOWING WEATHER WAS RECORDED YESTERDAY.
  LIGHT RAIN


RELATIVE HUMIDITY (PERCENT)
 HIGHEST    78           500 AM
 LOWEST     28           400 PM
 AVERAGE    53

..........................................................


THE ORD NE CLIMATE NORMALS FOR TODAY
                         NORMAL
 MAXIMUM TEMPERATURE (F)   54
 MINIMUM TEMPERATURE (F)   27


SUNRISE AND SUNSET
MARCH 23 2017.........SUNRISE   734 AM CDT   SUNSET   752 PM CDT
MARCH 24 2017.........SUNRISE   732 AM CDT   SUNSET   753 PM CDT


-  INDICATES NEGATIVE NUMBERS.
R  INDICATES RECORD WAS SET OR TIED.
MM INDICATES DATA IS MISSING.
T  INDICATES TRACE AMOUNT.




$$
