000
CDUS43 KGID 210624
CLIODX


CLIMATE REPORT
NATIONAL WEATHER SERVICE HASTINGS NE
123 AM CDT THU SEP 21 2017


...................................

...THE ORD NE CLIMATE SUMMARY FOR SEPTEMBER 20 2017...

CLIMATE NORMAL PERIOD 1981 TO 2010
CLIMATE RECORD PERIOD 1895 TO 2017


WEATHER ITEM   OBSERVED TIME   NORMAL DEPARTURE LAST
                VALUE   (LST)  VALUE  FROM      YEAR
                                      NORMAL
......................................................
TEMPERATURE (F)
 YESTERDAY
  MAXIMUM         77    236 PM  77      0       93
  MINIMUM         47   1159 PM  47      0       50
  AVERAGE         62            62      0       72

PRECIPITATION (IN)
  YESTERDAY        0.00          0.09  -0.09     0.00
  MONTH TO DATE    0.63          1.75  -1.12     1.70
  SINCE SEP 1      0.63          1.75  -1.12     1.70
  SINCE JAN 1     20.80         20.66   0.14    28.86

DEGREE DAYS
 HEATING
  YESTERDAY        3             5     -2        0
  MONTH TO DATE   48            51     -3       35
  SINCE SEP 1     48            51     -3       35
  SINCE JUL 1     56            65     -9       49

 COOLING
  YESTERDAY        0             2     -2        7
  MONTH TO DATE   74            71      3       55
  SINCE SEP 1     74            71      3       55
  SINCE JAN 1    818           828    -10      861
......................................................


WIND (MPH)
  HIGHEST WIND SPEED    12   HIGHEST WIND DIRECTION    NW (330)
  HIGHEST GUST SPEED    15   HIGHEST GUST DIRECTION    NW (330)
  AVERAGE WIND SPEED     4.9


SKY COVER
  AVERAGE SKY COVER 0.0


WEATHER CONDITIONS
 THE FOLLOWING WEATHER WAS RECORDED YESTERDAY.
  NO SIGNIFICANT WEATHER WAS OBSERVED.


RELATIVE HUMIDITY (PERCENT)
 HIGHEST    86           300 AM
 LOWEST     25           500 PM
 AVERAGE    56

..........................................................


THE ORD NE CLIMATE NORMALS FOR TODAY
                         NORMAL
 MAXIMUM TEMPERATURE (F)   76
 MINIMUM TEMPERATURE (F)   46


SUNRISE AND SUNSET
SEPTEMBER 21 2017.....SUNRISE   722 AM CDT   SUNSET   734 PM CDT
SEPTEMBER 22 2017.....SUNRISE   723 AM CDT   SUNSET   732 PM CDT


-  INDICATES NEGATIVE NUMBERS.
R  INDICATES RECORD WAS SET OR TIED.
MM INDICATES DATA IS MISSING.
T  INDICATES TRACE AMOUNT.




$$
