000
CDUS43 KOAX 310637
CLIOFK


CLIMATE REPORT
NATIONAL WEATHER SERVICE OMAHA NEBRASKA
137 AM CDT SUN AUG 31 2014


...................................

...THE NORFOLK, NEBRASKA CLIMATE SUMMARY FOR AUGUST 30 2014...

CLIMATE NORMAL PERIOD 1981 TO 2010
CLIMATE RECORD PERIOD 1888 TO 2014


WEATHER ITEM   OBSERVED TIME   RECORD YEAR NORMAL DEPARTURE LAST
                VALUE   (LST)  VALUE       VALUE  FROM      YEAR
                                                  NORMAL
..................................................................
TEMPERATURE (F)
 YESTERDAY
  MAXIMUM         80    458 PM 102    2012  82     -2       91
  MINIMUM         61    640 AM  37    1915  58      3       67
  AVERAGE         71                        70      1       79

PRECIPITATION (IN)
  YESTERDAY        0.00          1.88 1969   0.09  -0.09     0.00
  MONTH TO DATE    5.87                      3.15   2.72     3.58
  SINCE JUN 1     18.39                     10.73   7.66     6.99
  SINCE JAN 1     23.88                     20.43   3.45    18.41

SNOWFALL (IN)
  YESTERDAY        0.0                       0.0    0.0      0.0
  MONTH TO DATE    0.0                       0.0    0.0      0.0
  SINCE JUL 1      0.0                       0.0    0.0      0.0
  SNOW DEPTH       0

DEGREE DAYS
 HEATING
  YESTERDAY        0                         1     -1        0
  MONTH TO DATE    0                         7     -7        3
  SINCE JUN 1     37                        41     -4       58
  SINCE JUL 1     12                        11      1       16

 COOLING
  YESTERDAY        6                         6      0       14
  MONTH TO DATE  233                       250    -17      272
  SINCE JUN 1    623                       750   -127      746
  SINCE JAN 1    720                       811    -91      810
..................................................................


WIND (MPH)
  HIGHEST WIND SPEED    15   HIGHEST WIND DIRECTION    SE (140)
  HIGHEST GUST SPEED    19   HIGHEST GUST DIRECTION    SE (140)
  AVERAGE WIND SPEED     6.8


SKY COVER
  POSSIBLE SUNSHINE  MM
  AVERAGE SKY COVER 0.1


WEATHER CONDITIONS
 THE FOLLOWING WEATHER WAS RECORDED YESTERDAY.
  NO SIGNIFICANT WEATHER WAS OBSERVED.


RELATIVE HUMIDITY (PERCENT)
 HIGHEST    93           300 AM
 LOWEST     51           300 PM
 AVERAGE    72

..........................................................


THE NORFOLK, NEBRASKA CLIMATE NORMALS FOR TODAY
                         NORMAL    RECORD    YEAR
 MAXIMUM TEMPERATURE (F)   82       102      1922
 MINIMUM TEMPERATURE (F)   58        40      1967


SUNRISE AND SUNSET
AUGUST 31 2014........SUNRISE   654 AM CDT   SUNSET   805 PM CDT
SEPTEMBER  1 2014.....SUNRISE   655 AM CDT   SUNSET   803 PM CDT


-  INDICATES NEGATIVE NUMBERS.
R  INDICATES RECORD WAS SET OR TIED.
MM INDICATES DATA IS MISSING.
T  INDICATES TRACE AMOUNT.




$$
