000
CDUS43 KOAX 290632
CLIOFK


CLIMATE REPORT
NATIONAL WEATHER SERVICE OMAHA NEBRASKA
1231 AM CST THU JAN 29 2015


...................................

...THE NORFOLK, NEBRASKA CLIMATE SUMMARY FOR JANUARY 28 2015...

CLIMATE NORMAL PERIOD 1981 TO 2010
CLIMATE RECORD PERIOD 1888 TO 2015


WEATHER ITEM   OBSERVED TIME   RECORD YEAR NORMAL DEPARTURE LAST
                VALUE   (LST)  VALUE       VALUE  FROM      YEAR
                                                  NORMAL
..................................................................
TEMPERATURE (F)
 YESTERDAY
  MAXIMUM         65R   339 PM  58    1931  34     31       19
  MINIMUM         28    750 AM -24    1915  13     15      -10
  AVERAGE         47                        23     24        5

PRECIPITATION (IN)
  YESTERDAY        0.00          0.50 1909   0.02  -0.02     0.00
  MONTH TO DATE    0.27                      0.52  -0.25     0.13
  SINCE DEC 1      1.47                      1.27   0.20     0.27
  SINCE JAN 1      0.27                      0.52  -0.25     0.13

SNOWFALL (IN)
  YESTERDAY        0.0                       0.2   -0.2      0.0
  MONTH TO DATE    3.7                       5.7   -2.0      1.0
  SINCE JUL 1     13.3                      16.6   -3.3      4.3
  SNOW DEPTH       0

DEGREE DAYS
 HEATING
  YESTERDAY       18                        42    -24       60
  MONTH TO DATE 1101                      1195    -94     1211
  SINCE DEC 1   2237                      2456   -219     2587
  SINCE JUL 1   3730                      3901   -171     3973

 COOLING
  YESTERDAY        0                         0      0        0
  MONTH TO DATE    0                         0      0        0
  SINCE DEC 1      0                         0      0        0
  SINCE JAN 1      0                         0      0        0
..................................................................


WIND (MPH)
  HIGHEST WIND SPEED    38   HIGHEST WIND DIRECTION    NW (330)
  HIGHEST GUST SPEED    51   HIGHEST GUST DIRECTION    NW (320)
  AVERAGE WIND SPEED    13.5


SKY COVER
  POSSIBLE SUNSHINE  MM
  AVERAGE SKY COVER 0.1


WEATHER CONDITIONS
 THE FOLLOWING WEATHER WAS RECORDED YESTERDAY.
  NO SIGNIFICANT WEATHER WAS OBSERVED.


RELATIVE HUMIDITY (PERCENT)
 HIGHEST    92           500 AM
 LOWEST     34           400 PM
 AVERAGE    63

..........................................................


THE NORFOLK, NEBRASKA CLIMATE NORMALS FOR TODAY
                         NORMAL    RECORD    YEAR
 MAXIMUM TEMPERATURE (F)   34        65      1931
 MINIMUM TEMPERATURE (F)   13       -26      1966


SUNRISE AND SUNSET
JANUARY 29 2015.......SUNRISE   746 AM CST   SUNSET   541 PM CST
JANUARY 30 2015.......SUNRISE   745 AM CST   SUNSET   542 PM CST


-  INDICATES NEGATIVE NUMBERS.
R  INDICATES RECORD WAS SET OR TIED.
MM INDICATES DATA IS MISSING.
T  INDICATES TRACE AMOUNT.




$$
