000
CDUS43 KOAX 230626
CLIOFK


CLIMATE REPORT
NATIONAL WEATHER SERVICE OMAHA NEBRASKA
124 AM CDT THU OCT 23 2014


...................................

...THE NORFOLK, NEBRASKA CLIMATE SUMMARY FOR OCTOBER 22 2014...

CLIMATE NORMAL PERIOD 1981 TO 2010
CLIMATE RECORD PERIOD 1888 TO 2014


WEATHER ITEM   OBSERVED TIME   RECORD YEAR NORMAL DEPARTURE LAST
                VALUE   (LST)  VALUE       VALUE  FROM      YEAR
                                                  NORMAL
..................................................................
TEMPERATURE (F)
 YESTERDAY
  MAXIMUM         77    109 PM  88    1927  61     16       48
  MINIMUM         54    726 AM  14    1936  36     18       29
  AVERAGE         66                        49     17       39

PRECIPITATION (IN)
  YESTERDAY        0.58          1.81 2008   0.06   0.52      T
  MONTH TO DATE    0.97                      1.61  -0.64     4.32
  SINCE SEP 1      2.97                      4.30  -1.33     5.17
  SINCE JAN 1     28.19                     24.83   3.36    23.58

SNOWFALL (IN)
  YESTERDAY        0.0                       0.0    0.0      0.0
  MONTH TO DATE    0.0                       0.3   -0.3      0.0
  SINCE JUL 1      0.0                       0.3   -0.3      0.0
  SNOW DEPTH       0

DEGREE DAYS
 HEATING
  YESTERDAY        0                        16    -16       26
  MONTH TO DATE  242                       276    -34      271
  SINCE SEP 1    359                       402    -43      300
  SINCE JUL 1    371                       418    -47      316

 COOLING
  YESTERDAY        1                         0      1        0
  MONTH TO DATE    4                         8     -4        9
  SINCE SEP 1     85                        98    -13      181
  SINCE JAN 1    812                       914   -102     1005
..................................................................


WIND (MPH)
  HIGHEST WIND SPEED    25   HIGHEST WIND DIRECTION     S (180)
  HIGHEST GUST SPEED    36   HIGHEST GUST DIRECTION     S (180)
  AVERAGE WIND SPEED    11.7


SKY COVER
  POSSIBLE SUNSHINE  MM
  AVERAGE SKY COVER 0.5


WEATHER CONDITIONS
 THE FOLLOWING WEATHER WAS RECORDED YESTERDAY.
  THUNDERSTORM
  HEAVY RAIN
  RAIN
  LIGHT RAIN
  FOG


RELATIVE HUMIDITY (PERCENT)
 HIGHEST   100          1000 PM
 LOWEST     46           100 PM
 AVERAGE    73

..........................................................


THE NORFOLK, NEBRASKA CLIMATE NORMALS FOR TODAY
                         NORMAL    RECORD    YEAR
 MAXIMUM TEMPERATURE (F)   60        87      1927
 MINIMUM TEMPERATURE (F)   36        17      1981


SUNRISE AND SUNSET
OCTOBER 23 2014.......SUNRISE   752 AM CDT   SUNSET   636 PM CDT
OCTOBER 24 2014.......SUNRISE   753 AM CDT   SUNSET   635 PM CDT


-  INDICATES NEGATIVE NUMBERS.
R  INDICATES RECORD WAS SET OR TIED.
MM INDICATES DATA IS MISSING.
T  INDICATES TRACE AMOUNT.


$$

BCM
