000
CDUS43 KOAX 290626
CLIOFK


CLIMATE REPORT
NATIONAL WEATHER SERVICE OMAHA NEBRASKA
124 AM CDT WED JUL 29 2015


...................................

...THE NORFOLK, NEBRASKA CLIMATE SUMMARY FOR JULY 28 2015...

CLIMATE NORMAL PERIOD 1981 TO 2010
CLIMATE RECORD PERIOD 1888 TO 2015


WEATHER ITEM   OBSERVED TIME   RECORD YEAR NORMAL DEPARTURE LAST
                VALUE   (LST)  VALUE       VALUE  FROM      YEAR
                                                  NORMAL
..................................................................
TEMPERATURE (F)
 YESTERDAY
  MAXIMUM         82    458 PM 105    1935  86     -4       77
  MINIMUM         58   1151 PM  44    2013  64     -6       54
  AVERAGE         70                        75     -5       66

PRECIPITATION (IN)
  YESTERDAY        0.05          2.00 1921   0.10  -0.05     0.00
  MONTH TO DATE    5.14                      3.01   2.13     1.13
  SINCE JUN 1      9.74                      7.27   2.47    12.52
  SINCE JAN 1     16.70                     16.97  -0.27    18.01

SNOWFALL (IN)
  YESTERDAY        0.0                       0.0    0.0      0.0
  MONTH TO DATE    0.0                       0.0    0.0      0.0
  SINCE JUL 1      0.0                       0.0    0.0      0.0
  SNOW DEPTH       0

DEGREE DAYS
 HEATING
  YESTERDAY        0                         0      0        0
  MONTH TO DATE    4                         0      4       12
  SINCE JUN 1      7                        30    -23       37
  SINCE JUL 1      4                         0      4       12

 COOLING
  YESTERDAY        5                        10     -5        1
  MONTH TO DATE  280                       278      2      187
  SINCE JUN 1    466                       464      2      381
  SINCE JAN 1    499                       525    -26      478
..................................................................


WIND (MPH)
  HIGHEST WIND SPEED    29   HIGHEST WIND DIRECTION     S (170)
  HIGHEST GUST SPEED    35   HIGHEST GUST DIRECTION     S (170)
  AVERAGE WIND SPEED     9.6


SKY COVER
  POSSIBLE SUNSHINE  MM
  AVERAGE SKY COVER 0.5


WEATHER CONDITIONS
 THE FOLLOWING WEATHER WAS RECORDED YESTERDAY.
  THUNDERSTORM
  RAIN
  LIGHT RAIN
  FOG


RELATIVE HUMIDITY (PERCENT)
 HIGHEST    93           600 AM
 LOWEST     42           300 PM
 AVERAGE    68

..........................................................


THE NORFOLK, NEBRASKA CLIMATE NORMALS FOR TODAY
                         NORMAL    RECORD    YEAR
 MAXIMUM TEMPERATURE (F)   86       109      1947
 MINIMUM TEMPERATURE (F)   64        48      1971


SUNRISE AND SUNSET
JULY 29 2015..........SUNRISE   620 AM CDT   SUNSET   852 PM CDT
JULY 30 2015..........SUNRISE   621 AM CDT   SUNSET   851 PM CDT


-  INDICATES NEGATIVE NUMBERS.
R  INDICATES RECORD WAS SET OR TIED.
MM INDICATES DATA IS MISSING.
T  INDICATES TRACE AMOUNT.


$$

BCM
