000
CDUS43 KOAX 140703
CLIOFK


CLIMATE REPORT
NATIONAL WEATHER SERVICE OMAHA NEBRASKA
103 AM CST SUN FEB 14 2016


...................................

...THE NORFOLK, NEBRASKA CLIMATE SUMMARY FOR FEBRUARY 13 2016...

CLIMATE NORMAL PERIOD 1981 TO 2010
CLIMATE RECORD PERIOD 1888 TO 2016


WEATHER ITEM   OBSERVED TIME   RECORD YEAR NORMAL DEPARTURE LAST
                VALUE   (LST)  VALUE       VALUE  FROM      YEAR
                                                  NORMAL
..................................................................
TEMPERATURE (F)
 YESTERDAY
  MAXIMUM         18    916 PM  70    1934  36    -18       54
  MINIMUM         11    900 AM -29    1905  16     -5       19
  AVERAGE         15                        26    -11       37

PRECIPITATION (IN)
  YESTERDAY        0.00          1.50 1919   0.03  -0.03     0.00
  MONTH TO DATE    1.30                      0.33   0.97     0.26
  SINCE DEC 1      4.14                      1.67   2.47     2.03
  SINCE JAN 1      1.87                      0.92   0.95     0.83

SNOWFALL (IN)
  YESTERDAY        0.0                       0.2   -0.2      0.0
  MONTH TO DATE   14.4                       2.8   11.6      3.7
  SINCE JUL 1     38.9                      20.1   18.8     20.0
  SNOW DEPTH       4

DEGREE DAYS
 HEATING
  YESTERDAY       50                        39     11       28
  MONTH TO DATE  520                       523     -3      511
  SINCE DEC 1   2863                      3100   -237     2849
  SINCE JUL 1   3884                      4545   -661     4342

 COOLING
  YESTERDAY        0                         0      0        0
  MONTH TO DATE    0                         0      0        0
  SINCE DEC 1      0                         0      0        0
  SINCE JAN 1      0                         0      0        0
..................................................................


WIND (MPH)
  HIGHEST WIND SPEED    23   HIGHEST WIND DIRECTION    SE (140)
  HIGHEST GUST SPEED    28   HIGHEST GUST DIRECTION    SE (150)
  AVERAGE WIND SPEED    13.2


SKY COVER
  POSSIBLE SUNSHINE  MM
  AVERAGE SKY COVER 1.0


WEATHER CONDITIONS
 THE FOLLOWING WEATHER WAS RECORDED YESTERDAY.
  NO SIGNIFICANT WEATHER WAS OBSERVED.


RELATIVE HUMIDITY (PERCENT)
 HIGHEST    73           800 AM
 LOWEST     61          1000 AM
 AVERAGE    67

..........................................................


THE NORFOLK, NEBRASKA CLIMATE NORMALS FOR TODAY
                         NORMAL    RECORD    YEAR
 MAXIMUM TEMPERATURE (F)   37        68      1999
 MINIMUM TEMPERATURE (F)   16       -23      1936


SUNRISE AND SUNSET
FEBRUARY 14 2016......SUNRISE   728 AM CST   SUNSET   601 PM CST
FEBRUARY 15 2016......SUNRISE   726 AM CST   SUNSET   602 PM CST


-  INDICATES NEGATIVE NUMBERS.
R  INDICATES RECORD WAS SET OR TIED.
MM INDICATES DATA IS MISSING.
T  INDICATES TRACE AMOUNT.




$$
