000
CDUS43 KOAX 060637
CLIOFK


CLIMATE REPORT
NATIONAL WEATHER SERVICE OMAHA NEBRASKA
136 AM CDT FRI MAY 6 2016


...................................

...THE NORFOLK, NEBRASKA CLIMATE SUMMARY FOR MAY 5 2016...

CLIMATE NORMAL PERIOD 1981 TO 2010
CLIMATE RECORD PERIOD 1888 TO 2016


WEATHER ITEM   OBSERVED TIME   RECORD YEAR NORMAL DEPARTURE LAST
                VALUE   (LST)  VALUE       VALUE  FROM      YEAR
                                                  NORMAL
..................................................................
TEMPERATURE (F)
 YESTERDAY
  MAXIMUM         81    419 PM  96    1909  69     12       74
  MINIMUM         37    541 AM  28    1944  45     -8       55
  AVERAGE         59                        57      2       65

PRECIPITATION (IN)
  YESTERDAY        0.00          2.10 1960   0.11  -0.11     0.23
                                      1901
  MONTH TO DATE    0.33                      0.55  -0.22     0.33
  SINCE MAR 1      7.95                      4.97   2.98     3.09
  SINCE JAN 1     10.10                      6.32   3.78     3.97

SNOWFALL (IN)
  YESTERDAY        0.0                       0.0    0.0      0.0
  MONTH TO DATE    0.0                       0.1   -0.1      0.0
  SINCE JUL 1     53.0                      30.6   22.4     20.7
  SNOW DEPTH       0

DEGREE DAYS
 HEATING
  YESTERDAY        6                         9     -3        0
  MONTH TO DATE   61                        48     13        7
  SINCE MAR 1   1143                      1378   -235     1061
  SINCE JUL 1   5444                      6471  -1027     6107

 COOLING
  YESTERDAY        0                         1     -1        0
  MONTH TO DATE    0                         5     -5       11
  SINCE MAR 1      0                        17    -17       16
  SINCE JAN 1      0                        17    -17       16
..................................................................


WIND (MPH)
  HIGHEST WIND SPEED    15   HIGHEST WIND DIRECTION     S (190)
  HIGHEST GUST SPEED    20   HIGHEST GUST DIRECTION     S (190)
  AVERAGE WIND SPEED     6.1


SKY COVER
  POSSIBLE SUNSHINE  MM
  AVERAGE SKY COVER 0.0


WEATHER CONDITIONS
 THE FOLLOWING WEATHER WAS RECORDED YESTERDAY.
  NO SIGNIFICANT WEATHER WAS OBSERVED.


RELATIVE HUMIDITY (PERCENT)
 HIGHEST    79           600 AM
 LOWEST     20           300 PM
 AVERAGE    50

..........................................................


THE NORFOLK, NEBRASKA CLIMATE NORMALS FOR TODAY
                         NORMAL    RECORD    YEAR
 MAXIMUM TEMPERATURE (F)   69       101      1934
 MINIMUM TEMPERATURE (F)   45        22      1944


SUNRISE AND SUNSET
MAY  6 2016...........SUNRISE   619 AM CDT   SUNSET   835 PM CDT
MAY  7 2016...........SUNRISE   617 AM CDT   SUNSET   836 PM CDT


-  INDICATES NEGATIVE NUMBERS.
R  INDICATES RECORD WAS SET OR TIED.
MM INDICATES DATA IS MISSING.
T  INDICATES TRACE AMOUNT.




$$
