000
CDUS43 KOAX 070625
CLIOFK


CLIMATE REPORT
NATIONAL WEATHER SERVICE OMAHA NEBRASKA
1221 AM CST WED DEC 7 2016


...................................

...THE NORFOLK, NEBRASKA CLIMATE SUMMARY FOR DECEMBER 6 2016...

CLIMATE NORMAL PERIOD 1981 TO 2010
CLIMATE RECORD PERIOD 1888 TO 2016


WEATHER ITEM   OBSERVED TIME   RECORD YEAR NORMAL DEPARTURE LAST
                VALUE   (LST)  VALUE       VALUE  FROM      YEAR
                                                  NORMAL
..................................................................
TEMPERATURE (F)
 YESTERDAY
  MAXIMUM         31    230 PM  70    1939  36     -5       53
  MINIMUM         15   1159 PM -13    1950  17     -2       30
  AVERAGE         23                        26     -3       42

PRECIPITATION (IN)
  YESTERDAY        0.00          1.12 1913   0.03  -0.03     0.00
  MONTH TO DATE    0.02                      0.18  -0.16     0.03
  SINCE DEC 1      0.02                      0.18  -0.16     0.03
  SINCE JAN 1     30.61                     26.84   3.77    25.60

SNOWFALL (IN)
  YESTERDAY        0.0                       0.2   -0.2      0.0
  MONTH TO DATE    T                         1.2   -1.2      0.4
  SINCE JUL 1      2.5                       6.1   -3.6      9.2
  SNOW DEPTH       0

DEGREE DAYS
 HEATING
  YESTERDAY       42                        39      3       23
  MONTH TO DATE  206                       227    -21      193
  SINCE DEC 1    206                       227    -21      193
  SINCE JUL 1   1251                      1672   -421     1214

 COOLING
  YESTERDAY        0                         0      0        0
  MONTH TO DATE    0                         0      0        0
  SINCE DEC 1      0                         0      0        0
  SINCE JAN 1    963                       915     48      917
..................................................................


WIND (MPH)
  HIGHEST WIND SPEED    32   HIGHEST WIND DIRECTION    NW (300)
  HIGHEST GUST SPEED    39   HIGHEST GUST DIRECTION    NW (310)
  AVERAGE WIND SPEED    18.8


SKY COVER
  POSSIBLE SUNSHINE  MM
  AVERAGE SKY COVER 0.1


WEATHER CONDITIONS
 THE FOLLOWING WEATHER WAS RECORDED YESTERDAY.
  NO SIGNIFICANT WEATHER WAS OBSERVED.


RELATIVE HUMIDITY (PERCENT)
 HIGHEST    67           600 AM
 LOWEST     32           300 PM
 AVERAGE    50

..........................................................


THE NORFOLK, NEBRASKA CLIMATE NORMALS FOR TODAY
                         NORMAL    RECORD    YEAR
 MAXIMUM TEMPERATURE (F)   36        69      1984
 MINIMUM TEMPERATURE (F)   16       -13      1908


SUNRISE AND SUNSET
DECEMBER  7 2016......SUNRISE   745 AM CST   SUNSET   458 PM CST
DECEMBER  8 2016......SUNRISE   745 AM CST   SUNSET   458 PM CST


-  INDICATES NEGATIVE NUMBERS.
R  INDICATES RECORD WAS SET OR TIED.
MM INDICATES DATA IS MISSING.
T  INDICATES TRACE AMOUNT.


$$

BCM
