000
CDUS43 KOAX 010703
CLIOFK


CLIMATE REPORT
NATIONAL WEATHER SERVICE OMAHA NEBRASKA
203 AM CDT TUE SEP 1 2015


...................................

...THE NORFOLK, NEBRASKA CLIMATE SUMMARY FOR AUGUST 31 2015...

CLIMATE NORMAL PERIOD 1981 TO 2010
CLIMATE RECORD PERIOD 1888 TO 2015


WEATHER ITEM   OBSERVED TIME   RECORD YEAR NORMAL DEPARTURE LAST
                VALUE   (LST)  VALUE       VALUE  FROM      YEAR
                                                  NORMAL
..................................................................
TEMPERATURE (F)
 YESTERDAY
  MAXIMUM         85    353 PM 102    1922  82      3       83
  MINIMUM         63    652 AM  40    1967  58      5       61
  AVERAGE         74                        70      4       72

PRECIPITATION (IN)
  YESTERDAY        0.00          1.34 2014   0.10  -0.10     1.34
  MONTH TO DATE    2.69                      3.25  -0.56     7.21
  SINCE JUN 1     12.43                     10.83   1.60    19.73
  SINCE JAN 1     19.39                     20.53  -1.14    25.22

SNOWFALL (IN)
  YESTERDAY        0.0                       0.0    0.0      0.0
  MONTH TO DATE    0.0                       0.0    0.0      0.0
  SINCE JUL 1      0.0                       0.0    0.0      0.0
  SNOW DEPTH       0

DEGREE DAYS
 HEATING
  YESTERDAY        0                         1     -1        0
  MONTH TO DATE   20                         8     12        0
  SINCE JUN 1     27                        46    -19       37
  SINCE JUL 1     24                        16      8       12

 COOLING
  YESTERDAY        9                         6      3        7
  MONTH TO DATE  203                       255    -52      240
  SINCE JUN 1    693                       755    -62      630
  SINCE JAN 1    726                       816    -90      727
..................................................................


WIND (MPH)
  HIGHEST WIND SPEED    20   HIGHEST WIND DIRECTION     S (180)
  HIGHEST GUST SPEED    25   HIGHEST GUST DIRECTION     S (180)
  AVERAGE WIND SPEED     9.0


SKY COVER
  POSSIBLE SUNSHINE  MM
  AVERAGE SKY COVER 0.0


WEATHER CONDITIONS
 THE FOLLOWING WEATHER WAS RECORDED YESTERDAY.
  FOG


RELATIVE HUMIDITY (PERCENT)
 HIGHEST   100           600 AM
 LOWEST     55           200 PM
 AVERAGE    78

..........................................................


THE NORFOLK, NEBRASKA CLIMATE NORMALS FOR TODAY
                         NORMAL    RECORD    YEAR
 MAXIMUM TEMPERATURE (F)   82       101      1911
 MINIMUM TEMPERATURE (F)   58        42      1956
                                             1949


SUNRISE AND SUNSET
SEPTEMBER  1 2015.....SUNRISE   655 AM CDT   SUNSET   804 PM CDT
SEPTEMBER  2 2015.....SUNRISE   656 AM CDT   SUNSET   802 PM CDT


-  INDICATES NEGATIVE NUMBERS.
R  INDICATES RECORD WAS SET OR TIED.
MM INDICATES DATA IS MISSING.
T  INDICATES TRACE AMOUNT.




$$
