000
CDUS43 KOAX 280653
CLIOFK


CLIMATE REPORT
NATIONAL WEATHER SERVICE OMAHA NEBRASKA
1252 AM CST FRI NOV 28 2014


...................................

...THE NORFOLK, NEBRASKA CLIMATE SUMMARY FOR NOVEMBER 27 2014...

CLIMATE NORMAL PERIOD 1981 TO 2010
CLIMATE RECORD PERIOD 1888 TO 2014


WEATHER ITEM   OBSERVED TIME   RECORD YEAR NORMAL DEPARTURE LAST
                VALUE   (LST)  VALUE       VALUE  FROM      YEAR
                                                  NORMAL
..................................................................
TEMPERATURE (F)
 YESTERDAY
  MAXIMUM         27    418 PM  73    1998  40    -13       38
  MINIMUM         14    511 AM  -3    1985  20     -6        6
  AVERAGE         21                        30     -9       22

PRECIPITATION (IN)
  YESTERDAY        0.00          1.44 1983   0.04  -0.04     0.00
  MONTH TO DATE    0.32                      1.25  -0.93     0.83
  SINCE SEP 1      3.29                      6.01  -2.72     6.38
  SINCE JAN 1     28.51                     26.54   1.97    24.79

SNOWFALL (IN)
  YESTERDAY        0.0                       0.2   -0.2      0.0
  MONTH TO DATE    3.7                       3.5    0.2      0.9
  SINCE JUL 1      3.7                       4.3   -0.6      0.9
  SNOW DEPTH       0

DEGREE DAYS
 HEATING
  YESTERDAY       44                        35      9       43
  MONTH TO DATE  907                       751    156      761
  SINCE SEP 1   1398                      1320     78     1267
  SINCE JUL 1   1410                      1336     74     1283

 COOLING
  YESTERDAY        0                         0      0        0
  MONTH TO DATE    0                         0      0        0
  SINCE SEP 1     85                        99    -14      181
  SINCE JAN 1    812                       915   -103     1005
..................................................................


WIND (MPH)
  HIGHEST WIND SPEED    18   HIGHEST WIND DIRECTION    SE (150)
  HIGHEST GUST SPEED    23   HIGHEST GUST DIRECTION    SE (150)
  AVERAGE WIND SPEED    10.5


SKY COVER
  POSSIBLE SUNSHINE  MM
  AVERAGE SKY COVER 0.5


WEATHER CONDITIONS
 THE FOLLOWING WEATHER WAS RECORDED YESTERDAY.
  NO SIGNIFICANT WEATHER WAS OBSERVED.


RELATIVE HUMIDITY (PERCENT)
 HIGHEST    80          1200 AM
 LOWEST     63           400 PM
 AVERAGE    72

..........................................................


THE NORFOLK, NEBRASKA CLIMATE NORMALS FOR TODAY
                         NORMAL    RECORD    YEAR
 MAXIMUM TEMPERATURE (F)   40        67      1941
 MINIMUM TEMPERATURE (F)   20        -9      1896


SUNRISE AND SUNSET
NOVEMBER 28 2014......SUNRISE   735 AM CST   SUNSET   500 PM CST
NOVEMBER 29 2014......SUNRISE   736 AM CST   SUNSET   500 PM CST


-  INDICATES NEGATIVE NUMBERS.
R  INDICATES RECORD WAS SET OR TIED.
MM INDICATES DATA IS MISSING.
T  INDICATES TRACE AMOUNT.




$$
