000
CDUS42 KCAE 240626
CLIOGB


CLIMATE REPORT
NATIONAL WEATHER SERVICE COLUMBIA SC
126 AM EST FRI FEB 24 2017


...................................

...THE ORANGEBURG AIRPORT SC CLIMATE SUMMARY FOR FEBRUARY 23 2017...

CLIMATE NORMAL PERIOD 1981 TO 2010
CLIMATE RECORD PERIOD 9999 TO 9999


WEATHER ITEM   OBSERVED TIME   NORMAL DEPARTURE LAST
                VALUE   (LST)  VALUE  FROM      YEAR
                                      NORMAL
......................................................
TEMPERATURE (F)
 YESTERDAY
  MAXIMUM         77    358 PM  63     14       64
  MINIMUM         57    740 AM  40     17       56
  AVERAGE         67            51     16       60

PRECIPITATION (IN)
  YESTERDAY        0.00          0.15  -0.15     0.02
  MONTH TO DATE    1.41          2.83  -1.42     4.28
  SINCE DEC 1     11.05         10.13   0.92    11.16
  SINCE JAN 1      6.65          6.81  -0.16     6.37

DEGREE DAYS
 HEATING
  YESTERDAY        0            14    -14        5
  MONTH TO DATE  199           369   -170      352
  SINCE DEC 1    981          1497   -516     1107
  SINCE JUL 1   1286          1866   -580     1328

 COOLING
  YESTERDAY        2             0      2        0
  MONTH TO DATE    5             0      5        5
  SINCE DEC 1     16             5     11       74
  SINCE JAN 1     12             1     11        5
......................................................


WIND (MPH)
  HIGHEST WIND SPEED    15   HIGHEST WIND DIRECTION    NE (50)
  HIGHEST GUST SPEED    19   HIGHEST GUST DIRECTION    NE (40)
  AVERAGE WIND SPEED     5.4


SKY COVER
  AVERAGE SKY COVER 0.1


WEATHER CONDITIONS
 THE FOLLOWING WEATHER WAS RECORDED YESTERDAY.
  NO SIGNIFICANT WEATHER WAS OBSERVED.


RELATIVE HUMIDITY (PERCENT)
 HIGHEST    93          1200 AM
 LOWEST     43           400 PM

..........................................................


THE ORANGEBURG AIRPORT SC CLIMATE NORMALS FOR TODAY
                         NORMAL    RECORD    YEAR
 MAXIMUM TEMPERATURE (F)   63        MM        MM
 MINIMUM TEMPERATURE (F)   40        MM        MM


SUNRISE AND SUNSET
FEBRUARY 24 2017......SUNRISE   657 AM EST   SUNSET   616 PM EST
FEBRUARY 25 2017......SUNRISE   656 AM EST   SUNSET   617 PM EST


-  INDICATES NEGATIVE NUMBERS.
R  INDICATES RECORD WAS SET OR TIED.
MM INDICATES DATA IS MISSING.
T  INDICATES TRACE AMOUNT.




$$
