000
CDUS42 KCAE 220607
CLIOGB


CLIMATE REPORT
NATIONAL WEATHER SERVICE COLUMBIA SC
106 AM EST MON DEC 22 2014


...................................

...THE ORANGEBURG AIRPORT SC CLIMATE SUMMARY FOR DECEMBER 21 2014...

CLIMATE NORMAL PERIOD 1981 TO 2010
CLIMATE RECORD PERIOD 9999 TO 9999


WEATHER ITEM   OBSERVED TIME   NORMAL DEPARTURE LAST
                VALUE   (LST)  VALUE  FROM      YEAR
                                      NORMAL
......................................................
TEMPERATURE (F)
 YESTERDAY
  MAXIMUM         52    548 PM  57     -5       79
  MINIMUM         43    900 AM  36      7       46
  AVERAGE         48            46      2       63

PRECIPITATION (IN)
  YESTERDAY        0.25          0.11   0.14     0.00
  MONTH TO DATE    0.53          2.36  -1.83     2.47
  SINCE DEC 1      0.53          2.36  -1.83     2.47
  SINCE JAN 1     44.34         45.77  -1.43    53.63

DEGREE DAYS
 HEATING
  YESTERDAY       17            19     -2        2
  MONTH TO DATE  294           344    -50      250
  SINCE DEC 1    294           344    -50      250
  SINCE JUL 1    766           713     53      646

 COOLING
  YESTERDAY        0             0      0        0
  MONTH TO DATE    0             0      0        7
  SINCE DEC 1      0             0      0        7
  SINCE JAN 1   2250          2102    148     2049
......................................................


WIND (MPH)
  HIGHEST WIND SPEED    13   HIGHEST WIND DIRECTION    NE (50)
  HIGHEST GUST SPEED    17   HIGHEST GUST DIRECTION    NE (50)
  AVERAGE WIND SPEED     6.5


SKY COVER
  AVERAGE SKY COVER 1.0


WEATHER CONDITIONS
 THE FOLLOWING WEATHER WAS RECORDED YESTERDAY.
  HEAVY RAIN
  LIGHT RAIN
  FOG
  HAZE


RELATIVE HUMIDITY (PERCENT)
 HIGHEST    89          1200 AM
 LOWEST     63          1200 PM

..........................................................


THE ORANGEBURG AIRPORT SC CLIMATE NORMALS FOR TODAY
                         NORMAL    RECORD    YEAR
 MAXIMUM TEMPERATURE (F)   57        MM        MM
 MINIMUM TEMPERATURE (F)   36        MM        MM


SUNRISE AND SUNSET
DECEMBER 22 2014......SUNRISE   724 AM EST   SUNSET   520 PM EST
DECEMBER 23 2014......SUNRISE   724 AM EST   SUNSET   521 PM EST


-  INDICATES NEGATIVE NUMBERS.
R  INDICATES RECORD WAS SET OR TIED.
MM INDICATES DATA IS MISSING.
T  INDICATES TRACE AMOUNT.




$$
