000
CDUS42 KCAE 182207
CLIOGB


CLIMATE REPORT
NATIONAL WEATHER SERVICE COLUMBIA SC
506 PM EST WED JAN 18 2017


...................................

...THE ORANGEBURG AIRPORT SC CLIMATE SUMMARY FOR JANUARY 18 2017...
VALID TODAY AS OF 0500 PM LOCAL TIME.

CLIMATE NORMAL PERIOD 1981 TO 2010
CLIMATE RECORD PERIOD 9999 TO 9999


WEATHER ITEM   OBSERVED TIME   NORMAL DEPARTURE LAST
                VALUE   (LST)  VALUE  FROM      YEAR
                                      NORMAL
......................................................
TEMPERATURE (F)
 TODAY
  MAXIMUM         79    359 PM  56     23       49
  MINIMUM         60    715 AM  35     25       31
  AVERAGE         70            46     24       40

PRECIPITATION (IN)
  TODAY            0.00          0.12  -0.12     0.00
  MONTH TO DATE    2.38          2.15   0.23     1.04
  SINCE DEC 1      6.78          5.47   1.31     5.83
  SINCE JAN 1      2.38          2.15   0.23     1.04

DEGREE DAYS
 HEATING
  TODAY            0            19    -19       25
  MONTH TO DATE  207           354   -147      337
  SINCE DEC 1    654           889   -235      488
  SINCE JUL 1    959          1258   -299      709

 COOLING
  TODAY            5             0      5        0
  MONTH TO DATE    8             0      8        0
  SINCE DEC 1     12             4      8       69
  SINCE JAN 1      8             0      8        0
......................................................


WIND (MPH)
  HIGHEST WIND SPEED    24   HIGHEST WIND DIRECTION     W (270)
  HIGHEST GUST SPEED    30   HIGHEST GUST DIRECTION    SW (240)
  AVERAGE WIND SPEED    11.7


SKY COVER
  AVERAGE SKY COVER 0.1


WEATHER CONDITIONS
 THE FOLLOWING WEATHER WAS RECORDED TODAY.
  NO SIGNIFICANT WEATHER WAS OBSERVED.


RELATIVE HUMIDITY (PERCENT)
 HIGHEST    97           800 AM
 LOWEST     42           400 PM

..........................................................


THE ORANGEBURG AIRPORT SC CLIMATE NORMALS FOR TOMORROW
                         NORMAL
 MAXIMUM TEMPERATURE (F)   57
 MINIMUM TEMPERATURE (F)   35


SUNRISE AND SUNSET
JANUARY 18 2017.......SUNRISE   727 AM EST   SUNSET   542 PM EST
JANUARY 19 2017.......SUNRISE   726 AM EST   SUNSET   543 PM EST


-  INDICATES NEGATIVE NUMBERS.
R  INDICATES RECORD WAS SET OR TIED.
MM INDICATES DATA IS MISSING.
T  INDICATES TRACE AMOUNT.




$$
