000
CDUS42 KCAE 310555
CLIOGB


CLIMATE REPORT
NATIONAL WEATHER SERVICE COLUMBIA SC
154 AM EDT MON AUG 31 2015


...................................

...THE ORANGEBURG AIRPORT SC CLIMATE SUMMARY FOR AUGUST 30 2015...

CLIMATE NORMAL PERIOD 1981 TO 2010
CLIMATE RECORD PERIOD 9999 TO 9999


WEATHER ITEM   OBSERVED TIME   NORMAL DEPARTURE LAST
                VALUE   (LST)  VALUE  FROM      YEAR
                                      NORMAL
......................................................
TEMPERATURE (F)
 YESTERDAY
  MAXIMUM         81    144 PM  88     -7       94
  MINIMUM         69    658 AM  69      0       70
  AVERAGE         75            78     -3       82

PRECIPITATION (IN)
  YESTERDAY        0.52          0.16   0.36     0.00
  MONTH TO DATE    2.99          5.13  -2.14     3.90
  SINCE JUN 1     11.96         15.54  -3.58    16.19
  SINCE JAN 1     27.22         33.16  -5.94    35.02

DEGREE DAYS
 HEATING
  YESTERDAY        0             0      0        0
  MONTH TO DATE    0             0      0        0
  SINCE JUN 1      0             1     -1        0
  SINCE JUL 1      0             0      0        0

 COOLING
  YESTERDAY       10            13     -3       17
  MONTH TO DATE  497           459     38      468
  SINCE JUN 1   1579          1378    201     1416
  SINCE JAN 1   1955          1681    274     1771
......................................................


WIND (MPH)
  HIGHEST WIND SPEED    12   HIGHEST WIND DIRECTION    SE (130)
  HIGHEST GUST SPEED    16   HIGHEST GUST DIRECTION     E (110)
  AVERAGE WIND SPEED     4.3


SKY COVER
  AVERAGE SKY COVER 0.7


WEATHER CONDITIONS
 THE FOLLOWING WEATHER WAS RECORDED YESTERDAY.
  HEAVY RAIN
  LIGHT RAIN
  FOG


RELATIVE HUMIDITY (PERCENT)
 HIGHEST    93           900 PM
 LOWEST     68           100 AM

..........................................................


THE ORANGEBURG AIRPORT SC CLIMATE NORMALS FOR TODAY
                         NORMAL    RECORD    YEAR
 MAXIMUM TEMPERATURE (F)   88        MM        MM
 MINIMUM TEMPERATURE (F)   69        MM        MM


SUNRISE AND SUNSET
AUGUST 31 2015........SUNRISE   657 AM EDT   SUNSET   750 PM EDT
SEPTEMBER  1 2015.....SUNRISE   657 AM EDT   SUNSET   749 PM EDT


-  INDICATES NEGATIVE NUMBERS.
R  INDICATES RECORD WAS SET OR TIED.
MM INDICATES DATA IS MISSING.
T  INDICATES TRACE AMOUNT.




$$
