000
CDUS42 KCAE 192120
CLIOGB


CLIMATE REPORT
NATIONAL WEATHER SERVICE COLUMBIA SC
520 PM EDT TUE SEP 19 2017


...................................

...THE ORANGEBURG AIRPORT SC CLIMATE SUMMARY FOR SEPTEMBER 19 2017...
VALID TODAY AS OF 0500 PM LOCAL TIME.

CLIMATE NORMAL PERIOD 1981 TO 2010
CLIMATE RECORD PERIOD 9999 TO 9999


WEATHER ITEM   OBSERVED TIME   NORMAL DEPARTURE LAST
                VALUE   (LST)  VALUE  FROM      YEAR
                                      NORMAL
......................................................
TEMPERATURE (F)
 TODAY
  MAXIMUM         88    225 PM  85      3       90
  MINIMUM         65    636 AM  64      1       70
  AVERAGE         77            74      3       80

PRECIPITATION (IN)
  TODAY            0.00          0.11  -0.11      T
  MONTH TO DATE    4.13          2.41   1.72     9.08
  SINCE SEP 1      4.13          2.41   1.72     9.08
  SINCE JAN 1     32.32         35.72  -3.40    33.60

DEGREE DAYS
 HEATING
  TODAY            0             0      0        0
  MONTH TO DATE    0             0      0        0
  SINCE SEP 1      0             0      0        0
  SINCE JUL 1      0             0      0        0

 COOLING
  TODAY           12             9      3       15
  MONTH TO DATE  182           216    -34      249
  SINCE SEP 1    182           216    -34      249
  SINCE JAN 1   2069          1909    160     2293
......................................................


WIND (MPH)
  HIGHEST WIND SPEED    10   HIGHEST WIND DIRECTION     W (280)
  HIGHEST GUST SPEED    13   HIGHEST GUST DIRECTION     W (280)
  AVERAGE WIND SPEED     2.1


SKY COVER
  AVERAGE SKY COVER 0.2


WEATHER CONDITIONS
 THE FOLLOWING WEATHER WAS RECORDED TODAY.
  FOG


RELATIVE HUMIDITY (PERCENT)
 HIGHEST   100           300 AM
 LOWEST     46           300 PM

..........................................................


THE ORANGEBURG AIRPORT SC CLIMATE NORMALS FOR TOMORROW
                         NORMAL
 MAXIMUM TEMPERATURE (F)   84
 MINIMUM TEMPERATURE (F)   64


SUNRISE AND SUNSET
SEPTEMBER 19 2017.....SUNRISE   710 AM EDT   SUNSET   724 PM EDT
SEPTEMBER 20 2017.....SUNRISE   710 AM EDT   SUNSET   722 PM EDT


-  INDICATES NEGATIVE NUMBERS.
R  INDICATES RECORD WAS SET OR TIED.
MM INDICATES DATA IS MISSING.
T  INDICATES TRACE AMOUNT.




$$
