000
CDHW42 PHFO 120229
CLIOGG


CLIMATE REPORT
NATIONAL WEATHER SERVICE HONOLULU HI
428 PM HST THU FEB 11 2016


...................................

...THE KAHULUI HI CLIMATE SUMMARY FOR FEBRUARY 11 2016...
VALID TODAY AS OF 0400 PM LOCAL TIME.

CLIMATE NORMAL PERIOD 1981 TO 2010
CLIMATE RECORD PERIOD 1946 TO 2016


WEATHER ITEM   OBSERVED TIME   RECORD YEAR NORMAL DEPARTURE LAST
                VALUE   (LST)  VALUE       VALUE  FROM      YEAR
                                                  NORMAL
..................................................................
TEMPERATURE (F)
 TODAY
  MAXIMUM         83    143 PM  88    1953  81      2       83
  MINIMUM         57    731 AM  55    1971  63     -6       60
  AVERAGE         70                        72     -2       72

PRECIPITATION (IN)
  TODAY            0.00          1.60 2011   0.07  -0.07     0.00
  MONTH TO DATE    0.27                      0.79  -0.52     0.50
  SINCE DEC 1      1.55                      7.01  -5.46     5.86
  SINCE JAN 1      0.82                      3.66  -2.84     1.62

SNOWFALL (IN)
  TODAY            0.0
  MONTH TO DATE    0.0
  SINCE DEC 1      0.0
  SINCE JUL 1      0.0
  SNOW DEPTH       0

DEGREE DAYS
 HEATING
  TODAY            0                         0      0        0
  MONTH TO DATE    0                         0      0        0
  SINCE DEC 1      0                         0      0        0
  SINCE JUL 1      0                         0      0        0

 COOLING
  TODAY            5                         7     -2        7
  MONTH TO DATE   77                        77      0       79
  SINCE DEC 1    625                       553     72      520
  SINCE JAN 1    310                       294     16      260
..................................................................


WIND (MPH)
  HIGHEST WIND SPEED    24   HIGHEST WIND DIRECTION    NE (30)
  HIGHEST GUST SPEED    29   HIGHEST GUST DIRECTION    NE (30)
  AVERAGE WIND SPEED     7.7


SKY COVER
  POSSIBLE SUNSHINE  MM
  AVERAGE SKY COVER 0.2


WEATHER CONDITIONS
 THE FOLLOWING WEATHER WAS RECORDED TODAY.
  FOG
  HAZE


RELATIVE HUMIDITY (PERCENT)
 HIGHEST    90           400 AM
 LOWEST     47           100 PM
 AVERAGE    69

..........................................................


THE KAHULUI HI CLIMATE NORMALS FOR TOMORROW
                         NORMAL    RECORD    YEAR
 MAXIMUM TEMPERATURE (F)   81        89      1998
 MINIMUM TEMPERATURE (F)   63        52      1995
                                             1970


SUNRISE AND SUNSET
FEBRUARY 11 2016......SUNRISE   658 AM HST   SUNSET   622 PM HST
FEBRUARY 12 2016......SUNRISE   658 AM HST   SUNSET   622 PM HST


-  INDICATES NEGATIVE NUMBERS.
R  INDICATES RECORD WAS SET OR TIED.
MM INDICATES DATA IS MISSING.
T  INDICATES TRACE AMOUNT.




$$
