000
CDHW42 PHFO 230237
CLIOGG


CLIMATE REPORT
NATIONAL WEATHER SERVICE HONOLULU HI
427 PM HST FRI MAY 22 2015


...................................

...THE KAHULUI HI CLIMATE SUMMARY FOR MAY 22 2015...
VALID TODAY AS OF 0400 PM LOCAL TIME.

CLIMATE NORMAL PERIOD 1981 TO 2010
CLIMATE RECORD PERIOD 1946 TO 2015


WEATHER ITEM   OBSERVED TIME   RECORD YEAR NORMAL DEPARTURE LAST
                VALUE   (LST)  VALUE       VALUE  FROM      YEAR
                                                  NORMAL
..................................................................
TEMPERATURE (F)
 TODAY
  MAXIMUM         85    107 PM  94    1953  85      0       92
  MINIMUM         63    536 AM  59    1952  68     -5       68
  AVERAGE         74                        76     -2       80

PRECIPITATION (IN)
  TODAY            0.00          0.23 1959   0.01  -0.01     0.00
  MONTH TO DATE    0.47                      0.62  -0.15     1.01
  SINCE MAR 1     12.89                      4.62   8.27     7.29
  SINCE JAN 1     17.20                      9.38   7.82    13.94

SNOWFALL (IN)
  TODAY            0.0
  MONTH TO DATE    0.0
  SINCE MAR 1      0.0
  SINCE JUL 1      0.0
  SNOW DEPTH       0

DEGREE DAYS
 HEATING
  TODAY            0                         0      0        0
  MONTH TO DATE    0                         0      0        0
  SINCE MAR 1      0                         0      0        0
  SINCE JUL 1      0                         0      0        0

 COOLING
  TODAY            9                        11     -2       15
  MONTH TO DATE  248                       229     19      259
  SINCE MAR 1    825                       746     79      858
  SINCE JAN 1   1229                      1155     74     1369
..................................................................


WIND (MPH)
  HIGHEST WIND SPEED    14   HIGHEST WIND DIRECTION     N (360)
  HIGHEST GUST SPEED    18   HIGHEST GUST DIRECTION     N (360)
  AVERAGE WIND SPEED     5.8


SKY COVER
  POSSIBLE SUNSHINE  MM
  AVERAGE SKY COVER 0.2


WEATHER CONDITIONS
 THE FOLLOWING WEATHER WAS RECORDED TODAY.
  NO SIGNIFICANT WEATHER WAS OBSERVED.


RELATIVE HUMIDITY (PERCENT)
 HIGHEST    93           300 AM
 LOWEST     55          1100 AM
 AVERAGE    74

..........................................................


THE KAHULUI HI CLIMATE NORMALS FOR TOMORROW
                         NORMAL    RECORD    YEAR
 MAXIMUM TEMPERATURE (F)   85        92      1996
 MINIMUM TEMPERATURE (F)   68        60      1951


SUNRISE AND SUNSET
MAY 22 2015...........SUNRISE   546 AM HST   SUNSET   659 PM HST
MAY 23 2015...........SUNRISE   546 AM HST   SUNSET   700 PM HST


-  INDICATES NEGATIVE NUMBERS.
R  INDICATES RECORD WAS SET OR TIED.
MM INDICATES DATA IS MISSING.
T  INDICATES TRACE AMOUNT.




$$
