000
CDHW42 PHFO 011245
CLIOGG


CLIMATE REPORT
NATIONAL WEATHER SERVICE HONOLULU HI
245 AM HST WED JUL 1 2015


...................................

...THE KAHULUI HI CLIMATE SUMMARY FOR JUNE 30 2015...

CLIMATE NORMAL PERIOD 1981 TO 2010
CLIMATE RECORD PERIOD 1946 TO 2015


WEATHER ITEM   OBSERVED TIME   RECORD YEAR NORMAL DEPARTURE LAST
                VALUE   (LST)  VALUE       VALUE  FROM      YEAR
                                                  NORMAL
..................................................................
TEMPERATURE (F)
 YESTERDAY
  MAXIMUM         90    400 PM  91    1996  87      3       88
  MINIMUM         69    617 AM  60    1975  70     -1       72
  AVERAGE         80                        79      1       80

PRECIPITATION (IN)
  YESTERDAY        0.00          0.20 1967   0.01  -0.01     0.01
  MONTH TO DATE    0.10                      0.20  -0.10     0.29
  SINCE JUN 1      0.10                      0.20  -0.10     0.29
  SINCE JAN 1     19.06                      9.70   9.36    14.25

SNOWFALL (IN)
  YESTERDAY        0.0
  MONTH TO DATE    0.0
  SINCE JUN 1      0.0
  SINCE JUL 1      0.0
  SNOW DEPTH       0

DEGREE DAYS
 HEATING
  YESTERDAY        0                         0      0        0
  MONTH TO DATE    0                         0      0        0
  SINCE JUN 1      0                         0      0        0
  SINCE JUL 1      0                         0      0        0

 COOLING
  YESTERDAY       15                        14      1       15
  MONTH TO DATE  416                       388     28      419
  SINCE JUN 1    416                       388     28      419
  SINCE JAN 1   1743                      1647     96     1915
..................................................................


WIND (MPH)
  HIGHEST WIND SPEED    17   HIGHEST WIND DIRECTION    NE (30)
  HIGHEST GUST SPEED    21   HIGHEST GUST DIRECTION    NE (30)
  AVERAGE WIND SPEED     5.3


SKY COVER
  POSSIBLE SUNSHINE  MM
  AVERAGE SKY COVER 0.3


WEATHER CONDITIONS
 THE FOLLOWING WEATHER WAS RECORDED YESTERDAY.
  NO SIGNIFICANT WEATHER WAS OBSERVED.


RELATIVE HUMIDITY (PERCENT)
 HIGHEST    90           400 AM
 LOWEST     55          1200 PM
 AVERAGE    73

..........................................................


THE KAHULUI HI CLIMATE NORMALS FOR TODAY
                         NORMAL    RECORD    YEAR
 MAXIMUM TEMPERATURE (F)   87        91      1980
 MINIMUM TEMPERATURE (F)   71        60      1952


SUNRISE AND SUNSET
JULY  1 2015..........SUNRISE   548 AM HST   SUNSET   711 PM HST
JULY  2 2015..........SUNRISE   548 AM HST   SUNSET   711 PM HST


-  INDICATES NEGATIVE NUMBERS.
R  INDICATES RECORD WAS SET OR TIED.
MM INDICATES DATA IS MISSING.
T  INDICATES TRACE AMOUNT.




$$
