000
CDHW42 PHFO 240228
CLIOGG


CLIMATE REPORT
NATIONAL WEATHER SERVICE HONOLULU HI
428 PM HST SUN NOV 23 2014


...................................

...THE KAHULUI HI CLIMATE SUMMARY FOR NOVEMBER 23 2014...
VALID TODAY AS OF 0400 PM LOCAL TIME.

CLIMATE NORMAL PERIOD 1981 TO 2010
CLIMATE RECORD PERIOD 1946 TO 2014


WEATHER ITEM   OBSERVED TIME   RECORD YEAR NORMAL DEPARTURE LAST
                VALUE   (LST)  VALUE       VALUE  FROM      YEAR
                                                  NORMAL
..................................................................
TEMPERATURE (F)
 TODAY
  MAXIMUM         87    244 PM  89    1977  83      4       82
  MINIMUM         63    700 AM  58    1953  68     -5       69
  AVERAGE         75                        75      0       76

PRECIPITATION (IN)
  TODAY            0.00          1.66 1990   0.08  -0.08      T
  MONTH TO DATE    0.82                      1.54  -0.72     4.64
  SINCE SEP 1      2.42                      3.12  -0.70     4.93
  SINCE JAN 1     18.07                     13.82   4.25    13.59

SNOWFALL (IN)
  TODAY            0.0
  MONTH TO DATE    0.0
  SINCE SEP 1      0.0
  SINCE JUL 1      0.0
  SNOW DEPTH       0

DEGREE DAYS
 HEATING
  TODAY            0                         0      0        0
  MONTH TO DATE    0                         0      0        0
  SINCE SEP 1      0                         0      0        0
  SINCE JUL 1      0                         0      0        0

 COOLING
  TODAY           10                        10      0       11
  MONTH TO DATE  285                       261     24      260
  SINCE SEP 1   1233                      1095    138     1126
  SINCE JAN 1   4121                      3637    484     3913
..................................................................


WIND (MPH)
  HIGHEST WIND SPEED    10   HIGHEST WIND DIRECTION     N (350)
  HIGHEST GUST SPEED    15   HIGHEST GUST DIRECTION     N (350)
  AVERAGE WIND SPEED     4.9


SKY COVER
  POSSIBLE SUNSHINE  MM
  AVERAGE SKY COVER 0.2


WEATHER CONDITIONS
 THE FOLLOWING WEATHER WAS RECORDED TODAY.
  NO SIGNIFICANT WEATHER WAS OBSERVED.


RELATIVE HUMIDITY (PERCENT)
 HIGHEST    87           400 AM
 LOWEST     48           300 PM
 AVERAGE    68

..........................................................


THE KAHULUI HI CLIMATE NORMALS FOR TOMORROW
                         NORMAL    RECORD    YEAR
 MAXIMUM TEMPERATURE (F)   83        90      1984
 MINIMUM TEMPERATURE (F)   67        59      2013
                                             1972


SUNRISE AND SUNSET
NOVEMBER 23 2014......SUNRISE   641 AM HST   SUNSET   543 PM HST
NOVEMBER 24 2014......SUNRISE   642 AM HST   SUNSET   543 PM HST


-  INDICATES NEGATIVE NUMBERS.
R  INDICATES RECORD WAS SET OR TIED.
MM INDICATES DATA IS MISSING.
T  INDICATES TRACE AMOUNT.




$$
