000
CDHW42 PHFO 230246
CLIOGG


CLIMATE REPORT
NATIONAL WEATHER SERVICE HONOLULU HI
446 PM HST WED FEB 22 2017


...................................

...THE KAHULUI HI CLIMATE SUMMARY FOR FEBRUARY 22 2017...
VALID TODAY AS OF 0400 PM LOCAL TIME.

CLIMATE NORMAL PERIOD 1981 TO 2010
CLIMATE RECORD PERIOD 1946 TO 2017


WEATHER ITEM   OBSERVED TIME   RECORD YEAR NORMAL DEPARTURE LAST
                VALUE   (LST)  VALUE       VALUE  FROM      YEAR
                                                  NORMAL
..................................................................
TEMPERATURE (F)
 TODAY
  MAXIMUM         81   1245 PM  86    1977  81      0       81
                                      1974
                                      1952
  MINIMUM         69    708 AM  50    2009  63      6       63
  AVERAGE         75                        72      3       72

PRECIPITATION (IN)
  TODAY            0.01          5.56 1951   0.06  -0.05     0.00
  MONTH TO DATE    1.84                      1.49   0.35     0.94
  SINCE DEC 1      8.98                      7.71   1.27     2.22
  SINCE JAN 1      2.39                      4.36  -1.97     1.49

SNOWFALL (IN)
  TODAY            0.0
  MONTH TO DATE    0.0
  SINCE DEC 1      0.0
  SINCE JUL 1      0.0
  SNOW DEPTH       0

DEGREE DAYS
 HEATING
  TODAY            0                         0      0        0
  MONTH TO DATE    0                         0      0        0
  SINCE DEC 1      0                         0      0        0
  SINCE JUL 1      0                         0      0        0

 COOLING
  TODAY           10                         7      3        7
  MONTH TO DATE  201                       154     47      178
  SINCE DEC 1    723                       630     93      726
  SINCE JAN 1    428                       371     57      411
..................................................................


WIND (MPH)
  HIGHEST WIND SPEED    30   HIGHEST WIND DIRECTION    NE (50)
  HIGHEST GUST SPEED    38   HIGHEST GUST DIRECTION    NE (50)
  AVERAGE WIND SPEED    16.4


SKY COVER
  POSSIBLE SUNSHINE  MM
  AVERAGE SKY COVER 0.3


WEATHER CONDITIONS
 THE FOLLOWING WEATHER WAS RECORDED TODAY.
  LIGHT RAIN


RELATIVE HUMIDITY (PERCENT)
 HIGHEST    68           400 AM
 LOWEST     48          1100 AM
 AVERAGE    58

..........................................................


THE KAHULUI HI CLIMATE NORMALS FOR TOMORROW
                         NORMAL    RECORD    YEAR
 MAXIMUM TEMPERATURE (F)   81        89      1953
 MINIMUM TEMPERATURE (F)   63        51      2009


SUNRISE AND SUNSET
FEBRUARY 22 2017......SUNRISE   651 AM HST   SUNSET   628 PM HST
FEBRUARY 23 2017......SUNRISE   650 AM HST   SUNSET   628 PM HST


-  INDICATES NEGATIVE NUMBERS.
R  INDICATES RECORD WAS SET OR TIED.
MM INDICATES DATA IS MISSING.
T  INDICATES TRACE AMOUNT.




$$
