000
CDHW42 PHFO 271245
CLIOGG


CLIMATE REPORT
NATIONAL WEATHER SERVICE HONOLULU HI
245 AM HST MON JUL 27 2015


...................................

...THE KAHULUI HI CLIMATE SUMMARY FOR JULY 26 2015...

CLIMATE NORMAL PERIOD 1981 TO 2010
CLIMATE RECORD PERIOD 1946 TO 2015


WEATHER ITEM   OBSERVED TIME   RECORD YEAR NORMAL DEPARTURE LAST
                VALUE   (LST)  VALUE       VALUE  FROM      YEAR
                                                  NORMAL
..................................................................
TEMPERATURE (F)
 YESTERDAY
  MAXIMUM         94R   244 PM  92    1969  88      6       88
                                      1951
  MINIMUM         70    628 AM  62    1970  72     -2       70
  AVERAGE         82                        80      2       79

PRECIPITATION (IN)
  YESTERDAY        0.00          0.44 2002   0.01  -0.01     0.01
  MONTH TO DATE    0.83                      0.40   0.43     0.87
  SINCE JUN 1      0.93                      0.60   0.33     1.16
  SINCE JAN 1     19.89                     10.10   9.79    15.12

SNOWFALL (IN)
  YESTERDAY        0.0
  MONTH TO DATE    0.0
  SINCE JUN 1      0.0
  SINCE JUL 1      0.0
  SNOW DEPTH       0

DEGREE DAYS
 HEATING
  YESTERDAY        0                         0      0        0
  MONTH TO DATE    0                         0      0        0
  SINCE JUN 1      0                         0      0        0
  SINCE JUL 1      0                         0      0        0

 COOLING
  YESTERDAY       17                        14      3       14
  MONTH TO DATE  438                       364     74      407
  SINCE JUN 1    854                       752    102      826
  SINCE JAN 1   2181                      2011    170     2322
..................................................................


WIND (MPH)
  HIGHEST WIND SPEED    24   HIGHEST WIND DIRECTION    NE (40)
  HIGHEST GUST SPEED    29   HIGHEST GUST DIRECTION    NE (50)
  AVERAGE WIND SPEED     8.8


SKY COVER
  POSSIBLE SUNSHINE  MM
  AVERAGE SKY COVER 0.2


WEATHER CONDITIONS
 THE FOLLOWING WEATHER WAS RECORDED YESTERDAY.
  NO SIGNIFICANT WEATHER WAS OBSERVED.


RELATIVE HUMIDITY (PERCENT)
 HIGHEST    90           400 AM
 LOWEST     49           100 PM
 AVERAGE    70

..........................................................


THE KAHULUI HI CLIMATE NORMALS FOR TODAY
                         NORMAL    RECORD    YEAR
 MAXIMUM TEMPERATURE (F)   88        96      1951
 MINIMUM TEMPERATURE (F)   72        59      1971


SUNRISE AND SUNSET
JULY 27 2015..........SUNRISE   558 AM HST   SUNSET   706 PM HST
JULY 28 2015..........SUNRISE   558 AM HST   SUNSET   706 PM HST


-  INDICATES NEGATIVE NUMBERS.
R  INDICATES RECORD WAS SET OR TIED.
MM INDICATES DATA IS MISSING.
T  INDICATES TRACE AMOUNT.




$$
