000
CDHW42 PHFO 220233
CLIOGG


CLIMATE REPORT
NATIONAL WEATHER SERVICE HONOLULU HI
433 PM HST MON AUG 21 2017


...................................

...THE KAHULUI HI CLIMATE SUMMARY FOR AUGUST 21 2017...
VALID TODAY AS OF 0400 PM LOCAL TIME.

CLIMATE NORMAL PERIOD 1981 TO 2010
CLIMATE RECORD PERIOD 1946 TO 2017


WEATHER ITEM   OBSERVED TIME   RECORD YEAR NORMAL DEPARTURE LAST
                VALUE   (LST)  VALUE       VALUE  FROM      YEAR
                                                  NORMAL
..................................................................
TEMPERATURE (F)
 TODAY
  MAXIMUM         92   1247 PM  94    1951  88      4       88
  MINIMUM         76    630 AM  61    2005  71      5       69
  AVERAGE         84                        80      4       79

PRECIPITATION (IN)
  TODAY            T             0.80 1978   0.01  -0.01     0.00
  MONTH TO DATE    0.24                      0.36  -0.12     0.30
  SINCE JUN 1      0.61                      1.06  -0.45     1.82
  SINCE JAN 1     15.08                     10.56   4.52     9.55

SNOWFALL (IN)
  TODAY            0.0
  MONTH TO DATE    0.0
  SINCE JUN 1      0.0
  SINCE JUL 1      0.0
  SNOW DEPTH      MM

DEGREE DAYS
 HEATING
  TODAY            0                         0      0        0
  MONTH TO DATE    0                         0      0        0
  SINCE JUN 1      0                         0      0        0
  SINCE JUL 1      0                         0      0        0

 COOLING
  TODAY           19                        15      4       14
  MONTH TO DATE  339                       315     24      328
  SINCE JUN 1   1242                      1142    100     1241
  SINCE JAN 1   2605                      2401    204     2730
..................................................................


WIND (MPH)
  HIGHEST WIND SPEED    26   HIGHEST WIND DIRECTION    NE (60)
  HIGHEST GUST SPEED    35   HIGHEST GUST DIRECTION    NE (60)
  AVERAGE WIND SPEED    MM


SKY COVER
  POSSIBLE SUNSHINE  MM
  AVERAGE SKY COVER  MM


WEATHER CONDITIONS
 THE FOLLOWING WEATHER WAS RECORDED TODAY.
  NO SIGNIFICANT WEATHER WAS OBSERVED.


RELATIVE HUMIDITY (PERCENT)
 HIGHEST    MM
 LOWEST     MM
 AVERAGE    MM

..........................................................


THE KAHULUI HI CLIMATE NORMALS FOR TOMORROW
                         NORMAL    RECORD    YEAR
 MAXIMUM TEMPERATURE (F)   88        97      2015
 MINIMUM TEMPERATURE (F)   71        61      1976


SUNRISE AND SUNSET
AUGUST 21 2017........SUNRISE   607 AM HST   SUNSET   650 PM HST
AUGUST 22 2017........SUNRISE   607 AM HST   SUNSET   650 PM HST


-  INDICATES NEGATIVE NUMBERS.
R  INDICATES RECORD WAS SET OR TIED.
MM INDICATES DATA IS MISSING.
T  INDICATES TRACE AMOUNT.




$$
