000
CDHW42 PHFO 290232
CLIOGG


CLIMATE REPORT
NATIONAL WEATHER SERVICE HONOLULU HI
429 PM HST WED JUN 28 2017


...................................

...THE KAHULUI HI CLIMATE SUMMARY FOR JUNE 28 2017...
VALID TODAY AS OF 0400 PM LOCAL TIME.

CLIMATE NORMAL PERIOD 1981 TO 2010
CLIMATE RECORD PERIOD 1946 TO 2017


WEATHER ITEM   OBSERVED TIME   RECORD YEAR NORMAL DEPARTURE LAST
                VALUE   (LST)  VALUE       VALUE  FROM      YEAR
                                                  NORMAL
..................................................................
TEMPERATURE (F)
 TODAY
  MAXIMUM         89    256 PM  92    1969  87      2       90
  MINIMUM         75   1216 AM  63    1985  70      5       74
                                      1974
                                      1953
  AVERAGE         82                        79      3       82

PRECIPITATION (IN)
  TODAY            0.00          0.94 2016   0.01  -0.01    MM
  MONTH TO DATE    0.07                      0.18  -0.11     0.32
  SINCE JUN 1      0.07                      0.18  -0.11     0.32
  SINCE JAN 1     14.54                      9.68   4.86     8.05

SNOWFALL (IN)
  TODAY            0.0
  MONTH TO DATE    0.0
  SINCE JUN 1      0.0
  SINCE JUL 1      0.0
  SNOW DEPTH      MM

DEGREE DAYS
 HEATING
  TODAY            0                         0      0        0
  MONTH TO DATE    0                         0      0        0
  SINCE JUN 1      0                         0      0        0
  SINCE JUL 1      0                         0      0        0

 COOLING
  TODAY           17                        14      3       17
  MONTH TO DATE  411                       359     52      393
  SINCE JUN 1    411                       359     52      393
  SINCE JAN 1   1774                      1618    156     1882
..................................................................


WIND (MPH)
  HIGHEST WIND SPEED    32   HIGHEST WIND DIRECTION    NE (50)
  HIGHEST GUST SPEED    40   HIGHEST GUST DIRECTION    NE (40)
  AVERAGE WIND SPEED    MM


SKY COVER
  POSSIBLE SUNSHINE  MM
  AVERAGE SKY COVER  MM


WEATHER CONDITIONS
 THE FOLLOWING WEATHER WAS RECORDED TODAY.
  NO SIGNIFICANT WEATHER WAS OBSERVED.


RELATIVE HUMIDITY (PERCENT)
 HIGHEST    MM
 LOWEST     MM
 AVERAGE    MM

..........................................................


THE KAHULUI HI CLIMATE NORMALS FOR TOMORROW
                         NORMAL    RECORD    YEAR
 MAXIMUM TEMPERATURE (F)   87        93      1980
 MINIMUM TEMPERATURE (F)   70        61      1971


SUNRISE AND SUNSET
JUNE 28 2017..........SUNRISE   547 AM HST   SUNSET   711 PM HST
JUNE 29 2017..........SUNRISE   548 AM HST   SUNSET   711 PM HST


-  INDICATES NEGATIVE NUMBERS.
R  INDICATES RECORD WAS SET OR TIED.
MM INDICATES DATA IS MISSING.
T  INDICATES TRACE AMOUNT.




$$
