000
CDUS43 KEAX 260635
CLIOJC


CLIMATE REPORT
NATIONAL WEATHER SERVICE KANSAS CITY/PLEASANT HILL MO
135 AM CDT FRI AUG 26 2016


...................................

...THE JOHNSON COUNTY EXECUTIVE KS CLIMATE SUMMARY FOR AUGUST 25 2016...

CLIMATE NORMAL PERIOD 1981 TO 2010
CLIMATE RECORD PERIOD 9999 TO 9999


WEATHER ITEM   OBSERVED TIME   NORMAL DEPARTURE LAST
                VALUE   (LST)  VALUE  FROM      YEAR
                                      NORMAL
......................................................
TEMPERATURE (F)
 YESTERDAY
  MAXIMUM         83    413 PM  86     -3       83
  MINIMUM         68    726 AM  66      2       56
  AVERAGE         76            76      0       70

PRECIPITATION (IN)
  YESTERDAY        0.49          0.16   0.33     0.00
  MONTH TO DATE    4.37          2.86   1.51     1.82
  SINCE JUN 1     10.37         12.36  -1.99    15.08
  SINCE JAN 1     25.77         27.10  -1.33    31.30

DEGREE DAYS
 HEATING
  YESTERDAY        0             0      0        0
  MONTH TO DATE    0             0      0        1
  SINCE JUN 1      0             8     -8        6
  SINCE JUL 1      0             0      0        2

 COOLING
  YESTERDAY       11            11      0        5
  MONTH TO DATE  303           331    -28      257
  SINCE JUN 1   1107           999    108      996
  SINCE JAN 1   1161          1103     58     1073
......................................................


WIND (MPH)
  HIGHEST WIND SPEED    15   HIGHEST WIND DIRECTION    NE (50)
  HIGHEST GUST SPEED    19   HIGHEST GUST DIRECTION    NE (50)
  AVERAGE WIND SPEED     6.5


SKY COVER
  AVERAGE SKY COVER 0.7


WEATHER CONDITIONS
 THE FOLLOWING WEATHER WAS RECORDED YESTERDAY.
  THUNDERSTORM
  HEAVY RAIN
  RAIN
  LIGHT RAIN
  FOG
  FOG W/VISIBILITY <= 1/4 MILE


RELATIVE HUMIDITY (PERCENT)
 HIGHEST   100           300 AM
 LOWEST     65           300 PM
 AVERAGE    83

..........................................................


THE JOHNSON COUNTY EXECUTIVE KS CLIMATE NORMALS FOR TODAY
                         NORMAL
 MAXIMUM TEMPERATURE (F)   86
 MINIMUM TEMPERATURE (F)   66


SUNRISE AND SUNSET
AUGUST 26 2016........SUNRISE   643 AM CDT   SUNSET   757 PM CDT
AUGUST 27 2016........SUNRISE   644 AM CDT   SUNSET   756 PM CDT


-  INDICATES NEGATIVE NUMBERS.
R  INDICATES RECORD WAS SET OR TIED.
MM INDICATES DATA IS MISSING.
T  INDICATES TRACE AMOUNT.




$$
