000
CDUS43 KEAX 202125
CLIOJC


CLIMATE REPORT
NATIONAL WEATHER SERVICE KANSAS CITY/PLEASANT HILL MO
424 PM CDT SUN APR 20 2014


...................................

...THE JOHNSON COUNTY EXECUTIVE KS CLIMATE SUMMARY FOR APRIL 20 2014...
VALID AS OF 0400 PM LOCAL TIME.

CLIMATE NORMAL PERIOD 1981 TO 2010
CLIMATE RECORD PERIOD 9999 TO 9999


WEATHER ITEM   OBSERVED TIME   NORMAL DEPARTURE LAST
                VALUE   (LST)  VALUE  FROM      YEAR
                                      NORMAL
......................................................
TEMPERATURE (F)
 TODAY
  MAXIMUM         76    252 PM  67      9       56
  MINIMUM         53    556 AM  47      6       31
  AVERAGE         65            56      9       44

PRECIPITATION (IN)
  TODAY            0.00          0.15  -0.15     0.00
  MONTH TO DATE    1.76          2.33  -0.57     2.56
  SINCE MAR 1      2.55          4.96  -2.41     3.85
  SINCE JAN 1      3.04          7.65  -4.61     7.76

DEGREE DAYS
 HEATING
  TODAY            0             9     -9       21
  MONTH TO DATE  273           239     34      335
  SINCE MAR 1   1029           863    166     1160
  SINCE JUL 1   5510          4756    754     4813

 COOLING
  TODAY            0             1     -1        0
  MONTH TO DATE    3            12     -9        0
  SINCE MAR 1      3            13    -10        0
  SINCE JAN 1      3            13    -10        1
......................................................


WIND (MPH)
  HIGHEST WIND SPEED    20   HIGHEST WIND DIRECTION     S (190)
  HIGHEST GUST SPEED    26   HIGHEST GUST DIRECTION     S (180)
  AVERAGE WIND SPEED     8.9


SKY COVER
  AVERAGE SKY COVER 0.1


WEATHER CONDITIONS
 THE FOLLOWING WEATHER WAS RECORDED TODAY.
  NO SIGNIFICANT WEATHER WAS OBSERVED.


RELATIVE HUMIDITY (PERCENT)
 HIGHEST    71           400 AM
 LOWEST     43           100 PM
 AVERAGE    57

..........................................................


THE JOHNSON COUNTY EXECUTIVE KS CLIMATE NORMALS FOR TOMORROW
                         NORMAL
 MAXIMUM TEMPERATURE (F)   67
 MINIMUM TEMPERATURE (F)   47


SUNRISE AND SUNSET
APRIL 20 2014.........SUNRISE   635 AM CDT   SUNSET   801 PM CDT
APRIL 21 2014.........SUNRISE   634 AM CDT   SUNSET   802 PM CDT


-  INDICATES NEGATIVE NUMBERS.
R  INDICATES RECORD WAS SET OR TIED.
MM INDICATES DATA IS MISSING.
T  INDICATES TRACE AMOUNT.




$$
