000
CDUS43 KEAX 240635
CLIOJC


CLIMATE REPORT
NATIONAL WEATHER SERVICE KANSAS CITY/PLEASANT HILL MO
133 AM CDT SUN MAY 24 2015


...................................

...THE JOHNSON COUNTY EXECUTIVE KS CLIMATE SUMMARY FOR MAY 23 2015...

CLIMATE NORMAL PERIOD 1981 TO 2010
CLIMATE RECORD PERIOD 9999 TO 9999


WEATHER ITEM   OBSERVED TIME   NORMAL DEPARTURE LAST
                VALUE   (LST)  VALUE  FROM      YEAR
                                      NORMAL
......................................................
TEMPERATURE (F)
 YESTERDAY
  MAXIMUM         66    425 PM  77    -11       79
  MINIMUM         56    512 AM  57     -1       58
  AVERAGE         61            67     -6       69

PRECIPITATION (IN)
  YESTERDAY        1.68          0.17   1.51     0.01
  MONTH TO DATE    8.94          4.10   4.84     0.40
  SINCE MAR 1     12.97         10.72   2.25     6.12
  SINCE JAN 1     14.56         13.41   1.15     6.61

DEGREE DAYS
 HEATING
  YESTERDAY        4             2      2        0
  MONTH TO DATE   78            83     -5      113
  SINCE MAR 1    835          1021   -186     1211
  SINCE JUL 1   4870          4914    -44     5692

 COOLING
  YESTERDAY        0             4     -4        4
  MONTH TO DATE   48            48      0       83
  SINCE MAR 1     57            66     -9       88
  SINCE JAN 1     57            66     -9       88
......................................................


WIND (MPH)
  HIGHEST WIND SPEED    16   HIGHEST WIND DIRECTION     E (90)
  HIGHEST GUST SPEED    23   HIGHEST GUST DIRECTION     E (110)
  AVERAGE WIND SPEED     9.5


SKY COVER
  AVERAGE SKY COVER 1.0


WEATHER CONDITIONS
 THE FOLLOWING WEATHER WAS RECORDED YESTERDAY.
  THUNDERSTORM
  HEAVY RAIN
  RAIN
  LIGHT RAIN
  FOG


RELATIVE HUMIDITY (PERCENT)
 HIGHEST    93           900 AM
 LOWEST     72           100 AM
 AVERAGE    83

..........................................................


THE JOHNSON COUNTY EXECUTIVE KS CLIMATE NORMALS FOR TODAY
                         NORMAL
 MAXIMUM TEMPERATURE (F)   77
 MINIMUM TEMPERATURE (F)   58


SUNRISE AND SUNSET
MAY 24 2015...........SUNRISE   600 AM CDT   SUNSET   832 PM CDT
MAY 25 2015...........SUNRISE   559 AM CDT   SUNSET   833 PM CDT


-  INDICATES NEGATIVE NUMBERS.
R  INDICATES RECORD WAS SET OR TIED.
MM INDICATES DATA IS MISSING.
T  INDICATES TRACE AMOUNT.




$$
