000
CDUS43 KEAX 260634
CLIOJC


CLIMATE REPORT
NATIONAL WEATHER SERVICE KANSAS CITY/PLEASANT HILL MO
132 AM CDT MON JUN 26 2017


...................................

...THE JOHNSON COUNTY EXECUTIVE KS CLIMATE SUMMARY FOR JUNE 25 2017...

CLIMATE NORMAL PERIOD 1981 TO 2010
CLIMATE RECORD PERIOD 9999 TO 9999


WEATHER ITEM   OBSERVED TIME   NORMAL DEPARTURE LAST
                VALUE   (LST)  VALUE  FROM      YEAR
                                      NORMAL
......................................................
TEMPERATURE (F)
 YESTERDAY
  MAXIMUM         79   1259 PM  85     -6       92
  MINIMUM         57   1057 PM  66     -9       74
  AVERAGE         68            76     -8       83

PRECIPITATION (IN)
  YESTERDAY        T             0.14  -0.14      T
  MONTH TO DATE    2.21          5.11  -2.90     0.59
  SINCE JUN 1      2.21          5.11  -2.90     0.59
  SINCE JAN 1     15.57         19.85  -4.28    15.99

DEGREE DAYS
 HEATING
  YESTERDAY        0             0      0        0
  MONTH TO DATE    0             6     -6        0
  SINCE JUN 1      0             6     -6        0
  SINCE JUL 1   4018          4932   -914     4139

 COOLING
  YESTERDAY        3            11     -8       18
  MONTH TO DATE  235           202     33      327
  SINCE JUN 1    235           202     33      327
  SINCE JAN 1    331           306     25      381
......................................................


WIND (MPH)
  HIGHEST WIND SPEED    15   HIGHEST WIND DIRECTION    NW (300)
  HIGHEST GUST SPEED    21   HIGHEST GUST DIRECTION    NW (310)
  AVERAGE WIND SPEED     6.4


SKY COVER
  AVERAGE SKY COVER 0.3


WEATHER CONDITIONS
 THE FOLLOWING WEATHER WAS RECORDED YESTERDAY.
  NO SIGNIFICANT WEATHER WAS OBSERVED.


RELATIVE HUMIDITY (PERCENT)
 HIGHEST    86          1000 PM
 LOWEST     35           100 PM
 AVERAGE    61

..........................................................


THE JOHNSON COUNTY EXECUTIVE KS CLIMATE NORMALS FOR TODAY
                         NORMAL
 MAXIMUM TEMPERATURE (F)   85
 MINIMUM TEMPERATURE (F)   66


SUNRISE AND SUNSET
JUNE 26 2017..........SUNRISE   555 AM CDT   SUNSET   848 PM CDT
JUNE 27 2017..........SUNRISE   556 AM CDT   SUNSET   848 PM CDT


-  INDICATES NEGATIVE NUMBERS.
R  INDICATES RECORD WAS SET OR TIED.
MM INDICATES DATA IS MISSING.
T  INDICATES TRACE AMOUNT.




$$
