000
CDUS43 KEAX 262223
CLIOJC


CLIMATE REPORT
NATIONAL WEATHER SERVICE KANSAS CITY/PLEASANT HILL MO
422 PM CST WED NOV 26 2014


...................................

...THE JOHNSON COUNTY EXECUTIVE KS CLIMATE SUMMARY FOR NOVEMBER 26 2014...
VALID AS OF 0400 PM LOCAL TIME.

CLIMATE NORMAL PERIOD 1981 TO 2010
CLIMATE RECORD PERIOD 9999 TO 9999


WEATHER ITEM   OBSERVED TIME   NORMAL DEPARTURE LAST
                VALUE   (LST)  VALUE  FROM      YEAR
                                      NORMAL
......................................................
TEMPERATURE (F)
 TODAY
  MAXIMUM         42   1257 PM  48     -6       37
  MINIMUM         34    416 AM  30      4       21
  AVERAGE         38            39     -1       29

PRECIPITATION (IN)
  TODAY            0.05          0.08  -0.03     0.00
  MONTH TO DATE    0.48          2.22  -1.74     1.31
  SINCE SEP 1      8.25         10.17  -1.92     9.68
  SINCE JAN 1     30.20         38.13  -7.93    36.19

DEGREE DAYS
 HEATING
  TODAY           27            26      1       36
  MONTH TO DATE  704           522    182      588
  SINCE SEP 1    967           846    121      936
  SINCE JUL 1    968           847    121      936

 COOLING
  TODAY            0             0      0        0
  MONTH TO DATE    0             0      0        0
  SINCE SEP 1    148           184    -36      247
  SINCE JAN 1   1237          1349   -112     1360
......................................................


WIND (MPH)
  HIGHEST WIND SPEED    25   HIGHEST WIND DIRECTION    NW (310)
  HIGHEST GUST SPEED    35   HIGHEST GUST DIRECTION    NW (320)
  AVERAGE WIND SPEED    13.2


SKY COVER
  AVERAGE SKY COVER 0.9


WEATHER CONDITIONS
 THE FOLLOWING WEATHER WAS RECORDED TODAY.
  LIGHT RAIN
  LIGHT SNOW
  FOG


RELATIVE HUMIDITY (PERCENT)
 HIGHEST    92           700 AM
 LOWEST     52          1200 AM
 AVERAGE    72

..........................................................


THE JOHNSON COUNTY EXECUTIVE KS CLIMATE NORMALS FOR TOMORROW
                         NORMAL
 MAXIMUM TEMPERATURE (F)   48
 MINIMUM TEMPERATURE (F)   29


SUNRISE AND SUNSET
NOVEMBER 26 2014......SUNRISE   713 AM CST   SUNSET   459 PM CST
NOVEMBER 27 2014......SUNRISE   714 AM CST   SUNSET   459 PM CST


-  INDICATES NEGATIVE NUMBERS.
R  INDICATES RECORD WAS SET OR TIED.
MM INDICATES DATA IS MISSING.
T  INDICATES TRACE AMOUNT.




$$
