000
CDUS43 KEAX 260030
CLIOJC


CLIMATE REPORT
NATIONAL WEATHER SERVICE KANSAS CITY/PLEASANT HILL MO
730 PM CDT SUN SEP 25 2016


...................................

...THE JOHNSON COUNTY EXECUTIVE KS CLIMATE SUMMARY FOR SEPTEMBER 25 2016...
VALID TODAY AS OF 0700 PM LOCAL TIME.

CLIMATE NORMAL PERIOD 1981 TO 2010
CLIMATE RECORD PERIOD 9999 TO 9999


WEATHER ITEM   OBSERVED TIME   NORMAL DEPARTURE LAST
                VALUE   (LST)  VALUE  FROM      YEAR
                                      NORMAL
......................................................
TEMPERATURE (F)
 TODAY
  MAXIMUM         69   1039 AM  75     -6       82
  MINIMUM         60    132 PM  55      5       63
  AVERAGE         65            65      0       73

PRECIPITATION (IN)
  TODAY            0.49          0.13   0.36     0.00
  MONTH TO DATE    3.37          3.89  -0.52     2.67
  SINCE SEP 1      3.37          3.89  -0.52     2.67
  SINCE JAN 1     33.25         31.85   1.40    36.06

DEGREE DAYS
 HEATING
  TODAY            0             3     -3        0
  MONTH TO DATE    2            27    -25       13
  SINCE SEP 1      2            27    -25       13
  SINCE JUL 1      2            28    -26       15

 COOLING
  TODAY            0             3     -3        8
  MONTH TO DATE  194           143     51      201
  SINCE SEP 1    194           143     51      201
  SINCE JAN 1   1413          1308    105     1319
......................................................


WIND (MPH)
  HIGHEST WIND SPEED    16   HIGHEST WIND DIRECTION     N (360)
  HIGHEST GUST SPEED    22   HIGHEST GUST DIRECTION     N (350)
  AVERAGE WIND SPEED     5.7


SKY COVER
  AVERAGE SKY COVER 0.7


WEATHER CONDITIONS
 THE FOLLOWING WEATHER WAS RECORDED TODAY.
  RAIN
  LIGHT RAIN
  FOG


RELATIVE HUMIDITY (PERCENT)
 HIGHEST   100           300 AM
 LOWEST     72           300 PM
 AVERAGE    86

..........................................................


THE JOHNSON COUNTY EXECUTIVE KS CLIMATE NORMALS FOR TOMORROW
                         NORMAL
 MAXIMUM TEMPERATURE (F)   75
 MINIMUM TEMPERATURE (F)   54


SUNRISE AND SUNSET
SEPTEMBER 25 2016.....SUNRISE   710 AM CDT   SUNSET   710 PM CDT
SEPTEMBER 26 2016.....SUNRISE   711 AM CDT   SUNSET   709 PM CDT


-  INDICATES NEGATIVE NUMBERS.
R  INDICATES RECORD WAS SET OR TIED.
MM INDICATES DATA IS MISSING.
T  INDICATES TRACE AMOUNT.




$$
