000
CDUS43 KEAX 180636
CLIOJC


CLIMATE REPORT
NATIONAL WEATHER SERVICE KANSAS CITY/PLEASANT HILL MO
135 AM CDT WED OCT 18 2017


...................................

...THE JOHNSON COUNTY EXECUTIVE KS CLIMATE SUMMARY FOR OCTOBER 17 2017...

CLIMATE NORMAL PERIOD 1981 TO 2010
CLIMATE RECORD PERIOD 9999 TO 9999


WEATHER ITEM   OBSERVED TIME   NORMAL DEPARTURE LAST
                VALUE   (LST)  VALUE  FROM      YEAR
                                      NORMAL
......................................................
TEMPERATURE (F)
 YESTERDAY
  MAXIMUM         70    252 PM  67      3       85
  MINIMUM         44    703 AM  47     -3       71
  AVERAGE         57            57      0       78

PRECIPITATION (IN)
  YESTERDAY        0.00          0.12  -0.12     0.00
  MONTH TO DATE    2.01          2.08  -0.07     1.67
  SINCE SEP 1      4.22          6.59  -2.37     5.04
  SINCE JAN 1     42.82         34.55   8.27    34.92

DEGREE DAYS
 HEATING
  YESTERDAY        8             9     -1        0
  MONTH TO DATE   69           115    -46       74
  SINCE SEP 1     83           163    -80       94
  SINCE JUL 1     86           164    -78       94

 COOLING
  YESTERDAY        0             1     -1       13
  MONTH TO DATE   43            24     19       32
  SINCE SEP 1    229           180     49      226
  SINCE JAN 1   1236          1345   -109     1445
......................................................


WIND (MPH)
  HIGHEST WIND SPEED    20   HIGHEST WIND DIRECTION     S (180)
  HIGHEST GUST SPEED    27   HIGHEST GUST DIRECTION     S (200)
  AVERAGE WIND SPEED    10.0


SKY COVER
  AVERAGE SKY COVER 0.0


WEATHER CONDITIONS
 THE FOLLOWING WEATHER WAS RECORDED YESTERDAY.
  NO SIGNIFICANT WEATHER WAS OBSERVED.


RELATIVE HUMIDITY (PERCENT)
 HIGHEST    83           500 AM
 LOWEST     40           200 PM
 AVERAGE    62

..........................................................


THE JOHNSON COUNTY EXECUTIVE KS CLIMATE NORMALS FOR TODAY
                         NORMAL
 MAXIMUM TEMPERATURE (F)   66
 MINIMUM TEMPERATURE (F)   47


SUNRISE AND SUNSET
OCTOBER 18 2017.......SUNRISE   732 AM CDT   SUNSET   636 PM CDT
OCTOBER 19 2017.......SUNRISE   733 AM CDT   SUNSET   634 PM CDT


-  INDICATES NEGATIVE NUMBERS.
R  INDICATES RECORD WAS SET OR TIED.
MM INDICATES DATA IS MISSING.
T  INDICATES TRACE AMOUNT.




$$
