000
CDUS46 KSGX 261133
CLIOKB


CLIMATE REPORT
NATIONAL WEATHER SERVICE SAN DIEGO, CA
432 AM PDT TUE SEP 26 2017


...................................

...THE OCEANSIDE AIRPORT CA CLIMATE SUMMARY FOR SEPTEMBER 25 2017...

CLIMATE NORMAL PERIOD 1981 TO 2010
CLIMATE RECORD PERIOD 1999 TO 2017


WEATHER ITEM   OBSERVED TIME   RECORD YEAR NORMAL DEPARTURE LAST
                VALUE   (LST)  VALUE       VALUE  FROM      YEAR
                                                  NORMAL
..................................................................
TEMPERATURE (F)
 YESTERDAY
  MAXIMUM         85    951 AM  91    2016  76      9       91
  MINIMUM         48R   549 AM  50    2005  58    -10       52
  AVERAGE         67                        67      0       72

PRECIPITATION (IN)
  YESTERDAY        0.00          0.01 2010   0.01  -0.01     0.00
  MONTH TO DATE    T                         0.21  -0.21     0.24
  SINCE OCT 1     14.99                     13.63   1.36     7.36
  SINCE JAN 1      9.84                      9.75   0.09     5.19

DEGREE DAYS
 HEATING
  YESTERDAY        0                         1     -1        0
  MONTH TO DATE    9                         2      7       12
  SINCE SEP 1      9                         2      7       12
  SINCE JUL 1      9                         7      2       12

 COOLING
  YESTERDAY        2                         2      0        7
  MONTH TO DATE  144                        84     60       81
  SINCE SEP 1    144                        84     60       81
  SINCE JAN 1    663                       384    279      538
..................................................................


WIND (MPH)
  RESULTANT WIND SPEED   3   RESULTANT WIND DIRECTION   W (270)
  HIGHEST WIND SPEED    16   HIGHEST WIND DIRECTION     W (260)
  HIGHEST GUST SPEED    20   HIGHEST GUST DIRECTION     W (270)
  AVERAGE WIND SPEED     5.2


SKY COVER
  POSSIBLE SUNSHINE  MM
  AVERAGE SKY COVER 0.0


WEATHER CONDITIONS
 THE FOLLOWING WEATHER WAS RECORDED YESTERDAY.
  NO SIGNIFICANT WEATHER WAS OBSERVED.


RELATIVE HUMIDITY (PERCENT)
 HIGHEST    93          1000 PM
 LOWEST     16          1000 AM
 AVERAGE    55

..........................................................


THE OCEANSIDE AIRPORT CA CLIMATE NORMALS FOR TODAY
                         NORMAL    RECORD    YEAR
 MAXIMUM TEMPERATURE (F)   76       104      2016
 MINIMUM TEMPERATURE (F)   57        50      2007
                                             2005


SUNRISE AND SUNSET
SEPTEMBER 26 2017.....SUNRISE   640 AM PDT   SUNSET   640 PM PDT
SEPTEMBER 27 2017.....SUNRISE   641 AM PDT   SUNSET   639 PM PDT


-  INDICATES NEGATIVE NUMBERS.
R  INDICATES RECORD WAS SET OR TIED.
MM INDICATES DATA IS MISSING.
T  INDICATES TRACE AMOUNT.




$$
