000
CDUS46 KSGX 231145
CLIOKB


CLIMATE REPORT
NATIONAL WEATHER SERVICE SAN DIEGO, CA
445 AM PDT SUN APR 23 2017


...................................

...THE OCEANSIDE AIRPORT CA CLIMATE SUMMARY FOR APRIL 22 2017...

CLIMATE NORMAL PERIOD 1981 TO 2010
CLIMATE RECORD PERIOD 1999 TO 2017


WEATHER ITEM   OBSERVED TIME   RECORD YEAR NORMAL DEPARTURE LAST
                VALUE   (LST)  VALUE       VALUE  FROM      YEAR
                                                  NORMAL
..................................................................
TEMPERATURE (F)
 YESTERDAY
  MAXIMUM         82R  1221 PM  71    2016  69     13       71
  MINIMUM         50    519 AM  40    2002  50      0       51
  AVERAGE         66                        59      7       61

PRECIPITATION (IN)
  YESTERDAY        0.00          0.74 2010   0.03  -0.03     0.00
  MONTH TO DATE    0.02                      0.76  -0.74     0.46
  SINCE OCT 1     13.65                     12.57   1.08     6.58
  SINCE JAN 1      8.50                      8.69  -0.19     4.41

DEGREE DAYS
 HEATING
  YESTERDAY        0                         6     -6        4
  MONTH TO DATE   98                       153    -55       91
  SINCE MAR 1    311                       443   -132      312
  SINCE JUL 1   1326                      1851   -525     1480

 COOLING
  YESTERDAY        1                         0      1        0
  MONTH TO DATE    1                         0      1        4
  SINCE MAR 1      1                         1      0        4
  SINCE JAN 1      1                         1      0       10
..................................................................


WIND (MPH)
  RESULTANT WIND SPEED   4   RESULTANT WIND DIRECTION  SW (240)
  HIGHEST WIND SPEED    14   HIGHEST WIND DIRECTION    SW (240)
  HIGHEST GUST SPEED    18   HIGHEST GUST DIRECTION    SW (230)
  AVERAGE WIND SPEED     4.2


SKY COVER
  POSSIBLE SUNSHINE  MM
  AVERAGE SKY COVER 0.0


WEATHER CONDITIONS
 THE FOLLOWING WEATHER WAS RECORDED YESTERDAY.
  NO SIGNIFICANT WEATHER WAS OBSERVED.


RELATIVE HUMIDITY (PERCENT)
 HIGHEST   100           100 AM
 LOWEST     41           900 AM
 AVERAGE    71

..........................................................


THE OCEANSIDE AIRPORT CA CLIMATE NORMALS FOR TODAY
                         NORMAL    RECORD    YEAR
 MAXIMUM TEMPERATURE (F)   69        77      2004
 MINIMUM TEMPERATURE (F)   50        40      2010


SUNRISE AND SUNSET
APRIL 23 2017.........SUNRISE   610 AM PDT   SUNSET   726 PM PDT
APRIL 24 2017.........SUNRISE   609 AM PDT   SUNSET   727 PM PDT


-  INDICATES NEGATIVE NUMBERS.
R  INDICATES RECORD WAS SET OR TIED.
MM INDICATES DATA IS MISSING.
T  INDICATES TRACE AMOUNT.




$$
