000
CDUS46 KSGX 310016
CLIOKB


CLIMATE REPORT
NATIONAL WEATHER SERVICE SAN DIEGO, CA
516 PM PDT SAT AUG 30 2014


...................................

...THE OCEANSIDE AIRPORT CA CLIMATE SUMMARY FOR AUGUST 30 2014...
VALID TODAY AS OF 0500 PM LOCAL TIME.

CLIMATE NORMAL PERIOD 1981 TO 2010
CLIMATE RECORD PERIOD 1999 TO 2014


WEATHER ITEM   OBSERVED TIME   RECORD YEAR NORMAL DEPARTURE LAST
                VALUE   (LST)  VALUE       VALUE  FROM      YEAR
                                                  NORMAL
..................................................................
TEMPERATURE (F)
 TODAY
  MAXIMUM         81    109 PM  93    2013  77      4       93
  MINIMUM         63    223 AM  56    2010  61      2       70
                                      2009
  AVERAGE         72                        69      3       82

PRECIPITATION (IN)
  TODAY            0.00          0.00 2006   0.00   0.00     0.00
  MONTH TO DATE    0.14                      0.14   0.00      T
  SINCE JUL 1      0.14                      0.26  -0.12     0.01
  SINCE JAN 1      2.74                      9.53  -6.79     2.33

SNOWFALL (IN)
  TODAY            0.0
  MONTH TO DATE    0.0
  SINCE JAN 1      0.0
  SINCE JUL 1      0.0
  SNOW DEPTH       0

DEGREE DAYS
 HEATING
  TODAY            0                         0      0        0
  MONTH TO DATE    0                         0      0        0
  SINCE JUN 1      4                        30    -26        3
  SINCE JUL 1      0                         3     -3        0

 COOLING
  TODAY            7                         4      3       17
  MONTH TO DATE  217                       128     89      129
  SINCE JUN 1    407                       280    127      357
  SINCE JAN 1    499                       290    209      386
..................................................................


WIND (MPH)
  RESULTANT WIND SPEED   4   RESULTANT WIND DIRECTION   W (250)
  HIGHEST WIND SPEED    13   HIGHEST WIND DIRECTION    SW (230)
  HIGHEST GUST SPEED    16   HIGHEST GUST DIRECTION    SW (230)
  AVERAGE WIND SPEED     4.4


SKY COVER
  POSSIBLE SUNSHINE  MM
  AVERAGE SKY COVER 0.5


WEATHER CONDITIONS
 THE FOLLOWING WEATHER WAS RECORDED TODAY.
  FOG
  HAZE


RELATIVE HUMIDITY (PERCENT)
 HIGHEST    90          1200 AM
 LOWEST     58          1200 PM
 AVERAGE    74

..........................................................


THE OCEANSIDE AIRPORT CA CLIMATE NORMALS FOR TOMORROW
                         NORMAL    RECORD    YEAR
 MAXIMUM TEMPERATURE (F)   77        86      2013
                                             2007
 MINIMUM TEMPERATURE (F)   61        51      2010


SUNRISE AND SUNSET
AUGUST 30 2014........SUNRISE   622 AM PDT   SUNSET   717 PM PDT
AUGUST 31 2014........SUNRISE   623 AM PDT   SUNSET   716 PM PDT


-  INDICATES NEGATIVE NUMBERS.
R  INDICATES RECORD WAS SET OR TIED.
MM INDICATES DATA IS MISSING.
T  INDICATES TRACE AMOUNT.




$$
