000
CDUS46 KSGX 251232
CLIOKB


CLIMATE REPORT
NATIONAL WEATHER SERVICE SAN DIEGO, CA
432 AM PST SUN FEB 25 2018


...................................

...THE OCEANSIDE AIRPORT CA CLIMATE SUMMARY FOR FEBRUARY 24 2018...

CLIMATE NORMAL PERIOD 1981 TO 2010
CLIMATE RECORD PERIOD 1999 TO 2018


WEATHER ITEM   OBSERVED TIME   RECORD YEAR NORMAL DEPARTURE LAST
                VALUE   (LST)  VALUE       VALUE  FROM      YEAR
                                                  NORMAL
..................................................................
TEMPERATURE (F)
 YESTERDAY
  MAXIMUM         63   1219 PM  80    2016  65     -2       62
  MINIMUM         32R   615 AM  36    2001  44    -12       38
  AVERAGE         48                        54     -6       50

PRECIPITATION (IN)
  YESTERDAY        0.00          0.38 2008   0.14  -0.14     0.00
  MONTH TO DATE    0.04                      2.60  -2.56     2.57
  SINCE OCT 1      2.71                      9.13  -6.42    11.98
  SINCE JAN 1      2.67                      5.25  -2.58     6.83

DEGREE DAYS
 HEATING
  YESTERDAY       17                        11      6       15
  MONTH TO DATE  255                       264     -9      191
  SINCE DEC 1    728                      1019   -291      778
  SINCE JUL 1    897                      1369   -472      964

 COOLING
  YESTERDAY        0                         0      0        0
  MONTH TO DATE    0                         0      0        0
  SINCE DEC 1      5                         0      5        0
  SINCE JAN 1      3                         0      3        0
..................................................................


WIND (MPH)
  RESULTANT WIND SPEED   3   RESULTANT WIND DIRECTION  NW (300)
  HIGHEST WIND SPEED    18   HIGHEST WIND DIRECTION     W (270)
  HIGHEST GUST SPEED    24   HIGHEST GUST DIRECTION     W (270)
  AVERAGE WIND SPEED     5.6


SKY COVER
  POSSIBLE SUNSHINE  MM
  AVERAGE SKY COVER 0.0


WEATHER CONDITIONS
 THE FOLLOWING WEATHER WAS RECORDED YESTERDAY.
  NO SIGNIFICANT WEATHER WAS OBSERVED.


RELATIVE HUMIDITY (PERCENT)
 HIGHEST    82           200 AM
 LOWEST     17          1100 AM
 AVERAGE    50

..........................................................


THE OCEANSIDE AIRPORT CA CLIMATE NORMALS FOR TODAY
                         NORMAL    RECORD    YEAR
 MAXIMUM TEMPERATURE (F)   65        79      2016
                                             2005
 MINIMUM TEMPERATURE (F)   44        32      2013


SUNRISE AND SUNSET
FEBRUARY 25 2018......SUNRISE   622 AM PST   SUNSET   543 PM PST
FEBRUARY 26 2018......SUNRISE   621 AM PST   SUNSET   544 PM PST


-  INDICATES NEGATIVE NUMBERS.
R  INDICATES RECORD WAS SET OR TIED.
MM INDICATES DATA IS MISSING.
T  INDICATES TRACE AMOUNT.




$$
