000
CDUS46 KSGX 281419
CLIOKB


CLIMATE REPORT
NATIONAL WEATHER SERVICE SAN DIEGO, CA
719 AM PDT SAT MAR 28 2015


...................................

...THE OCEANSIDE AIRPORT CA CLIMATE SUMMARY FOR MARCH 27 2015...

CLIMATE NORMAL PERIOD 1981 TO 2010
CLIMATE RECORD PERIOD 1999 TO 2015


WEATHER ITEM   OBSERVED TIME   RECORD YEAR NORMAL DEPARTURE LAST
                VALUE   (LST)  VALUE       VALUE  FROM      YEAR
                                                  NORMAL
..................................................................
TEMPERATURE (F)
 YESTERDAY
  MAXIMUM         84R  1241 PM  79    2010  66     18       68
  MINIMUM         46    601 AM  39    2012  47     -1       48
  AVERAGE         65                        56      9       58

PRECIPITATION (IN)
  YESTERDAY        0.00          0.04 2007   0.04  -0.04     0.01
  MONTH TO DATE    0.74                      2.06  -1.32     0.51
  SINCE OCT 1      5.88                     11.66  -5.78     3.86
  SINCE JAN 1      1.48                      7.78  -6.30     2.27

SNOWFALL (IN)
  YESTERDAY        0.0
  MONTH TO DATE    0.0
  SINCE MAR 1      0.0
  SINCE JUL 1      0.0
  SNOW DEPTH       0

DEGREE DAYS
 HEATING
  YESTERDAY        0                         9     -9        7
  MONTH TO DATE  119                       258   -139      138
  SINCE MAR 1    119                       258   -139      138
  SINCE JUL 1    993                      1666   -673     1310

 COOLING
  YESTERDAY        0                         0      0        0
  MONTH TO DATE   31                         0     31        2
  SINCE MAR 1     31                         0     31        2
  SINCE JAN 1     31                         0     31        2
..................................................................


WIND (MPH)
  RESULTANT WIND SPEED   3   RESULTANT WIND DIRECTION   W (250)
  HIGHEST WIND SPEED    14   HIGHEST WIND DIRECTION    SW (240)
  HIGHEST GUST SPEED    19   HIGHEST GUST DIRECTION     W (290)
  AVERAGE WIND SPEED     4.5


SKY COVER
  POSSIBLE SUNSHINE  MM
  AVERAGE SKY COVER 0.0


WEATHER CONDITIONS
 THE FOLLOWING WEATHER WAS RECORDED YESTERDAY.
  FOG


RELATIVE HUMIDITY (PERCENT)
 HIGHEST    93          1000 PM
 LOWEST     24           900 AM
 AVERAGE    59

..........................................................


THE OCEANSIDE AIRPORT CA CLIMATE NORMALS FOR TODAY
                         NORMAL    RECORD    YEAR
 MAXIMUM TEMPERATURE (F)   66        83      2004
 MINIMUM TEMPERATURE (F)   47        37      2012


SUNRISE AND SUNSET
MARCH 28 2015.........SUNRISE   643 AM PDT   SUNSET   707 PM PDT
MARCH 29 2015.........SUNRISE   641 AM PDT   SUNSET   707 PM PDT


-  INDICATES NEGATIVE NUMBERS.
R  INDICATES RECORD WAS SET OR TIED.
MM INDICATES DATA IS MISSING.
T  INDICATES TRACE AMOUNT.




$$
