000
CDUS44 KOUN 302206
CLIOKC

CLIMATE REPORT
NATIONAL WEATHER SERVICE NORMAN OK
505 PM CDT MON MAR 30 2015


...................................

...THE OKLAHOMA CITY CLIMATE SUMMARY FOR MARCH 30 2015...
VALID TODAY AS OF 0500 PM LOCAL TIME.

CLIMATE NORMAL PERIOD 1981 TO 2010
CLIMATE RECORD PERIOD 1890 TO 2015


WEATHER ITEM   OBSERVED TIME   RECORD YEAR NORMAL DEPARTURE LAST
                VALUE   (LST)  VALUE       VALUE  FROM      YEAR
                                                  NORMAL
..................................................................
TEMPERATURE (F)
 TODAY
  MAXIMUM         78    400 PM  88    1904  68     10       80
  MINIMUM         45    542 AM  22    1987  45      0       46
  AVERAGE         62                        56      6       63

PRECIPITATION (IN)
  TODAY            0.00          3.50 2007   0.11  -0.11     0.00
  MONTH TO DATE    1.97                      2.96  -0.99     1.26
  SINCE JAN 1      4.18                      5.93  -1.75     1.69

SNOWFALL (IN)
  TODAY            0.0           1.5  1926   0.0    0.0      0.0
  MONTH TO DATE    3.0                       0.9    2.1      1.5
  SINCE JUL 1     13.6                       7.6    6.0     10.2
  SNOW DEPTH       0

DEGREE DAYS
 HEATING
  TODAY            3                        10     -7        2
  MONTH TO DATE  356                       401    -45      514
  SINCE JUL 1   3131                      3151    -20     3602

 COOLING
  TODAY            0                         1     -1        0
  MONTH TO DATE    5                         9     -4        4
  SINCE JAN 1      5                        10     -5        4
..................................................................


WIND (MPH)
  HIGHEST WIND SPEED    15   HIGHEST WIND DIRECTION     S (180)
  HIGHEST GUST SPEED    20   HIGHEST GUST DIRECTION     S (170)
  AVERAGE WIND SPEED     6.5


SKY COVER
  AVERAGE SKY COVER 0.3


WEATHER CONDITIONS
 THE FOLLOWING WEATHER WAS RECORDED TODAY.
  NO SIGNIFICANT WEATHER WAS OBSERVED.


RELATIVE HUMIDITY (PERCENT)
 HIGHEST    71           600 AM
 LOWEST     25           200 PM
 AVERAGE    48

..........................................................


THE OKLAHOMA CITY CLIMATE NORMALS FOR TOMORROW
                         NORMAL    RECORD    YEAR
 MAXIMUM TEMPERATURE (F)   68        94      1940
 MINIMUM TEMPERATURE (F)   45        20      1926


SUNRISE AND SUNSET
MARCH 30 2015.........SUNRISE   720 AM CDT   SUNSET   750 PM CDT
MARCH 31 2015.........SUNRISE   719 AM CDT   SUNSET   751 PM CDT


-  INDICATES NEGATIVE NUMBERS.
R  INDICATES RECORD WAS SET OR TIED.
MM INDICATES DATA IS MISSING.
T  INDICATES TRACE AMOUNT.




$$
