000
CDUS44 KOUN 170632
CLIOKC

CLIMATE REPORT
NATIONAL WEATHER SERVICE NORMAN OK
132 AM CDT TUE OCT 17 2017


...................................

...THE OKLAHOMA CITY CLIMATE SUMMARY FOR OCTOBER 16 2017...

CLIMATE NORMAL PERIOD 1981 TO 2010
CLIMATE RECORD PERIOD 1890 TO 2017


WEATHER ITEM   OBSERVED TIME   RECORD YEAR NORMAL DEPARTURE LAST
                VALUE   (LST)  VALUE       VALUE  FROM      YEAR
                                                  NORMAL
..................................................................
TEMPERATURE (F)
 YESTERDAY
  MAXIMUM         68    406 PM  94    1917  73     -5       87
  MINIMUM         44    648 AM  31    1977  52     -8       67
  AVERAGE         56                        62     -6       77

PRECIPITATION (IN)
  YESTERDAY        0.00          1.08 1981   0.13  -0.13     0.00
  MONTH TO DATE    4.20                      1.95   2.25     0.82
  SINCE SEP 1      7.91                      6.01   1.90     5.07
  SINCE JAN 1     31.12                     30.90   0.22    24.98

SNOWFALL (IN)
  YESTERDAY        0.0

DEGREE DAYS
 HEATING
  YESTERDAY        9                         4      5        0
  MONTH TO DATE   38                        49    -11       26
  SINCE SEP 1     42                        68    -26       29
  SINCE JUL 1     42                        68    -26       29

 COOLING
  YESTERDAY        0                         2     -2       12
  MONTH TO DATE   81                        50     31       66
  SINCE SEP 1    334                       338     -4      396
  SINCE JAN 1   1905                      2075   -170     2122
..................................................................


WIND (MPH)
  HIGHEST WIND SPEED     9   HIGHEST WIND DIRECTION    SE (150)
  HIGHEST GUST SPEED    12   HIGHEST GUST DIRECTION    SE (150)
  AVERAGE WIND SPEED     5.0


SKY COVER
  AVERAGE SKY COVER 0.1


WEATHER CONDITIONS
 THE FOLLOWING WEATHER WAS RECORDED YESTERDAY.
  NO SIGNIFICANT WEATHER WAS OBSERVED.


RELATIVE HUMIDITY (PERCENT)
 HIGHEST    83           500 AM
 LOWEST     30           200 PM
 AVERAGE    57

..........................................................


THE OKLAHOMA CITY CLIMATE NORMALS FOR TODAY
                         NORMAL    RECORD    YEAR
 MAXIMUM TEMPERATURE (F)   73        96      1972
 MINIMUM TEMPERATURE (F)   51        33      1976


SUNRISE AND SUNSET
OCTOBER 17 2017.......SUNRISE   739 AM CDT   SUNSET   652 PM CDT
OCTOBER 18 2017.......SUNRISE   739 AM CDT   SUNSET   651 PM CDT


-  INDICATES NEGATIVE NUMBERS.
R  INDICATES RECORD WAS SET OR TIED.
MM INDICATES DATA IS MISSING.
T  INDICATES TRACE AMOUNT.




$$
