000
CDUS44 KOUN 210626
CLIOKC

CLIMATE REPORT
NATIONAL WEATHER SERVICE NORMAN OK
1225 AM CST SAT JAN 21 2017


...................................

...THE OKLAHOMA CITY CLIMATE SUMMARY FOR JANUARY 20 2017...

CLIMATE NORMAL PERIOD 1981 TO 2010
CLIMATE RECORD PERIOD 1890 TO 2017


WEATHER ITEM   OBSERVED TIME   RECORD YEAR NORMAL DEPARTURE LAST
                VALUE   (LST)  VALUE       VALUE  FROM      YEAR
                                                  NORMAL
..................................................................
TEMPERATURE (F)
 YESTERDAY
  MAXIMUM         69    348 PM  80    1986  50     19       39
  MINIMUM         34    746 AM   1    1985  29      5       27
  AVERAGE         52                        39     13       33

PRECIPITATION (IN)
  YESTERDAY        0.00          1.29 1904   0.05  -0.05      T
  MONTH TO DATE    1.55                      0.83   0.72     0.11
  SINCE JAN 1      1.55                      0.83   0.72     0.11

SNOWFALL (IN)
  YESTERDAY        0.0           3.0  1930   0.1   -0.1      0.0
  MONTH TO DATE    1.7                       1.8   -0.1      0.6
  SINCE JUL 1      2.1                       4.3   -2.2      1.2
  SNOW DEPTH       0

DEGREE DAYS
 HEATING
  YESTERDAY       13                        26    -13       32
  MONTH TO DATE  521                       520      1      569
  SINCE JUL 1   1627                      1875   -248     1659
..................................................................


WIND (MPH)
  HIGHEST WIND SPEED    30   HIGHEST WIND DIRECTION    SW (220)
  HIGHEST GUST SPEED    38   HIGHEST GUST DIRECTION    SW (210)
  AVERAGE WIND SPEED    14.7


SKY COVER
  AVERAGE SKY COVER 0.5


WEATHER CONDITIONS
 THE FOLLOWING WEATHER WAS RECORDED YESTERDAY.
  FOG
  FOG W/VISIBILITY <= 1/4 MILE


RELATIVE HUMIDITY (PERCENT)
 HIGHEST   100          1200 AM
 LOWEST     26           400 PM
 AVERAGE    63

..........................................................


THE OKLAHOMA CITY CLIMATE NORMALS FOR TODAY
                         NORMAL    RECORD    YEAR
 MAXIMUM TEMPERATURE (F)   50        77      2005
 MINIMUM TEMPERATURE (F)   29        -3      1930


SUNRISE AND SUNSET
JANUARY 21 2017.......SUNRISE   736 AM CST   SUNSET   547 PM CST
JANUARY 22 2017.......SUNRISE   736 AM CST   SUNSET   548 PM CST


-  INDICATES NEGATIVE NUMBERS.
R  INDICATES RECORD WAS SET OR TIED.
MM INDICATES DATA IS MISSING.
T  INDICATES TRACE AMOUNT.




$$
