000
CDUS44 KOUN 290635
CLIOKC

CLIMATE REPORT
NATIONAL WEATHER SERVICE NORMAN OK
134 AM CDT FRI JUL 29 2016


...................................

...THE OKLAHOMA CITY CLIMATE SUMMARY FOR JULY 28 2016...

CLIMATE NORMAL PERIOD 1981 TO 2010
CLIMATE RECORD PERIOD 1890 TO 2016


WEATHER ITEM   OBSERVED TIME   RECORD YEAR NORMAL DEPARTURE LAST
                VALUE   (LST)  VALUE       VALUE  FROM      YEAR
                                                  NORMAL
..................................................................
TEMPERATURE (F)
 YESTERDAY
  MAXIMUM         94    454 PM 108    1986  95     -1       95
  MINIMUM         72    616 AM  58    1994  73     -1       72
  AVERAGE         83                        84     -1       84

PRECIPITATION (IN)
  YESTERDAY        0.00          1.80 1963   0.09  -0.09     0.00
  MONTH TO DATE    3.18                      2.66   0.52     7.22
  SINCE JAN 1     18.89                     21.34  -2.45    41.65

DEGREE DAYS
 COOLING
  YESTERDAY       18                        19     -1       19
  MONTH TO DATE  525                       505     20      464
  SINCE JAN 1   1147                      1145      2     1068
..................................................................


WIND (MPH)
  HIGHEST WIND SPEED    14   HIGHEST WIND DIRECTION    NE (60)
  HIGHEST GUST SPEED    19   HIGHEST GUST DIRECTION    NE (50)
  AVERAGE WIND SPEED     3.8


SKY COVER
  AVERAGE SKY COVER 0.5


WEATHER CONDITIONS
 THE FOLLOWING WEATHER WAS RECORDED YESTERDAY.
  FOG


RELATIVE HUMIDITY (PERCENT)
 HIGHEST   100           400 AM
 LOWEST     44           400 PM
 AVERAGE    72

..........................................................


THE OKLAHOMA CITY CLIMATE NORMALS FOR TODAY
                         NORMAL    RECORD    YEAR
 MAXIMUM TEMPERATURE (F)   95       109      1986
 MINIMUM TEMPERATURE (F)   73        58      2005


SUNRISE AND SUNSET
JULY 29 2016..........SUNRISE   637 AM CDT   SUNSET   836 PM CDT
JULY 30 2016..........SUNRISE   638 AM CDT   SUNSET   835 PM CDT


-  INDICATES NEGATIVE NUMBERS.
R  INDICATES RECORD WAS SET OR TIED.
MM INDICATES DATA IS MISSING.
T  INDICATES TRACE AMOUNT.

$$
