000
CDUS44 KOUN 220632
CLIOKC

CLIMATE REPORT
NATIONAL WEATHER SERVICE NORMAN OK
1231 AM CST SAT NOV 22 2014


...................................

...THE OKLAHOMA CITY CLIMATE SUMMARY FOR NOVEMBER 21 2014...

CLIMATE NORMAL PERIOD 1981 TO 2010
CLIMATE RECORD PERIOD 1890 TO 2014


WEATHER ITEM   OBSERVED TIME   RECORD YEAR NORMAL DEPARTURE LAST
                VALUE   (LST)  VALUE       VALUE  FROM      YEAR
                                                  NORMAL
..................................................................
TEMPERATURE (F)
 YESTERDAY
  MAXIMUM         67    402 PM  80    1927  59      8       70
  MINIMUM         44   1256 AM  14    1898  38      6       31
  AVERAGE         56                        48      8       51

PRECIPITATION (IN)
  YESTERDAY        T             1.48 1916   0.06  -0.06      T
  MONTH TO DATE    1.46                      1.48  -0.02     0.62
  SINCE JAN 1     26.76                     34.14  -7.38    51.18

SNOWFALL (IN)
  YESTERDAY        0.0           1.5  1972   0.1   -0.1      0.0
  MONTH TO DATE    2.5                       0.2    2.3      0.0
  SINCE JUL 1      2.5                       0.2    2.3      0.0
  SNOW DEPTH       0

DEGREE DAYS
 HEATING
  YESTERDAY        9                        17     -8       14
  MONTH TO DATE  414                       264    150      249
  SINCE JUL 1    500                       428     72      413

 COOLING
  YESTERDAY        0                         0      0        0
  MONTH TO DATE    0                         7     -7        3
  SINCE JAN 1   2126                      2099     27     2072
..................................................................


WIND (MPH)
  HIGHEST WIND SPEED    21   HIGHEST WIND DIRECTION     S (200)
  HIGHEST GUST SPEED    26   HIGHEST GUST DIRECTION     S (200)
  AVERAGE WIND SPEED    10.6


SKY COVER
  AVERAGE SKY COVER 0.9


WEATHER CONDITIONS
 THE FOLLOWING WEATHER WAS RECORDED YESTERDAY.
  LIGHT RAIN
  FOG
  HAZE


RELATIVE HUMIDITY (PERCENT)
 HIGHEST    90           900 PM
 LOWEST     58           300 PM
 AVERAGE    74

..........................................................


THE OKLAHOMA CITY CLIMATE NORMALS FOR TODAY
                         NORMAL    RECORD    YEAR
 MAXIMUM TEMPERATURE (F)   59        78      1982
                                             1966
                                             1900
 MINIMUM TEMPERATURE (F)   37        15      1898


SUNRISE AND SUNSET
NOVEMBER 22 2014......SUNRISE   713 AM CST   SUNSET   520 PM CST
NOVEMBER 23 2014......SUNRISE   713 AM CST   SUNSET   520 PM CST


-  INDICATES NEGATIVE NUMBERS.
R  INDICATES RECORD WAS SET OR TIED.
MM INDICATES DATA IS MISSING.
T  INDICATES TRACE AMOUNT.




$$
