000
CDUS44 KOUN 252323
CLIOKC

CLIMATE REPORT
NATIONAL WEATHER SERVICE NORMAN OK
523 PM CST SUN JAN 25 2015


...................................

...THE OKLAHOMA CITY CLIMATE SUMMARY FOR JANUARY 25 2015...
VALID TODAY AS OF 0500 PM LOCAL TIME.

CLIMATE NORMAL PERIOD 1981 TO 2010
CLIMATE RECORD PERIOD 1890 TO 2015


WEATHER ITEM   OBSERVED TIME   RECORD YEAR NORMAL DEPARTURE LAST
                VALUE   (LST)  VALUE       VALUE  FROM      YEAR
                                                  NORMAL
..................................................................
TEMPERATURE (F)
 TODAY
  MAXIMUM         59    357 PM  77    1952  51      8       67
  MINIMUM         47    723 AM  -3    1894  29     18       34
  AVERAGE         53                        40     13       51

PRECIPITATION (IN)
  TODAY            0.00          1.26 1949   0.05  -0.05     0.00
  MONTH TO DATE    1.22                      1.08   0.14     0.06
  SINCE JAN 1      1.22                      1.08   0.14     0.06

SNOWFALL (IN)
  TODAY            0.0           2.8  1949   0.1   -0.1      0.0
  MONTH TO DATE    T                         2.2   -2.2      0.2
  SINCE JUL 1      6.0                       4.7    1.3      4.3
  SNOW DEPTH       0

DEGREE DAYS
 HEATING
  TODAY           12                        25    -13       14
  MONTH TO DATE  671                       647     24      651
  SINCE JUL 1   1975                      2002    -27     2179
..................................................................


WIND (MPH)
  HIGHEST WIND SPEED    39   HIGHEST WIND DIRECTION     N (340)
  HIGHEST GUST SPEED    49   HIGHEST GUST DIRECTION    NW (330)
  AVERAGE WIND SPEED    21.9


SKY COVER
  AVERAGE SKY COVER 0.4


WEATHER CONDITIONS
 THE FOLLOWING WEATHER WAS RECORDED TODAY.
  NO SIGNIFICANT WEATHER WAS OBSERVED.


RELATIVE HUMIDITY (PERCENT)
 HIGHEST    58          1200 AM
 LOWEST     24           300 PM
 AVERAGE    41

..........................................................


THE OKLAHOMA CITY CLIMATE NORMALS FOR TOMORROW
                         NORMAL    RECORD    YEAR
 MAXIMUM TEMPERATURE (F)   51        71      1999
                                             1912
                                             1911
 MINIMUM TEMPERATURE (F)   29         0      1902


SUNRISE AND SUNSET
JANUARY 25 2015.......SUNRISE   735 AM CST   SUNSET   551 PM CST
JANUARY 26 2015.......SUNRISE   734 AM CST   SUNSET   552 PM CST


-  INDICATES NEGATIVE NUMBERS.
R  INDICATES RECORD WAS SET OR TIED.
MM INDICATES DATA IS MISSING.
T  INDICATES TRACE AMOUNT.




$$
