000
CDUS44 KOUN 250640
CLIOKC

CLIMATE REPORT
NATIONAL WEATHER SERVICE NORMAN OK
140 AM CDT THU AUG 25 2016


...................................

...THE OKLAHOMA CITY CLIMATE SUMMARY FOR AUGUST 24 2016...

CLIMATE NORMAL PERIOD 1981 TO 2010
CLIMATE RECORD PERIOD 1890 TO 2016


WEATHER ITEM   OBSERVED TIME   RECORD YEAR NORMAL DEPARTURE LAST
                VALUE   (LST)  VALUE       VALUE  FROM      YEAR
                                                  NORMAL
..................................................................
TEMPERATURE (F)
 YESTERDAY
  MAXIMUM         96    308 PM 108    2011  92      4       83
  MINIMUM         75    634 AM  50    1891  70      5       68
  AVERAGE         86                        81      5       76

PRECIPITATION (IN)
  YESTERDAY        0.00          1.11 1918   0.10  -0.10     0.00
  MONTH TO DATE    0.14                      2.52  -2.38     1.17
  SINCE JAN 1     19.50                     24.13  -4.63    42.91

DEGREE DAYS
 COOLING
  YESTERDAY       21                        16      5       11
  MONTH TO DATE  417                       430    -13      358
  SINCE JAN 1   1612                      1629    -17     1481
..................................................................


WIND (MPH)
  HIGHEST WIND SPEED    25   HIGHEST WIND DIRECTION    SW (210)
  HIGHEST GUST SPEED    34   HIGHEST GUST DIRECTION    SW (210)
  AVERAGE WIND SPEED    17.6


SKY COVER
  AVERAGE SKY COVER 0.6


WEATHER CONDITIONS
 THE FOLLOWING WEATHER WAS RECORDED YESTERDAY.
  NO SIGNIFICANT WEATHER WAS OBSERVED.


RELATIVE HUMIDITY (PERCENT)
 HIGHEST    82           700 AM
 LOWEST     34           400 PM
 AVERAGE    58

..........................................................


THE OKLAHOMA CITY CLIMATE NORMALS FOR TODAY
                         NORMAL    RECORD    YEAR
 MAXIMUM TEMPERATURE (F)   92       105      2006
 MINIMUM TEMPERATURE (F)   70        58      1966


SUNRISE AND SUNSET
AUGUST 25 2016........SUNRISE   658 AM CDT   SUNSET   806 PM CDT
AUGUST 26 2016........SUNRISE   659 AM CDT   SUNSET   805 PM CDT


-  INDICATES NEGATIVE NUMBERS.
R  INDICATES RECORD WAS SET OR TIED.
MM INDICATES DATA IS MISSING.
T  INDICATES TRACE AMOUNT.




$$
