000
CDUS44 KOUN 110626
CLIOKC

CLIMATE REPORT
NATIONAL WEATHER SERVICE NORMAN OK
1226 AM CST MON DEC 11 2017


...................................

...THE OKLAHOMA CITY CLIMATE SUMMARY FOR DECEMBER 10 2017...

CLIMATE NORMAL PERIOD 1981 TO 2010
CLIMATE RECORD PERIOD 1890 TO 2017


WEATHER ITEM   OBSERVED TIME   RECORD YEAR NORMAL DEPARTURE LAST
                VALUE   (LST)  VALUE       VALUE  FROM      YEAR
                                                  NORMAL
..................................................................
TEMPERATURE (F)
 YESTERDAY
  MAXIMUM         68    340 PM  75    1996  51     17       48
  MINIMUM         26    608 AM   3    1919  31     -5       33
  AVERAGE         47                        41      6       41

PRECIPITATION (IN)
  YESTERDAY        0.00          1.18 2007   0.07  -0.07     0.00
  MONTH TO DATE    0.00                      0.65  -0.65     0.62
  SINCE DEC 1      0.00                      0.65  -0.65     0.62
  SINCE JAN 1     33.04                     35.29  -2.25    26.12

SNOWFALL (IN)
  YESTERDAY        0.0

DEGREE DAYS
 HEATING
  YESTERDAY       18                        24     -6       24
  MONTH TO DATE  203                       224    -21      260
  SINCE DEC 1    203                       224    -21      260
  SINCE JUL 1    753                       823    -70      583

 COOLING
  YESTERDAY        0                         0      0        0
  MONTH TO DATE    0                         0      0        0
  SINCE DEC 1      0                         0      0        0
  SINCE JAN 1   1916                      2099   -183     2214
..................................................................


WIND (MPH)
  HIGHEST WIND SPEED    17   HIGHEST WIND DIRECTION    NW (330)
  HIGHEST GUST SPEED    22   HIGHEST GUST DIRECTION    NW (320)
  AVERAGE WIND SPEED     6.6


SKY COVER
  AVERAGE SKY COVER 0.0


WEATHER CONDITIONS
 THE FOLLOWING WEATHER WAS RECORDED YESTERDAY.
  NO SIGNIFICANT WEATHER WAS OBSERVED.


RELATIVE HUMIDITY (PERCENT)
 HIGHEST    75           500 AM
 LOWEST     10           300 PM
 AVERAGE    43

..........................................................


THE OKLAHOMA CITY CLIMATE NORMALS FOR TODAY
                         NORMAL    RECORD    YEAR
 MAXIMUM TEMPERATURE (F)   51        75      1939
 MINIMUM TEMPERATURE (F)   31         5      1917


SUNRISE AND SUNSET
DECEMBER 11 2017......SUNRISE   729 AM CST   SUNSET   518 PM CST
DECEMBER 12 2017......SUNRISE   730 AM CST   SUNSET   518 PM CST


-  INDICATES NEGATIVE NUMBERS.
R  INDICATES RECORD WAS SET OR TIED.
MM INDICATES DATA IS MISSING.
T  INDICATES TRACE AMOUNT.




$$
