000
CDUS44 KOUN 270632
CLIOKC

CLIMATE REPORT
NATIONAL WEATHER SERVICE NORMAN OK
516 PM CDT MON SEP 26 2016


...................................

...THE OKLAHOMA CITY CLIMATE SUMMARY FOR SEPTEMBER 26 2016...
VALID TODAY AS OF 0500 PM LOCAL TIME.

CLIMATE NORMAL PERIOD 1981 TO 2010
CLIMATE RECORD PERIOD 1890 TO 2016


WEATHER ITEM   OBSERVED TIME   RECORD YEAR NORMAL DEPARTURE LAST
                VALUE   (LST)  VALUE       VALUE  FROM      YEAR
                                                  NORMAL
..................................................................
TEMPERATURE (F)
 TODAY
  MAXIMUM         76    357 PM  98    1977  80     -4       85
  MINIMUM         58    646 AM  35    1912  59     -1       64
  AVERAGE         67                        70     -3       75

PRECIPITATION (IN)
  TODAY            0.00          1.78 2012   0.14  -0.14     0.00
  MONTH TO DATE    4.25                      3.56   0.69     1.06
  SINCE JAN 1     24.16                     28.45  -4.29    43.97

DEGREE DAYS
 HEATING
  TODAY            0                         1     -1        0
  MONTH TO DATE    0                        11    -11        0
  SINCE JUL 1      0                        11    -11        0

 COOLING
  TODAY            2                         6     -4       10
  MONTH TO DATE  324                       264     60      348
  SINCE JAN 1   2050                      2001     49     1928
..................................................................


WIND (MPH)
  HIGHEST WIND SPEED    21   HIGHEST WIND DIRECTION    NE (30)
  HIGHEST GUST SPEED    26   HIGHEST GUST DIRECTION    NE (30)
  AVERAGE WIND SPEED    12.3


SKY COVER
  AVERAGE SKY COVER 0.6


WEATHER CONDITIONS
 THE FOLLOWING WEATHER WAS RECORDED TODAY.
  NO SIGNIFICANT WEATHER WAS OBSERVED.


RELATIVE HUMIDITY (PERCENT)
 HIGHEST    78           300 AM
 LOWEST     21           400 PM
 AVERAGE    50

..........................................................


THE OKLAHOMA CITY CLIMATE NORMALS FOR TOMORROW
                         NORMAL    RECORD    YEAR
 MAXIMUM TEMPERATURE (F)   80        96      1953
 MINIMUM TEMPERATURE (F)   59        38      1942


SUNRISE AND SUNSET
SEPTEMBER 26 2016.....SUNRISE   722 AM CDT   SUNSET   721 PM CDT
SEPTEMBER 27 2016.....SUNRISE   723 AM CDT   SUNSET   719 PM CDT


-  INDICATES NEGATIVE NUMBERS.
R  INDICATES RECORD WAS SET OR TIED.
MM INDICATES DATA IS MISSING.
T  INDICATES TRACE AMOUNT.




$$
