000
CDUS44 KOUN 302217
CLIOKC

CLIMATE REPORT
NATIONAL WEATHER SERVICE NORMAN OK
516 PM CDT MON MAY 30 2016


...................................

...THE OKLAHOMA CITY CLIMATE SUMMARY FOR MAY 30 2016...
VALID TODAY AS OF 0500 PM LOCAL TIME.

CLIMATE NORMAL PERIOD 1981 TO 2010
CLIMATE RECORD PERIOD 1890 TO 2016


WEATHER ITEM   OBSERVED TIME   RECORD YEAR NORMAL DEPARTURE LAST
                VALUE   (LST)  VALUE       VALUE  FROM      YEAR
                                                  NORMAL
..................................................................
TEMPERATURE (F)
 TODAY
  MAXIMUM         82    354 PM 104    1985  84     -2       73
  MINIMUM         64    321 AM  45    1947  64      0       59
  AVERAGE         73                        74     -1       66

PRECIPITATION (IN)
  TODAY            0.07          2.79 2001   0.17  -0.10     0.00
  MONTH TO DATE    2.39                      4.48  -2.09    19.48
  SINCE JAN 1     12.18                     13.58  -1.40    28.66

DEGREE DAYS
 COOLING
  TODAY            8                         9     -1        1
  MONTH TO DATE  134                       174    -40      114
  SINCE JAN 1    176                       240    -64      176
..................................................................


WIND (MPH)
  HIGHEST WIND SPEED    18   HIGHEST WIND DIRECTION     E (70)
  HIGHEST GUST SPEED    25   HIGHEST GUST DIRECTION     E (80)
  AVERAGE WIND SPEED     6.5


SKY COVER
  AVERAGE SKY COVER 0.8


WEATHER CONDITIONS
 THE FOLLOWING WEATHER WAS RECORDED TODAY.
  RAIN
  FOG


RELATIVE HUMIDITY (PERCENT)
 HIGHEST   100           500 AM
 LOWEST     55           400 PM
 AVERAGE    78

..........................................................


THE OKLAHOMA CITY CLIMATE NORMALS FOR TOMORROW
                         NORMAL    RECORD    YEAR
 MAXIMUM TEMPERATURE (F)   84        98      1934
                                             1928
 MINIMUM TEMPERATURE (F)   64        44      1983


SUNRISE AND SUNSET
MAY 30 2016...........SUNRISE   617 AM CDT   SUNSET   839 PM CDT
MAY 31 2016...........SUNRISE   617 AM CDT   SUNSET   840 PM CDT


-  INDICATES NEGATIVE NUMBERS.
R  INDICATES RECORD WAS SET OR TIED.
MM INDICATES DATA IS MISSING.
T  INDICATES TRACE AMOUNT.




$$
