000
CDUS44 KOUN 300634
CLIOKC

CLIMATE REPORT
NATIONAL WEATHER SERVICE NORMAN OK
134 AM CDT TUE JUN 30 2015


...................................

...THE OKLAHOMA CITY CLIMATE SUMMARY FOR JUNE 29 2015...

CLIMATE NORMAL PERIOD 1981 TO 2010
CLIMATE RECORD PERIOD 1890 TO 2015


WEATHER ITEM   OBSERVED TIME   RECORD YEAR NORMAL DEPARTURE LAST
                VALUE   (LST)  VALUE       VALUE  FROM      YEAR
                                                  NORMAL
..................................................................
TEMPERATURE (F)
 YESTERDAY
  MAXIMUM         96    355 PM 103    1925  92      4       91
  MINIMUM         69   1159 PM  54    1923  71     -2       75
  AVERAGE         83                        81      2       83

PRECIPITATION (IN)
  YESTERDAY        0.07          2.00 1987   0.13  -0.06     0.00
  MONTH TO DATE    5.77                      4.81   0.96     8.60
  SINCE JAN 1     34.43                     18.56  15.87    15.73

DEGREE DAYS
 COOLING
  YESTERDAY       18                        16      2       18
  MONTH TO DATE  412                       373     39      380
  SINCE JAN 1    589                       623    -34      670
..................................................................


WIND (MPH)
  HIGHEST WIND SPEED    32   HIGHEST WIND DIRECTION     W (290)
  HIGHEST GUST SPEED    40   HIGHEST GUST DIRECTION     W (270)
  AVERAGE WIND SPEED     9.7


SKY COVER
  AVERAGE SKY COVER 0.6


WEATHER CONDITIONS
 THE FOLLOWING WEATHER WAS RECORDED YESTERDAY.
  THUNDERSTORM
  RAIN
  LIGHT RAIN


RELATIVE HUMIDITY (PERCENT)
 HIGHEST    84           500 AM
 LOWEST     35           400 PM
 AVERAGE    60

..........................................................


THE OKLAHOMA CITY CLIMATE NORMALS FOR TODAY
                         NORMAL    RECORD    YEAR
 MAXIMUM TEMPERATURE (F)   92       102      2011
                                             1925
 MINIMUM TEMPERATURE (F)   71        58      1923


SUNRISE AND SUNSET
JUNE 30 2015..........SUNRISE   618 AM CDT   SUNSET   849 PM CDT
JULY  1 2015..........SUNRISE   619 AM CDT   SUNSET   849 PM CDT


-  INDICATES NEGATIVE NUMBERS.
R  INDICATES RECORD WAS SET OR TIED.
MM INDICATES DATA IS MISSING.
T  INDICATES TRACE AMOUNT.




$$
