000
CDUS45 KGGW 301230
CLIOLF


CLIMATE REPORT
NATIONAL WEATHER SERVICE GLASGOW MT
630 AM MDT THU MAR 30 2017


...................................

...THE WOLF POINT MT CLIMATE SUMMARY FOR MARCH 30 2017...
VALID AS OF 0600 AM LOCAL TIME.

CLIMATE NORMAL PERIOD 1981 TO 2010
CLIMATE RECORD PERIOD 9999 TO 9999


WEATHER ITEM   OBSERVED RECORD YEAR NORMAL DEPARTURE
                VALUE   VALUE       VALUE  FROM
                                           NORMAL
........................................................
TEMPERATURE (F)
 TODAY
  MAXIMUM         46     MM      MM  51
  MINIMUM         42     MM      MM  23
  AVERAGE         44

PRECIPITATION (IN)
  TODAY            0.00  MM      MM   0.02  -0.02
  MONTH TO DATE    0.14               0.44  -0.30
  SINCE OCT 1      2.35               2.46  -0.11
  SINCE JAN 1      0.48               0.96  -0.48

SNOWFALL (IN)
  TODAY            0.0   MM      MM  MM
  MONTH TO DATE    0.0               MM
  SINCE MAR 1      0.0               MM
  SINCE JUL 1      0.0               MM

DEGREE DAYS
 HEATING
  TODAY           21

 COOLING
  TODAY            0
........................................................







THE WOLF POINT MT CLIMATE NORMALS FOR TOMORROW
                         NORMAL    RECORD    YEAR
 MAXIMUM TEMPERATURE (F)   52        MM        MM
 MINIMUM TEMPERATURE (F)   24        MM        MM


SUNRISE AND SUNSET
MARCH 30 2017.........SUNRISE   644 AM MDT   SUNSET   730 PM MDT
MARCH 31 2017.........SUNRISE   642 AM MDT   SUNSET   732 PM MDT


-  INDICATES NEGATIVE NUMBERS.
R  INDICATES RECORD WAS SET OR TIED.
MM INDICATES DATA IS MISSING.
T  INDICATES TRACE AMOUNT.




$$
