000
CDUS45 KGGW 020743
CLIOLF


CLIMATE REPORT
NATIONAL WEATHER SERVICE GLASGOW MT
142 AM MDT SUN AUG 2 2015


...................................

...THE WOLF POINT MT CLIMATE SUMMARY FOR AUGUST 1 2015...

CLIMATE NORMAL PERIOD 1981 TO 2010
CLIMATE RECORD PERIOD 9999 TO 9999


WEATHER ITEM   OBSERVED RECORD YEAR NORMAL DEPARTURE
                VALUE   VALUE       VALUE  FROM
                                           NORMAL
........................................................
TEMPERATURE (F)
 YESTERDAY
  MAXIMUM        101     MM      MM  88
  MINIMUM         54     MM      MM  56
  AVERAGE         78

PRECIPITATION (IN)
  YESTERDAY        0.00  MM      MM   0.05  -0.05
  MONTH TO DATE    0.00               0.05  -0.05
  SINCE OCT 1      7.55               9.94  -2.39
  SINCE JAN 1      6.98               8.44  -1.46

SNOWFALL (IN)
  YESTERDAY        0.0   MM      MM  MM
  MONTH TO DATE    0.0               MM
  SINCE JUN 1      0.0               MM
  SINCE JUL 1      0.0               MM

DEGREE DAYS
 HEATING
  YESTERDAY        0

 COOLING
  YESTERDAY       13
........................................................







THE WOLF POINT MT CLIMATE NORMALS FOR TODAY
                         NORMAL    RECORD    YEAR
 MAXIMUM TEMPERATURE (F)   88        MM        MM
 MINIMUM TEMPERATURE (F)   56        MM        MM


SUNRISE AND SUNSET
AUGUST  2 2015........SUNRISE   539 AM MDT   SUNSET   837 PM MDT
AUGUST  3 2015........SUNRISE   541 AM MDT   SUNSET   836 PM MDT


-  INDICATES NEGATIVE NUMBERS.
R  INDICATES RECORD WAS SET OR TIED.
MM INDICATES DATA IS MISSING.
T  INDICATES TRACE AMOUNT.




$$
