000
CDUS45 KGGW 310015
CLIOLF


CLIMATE REPORT
NATIONAL WEATHER SERVICE GLASGOW MT
615 PM MDT WED JUL 30 2014


...................................

...THE WOLF POINT MT CLIMATE SUMMARY FOR JULY 30 2014...
VALID TODAY AS OF 0500 PM LOCAL TIME.

CLIMATE NORMAL PERIOD 1981 TO 2010
CLIMATE RECORD PERIOD 9999 TO 9999


WEATHER ITEM   OBSERVED RECORD YEAR NORMAL DEPARTURE
                VALUE   VALUE       VALUE  FROM
                                           NORMAL
........................................................
TEMPERATURE (F)
 TODAY
  MAXIMUM         92     MM      MM  88
  MINIMUM         53     MM      MM  56
  AVERAGE         73

PRECIPITATION (IN)
  TODAY            0.00  MM      MM   0.06  -0.06
  MONTH TO DATE    0.65               1.92  -1.27
  SINCE OCT 1      5.73               9.83  -4.10
  SINCE JAN 1      5.17               8.33  -3.16

SNOWFALL (IN)
  TODAY            0.0   MM      MM  MM
  MONTH TO DATE    0.0               MM
  SINCE JUN 1      0.0               MM
  SINCE JUL 1      0.0               MM

DEGREE DAYS
 HEATING
  TODAY            0

 COOLING
  TODAY            8
........................................................







THE WOLF POINT MT CLIMATE NORMALS FOR TOMORROW
                         NORMAL    RECORD    YEAR
 MAXIMUM TEMPERATURE (F)   88        MM        MM
 MINIMUM TEMPERATURE (F)   56        MM        MM


SUNRISE AND SUNSET
JULY 30 2014..........SUNRISE   536 AM MDT   SUNSET   841 PM MDT
JULY 31 2014..........SUNRISE   537 AM MDT   SUNSET   840 PM MDT


-  INDICATES NEGATIVE NUMBERS.
R  INDICATES RECORD WAS SET OR TIED.
MM INDICATES DATA IS MISSING.
T  INDICATES TRACE AMOUNT.




$$
