000
CDUS45 KGGW 250019
CLIOLF


CLIMATE REPORT
NATIONAL WEATHER SERVICE GLASGOW MT
618 PM MDT THU JUL 24 2014


...................................

...THE WOLF POINT MT CLIMATE SUMMARY FOR JULY 24 2014...
VALID TODAY AS OF 0500 PM LOCAL TIME.

CLIMATE NORMAL PERIOD 1981 TO 2010
CLIMATE RECORD PERIOD 9999 TO 9999


WEATHER ITEM   OBSERVED RECORD YEAR NORMAL DEPARTURE
                VALUE   VALUE       VALUE  FROM
                                           NORMAL
........................................................
TEMPERATURE (F)
 TODAY
  MAXIMUM         94     MM      MM  88
  MINIMUM         64     MM      MM  56
  AVERAGE         79

PRECIPITATION (IN)
  TODAY            0.01  MM      MM   0.07  -0.06
  MONTH TO DATE    0.42               1.55  -1.13
  SINCE OCT 1      5.50               9.46  -3.96
  SINCE JAN 1      4.94               7.96  -3.02

SNOWFALL (IN)
  TODAY            0.0   MM      MM  MM
  MONTH TO DATE    0.0               MM
  SINCE JUN 1      0.0               MM
  SINCE JUL 1      0.0               MM

DEGREE DAYS
 HEATING
  TODAY            0

 COOLING
  TODAY           14
........................................................







THE WOLF POINT MT CLIMATE NORMALS FOR TOMORROW
                         NORMAL    RECORD    YEAR
 MAXIMUM TEMPERATURE (F)   88        MM        MM
 MINIMUM TEMPERATURE (F)   56        MM        MM


SUNRISE AND SUNSET
JULY 24 2014..........SUNRISE   528 AM MDT   SUNSET   849 PM MDT
JULY 25 2014..........SUNRISE   529 AM MDT   SUNSET   847 PM MDT


-  INDICATES NEGATIVE NUMBERS.
R  INDICATES RECORD WAS SET OR TIED.
MM INDICATES DATA IS MISSING.
T  INDICATES TRACE AMOUNT.




$$
