000
CDUS45 KGGW 280743
CLIOLF


CLIMATE REPORT
NATIONAL WEATHER SERVICE GLASGOW MT
143 AM MDT THU MAY 28 2015


...................................

...THE WOLF POINT MT CLIMATE SUMMARY FOR MAY 27 2015...

CLIMATE NORMAL PERIOD 1981 TO 2010
CLIMATE RECORD PERIOD 9999 TO 9999


WEATHER ITEM   OBSERVED RECORD YEAR NORMAL DEPARTURE
                VALUE   VALUE       VALUE  FROM
                                           NORMAL
........................................................
TEMPERATURE (F)
 YESTERDAY
  MAXIMUM         73     MM      MM  72
  MINIMUM         51     MM      MM  43
  AVERAGE         62

PRECIPITATION (IN)
  YESTERDAY        0.56  MM      MM   0.09   0.47
  MONTH TO DATE    1.63               1.39   0.24
  SINCE OCT 1      3.76               4.81  -1.05
  SINCE JAN 1      3.19               3.31  -0.12

SNOWFALL (IN)
  YESTERDAY        0.0   MM      MM  MM
  MONTH TO DATE    0.0               MM
  SINCE MAR 1      0.0               MM
  SINCE JUL 1      0.0               MM

DEGREE DAYS
 HEATING
  YESTERDAY        3

 COOLING
  YESTERDAY        0
........................................................







THE WOLF POINT MT CLIMATE NORMALS FOR TODAY
                         NORMAL    RECORD    YEAR
 MAXIMUM TEMPERATURE (F)   72        MM        MM
 MINIMUM TEMPERATURE (F)   44        MM        MM


SUNRISE AND SUNSET
MAY 28 2015...........SUNRISE   510 AM MDT   SUNSET   850 PM MDT
MAY 29 2015...........SUNRISE   509 AM MDT   SUNSET   851 PM MDT


-  INDICATES NEGATIVE NUMBERS.
R  INDICATES RECORD WAS SET OR TIED.
MM INDICATES DATA IS MISSING.
T  INDICATES TRACE AMOUNT.




$$
