000
CDUS45 KGGW 271235
CLIOLF


CLIMATE REPORT
NATIONAL WEATHER SERVICE GLASGOW MT
634 AM MDT WED AUG 27 2014


...................................

...THE WOLF POINT MT CLIMATE SUMMARY FOR AUGUST 27 2014...
VALID AS OF 0600 AM LOCAL TIME.

CLIMATE NORMAL PERIOD 1981 TO 2010
CLIMATE RECORD PERIOD 9999 TO 9999


WEATHER ITEM   OBSERVED RECORD YEAR NORMAL DEPARTURE
                VALUE   VALUE       VALUE  FROM
                                           NORMAL
........................................................
TEMPERATURE (F)
 TODAY
  MAXIMUM         53     MM      MM  83
  MINIMUM         49     MM      MM  49
  AVERAGE         51

PRECIPITATION (IN)
  TODAY            0.00  MM      MM   0.03  -0.03
  MONTH TO DATE    6.97               1.18   5.79
  SINCE OCT 1     12.70              11.07   1.63
  SINCE JAN 1     12.14               9.57   2.57

SNOWFALL (IN)
  TODAY            0.0   MM      MM  MM
  MONTH TO DATE    0.0               MM
  SINCE JUN 1      0.0               MM
  SINCE JUL 1      0.0               MM

DEGREE DAYS
 HEATING
  TODAY           14

 COOLING
  TODAY            0
........................................................







THE WOLF POINT MT CLIMATE NORMALS FOR TOMORROW
                         NORMAL    RECORD    YEAR
 MAXIMUM TEMPERATURE (F)   82        MM        MM
 MINIMUM TEMPERATURE (F)   49        MM        MM


SUNRISE AND SUNSET
AUGUST 27 2014........SUNRISE   613 AM MDT   SUNSET   753 PM MDT
AUGUST 28 2014........SUNRISE   615 AM MDT   SUNSET   751 PM MDT


-  INDICATES NEGATIVE NUMBERS.
R  INDICATES RECORD WAS SET OR TIED.
MM INDICATES DATA IS MISSING.
T  INDICATES TRACE AMOUNT.




$$
