000
CDUS46 KSEW 260833
CLIOLM


CLIMATE REPORT
NATIONAL WEATHER SERVICE SEATTLE WA
132 AM PDT SUN MAR 26 2017


...................................

...THE OLYMPIA WA AIRPORT CLIMATE SUMMARY FOR MARCH 25 2017...

CLIMATE NORMAL PERIOD 1981 TO 2010
CLIMATE RECORD PERIOD 1948 TO 2017


WEATHER ITEM   OBSERVED TIME   RECORD YEAR NORMAL DEPARTURE LAST
                VALUE   (LST)  VALUE       VALUE  FROM      YEAR
                                                  NORMAL
..................................................................
TEMPERATURE (F)
 YESTERDAY
  MAXIMUM         51    150 PM  67    1969  55     -4       57
                                      1966
                                      1960
  MINIMUM         41   1148 PM  20    1996  36      5       35
  AVERAGE         46                        46      0       46

PRECIPITATION (IN)
  YESTERDAY        0.08          0.83 1978   0.16  -0.08     0.01
  MONTH TO DATE    9.37                      4.36   5.01     8.29
  SINCE OCT 1     50.47                     38.16  12.31    56.43
  SINCE JAN 1     22.37                     17.47   4.90    23.43

DEGREE DAYS
 HEATING
  YESTERDAY       19                        19      0       19
  MONTH TO DATE  524                       522      2      476
  SINCE MAR 1    524                       522      2      476
  SINCE JUL 1   4252                      4244      8     3834

 COOLING
  YESTERDAY        0                         0      0        0
  MONTH TO DATE    0                         0      0        0
  SINCE MAR 1      0                         0      0        0
  SINCE JAN 1      0                         0      0        0
..................................................................


WIND (MPH)
  RESULTANT WIND SPEED   4   RESULTANT WIND DIRECTION   W (250)
  HIGHEST WIND SPEED    17   HIGHEST WIND DIRECTION     W (260)
  HIGHEST GUST SPEED    23   HIGHEST GUST DIRECTION    SW (240)
  AVERAGE WIND SPEED     5.8


SKY COVER
  AVERAGE SKY COVER 0.7


WEATHER CONDITIONS
 THE FOLLOWING WEATHER WAS RECORDED YESTERDAY.
  RAIN
  LIGHT RAIN
  FOG


RELATIVE HUMIDITY (PERCENT)
 HIGHEST    96           500 AM
 LOWEST     56           500 PM
 AVERAGE    76

..........................................................


THE OLYMPIA WA AIRPORT CLIMATE NORMALS FOR TODAY
                         NORMAL    RECORD    YEAR
 MAXIMUM TEMPERATURE (F)   56        76      1969
 MINIMUM TEMPERATURE (F)   36        24      1975


SUNRISE AND SUNSET
MARCH 26 2017.........SUNRISE   702 AM PDT   SUNSET   733 PM PDT
MARCH 27 2017.........SUNRISE   700 AM PDT   SUNSET   735 PM PDT


-  INDICATES NEGATIVE NUMBERS.
R  INDICATES RECORD WAS SET OR TIED.
MM INDICATES DATA IS MISSING.
T  INDICATES TRACE AMOUNT.




$$
