000
CDUS46 KSEW 240842
CLIOLM


CLIMATE REPORT
NATIONAL WEATHER SERVICE SEATTLE WA
1242 AM PST SAT FEB 24 2018


...................................

...THE OLYMPIA WA AIRPORT CLIMATE SUMMARY FOR FEBRUARY 23 2018...

CLIMATE NORMAL PERIOD 1981 TO 2010
CLIMATE RECORD PERIOD 1948 TO 2018


WEATHER ITEM   OBSERVED TIME   RECORD YEAR NORMAL DEPARTURE LAST
                VALUE   (LST)  VALUE       VALUE  FROM      YEAR
                                                  NORMAL
..................................................................
TEMPERATURE (F)
 YESTERDAY
  MAXIMUM         34   1046 PM  64    1995  50    -16       46
  MINIMUM         16R   247 AM  20    2005  33    -17       31
  AVERAGE         25                        42    -17       39

PRECIPITATION (IN)
  YESTERDAY        0.22          2.37 1950   0.18   0.04     0.11
  MONTH TO DATE    2.88                      4.38  -1.50     8.49
  SINCE OCT 1     38.51                     32.91   5.60    40.41
  SINCE JAN 1     12.75                     12.22   0.53    12.31

DEGREE DAYS
 HEATING
  YESTERDAY       40                        23     17       26
  MONTH TO DATE  589                       552     37      566
  SINCE DEC 1   2137                      2158    -21     2394
  SINCE JUL 1   3439                      3603   -164     3591

 COOLING
  YESTERDAY        0                         0      0        0
  MONTH TO DATE    0                         0      0        0
  SINCE DEC 1      0                         0      0        0
  SINCE JAN 1      0                         0      0        0
..................................................................


WIND (MPH)
  RESULTANT WIND SPEED   7   RESULTANT WIND DIRECTION  SW (210)
  HIGHEST WIND SPEED    20   HIGHEST WIND DIRECTION    SW (210)
  HIGHEST GUST SPEED    28   HIGHEST GUST DIRECTION     S (180)
  AVERAGE WIND SPEED     8.9


SKY COVER
  AVERAGE SKY COVER 0.7


WEATHER CONDITIONS
 THE FOLLOWING WEATHER WAS RECORDED YESTERDAY.
  LIGHT SNOW
  FOG
  HAZE


RELATIVE HUMIDITY (PERCENT)
 HIGHEST   100          1200 AM
 LOWEST     66          1200 PM
 AVERAGE    83

..........................................................


THE OLYMPIA WA AIRPORT CLIMATE NORMALS FOR TODAY
                         NORMAL    RECORD    YEAR
 MAXIMUM TEMPERATURE (F)   51        65      2005
 MINIMUM TEMPERATURE (F)   33        15      1962


SUNRISE AND SUNSET
FEBRUARY 24 2018......SUNRISE   700 AM PST   SUNSET   550 PM PST
FEBRUARY 25 2018......SUNRISE   658 AM PST   SUNSET   551 PM PST


-  INDICATES NEGATIVE NUMBERS.
R  INDICATES RECORD WAS SET OR TIED.
MM INDICATES DATA IS MISSING.
T  INDICATES TRACE AMOUNT.




$$
