000
CDUS46 KSEW 200121
CLIOLM


CLIMATE REPORT
NATIONAL WEATHER SERVICE SEATTLE WA
521 PM PST FRI DEC 19 2014


...................................

...THE OLYMPIA WA AIRPORT CLIMATE SUMMARY FOR DECEMBER 19 2014...
VALID TODAY AS OF 0500 PM LOCAL TIME.

CLIMATE NORMAL PERIOD 1981 TO 2010
CLIMATE RECORD PERIOD 1948 TO 2014


WEATHER ITEM   OBSERVED TIME   RECORD YEAR NORMAL DEPARTURE LAST
                VALUE   (LST)  VALUE       VALUE  FROM      YEAR
                                                  NORMAL
..................................................................
TEMPERATURE (F)
 TODAY
  MAXIMUM         51    147 PM  55    1981  44      7       38
                                      1959
  MINIMUM         44    853 AM  11    2008  32     12       22
  AVERAGE         48                        38     10       30

PRECIPITATION (IN)
  TODAY            0.01          1.38 1948   0.22  -0.21     0.00
  MONTH TO DATE    3.10                      4.71  -1.61     1.42
  SINCE OCT 1     16.13                     17.94  -1.81     8.24
  SINCE JAN 1     51.61                     47.25   4.36    40.86

DEGREE DAYS
 HEATING
  TODAY           17                        27    -10       35
  MONTH TO DATE  429                       502    -73      593
  SINCE DEC 1    429                       502    -73      593
  SINCE JUL 1   1528                      1947   -419     1989

 COOLING
  TODAY            0                         0      0        0
  MONTH TO DATE    0                         0      0        0
  SINCE DEC 1      0                         0      0        0
  SINCE JAN 1    187                       106     81      147
..................................................................


WIND (MPH)
  RESULTANT WIND SPEED  12   RESULTANT WIND DIRECTION   S (190)
  HIGHEST WIND SPEED    20   HIGHEST WIND DIRECTION     S (180)
  HIGHEST GUST SPEED    25   HIGHEST GUST DIRECTION     S (170)
  AVERAGE WIND SPEED    11.8


SKY COVER
  AVERAGE SKY COVER 0.7


WEATHER CONDITIONS
 THE FOLLOWING WEATHER WAS RECORDED TODAY.
  LIGHT RAIN


RELATIVE HUMIDITY (PERCENT)
 HIGHEST    93          1200 AM
 LOWEST     71           100 PM
 AVERAGE    82

..........................................................


THE OLYMPIA WA AIRPORT CLIMATE NORMALS FOR TOMORROW
                         NORMAL    RECORD    YEAR
 MAXIMUM TEMPERATURE (F)   44        56      2009
                                             1973
 MINIMUM TEMPERATURE (F)   32         4      1990


SUNRISE AND SUNSET
DECEMBER 19 2014......SUNRISE   753 AM PST   SUNSET   424 PM PST
DECEMBER 20 2014......SUNRISE   754 AM PST   SUNSET   425 PM PST


-  INDICATES NEGATIVE NUMBERS.
R  INDICATES RECORD WAS SET OR TIED.
MM INDICATES DATA IS MISSING.
T  INDICATES TRACE AMOUNT.




$$
