000
CDUS46 KSEW 220830
CLIOLM


CLIMATE REPORT
NATIONAL WEATHER SERVICE SEATTLE WA
130 AM PDT FRI AUG 22 2014


...................................

...THE OLYMPIA WA AIRPORT CLIMATE SUMMARY FOR AUGUST 21 2014...

CLIMATE NORMAL PERIOD 1981 TO 2010
CLIMATE RECORD PERIOD 1948 TO 2014


WEATHER ITEM   OBSERVED TIME   RECORD YEAR NORMAL DEPARTURE LAST
                VALUE   (LST)  VALUE       VALUE  FROM      YEAR
                                                  NORMAL
..................................................................
TEMPERATURE (F)
 YESTERDAY
  MAXIMUM         76    425 PM  95    1958  77     -1       82
  MINIMUM         46    603 AM  38    1973  50     -4       45
  AVERAGE         61                        64     -3       64

PRECIPITATION (IN)
  YESTERDAY        0.00          0.83 2004   0.04  -0.04     0.00
  MONTH TO DATE    0.85                      0.51   0.34     0.28
  SINCE OCT 1     40.65                     47.86  -7.21    48.66
  SINCE JAN 1     31.81                     27.17   4.64    21.70

DEGREE DAYS
 HEATING
  YESTERDAY        4                         2      2        1
  MONTH TO DATE   11                        42    -31       12
  SINCE JUN 1    199                       310   -111      205
  SINCE JUL 1     44                       122    -78       69

 COOLING
  YESTERDAY        0                         1     -1        0
  MONTH TO DATE   67                        37     30       34
  SINCE JUN 1    164                        91     73       96
  SINCE JAN 1    165                        94     71       98
..................................................................


WIND (MPH)
  RESULTANT WIND SPEED   2   RESULTANT WIND DIRECTION  SW (230)
  HIGHEST WIND SPEED    12   HIGHEST WIND DIRECTION     W (280)
  HIGHEST GUST SPEED    15   HIGHEST GUST DIRECTION     S (170)
  AVERAGE WIND SPEED     3.7


SKY COVER
  AVERAGE SKY COVER 0.3


WEATHER CONDITIONS
 THE FOLLOWING WEATHER WAS RECORDED YESTERDAY.
  FOG


RELATIVE HUMIDITY (PERCENT)
 HIGHEST   100           500 AM
 LOWEST     33           500 PM
 AVERAGE    67

..........................................................


THE OLYMPIA WA AIRPORT CLIMATE NORMALS FOR TODAY
                         NORMAL    RECORD    YEAR
 MAXIMUM TEMPERATURE (F)   77        90      1956
 MINIMUM TEMPERATURE (F)   50        38      1973
                                             1960


SUNRISE AND SUNSET
AUGUST 22 2014........SUNRISE   618 AM PDT   SUNSET   810 PM PDT
AUGUST 23 2014........SUNRISE   619 AM PDT   SUNSET   808 PM PDT


-  INDICATES NEGATIVE NUMBERS.
R  INDICATES RECORD WAS SET OR TIED.
MM INDICATES DATA IS MISSING.
T  INDICATES TRACE AMOUNT.




$$
