000
CDUS43 KOAX 270625
CLIOMA


CLIMATE REPORT
NATIONAL WEATHER SERVICE OMAHA NEBRASKA
123 AM CDT WED AUG 27 2014


...................................

...THE OMAHA EPPLEY, NEBRASKA CLIMATE SUMMARY FOR AUGUST 26 2014...

CLIMATE NORMAL PERIOD 1981 TO 2010
CLIMATE RECORD PERIOD 1871 TO 2014


WEATHER ITEM   OBSERVED TIME   RECORD YEAR NORMAL DEPARTURE LAST
                VALUE   (LST)  VALUE       VALUE  FROM      YEAR
                                                  NORMAL
..................................................................
TEMPERATURE (F)
 YESTERDAY
  MAXIMUM         78    348 PM 103    1955  84     -6       97
  MINIMUM         63    218 AM  50    1964  62      1       74
                                      1885
  AVERAGE         71                        73     -2       86

PRECIPITATION (IN)
  YESTERDAY        1.71          4.64 1903   0.11   1.60     0.00
  MONTH TO DATE    5.46                      3.27   2.19     1.72
  SINCE JUN 1     17.70                     11.28   6.42     6.90
  SINCE JAN 1     24.52                     22.56   1.96    21.24

SNOWFALL (IN)
  YESTERDAY        0.0                       0.0    0.0      0.0
  MONTH TO DATE    0.0                       0.0    0.0      0.0
  SINCE JUL 1      0.0                       0.0    0.0      0.0
  SNOW DEPTH       0

DEGREE DAYS
 HEATING
  YESTERDAY        0                         0      0        0
  MONTH TO DATE    0                         0      0        0
  SINCE JUN 1     10                        18     -8       21
  SINCE JUL 1      4                         1      3        5

 COOLING
  YESTERDAY        6                         8     -2       21
  MONTH TO DATE  287                       263     24      272
  SINCE JUN 1    835                       858    -23      867
  SINCE JAN 1    978                       940     38      963
..................................................................


WIND (MPH)
  HIGHEST WIND SPEED    28   HIGHEST WIND DIRECTION    NW (300)
  HIGHEST GUST SPEED    32   HIGHEST GUST DIRECTION    NW (310)
  AVERAGE WIND SPEED     7.6


SKY COVER
  POSSIBLE SUNSHINE  MM
  AVERAGE SKY COVER 0.8


WEATHER CONDITIONS
 THE FOLLOWING WEATHER WAS RECORDED YESTERDAY.
  THUNDERSTORM
  HEAVY RAIN
  RAIN
  LIGHT RAIN
  FOG
  HAZE


RELATIVE HUMIDITY (PERCENT)
 HIGHEST    93           400 AM
 LOWEST     64           400 PM
 AVERAGE    79

..........................................................


THE OMAHA EPPLEY, NEBRASKA CLIMATE NORMALS FOR TODAY
                         NORMAL    RECORD    YEAR
 MAXIMUM TEMPERATURE (F)   84       103      1955
 MINIMUM TEMPERATURE (F)   62        43      1967


SUNRISE AND SUNSET
AUGUST 27 2014........SUNRISE   645 AM CDT   SUNSET   804 PM CDT
AUGUST 28 2014........SUNRISE   646 AM CDT   SUNSET   803 PM CDT


-  INDICATES NEGATIVE NUMBERS.
R  INDICATES RECORD WAS SET OR TIED.
MM INDICATES DATA IS MISSING.
T  INDICATES TRACE AMOUNT.




$$
