000
CDUS43 KOAX 240655
CLIOMA


CLIMATE REPORT
NATIONAL WEATHER SERVICE OMAHA NEBRASKA
155 AM CDT SUN SEP 24 2017


...................................

...THE OMAHA EPPLEY, NEBRASKA CLIMATE SUMMARY FOR SEPTEMBER 23 2017...

CLIMATE NORMAL PERIOD 1981 TO 2010
CLIMATE RECORD PERIOD 1871 TO 2017


WEATHER ITEM   OBSERVED TIME   RECORD YEAR NORMAL DEPARTURE LAST
                VALUE   (LST)  VALUE       VALUE  FROM      YEAR
                                                  NORMAL
..................................................................
TEMPERATURE (F)
 YESTERDAY
  MAXIMUM         92    403 PM  96    1892  75     17       91
  MINIMUM         72    628 AM  32    1989  51     21       71
  AVERAGE         82                        63     19       81

PRECIPITATION (IN)
  YESTERDAY        0.00          5.74 2015   0.08  -0.08     0.00
  MONTH TO DATE    1.31                      2.11  -0.80     3.13
  SINCE SEP 1      1.31                      2.11  -0.80     3.13
  SINCE JAN 1     20.28                     25.22  -4.94    29.45

SNOWFALL (IN)
  YESTERDAY        0.0                       0.0    0.0      0.0
  MONTH TO DATE    0.0                       0.0    0.0      0.0
  SINCE JUL 1      0.0                       0.0    0.0       T
  SNOW DEPTH       0

DEGREE DAYS
 HEATING
  YESTERDAY        0                         5     -5        0
  MONTH TO DATE   14                        53    -39        6
  SINCE SEP 1     14                        53    -39        6
  SINCE JUL 1     14                        61    -47        6

 COOLING
  YESTERDAY       17                         2     15       16
  MONTH TO DATE  187                       104     83      195
  SINCE SEP 1    187                       104     83      195
  SINCE JAN 1   1316                      1084    232     1442
..................................................................


WIND (MPH)
  HIGHEST WIND SPEED    26   HIGHEST WIND DIRECTION    SE (150)
  HIGHEST GUST SPEED    35   HIGHEST GUST DIRECTION    SE (150)
  AVERAGE WIND SPEED    14.6


SKY COVER
  POSSIBLE SUNSHINE  MM
  AVERAGE SKY COVER 0.6


WEATHER CONDITIONS
 THE FOLLOWING WEATHER WAS RECORDED YESTERDAY.
  NO SIGNIFICANT WEATHER WAS OBSERVED.


RELATIVE HUMIDITY (PERCENT)
 HIGHEST    84           400 AM
 LOWEST     41           200 PM
 AVERAGE    63

..........................................................


THE OMAHA EPPLEY, NEBRASKA CLIMATE NORMALS FOR TODAY
                         NORMAL    RECORD    YEAR
 MAXIMUM TEMPERATURE (F)   74        91      1892
 MINIMUM TEMPERATURE (F)   50        31      1965


SUNRISE AND SUNSET
SEPTEMBER 24 2017.....SUNRISE   713 AM CDT   SUNSET   717 PM CDT
SEPTEMBER 25 2017.....SUNRISE   714 AM CDT   SUNSET   715 PM CDT


-  INDICATES NEGATIVE NUMBERS.
R  INDICATES RECORD WAS SET OR TIED.
MM INDICATES DATA IS MISSING.
T  INDICATES TRACE AMOUNT.




$$
