000
CDUS43 KOAX 190709
CLIOMA


CLIMATE REPORT
NATIONAL WEATHER SERVICE OMAHA NEBRASKA
109 AM CST FRI JAN 19 2018


...................................

...THE OMAHA EPPLEY, NEBRASKA CLIMATE SUMMARY FOR JANUARY 18 2018...

CLIMATE NORMAL PERIOD 1981 TO 2010
CLIMATE RECORD PERIOD 1871 TO 2018


WEATHER ITEM   OBSERVED TIME   RECORD YEAR NORMAL DEPARTURE LAST
                VALUE   (LST)  VALUE       VALUE  FROM      YEAR
                                                  NORMAL
..................................................................
TEMPERATURE (F)
 YESTERDAY
  MAXIMUM         36    225 PM  63    1951  33      3       49
  MINIMUM         12    527 AM -19    1940  13     -1       24
  AVERAGE         24                        23      1       37

PRECIPITATION (IN)
  YESTERDAY        0.00          0.40 1979   0.03  -0.03     0.00
  MONTH TO DATE    0.19                      0.40  -0.21     0.69
  SINCE DEC 1      0.61                      1.44  -0.83     2.16
  SINCE JAN 1      0.19                      0.40  -0.21     0.69

SNOWFALL (IN)
  YESTERDAY        0.0                       0.2   -0.2      0.0
  MONTH TO DATE    2.3                       3.5   -1.2      0.6
  SINCE JUL 1      5.9                      12.5   -6.6      3.8
  SNOW DEPTH       2

DEGREE DAYS
 HEATING
  YESTERDAY       41                        42     -1       28
  MONTH TO DATE  866                       756    110      751
  SINCE DEC 1   2025                      1965     60     1924
  SINCE JUL 1   3085                      3235   -150     2675

 COOLING
  YESTERDAY        0                         0      0        0
  MONTH TO DATE    0                         0      0        0
  SINCE DEC 1      0                         0      0        0
  SINCE JAN 1      0                         0      0        0
..................................................................


WIND (MPH)
  HIGHEST WIND SPEED    20   HIGHEST WIND DIRECTION     S (170)
  HIGHEST GUST SPEED    24   HIGHEST GUST DIRECTION     S (170)
  AVERAGE WIND SPEED    11.3


SKY COVER
  POSSIBLE SUNSHINE  MM
  AVERAGE SKY COVER 0.4


WEATHER CONDITIONS
 THE FOLLOWING WEATHER WAS RECORDED YESTERDAY.
  NO SIGNIFICANT WEATHER WAS OBSERVED.


RELATIVE HUMIDITY (PERCENT)
 HIGHEST    84           400 AM
 LOWEST     49          1200 PM
 AVERAGE    67

..........................................................


THE OMAHA EPPLEY, NEBRASKA CLIMATE NORMALS FOR TODAY
                         NORMAL    RECORD    YEAR
 MAXIMUM TEMPERATURE (F)   33        65      2014
 MINIMUM TEMPERATURE (F)   13       -26      1892


SUNRISE AND SUNSET
JANUARY 19 2018.......SUNRISE   745 AM CST   SUNSET   524 PM CST
JANUARY 20 2018.......SUNRISE   744 AM CST   SUNSET   525 PM CST


-  INDICATES NEGATIVE NUMBERS.
R  INDICATES RECORD WAS SET OR TIED.
MM INDICATES DATA IS MISSING.
T  INDICATES TRACE AMOUNT.




$$
