000
CDUS43 KOAX 020647
CLIOMA


CLIMATE REPORT
NATIONAL WEATHER SERVICE OMAHA NEBRASKA
146 AM CDT THU JUL 2 2015


...................................

...THE OMAHA EPPLEY, NEBRASKA CLIMATE SUMMARY FOR JULY 1 2015...

CLIMATE NORMAL PERIOD 1981 TO 2010
CLIMATE RECORD PERIOD 1871 TO 2015


WEATHER ITEM   OBSERVED TIME   RECORD YEAR NORMAL DEPARTURE LAST
                VALUE   (LST)  VALUE       VALUE  FROM      YEAR
                                                  NORMAL
..................................................................
TEMPERATURE (F)
 YESTERDAY
  MAXIMUM         84    420 PM 105    1938  87     -3       81
  MINIMUM         67    310 AM  48    1995  65      2       61
  AVERAGE         76                        76      0       71

PRECIPITATION (IN)
  YESTERDAY        T             1.50 1931   0.12  -0.12     0.00
  MONTH TO DATE    T                         0.12  -0.12     0.00
  SINCE JUN 1      4.61                      4.30   0.31    10.52
  SINCE JAN 1     15.30                     15.58  -0.28    17.34

SNOWFALL (IN)
  YESTERDAY        0.0                       0.0    0.0      0.0
  MONTH TO DATE    0.0                       0.0    0.0      0.0
  SINCE JUL 1      0.0                       0.0    0.0      0.0
  SNOW DEPTH       0

DEGREE DAYS
 HEATING
  YESTERDAY        0                         0      0        0
  MONTH TO DATE    0                         0      0        0
  SINCE JUN 1      0                        17    -17        6
  SINCE JUL 1      0                         0      0        0

 COOLING
  YESTERDAY       11                        11      0        6
  MONTH TO DATE   11                        11      0        6
  SINCE JUN 1    273                       241     32      273
  SINCE JAN 1    319                       323     -4      416
..................................................................


WIND (MPH)
  HIGHEST WIND SPEED    16   HIGHEST WIND DIRECTION     E (100)
  HIGHEST GUST SPEED    20   HIGHEST GUST DIRECTION    SE (140)
  AVERAGE WIND SPEED     9.2


SKY COVER
  POSSIBLE SUNSHINE  MM
  AVERAGE SKY COVER 0.5


WEATHER CONDITIONS
 THE FOLLOWING WEATHER WAS RECORDED YESTERDAY.
  THUNDERSTORM
  LIGHT RAIN
  FOG


RELATIVE HUMIDITY (PERCENT)
 HIGHEST   100           300 AM
 LOWEST     59           300 PM
 AVERAGE    80

..........................................................


THE OMAHA EPPLEY, NEBRASKA CLIMATE NORMALS FOR TODAY
                         NORMAL    RECORD    YEAR
 MAXIMUM TEMPERATURE (F)   87       104      1990
 MINIMUM TEMPERATURE (F)   65        51      1967
                                             1945


SUNRISE AND SUNSET
JULY  2 2015..........SUNRISE   555 AM CDT   SUNSET   900 PM CDT
JULY  3 2015..........SUNRISE   555 AM CDT   SUNSET   900 PM CDT


-  INDICATES NEGATIVE NUMBERS.
R  INDICATES RECORD WAS SET OR TIED.
MM INDICATES DATA IS MISSING.
T  INDICATES TRACE AMOUNT.




$$
