000
CDUS43 KOAX 300625
CLIOMA


CLIMATE REPORT
NATIONAL WEATHER SERVICE OMAHA NEBRASKA
123 AM CDT TUE MAY 30 2017


...................................

...THE OMAHA EPPLEY, NEBRASKA CLIMATE SUMMARY FOR MAY 29 2017...

CLIMATE NORMAL PERIOD 1981 TO 2010
CLIMATE RECORD PERIOD 1871 TO 2017


WEATHER ITEM   OBSERVED TIME   RECORD YEAR NORMAL DEPARTURE LAST
                VALUE   (LST)  VALUE       VALUE  FROM      YEAR
                                                  NORMAL
..................................................................
TEMPERATURE (F)
 YESTERDAY
  MAXIMUM         76    450 PM 102    1934  78     -2       87
  MINIMUM         53    514 AM  33    1947  55     -2       56
  AVERAGE         65                        67     -2       72

PRECIPITATION (IN)
  YESTERDAY        0.00          1.35 1880   0.16  -0.16     0.00
  MONTH TO DATE    4.60                      4.42   0.18     4.79
  SINCE MAR 1      9.41                      9.37   0.04    11.22
  SINCE JAN 1     11.31                     10.94   0.37    12.94

SNOWFALL (IN)
  YESTERDAY        0.0                       0.0    0.0      0.0
  MONTH TO DATE    T                         0.1   -0.1      0.0
  SINCE JUL 1     11.4                      26.5  -15.1     27.4
  SNOW DEPTH       0

DEGREE DAYS
 HEATING
  YESTERDAY        0                         2     -2        0
  MONTH TO DATE  127                       143    -16      121
  SINCE MAR 1   1108                      1347   -239      961
  SINCE JUL 1   4935                      6145  -1210     4927

 COOLING
  YESTERDAY        0                         4     -4        7
  MONTH TO DATE   76                        57     19       55
  SINCE MAR 1     84                        73     11       68
  SINCE JAN 1     84                        73     11       68
..................................................................


WIND (MPH)
  HIGHEST WIND SPEED    26   HIGHEST WIND DIRECTION    NW (320)
  HIGHEST GUST SPEED    34   HIGHEST GUST DIRECTION    NW (320)
  AVERAGE WIND SPEED     9.7


SKY COVER
  POSSIBLE SUNSHINE  MM
  AVERAGE SKY COVER 0.3


WEATHER CONDITIONS
 THE FOLLOWING WEATHER WAS RECORDED YESTERDAY.
  NO SIGNIFICANT WEATHER WAS OBSERVED.


RELATIVE HUMIDITY (PERCENT)
 HIGHEST    67          1200 AM
 LOWEST     25           100 PM
 AVERAGE    46

..........................................................


THE OMAHA EPPLEY, NEBRASKA CLIMATE NORMALS FOR TODAY
                         NORMAL    RECORD    YEAR
 MAXIMUM TEMPERATURE (F)   78       103      1934
 MINIMUM TEMPERATURE (F)   56        42      1897


SUNRISE AND SUNSET
MAY 30 2017...........SUNRISE   554 AM CDT   SUNSET   849 PM CDT
MAY 31 2017...........SUNRISE   553 AM CDT   SUNSET   850 PM CDT


-  INDICATES NEGATIVE NUMBERS.
R  INDICATES RECORD WAS SET OR TIED.
MM INDICATES DATA IS MISSING.
T  INDICATES TRACE AMOUNT.


$$

BCM
