000
CDUS43 KOAX 130651
CLIOMA


CLIMATE REPORT
NATIONAL WEATHER SERVICE OMAHA NEBRASKA
151 AM CDT SUN JUL 13 2014


...................................

...THE OMAHA EPPLEY, NEBRASKA CLIMATE SUMMARY FOR JULY 12 2014...

CLIMATE NORMAL PERIOD 1981 TO 2010
CLIMATE RECORD PERIOD 1871 TO 2014


WEATHER ITEM   OBSERVED TIME   RECORD YEAR NORMAL DEPARTURE LAST
                VALUE   (LST)  VALUE       VALUE  FROM      YEAR
                                                  NORMAL
..................................................................
TEMPERATURE (F)
 YESTERDAY
  MAXIMUM         90   1256 PM 110    1939  88      2       91
  MINIMUM         70   1159 PM  53    1975  66      4       69
                                      1941
  AVERAGE         80                        77      3       80

PRECIPITATION (IN)
  YESTERDAY        0.00          2.82 1950   0.13  -0.13     0.00
  MONTH TO DATE    1.72                      1.48   0.24     0.29
  SINCE JUN 1     12.24                      5.66   6.58     5.03
  SINCE JAN 1     19.06                     16.94   2.12    19.37

SNOWFALL (IN)
  YESTERDAY        0.0                       0.0    0.0      0.0
  MONTH TO DATE    0.0                       0.0    0.0      0.0
  SINCE JUL 1      0.0                       0.0    0.0      0.0
  SNOW DEPTH       0

DEGREE DAYS
 HEATING
  YESTERDAY        0                         0      0        0
  MONTH TO DATE    1                         0      1        0
  SINCE JUN 1      7                        17    -10       16
  SINCE JUL 1      1                         0      1        0

 COOLING
  YESTERDAY       15                        12      3       15
  MONTH TO DATE  115                       140    -25      151
  SINCE JUN 1    382                       370     12      386
  SINCE JAN 1    525                       452     73      482
..................................................................


WIND (MPH)
  HIGHEST WIND SPEED    18   HIGHEST WIND DIRECTION     N (340)
  HIGHEST GUST SPEED    24   HIGHEST GUST DIRECTION    NW (330)
  AVERAGE WIND SPEED     8.0


SKY COVER
  POSSIBLE SUNSHINE  MM
  AVERAGE SKY COVER 0.7


WEATHER CONDITIONS
 THE FOLLOWING WEATHER WAS RECORDED YESTERDAY.
  NO SIGNIFICANT WEATHER WAS OBSERVED.


RELATIVE HUMIDITY (PERCENT)
 HIGHEST    88          1200 AM
 LOWEST     52           100 PM
 AVERAGE    70

..........................................................


THE OMAHA EPPLEY, NEBRASKA CLIMATE NORMALS FOR TODAY
                         NORMAL    RECORD    YEAR
 MAXIMUM TEMPERATURE (F)   88       108      1954
 MINIMUM TEMPERATURE (F)   66        51      1975


SUNRISE AND SUNSET
JULY 13 2014..........SUNRISE   602 AM CDT   SUNSET   856 PM CDT
JULY 14 2014..........SUNRISE   603 AM CDT   SUNSET   856 PM CDT


-  INDICATES NEGATIVE NUMBERS.
R  INDICATES RECORD WAS SET OR TIED.
MM INDICATES DATA IS MISSING.
T  INDICATES TRACE AMOUNT.




$$
