000
CDUS43 KOAX 042135
CLIOMA


CLIMATE REPORT
NATIONAL WEATHER SERVICE OMAHA NEBRASKA
434 PM CDT FRI SEP 4 2015


...................................

...THE OMAHA EPPLEY, NEBRASKA CLIMATE SUMMARY FOR SEPTEMBER 4 2015...
VALID TODAY AS OF 0400 PM LOCAL TIME.

CLIMATE NORMAL PERIOD 1981 TO 2010
CLIMATE RECORD PERIOD 1871 TO 2015


WEATHER ITEM   OBSERVED TIME   RECORD YEAR NORMAL DEPARTURE LAST
                VALUE   (LST)  VALUE       VALUE  FROM      YEAR
                                                  NORMAL
..................................................................
TEMPERATURE (F)
 TODAY
  MAXIMUM         90    255 PM 100    1954  82      8       93
                                      1913
  MINIMUM         74    701 AM  40    1974  59     15       69
  AVERAGE         82                        70     12       81

PRECIPITATION (IN)
  TODAY            0.00          2.64 1989   0.10  -0.10     0.00
  MONTH TO DATE    0.00                      0.40  -0.40      T
  SINCE SEP 1      0.00                      0.40  -0.40      T
  SINCE JAN 1     26.65                     23.51   3.14    28.65

SNOWFALL (IN)
  TODAY            0.0                       0.0    0.0      0.0
  MONTH TO DATE    0.0                       0.0    0.0      0.0
  SINCE JUL 1      0.0                       0.0    0.0      0.0
  SNOW DEPTH       0

DEGREE DAYS
 HEATING
  TODAY            0                         1     -1        0
  MONTH TO DATE    0                         4     -4        0
  SINCE SEP 1      0                         4     -4        0
  SINCE JUL 1      4                        12     -8        4

 COOLING
  TODAY           17                         6     11       16
  MONTH TO DATE   68                        27     41       39
  SINCE SEP 1     68                        27     41       39
  SINCE JAN 1   1021                      1007     14     1062
..................................................................


WIND (MPH)
  HIGHEST WIND SPEED    21   HIGHEST WIND DIRECTION     S (160)
  HIGHEST GUST SPEED    25   HIGHEST GUST DIRECTION     S (160)
  AVERAGE WIND SPEED    13.7


SKY COVER
  POSSIBLE SUNSHINE  MM
  AVERAGE SKY COVER 0.7


WEATHER CONDITIONS
 THE FOLLOWING WEATHER WAS RECORDED TODAY.
  NO SIGNIFICANT WEATHER WAS OBSERVED.


RELATIVE HUMIDITY (PERCENT)
 HIGHEST    84           600 AM
 LOWEST     56           300 PM
 AVERAGE    70

..........................................................


THE OMAHA EPPLEY, NEBRASKA CLIMATE NORMALS FOR TOMORROW
                         NORMAL    RECORD    YEAR
 MAXIMUM TEMPERATURE (F)   82       100      1914
                                             1913
 MINIMUM TEMPERATURE (F)   59        42      1962


SUNRISE AND SUNSET
SEPTEMBER  4 2015.....SUNRISE   653 AM CDT   SUNSET   752 PM CDT
SEPTEMBER  5 2015.....SUNRISE   654 AM CDT   SUNSET   750 PM CDT


-  INDICATES NEGATIVE NUMBERS.
R  INDICATES RECORD WAS SET OR TIED.
MM INDICATES DATA IS MISSING.
T  INDICATES TRACE AMOUNT.




$$
