000
CDUS43 KOAX 212242
CLIOMA


CLIMATE REPORT
NATIONAL WEATHER SERVICE OMAHA NEBRASKA
439 PM CST TUE FEB 21 2017


...................................

...THE OMAHA EPPLEY, NEBRASKA CLIMATE SUMMARY FOR FEBRUARY 21 2017...
VALID TODAY AS OF 400 PM LOCAL TIME.

CLIMATE NORMAL PERIOD 1981 TO 2010
CLIMATE RECORD PERIOD 1871 TO 2017


WEATHER ITEM   OBSERVED TIME   RECORD YEAR NORMAL DEPARTURE LAST
                VALUE   (LST)  VALUE       VALUE  FROM      YEAR
                                                  NORMAL
..................................................................
TEMPERATURE (F)
 TODAY
  MAXIMUM         72R   346 PM  72    1977  40     32       51
  MINIMUM         32    738 AM -10    1918  20     12       33
  AVERAGE         52                        30     22       42

PRECIPITATION (IN)
  TODAY            0.00          0.73 1945   0.03  -0.03      T
  MONTH TO DATE    0.38                      0.59  -0.21     0.60
  SINCE DEC 1      2.71                      2.35   0.36     6.97
  SINCE JAN 1      1.24                      1.31  -0.07     1.71

SNOWFALL (IN)
  TODAY            0.0                       0.2   -0.2      0.0
  MONTH TO DATE    2.8                       4.8   -2.0      6.3
  SINCE JUL 1      8.7                      19.9  -11.2     27.4
  SNOW DEPTH       0

DEGREE DAYS
 HEATING
  TODAY           13                        35    -22       23
  MONTH TO DATE  569                       798   -229      698
  SINCE DEC 1   2889                      3293   -404     2900
  SINCE JUL 1   3640                      4563   -923     3778

 COOLING
  TODAY            0                         0      0        0
  MONTH TO DATE    0                         0      0        0
  SINCE DEC 1      0                         0      0        0
  SINCE JAN 1      0                         0      0        0
..................................................................


WIND (MPH)
  HIGHEST WIND SPEED    18   HIGHEST WIND DIRECTION     S (180)
  HIGHEST GUST SPEED    23   HIGHEST GUST DIRECTION     S (180)
  AVERAGE WIND SPEED     6.1


SKY COVER
  POSSIBLE SUNSHINE  MM
  AVERAGE SKY COVER 0.2


WEATHER CONDITIONS
 THE FOLLOWING WEATHER WAS RECORDED TODAY.
  FOG
  FOG W/VISIBILITY <= 1/4 MILE


RELATIVE HUMIDITY (PERCENT)
 HIGHEST    92           900 AM
 LOWEST     27           300 PM
 AVERAGE    60

..........................................................


THE OMAHA EPPLEY, NEBRASKA CLIMATE NORMALS FOR TOMORROW
                         NORMAL    RECORD    YEAR
 MAXIMUM TEMPERATURE (F)   41        71      1982
 MINIMUM TEMPERATURE (F)   20        -8      1910
                                             1889


SUNRISE AND SUNSET
FEBRUARY 21 2017......SUNRISE   710 AM CST   SUNSET   605 PM CST
FEBRUARY 22 2017......SUNRISE   708 AM CST   SUNSET   606 PM CST


-  INDICATES NEGATIVE NUMBERS.
R  INDICATES RECORD WAS SET OR TIED.
MM INDICATES DATA IS MISSING.
T  INDICATES TRACE AMOUNT.




$$

KLISH
