000
CDUS43 KOAX 230621
CLIOMA


CLIMATE REPORT
NATIONAL WEATHER SERVICE OMAHA NEBRASKA
120 AM CDT WED JUL 23 2014


...................................

...THE OMAHA EPPLEY, NEBRASKA CLIMATE SUMMARY FOR JULY 22 2014...

CLIMATE NORMAL PERIOD 1981 TO 2010
CLIMATE RECORD PERIOD 1871 TO 2014


WEATHER ITEM   OBSERVED TIME   RECORD YEAR NORMAL DEPARTURE LAST
                VALUE   (LST)  VALUE       VALUE  FROM      YEAR
                                                  NORMAL
..................................................................
TEMPERATURE (F)
 YESTERDAY
  MAXIMUM         92    232 PM 105    2012  87      5       95
  MINIMUM         71   1159 PM  53    1970  67      4       71
  AVERAGE         82                        77      5       83

PRECIPITATION (IN)
  YESTERDAY        T             2.66 2004   0.12  -0.12      T
  MONTH TO DATE    1.72                      2.71  -0.99     0.35
  SINCE JUN 1     12.24                      6.89   5.35     5.09
  SINCE JAN 1     19.06                     18.17   0.89    19.43

SNOWFALL (IN)
  YESTERDAY        0.0                       0.0    0.0      0.0
  MONTH TO DATE    0.0                       0.0    0.0      0.0
  SINCE JUL 1      0.0                       0.0    0.0      0.0
  SNOW DEPTH       0

DEGREE DAYS
 HEATING
  YESTERDAY        0                         0      0        0
  MONTH TO DATE    4                         0      4        0
  SINCE JUN 1     10                        17     -7       16
  SINCE JUL 1      4                         0      4        0

 COOLING
  YESTERDAY       17                        12      5       18
  MONTH TO DATE  200                       260    -60      314
  SINCE JUN 1    467                       490    -23      549
  SINCE JAN 1    610                       572     38      645
..................................................................


WIND (MPH)
  HIGHEST WIND SPEED    24   HIGHEST WIND DIRECTION     N (350)
  HIGHEST GUST SPEED    27   HIGHEST GUST DIRECTION     N (340)
  AVERAGE WIND SPEED    10.1


SKY COVER
  POSSIBLE SUNSHINE  MM
  AVERAGE SKY COVER 0.6


WEATHER CONDITIONS
 THE FOLLOWING WEATHER WAS RECORDED YESTERDAY.
  NO SIGNIFICANT WEATHER WAS OBSERVED.


RELATIVE HUMIDITY (PERCENT)
 HIGHEST    79           900 PM
 LOWEST     47           200 PM
 AVERAGE    63

..........................................................


THE OMAHA EPPLEY, NEBRASKA CLIMATE NORMALS FOR TODAY
                         NORMAL    RECORD    YEAR
 MAXIMUM TEMPERATURE (F)   87       105      2012
                                             2005
 MINIMUM TEMPERATURE (F)   67        54      1948
                                             1904


SUNRISE AND SUNSET
JULY 23 2014..........SUNRISE   610 AM CDT   SUNSET   849 PM CDT
JULY 24 2014..........SUNRISE   611 AM CDT   SUNSET   848 PM CDT


-  INDICATES NEGATIVE NUMBERS.
R  INDICATES RECORD WAS SET OR TIED.
MM INDICATES DATA IS MISSING.
T  INDICATES TRACE AMOUNT.




$$
