669
CDAK49 PAOM 302241
CLIOME

CLIMATE REPORT
NATIONAL WEATHER SERVICE NOME, AK
241 PM AKDT TUE AUG 30 2016

...................................
...THE NOME WSO AP CLIMATE SUMMARY FOR AUGUST 30 2016...
VALID TODAY AS OF 2:00 PM LOCAL TIME

CLIMATE NORMAL PERIOD  1981 TO  2010
CLIMATE RECORD PERIOD  1906 TO  2016

WEATHER ITEM   OBSERVED TIME    RECORD YEAR NORMAL DEPARTURE LAST
               VALUE    (LST)   VALUE       VALUE  FROM      YEAR
                                                   NORMAL
...................................................................
TEMPERATURE
TODAY
 MAXIMUM            67  1227 PM    67  2016     54      13     48
 MINIMUM            49  0616 AM    23  1913     42       7     36
 AVERAGE            58                          48      10     42

PRECIPITATION
(INCHES)
 TODAY            0.00           0.89  1944   0.10   -0.10   0.00
 MONTH TO DATE    3.03                        3.13   -0.10   3.70
 SINCE JUN 1      7.19                        6.22    0.97   5.80
 SINCE JAN 1     10.28                       10.36   -0.08  10.24

SNOWFALL
(INCHES)
 TODAY             0.0              T  1962    0.0     0.0    0.0
 MONTH TO DATE     0.0                         0.0     0.0    0.0
 SINCE JUN 1       0.0                         0.3    -0.3    0.0
 SINCE JUL 1       0.0                         0.0     0.0    0.0
 SNOW DEPTH (IN)     0                                          0

DEGREE DAYS
 HEATING
  TODAY              7                          17     -10     23
  MONTH TO DATE    341                         447    -106    476
  SINCE JUN 1     1208                        1363    -155   1308
  SINCE JUL 1      744                         847    -103    783

 COOLING
  TODAY              0                           0       0      0
  MONTH TO DATE      0                           0       0      0
  SINCE JUN 1        0                           0       0      5
  SINCE JAN 1        0                           0       0      5
...................................................................

WIND (MPH)
 HIGHEST WIND SPEED    15     HIGHEST WIND DIRECTION     40
 HIGHEST GUST SPEED    19     HIGHEST GUST DIRECTION     60
 AVERAGE WIND SPEED    MM

SKY COVER
  POSSIBLE SUNSHINE  MM            AVERAGE SKY COVER MM

WEATHER CONDITIONS
 THE FOLLOWING WEATHER WAS RECORDED TODAY.
NO SIGNIFICANT WEATHER WAS OBSERVED.

RELATIVE HUMIDITY
 HIGHEST RH     MM PERCENT       MM
 LOWEST  RH     MM PERCENT       MM
 AVERAGE RH     MM PERCENT       MM
...................................................................

THE NOME CLIMATE NORMALS FOR TOMORROW
                        NORMAL    RECORD   YEAR
 MAXIMUM TEMPERATURE      54        66     1978
 MINIMUM TEMPERATURE      42        26     1919

SUNRISE AND SUNSET
 AUG 30 2016..........SUNRISE  7:40 AM      SUNSET 10:24 PM
 AUG 31 2016..........SUNRISE  7:43 AM      SUNSET 10:20 PM

-  INDICATES NEGATIVE NUMBERS.
R  INDICATES RECORD HAS BEEN SET OR TIED.
MM INDICATES DATA IS MISSING.
T  INDICATES TRACE OF PRECIPITATION.

&&
-------------------------------------------------------------------

AMOUNT OF DAYLIGHT TODAY  (HOUR:MIN)........14 HOURS 44 MINUTES
GAIN/LOSS SINCE YESTERDAY (HOUR:MIN:SEC)....-0:06:37

$$
RWM AUG 16
