000
CDAK49 PAFG 221009
CLIOME

CLIMATE REPORT
NATIONAL WEATHER SERVICE FAIRBANKS AK
209 AM AKDT WED MAR 22 2017


...................................

...THE NOME AK CLIMATE SUMMARY FOR MARCH 21 2017...

CLIMATE NORMAL PERIOD 1981 TO 2010
CLIMATE RECORD PERIOD 1906 TO 2017


WEATHER ITEM   OBSERVED TIME   RECORD YEAR NORMAL DEPARTURE LAST
                VALUE   (LST)  VALUE       VALUE  FROM      YEAR
                                                  NORMAL
..................................................................
TEMPERATURE (F)
 YESTERDAY
  MAXIMUM         10    513 PM  39    1981  19     -9       29
  MINIMUM        -15    809 AM -43    1975   2    -17       12
  AVERAGE         -2                        11    -13       21

PRECIPITATION (IN)
  YESTERDAY        0.00          0.33 1935   0.02  -0.02     0.00
  MONTH TO DATE    0.01                      0.45  -0.44     0.02
  SINCE MAR 1      0.01                      0.45  -0.44     0.02
  SINCE JAN 1      1.76                      2.32  -0.56     1.05

SNOWFALL (IN)
  YESTERDAY        0.0           3.7  1935   0.2   -0.2      0.0
  MONTH TO DATE    0.8                       6.3   -5.5      0.0
  SINCE MAR 1      0.8                       6.3   -5.5      0.0
  SINCE JUL 1     53.0                      63.0  -10.0     15.5
  SNOW DEPTH      37

DEGREE DAYS
 HEATING
  YESTERDAY       67                        55     12       44
  MONTH TO DATE 1377                      1162    215     1104
  SINCE MAR 1   1377                      1162    215     1104
  SINCE JUL 1  10172                     10441   -269     3895

 COOLING
  YESTERDAY        0                         0      0        0
  MONTH TO DATE    0                         0      0        0
  SINCE MAR 1      0                         0      0        0
  SINCE JAN 1      0                         0      0        0
..................................................................


WIND (MPH)
  HIGHEST GUST SPEED     8   HIGHEST GUST DIRECTION     E (70)


SKY COVER
  AVERAGE SKY COVER 0.2


WEATHER CONDITIONS
 THE FOLLOWING WEATHER WAS RECORDED YESTERDAY.
  FOG


RELATIVE HUMIDITY (PERCENT)
 HIGHEST   100
 LOWEST     66
 AVERAGE    83

..........................................................


THE NOME AK CLIMATE NORMALS FOR TODAY
                         NORMAL    RECORD    YEAR
 MAXIMUM TEMPERATURE (F)   19        37      1999
                                             1987
                                             1983
 MINIMUM TEMPERATURE (F)    2       -44      1975


SUNRISE AND SUNSET
MARCH 22 2017.........SUNRISE   854 AM AKDT  SUNSET   926 PM AKDT
MARCH 23 2017.........SUNRISE   850 AM AKDT  SUNSET   929 PM AKDT

-  INDICATES NEGATIVE NUMBERS.
R  INDICATES RECORD WAS SET OR TIED.
MM INDICATES DATA IS MISSING.
T  INDICATES TRACE AMOUNT.

&&

SNOW DEPTH IS MEASURED AT 3AM AKST/4AM AKDT.

----------------------------
AVAILABLE DAYLIGHT

AMOUNT OF DAYLIGHT TODAY  (HOUR:MIN)........12:32
GAIN/LOSS SINCE YESTERDAY (HOUR:MIN:SEC)....+0:06:38

NOME TIDAL INFORMATION FOR 22 MARCH 2017
0711  +0.1
1413  +0.7
2213  +0.8

$$
CCC MAR 17
