000
CDAK49 PAOM 300915
CLIOME

CLIMATE REPORT
NATIONAL WEATHER SERVICE NOME, AK
116 AM AKDT SUN AUG 30 2015

...................................
...THE NOME WSO AP CLIMATE SUMMARY FOR AUGUST 29 2015...

CLIMATE NORMAL PERIOD  1981 TO  2010
CLIMATE RECORD PERIOD  1906 TO  2015

WEATHER ITEM   OBSERVED TIME    RECORD YEAR NORMAL DEPARTURE LAST
               VALUE    (LST)   VALUE       VALUE  FROM      YEAR
                                                   NORMAL
...................................................................
TEMPERATURE
YESTERDAY
 MAXIMUM            46  0228 PM    67  1981     54      -8     51
 MINIMUM            33  0718 AM    27  1927     43     -10     34
 AVERAGE            40                          49      -9     43

PRECIPITATION
(INCHES)
 YESTERDAY           T           0.76  1996   0.09   -0.09   0.00
 MONTH TO DATE    3.70                        3.03    0.67   0.97
 SINCE JUN 1      5.80                        6.12   -0.32   3.81
 SINCE JAN 1     10.24                       10.26   -0.02   8.28

SNOWFALL
(INCHES)
 YESTERDAY         0.0              T  1959    0.0     0.0    0.0
 MONTH TO DATE     0.0                         0.0     0.0    0.0
 SINCE JUN 1       0.0                         0.3    -0.3    0.0
 SINCE JUL 1       0.0                         0.0     0.0    0.0
 SNOW DEPTH (IN)     0                                          0

DEGREE DAYS
 HEATING
  YESTERDAY         25                          16       9     22
  MONTH TO DATE    453                         430      23    235
  SINCE JUN 1     1285                        1346     -61   1226
  SINCE JUL 1      760                         830     -70    658

 COOLING
  YESTERDAY          0                           0       0      0
  MONTH TO DATE      0                           0       0      1
  SINCE JUN 1        5                           0       5      3
  SINCE JAN 1        5                           0       5      3
...................................................................

WIND (MPH)
 HIGHEST WIND SPEED    30     HIGHEST WIND DIRECTION    300
 HIGHEST GUST SPEED    37     HIGHEST GUST DIRECTION    310
 AVERAGE WIND SPEED  14.9

SKY COVER
  POSSIBLE SUNSHINE    MM          AVERAGE SKY COVER     MM

WEATHER CONDITIONS
 THE FOLLOWING WEATHER WAS RECORDED YESTERDAY.
  RAIN


RELATIVE HUMIDITY
 HIGHEST RH     MM PERCENT       MM
 LOWEST  RH     MM PERCENT       MM
 AVERAGE RH     MM PERCENT       MM
...................................................................

THE NOME CLIMATE NORMALS FOR TODAY
                           NORMAL    RECORD   YEAR
 MAXIMUM TEMPERATURE (F)     54        64     1970
 MINIMUM TEMPERATURE (F)     42        23     1913

SUNRISE AND SUNSET
 AUG 30 2015..........SUNRISE  7:37 AM      SUNSET 10:26 PM
 AUG 31 2015..........SUNRISE  7:40 AM      SUNSET 10:23 PM

-  INDICATES NEGATIVE NUMBERS.
R  INDICATES RECORD HAS BEEN SET OR TIED.
MM INDICATES DATA IS MISSING.
T  INDICATES TRACE OF PRECIPITATION.

&&
-------------------------------------------------------------------

AMOUNT OF DAYLIGHT TODAY  (HOUR:MIN)........14 HOURS 49 MINUTES
GAIN/LOSS SINCE YESTERDAY (HOUR:MIN:SEC)....-0:06:38

TIDE INFORMATION FOR SUNDAY AUGUST 30 2015
 6:13 AM HIGH 1.3 FT
11:23 AM LOW  0.7 FT
 5:22 PM HIGH 1.5 FT

$$
RWM AUG 15
