000
CDAK49 PAOM 302334
CLIOME

CLIMATE REPORT
NATIONAL WEATHER SERVICE NOME, AK
334 PM AKDT SAT JUL 30 2016

...................................
...THE NOME WSO AP CLIMATE SUMMARY FOR JULY 30 2016...
VALID TODAY AS OF 2:00 PM LOCAL TIME

CLIMATE NORMAL PERIOD  1981 TO  2010
CLIMATE RECORD PERIOD  1906 TO  2016

WEATHER ITEM   OBSERVED TIME    RECORD YEAR NORMAL DEPARTURE LAST
               VALUE    (LST)   VALUE       VALUE  FROM      YEAR
                                                   NORMAL
...................................................................
TEMPERATURE
TODAY
 MAXIMUM            56  0233 PM    84  1977     57      -1     60
 MINIMUM            44  0744 AM    33  1929     46      -2     45
 AVERAGE            50                          52      -2     53

PRECIPITATION
(INCHES)
 TODAY            0.00           0.92  1984   0.10   -0.10   0.00
 MONTH TO DATE    3.82                        2.01    1.81   1.44
 SINCE JUN 1      4.16                        2.99    1.17   2.10
 SINCE JAN 1      7.25                        7.13    0.12   6.54

SNOWFALL
(INCHES)
 TODAY             0.0            0.0  2016    0.0     0.0    0.0
 MONTH TO DATE     0.0                         0.0     0.0    0.0
 SINCE JUN 1       0.0                         0.3    -0.3    0.0
 SINCE JUL 1       0.0                         0.0     0.0    0.0
 SNOW DEPTH (IN)     0                                          0

DEGREE DAYS
 HEATING
  TODAY             15                          13       2     12
  MONTH TO DATE    385                         387      -2    291
  SINCE JUN 1      849                         903     -54    816
  SINCE JUL 1      385                         387      -2    291

 COOLING
  TODAY              0                           0       0      0
  MONTH TO DATE      0                           0       0      0
  SINCE JUN 1        0                           0       0      5
  SINCE JAN 1        0                           0       0      5
...................................................................

WIND (MPH)
 HIGHEST WIND SPEED    22     HIGHEST WIND DIRECTION     30
 HIGHEST GUST SPEED    26     HIGHEST GUST DIRECTION     30
 AVERAGE WIND SPEED    MM

SKY COVER
  POSSIBLE SUNSHINE  MM            AVERAGE SKY COVER MM

WEATHER CONDITIONS
 THE FOLLOWING WEATHER WAS RECORDED TODAY.
NO SIGNIFICANT WEATHER WAS OBSERVED.

RELATIVE HUMIDITY
 HIGHEST RH     MM PERCENT       MM
 LOWEST  RH     MM PERCENT       MM
 AVERAGE RH     MM PERCENT       MM
...................................................................

THE NOME CLIMATE NORMALS FOR TOMORROW
                        NORMAL    RECORD   YEAR
 MAXIMUM TEMPERATURE      57        86     1977
 MINIMUM TEMPERATURE      46        30     1929

SUNRISE AND SUNSET
 JUL 30 2016..........SUNRISE  6:01 AM      SUNSET 12:14 AM
 JUL 31 2016..........SUNRISE  6:04 AM      SUNSET 12:10 AM

-  INDICATES NEGATIVE NUMBERS.
R  INDICATES RECORD HAS BEEN SET OR TIED.
MM INDICATES DATA IS MISSING.
T  INDICATES TRACE OF PRECIPITATION.

&&
-------------------------------------------------------------------

AMOUNT OF DAYLIGHT TODAY  (HOUR:MIN)........18 HOURS 13 MINUTES
GAIN/LOSS SINCE YESTERDAY (HOUR:MIN:SEC)....-0:06:43

$$
RCT JUL 16
