000
CDAK49 PAOM 160902
CLIOME

CLIMATE REPORT
NATIONAL WEATHER SERVICE NOME, AK
102 AM AKDT WED APR 16 2014

...................................
...THE NOME WSO AP CLIMATE SUMMARY FOR APRIL 15 2014...

CLIMATE NORMAL PERIOD  1981 TO  2010
CLIMATE RECORD PERIOD  1906 TO  2014

WEATHER ITEM   OBSERVED TIME    RECORD YEAR NORMAL DEPARTURE LAST
               VALUE    (LST)   VALUE       VALUE  FROM      YEAR
                                                   NORMAL
...................................................................
TEMPERATURE
YESTERDAY
 MAXIMUM            40  0548 PM    54  1940     27      13     21
 MINIMUM            25  1014 AM   -24  1924     13      12     -6
 AVERAGE            33                          20      13      8

PRECIPITATION
(INCHES)
 YESTERDAY        0.00           0.40  1936   0.03   -0.03   0.00
 MONTH TO DATE    0.25                        0.35   -0.10   0.25
 SINCE MAR 1      0.78                        1.00   -0.22   0.89
 SINCE JAN 1      2.95                        2.87    0.08   2.41

SNOWFALL
(INCHES)
 YESTERDAY         0.0            4.1  1936    0.3    -0.3    0.0
 MONTH TO DATE     2.5                         4.2    -1.7    3.9
 SINCE MAR 1      14.8                        13.1     1.7   13.0
 SINCE JUL 1      69.1                        69.8    -0.7   54.3
 SNOW DEPTH (IN)     6                                         21

DEGREE DAYS
 HEATING
  YESTERDAY         32                          45     -13     57
  MONTH TO DATE    687                         731     -44    815
  SINCE MAR 1     2314                        2427    -113   2563
  SINCE JUL 1    10460                       11709   -1249  12121

 COOLING
  YESTERDAY          0                           0       0      0
  MONTH TO DATE      0                           0       0      0
  SINCE MAR 1        0                           0       0      0
  SINCE JAN 1        0                           0       0      0
...................................................................

WIND (MPH)
 HIGHEST WIND SPEED    16     HIGHEST WIND DIRECTION     10
 HIGHEST GUST SPEED    20     HIGHEST GUST DIRECTION    360
 AVERAGE WIND SPEED   6.2

SKY COVER
  POSSIBLE SUNSHINE    MM          AVERAGE SKY COVER     MM

WEATHER CONDITIONS
 THE FOLLOWING WEATHER WAS RECORDED YESTERDAY.
  FOG
FREEZING FOG


RELATIVE HUMIDITY
 HIGHEST RH     MM PERCENT       MM
 LOWEST  RH     MM PERCENT       MM
 AVERAGE RH     MM PERCENT       MM
...................................................................

THE NOME CLIMATE NORMALS FOR TODAY
                           NORMAL    RECORD   YEAR
 MAXIMUM TEMPERATURE (F)     27        49     1940
 MINIMUM TEMPERATURE (F)     14       -16     1927

SUNRISE AND SUNSET
 APR 16 2014..........SUNRISE  7:24 AM      SUNSET 10:42 PM
 APR 17 2014..........SUNRISE  7:21 AM      SUNSET 10:45 PM

-  INDICATES NEGATIVE NUMBERS.
R  INDICATES RECORD HAS BEEN SET OR TIED.
MM INDICATES DATA IS MISSING.
T  INDICATES TRACE OF PRECIPITATION.

&&
-------------------------------------------------------------------

AMOUNT OF DAYLIGHT TODAY  (HOUR:MIN)........15 HOURS 18 MINUTES
GAIN/LOSS SINCE YESTERDAY (HOUR:MIN:SEC)....+0:06:45

TIDE INFORMATION FOR WEDNESDAY APRIL 16 2014

12:16 AM LOW  0.2 FT
 7:01 AM HIGH 1.2 FT
12:08 PM LOW  0.7 FT
 5:46 PM HIGH 1.3 FT

$$
RWM APR 14
