000
CDAK49 PAFG 270955
CLIOME

CLIMATE REPORT
NATIONAL WEATHER SERVICE FAIRBANKS AK
155 AM AKDT TUE JUN 27 2017


...................................

...THE NOME AK CLIMATE SUMMARY FOR JUNE 26 2017...

CLIMATE NORMAL PERIOD 1981 TO 2010
CLIMATE RECORD PERIOD 1906 TO 2017


WEATHER ITEM   OBSERVED TIME   RECORD YEAR NORMAL DEPARTURE LAST
                VALUE   (LST)  VALUE       VALUE  FROM      YEAR
                                                  NORMAL
..................................................................
TEMPERATURE (F)
 YESTERDAY
  MAXIMUM         58    621 AM  80    1984  58      0       58
  MINIMUM         49   1159 PM  29    1918  44      5       47
  AVERAGE         54                        51      3       53

PRECIPITATION (IN)
  YESTERDAY        0.03          0.65 1950   0.04  -0.01      T
  MONTH TO DATE    0.79                      0.82  -0.03     0.34
  SINCE JUN 1      0.79                      0.82  -0.03     0.34
  SINCE JAN 1      3.64                      4.96  -1.32     3.43

SNOWFALL (IN)
  YESTERDAY        0.0           0.0    MM   0.0    0.0     MM
  MONTH TO DATE    0.0                       0.3   -0.3      0.0
  SINCE JUN 1      0.0                       0.3   -0.3      0.0
  SINCE JUL 1     54.6                      75.7  -21.1     16.2
  SNOW DEPTH       0

DEGREE DAYS
 HEATING
  YESTERDAY       11                        14     -3       12
  MONTH TO DATE  315                       460   -145      392
  SINCE JUN 1    315                       460   -145      392
  SINCE JUL 1  12933                     13644   -711     6331

 COOLING
  YESTERDAY        0                         0      0        0
  MONTH TO DATE    4                         0      4        0
  SINCE JUN 1      4                         0      4        0
  SINCE JAN 1      4                         0      4        0
..................................................................


WIND (MPH)
  HIGHEST GUST SPEED    29   HIGHEST GUST DIRECTION    SE (120)


SKY COVER
  AVERAGE SKY COVER 0.9


WEATHER CONDITIONS
 THE FOLLOWING WEATHER WAS RECORDED YESTERDAY.
  LIGHT RAIN
  FOG


RELATIVE HUMIDITY (PERCENT)
 HIGHEST   100
 LOWEST     67
 AVERAGE    84

..........................................................


THE NOME AK CLIMATE NORMALS FOR TODAY
                         NORMAL    RECORD    YEAR
 MAXIMUM TEMPERATURE (F)   58        77      1908
 MINIMUM TEMPERATURE (F)   44        31      1918


SUNRISE AND SUNSET
JUNE 27 2017..........SUNRISE   425 AM AKDT  SUNSET   145 AM AKDT
JUNE 28 2017..........SUNRISE   426 AM AKDT  SUNSET   144 AM AKDT

-  INDICATES NEGATIVE NUMBERS.
R  INDICATES RECORD WAS SET OR TIED.
MM INDICATES DATA IS MISSING.
T  INDICATES TRACE AMOUNT.

&&

SNOW DEPTH IS MEASURED AT 3AM AKST/4AM AKDT.

----------------------------
AVAILABLE DAYLIGHT

AMOUNT OF DAYLIGHT TODAY  (HOUR:MIN)........21:21
GAIN/LOSS SINCE YESTERDAY (HOUR:MIN:SEC)....-0:02:21

NOME TIDAL INFORMATION FOR 27 JUNE 2017
0143  -0.6
0904  +1.3
1351  +0.6
1941  +1.2

$$
NTS JUN 17
