000
CDAK49 PAOM 291201
CLIOME

CLIMATE REPORT
NATIONAL WEATHER SERVICE NOME, AK
401 AM AKDT FRI APR 29 2016

...................................
...THE NOME WSO AP CLIMATE SUMMARY FOR APRIL 28 2016...

CLIMATE NORMAL PERIOD  1981 TO  2010
CLIMATE RECORD PERIOD  1906 TO  2016

WEATHER ITEM   OBSERVED TIME    RECORD YEAR NORMAL DEPARTURE LAST
               VALUE    (LST)   VALUE       VALUE  FROM      YEAR
                                                   NORMAL
...................................................................
TEMPERATURE
YESTERDAY
 MAXIMUM            50R 0607 PM    49  1953     34      16     44
 MINIMUM            30  0647 AM   -12  1964     22       8     26
 AVERAGE            40                          28      12     35

PRECIPITATION
(INCHES)
 YESTERDAY        0.00           0.43  1995   0.02   -0.02   0.00
 MONTH TO DATE    0.80                        0.70    0.10   0.61
 SINCE MAR 1      0.84                        1.35   -0.51   1.31
 SINCE JAN 1      1.87                        3.22   -1.35   2.95

SNOWFALL
(INCHES)
 YESTERDAY         0.0            4.2  1995    0.2    -0.2    0.0
 MONTH TO DATE     6.1                         7.1    -1.0    7.6
 SINCE MAR 1       6.6                        16.0    -9.4   16.4
 SINCE JUL 1      48.9                        72.7   -23.8   59.7
 SNOW DEPTH (IN)     0                                          4

DEGREE DAYS
 HEATING
  YESTERDAY         25                          37     -12     30
  MONTH TO DATE    863                        1262    -399   1237
  SINCE MAR 1     2509                        2958    -449   3044
  SINCE JUL 1    10746                       12240   -1494  11222

 COOLING
  YESTERDAY          0                           0       0      0
  MONTH TO DATE      0                           0       0      0
  SINCE MAR 1        0                           0       0      0
  SINCE JAN 1        0                           0       0      0
...................................................................

WIND (MPH)
 HIGHEST WIND SPEED    14     HIGHEST WIND DIRECTION     50
 HIGHEST GUST SPEED    16     HIGHEST GUST DIRECTION     60
 AVERAGE WIND SPEED   4.7

SKY COVER
  POSSIBLE SUNSHINE    MM          AVERAGE SKY COVER     MM

WEATHER CONDITIONS
 THE FOLLOWING WEATHER WAS RECORDED YESTERDAY.
  NO SIGNIFICANT WEATHER WAS OBSERVED.

RELATIVE HUMIDITY
 HIGHEST RH     MM PERCENT       MM
 LOWEST  RH     MM PERCENT       MM
 AVERAGE RH     MM PERCENT       MM
...................................................................

THE NOME CLIMATE NORMALS FOR TODAY
                           NORMAL    RECORD   YEAR
 MAXIMUM TEMPERATURE (F)     35        48     1941
 MINIMUM TEMPERATURE (F)     22        -7     1982

SUNRISE AND SUNSET
 APR 29 2016..........SUNRISE  6:36 AM      SUNSET 11:25 PM
 APR 30 2016..........SUNRISE  6:32 AM      SUNSET 11:29 PM

-  INDICATES NEGATIVE NUMBERS.
R  INDICATES RECORD HAS BEEN SET OR TIED.
MM INDICATES DATA IS MISSING.
T  INDICATES TRACE OF PRECIPITATION.

&&
-------------------------------------------------------------------

AMOUNT OF DAYLIGHT TODAY  (HOUR:MIN)........16 HOURS 49 MINUTES
GAIN/LOSS SINCE YESTERDAY (HOUR:MIN:SEC)....+0:06:50

NOME TIDAL INFORMATION FOR 29 APRIL 2016
0441  -0.1
1200  +1.0
1707  +0.7
1944  +0.8

$$

CKC APR 16
