140
CDAK49 PAFG 260957
CLIOME

CLIMATE REPORT
NATIONAL WEATHER SERVICE FAIRBANKS AK
157 AM AKDT WED APR 26 2017


...................................

...THE NOME AK CLIMATE SUMMARY FOR APRIL 25 2017...

CLIMATE NORMAL PERIOD 1981 TO 2010
CLIMATE RECORD PERIOD 1906 TO 2017


WEATHER ITEM   OBSERVED TIME   RECORD YEAR NORMAL DEPARTURE LAST
                VALUE   (LST)  VALUE       VALUE  FROM      YEAR
                                                  NORMAL
..................................................................
TEMPERATURE (F)
 YESTERDAY
  MAXIMUM         44    335 PM  60    1940  32     12       49
  MINIMUM         37   1159 PM -17    1964  20     17       26
  AVERAGE         41                        26     15       38

PRECIPITATION (IN)
  YESTERDAY        T             0.28 1995   0.03  -0.03     0.00
                                      1990
  MONTH TO DATE    0.11                      0.62  -0.51     0.80
  SINCE MAR 1      0.12                      1.27  -1.15     0.84
  SINCE JAN 1      1.87                      3.14  -1.27     1.87

SNOWFALL (IN)
  YESTERDAY        0.0           3.0  1910   0.3   -0.3      0.0
  MONTH TO DATE    1.1                       6.6   -5.5      0.7
  SINCE MAR 1      2.0                      15.5  -13.5      0.7
  SINCE JUL 1     54.2                      72.2  -18.0     16.2
  SNOW DEPTH       5

DEGREE DAYS
 HEATING
  YESTERDAY       24                        39    -15       27
  MONTH TO DATE  891                      1149   -258      761
  SINCE MAR 1   2879                      2845     34     2403
  SINCE JUL 1  11674                     12124   -450     5194

 COOLING
  YESTERDAY        0                         0      0        0
  MONTH TO DATE    0                         0      0        0
  SINCE MAR 1      0                         0      0        0
  SINCE JAN 1      0                         0      0        0
..................................................................


WIND (MPH)
  HIGHEST GUST SPEED    18   HIGHEST GUST DIRECTION    NE (40)


SKY COVER
  AVERAGE SKY COVER 0.9


WEATHER CONDITIONS
 THE FOLLOWING WEATHER WAS RECORDED YESTERDAY.
  LIGHT RAIN


RELATIVE HUMIDITY (PERCENT)
 HIGHEST    76
 LOWEST     60
 AVERAGE    68

..........................................................


THE NOME AK CLIMATE NORMALS FOR TODAY
                         NORMAL    RECORD    YEAR
 MAXIMUM TEMPERATURE (F)   33        52      2016
                                             1940
 MINIMUM TEMPERATURE (F)   20       -15      1964


SUNRISE AND SUNSET
APRIL 26 2017.........SUNRISE   647 AM AKDT  SUNSET  1115 PM AKDT
APRIL 27 2017.........SUNRISE   644 AM AKDT  SUNSET  1118 PM AKDT

-  INDICATES NEGATIVE NUMBERS.
R  INDICATES RECORD WAS SET OR TIED.
MM INDICATES DATA IS MISSING.
T  INDICATES TRACE AMOUNT.

&&

SNOW DEPTH IS MEASURED AT 3AM AKST/4AM AKDT.

----------------------------
AVAILABLE DAYLIGHT

AMOUNT OF DAYLIGHT TODAY  (HOUR:MIN)........16:27
GAIN/LOSS SINCE YESTERDAY (HOUR:MIN:SEC)....+0:06:49

NOME TIDAL INFORMATION FOR 26 APRIL 2017
0534  +0.8
1059  +0.0
1713  +1.0
2342  -0.2

$$
SDB APR 17
