429
CDAK49 PAFG 050943
CLIOME

CLIMATE REPORT
NATIONAL WEATHER SERVICE FAIRBANKS AK
1243 AM AKST MON DEC 5 2016


...................................

...THE NOME AK CLIMATE SUMMARY FOR DECEMBER 4 2016...

CLIMATE NORMAL PERIOD 1981 TO 2010
CLIMATE RECORD PERIOD 1906 TO 2016


WEATHER ITEM   OBSERVED TIME   RECORD YEAR NORMAL DEPARTURE LAST
                VALUE   (LST)  VALUE       VALUE  FROM      YEAR
                                                  NORMAL
..................................................................
TEMPERATURE (F)
 YESTERDAY
  MAXIMUM          6    259 AM  35    2002  19    -13       MM
                                      1972
                                      1934
  MINIMUM         -9   1251 AM -32    1916   5    -14       MM
  AVERAGE         -1                        12    -13       MM

PRECIPITATION (IN)
  YESTERDAY        0.00          0.98 1919   0.04  -0.04    MM
  MONTH TO DATE    0.01                      0.14  -0.13    MM
  SINCE DEC 1      0.01                      0.14  -0.13    MM
  SINCE JAN 1     14.97                     15.87  -0.90    MM

SNOWFALL (IN)
  YESTERDAY        0.0           6.0  1919   0.4   -0.4     MM
  MONTH TO DATE    0.4                       1.6   -1.2     MM
  SINCE DEC 1      0.4                       1.6   -1.2     MM
  SINCE JUL 1      9.0                      18.9   -9.9     MM
  SNOW DEPTH       6

DEGREE DAYS
 HEATING
  YESTERDAY       66                        53     13       MM
  MONTH TO DATE  267                       211     56       MM
  SINCE DEC 1    267                       211     56       MM
  SINCE JUL 1   3882                      4304   -422       MM

 COOLING
  YESTERDAY        0                         0      0       MM
  MONTH TO DATE    0                         0      0       MM
  SINCE DEC 1      0                         0      0       MM
  SINCE JAN 1      0                         3     -3       MM
..................................................................


WIND (MPH)
  HIGHEST GUST SPEED    31   HIGHEST GUST DIRECTION     E (70)


SKY COVER
  AVERAGE SKY COVER 0.4


WEATHER CONDITIONS
 THE FOLLOWING WEATHER WAS RECORDED YESTERDAY.
  HAZE


RELATIVE HUMIDITY (PERCENT)
 HIGHEST    86
 LOWEST     62
 AVERAGE    74

..........................................................


THE NOME AK CLIMATE NORMALS FOR TODAY
                         NORMAL    RECORD    YEAR
 MAXIMUM TEMPERATURE (F)   19        39      1983
 MINIMUM TEMPERATURE (F)    5       -30      1916


SUNRISE AND SUNSET
DECEMBER 05 2016......SUNRISE  1139 AM AKST  SUNSET   407 PM AKST
DECEMBER 06 2016......SUNRISE  1141 AM AKST  SUNSET   406 PM AKST

-  INDICATES NEGATIVE NUMBERS.
R  INDICATES RECORD WAS SET OR TIED.
MM INDICATES DATA IS MISSING.
T  INDICATES TRACE AMOUNT.

&&

SNOW DEPTH IS MEASURED AT 3AM AKST/4AM AKDT.

----------------------------
AVAILABLE DAYLIGHT

AMOUNT OF DAYLIGHT TODAY  (HOUR:MIN)........4:29
GAIN/LOSS SINCE YESTERDAY (HOUR:MIN:SEC)....-0:04:17

$$
SDB DEC 16
