573
CDAK49 PAFG 160956
CLIOME

CLIMATE REPORT
NATIONAL WEATHER SERVICE FAIRBANKS AK
156 AM AKDT WED AUG 16 2017


...................................

...THE NOME AK CLIMATE SUMMARY FOR AUGUST 15 2017...

CLIMATE NORMAL PERIOD 1981 TO 2010
CLIMATE RECORD PERIOD 1906 TO 2017


WEATHER ITEM   OBSERVED TIME   RECORD YEAR NORMAL DEPARTURE LAST
                VALUE   (LST)  VALUE       VALUE  FROM      YEAR
                                                  NORMAL
..................................................................
TEMPERATURE (F)
 YESTERDAY
  MAXIMUM         56    227 PM  80    2005  56      0       61
  MINIMUM         40   1155 PM  29    1992  45     -5       45
                                      1986
                                      1929
  AVERAGE         48                        50     -2       53

PRECIPITATION (IN)
  YESTERDAY        T             1.05 1938   0.11  -0.11     0.00
  MONTH TO DATE    1.43                      1.59  -0.16     1.52
  SINCE JUN 1      6.54                      4.68   1.86     5.66
  SINCE JAN 1      9.39                      8.82   0.57     8.75

SNOWFALL (IN)
  YESTERDAY        0.0           0.0    MM   0.0    0.0      0.0
  MONTH TO DATE    0.0                       0.0    0.0      0.0
  SINCE JUN 1      0.0                       0.3   -0.3      0.0
  SINCE JUL 1      0.0                       0.0    0.0      0.0
  SNOW DEPTH       0

DEGREE DAYS
 HEATING
  YESTERDAY       17                        15      2       12
  MONTH TO DATE  161                       213    -52      129
  SINCE JUN 1    885                      1128   -243      940
  SINCE JUL 1    520                       611    -91      493

 COOLING
  YESTERDAY        0                         0      0        0
  MONTH TO DATE    0                         0      0        0
  SINCE JUN 1      4                         3      1        0
  SINCE JAN 1      4                         3      1        0
..................................................................


WIND (MPH)
  HIGHEST GUST SPEED    18   HIGHEST GUST DIRECTION     N (350)


SKY COVER
  AVERAGE SKY COVER 0.9


WEATHER CONDITIONS
 THE FOLLOWING WEATHER WAS RECORDED YESTERDAY.
  LIGHT RAIN


RELATIVE HUMIDITY (PERCENT)
 HIGHEST   100
 LOWEST     59
 AVERAGE    80

..........................................................


THE NOME AK CLIMATE NORMALS FOR TODAY
                         NORMAL    RECORD    YEAR
 MAXIMUM TEMPERATURE (F)   56        68      2008
                                             2005
                                             1950
 MINIMUM TEMPERATURE (F)   45        24      1929


SUNRISE AND SUNSET
AUGUST 16 2017........SUNRISE   656 AM AKDT  SUNSET  1115 PM AKDT
AUGUST 17 2017........SUNRISE   659 AM AKDT  SUNSET  1111 PM AKDT

-  INDICATES NEGATIVE NUMBERS.
R  INDICATES RECORD WAS SET OR TIED.
MM INDICATES DATA IS MISSING.
T  INDICATES TRACE AMOUNT.

&&

SNOW DEPTH IS MEASURED AT 3AM AKST/4AM AKDT.

----------------------------
AVAILABLE DAYLIGHT

AMOUNT OF DAYLIGHT TODAY  (HOUR:MIN)........16:19
GAIN/LOSS SINCE YESTERDAY (HOUR:MIN:SEC)....-0:06:44

NOME TIDAL INFORMATION FOR 16 AUGUST 2017
0006  +1.0
0519  +0.4
1141  +1.3
1853  +0.1

$$
AUG 17
