884
CDAK49 PAFG 170041
CLIOME

CLIMATE REPORT
NATIONAL WEATHER SERVICE FAIRBANKS AK
341 PM AKST SAT DEC 16 2017


...................................

...THE NOME AK CLIMATE SUMMARY FOR DECEMBER 16 2017...
VALID TODAY AS OF 0300 PM LOCAL TIME.

CLIMATE NORMAL PERIOD 1981 TO 2010
CLIMATE RECORD PERIOD 1906 TO 2017


WEATHER ITEM   OBSERVED TIME   RECORD YEAR NORMAL DEPARTURE LAST
                VALUE   (LST)  VALUE       VALUE  FROM      YEAR
                                                  NORMAL
..................................................................
TEMPERATURE (F)
 TODAY
  MAXIMUM         30    858 AM  39    1907  17     13       32
  MINIMUM         25   1219 PM -30    1966   2     23       24
                                      1965
  AVERAGE         28                        10     18       28

PRECIPITATION (IN)
  TODAY            T             0.38 1983   0.04  -0.04     0.04
  MONTH TO DATE    0.67                      0.55   0.12     0.24
  SINCE DEC 1      0.67                      0.55   0.12     0.24
  SINCE JAN 1     18.12                     16.28   1.84    15.20

SNOWFALL (IN)
  TODAY            T             3.9  1983   0.5   -0.5      0.5
  MONTH TO DATE    8.9                       7.1    1.8      4.4
  SINCE DEC 1      8.9                       7.1    1.8      4.4
  SINCE JUL 1     40.5                      24.4   16.1     13.0
  SNOW DEPTH      15

DEGREE DAYS
 HEATING
  TODAY           37                        56    -19       37
  MONTH TO DATE  670                       865   -195      897
  SINCE DEC 1    670                       865   -195      897
  SINCE JUL 1   4458                      4958   -500     4512

 COOLING
  TODAY            0                         0      0        0
  MONTH TO DATE    0                         0      0        0
  SINCE DEC 1      0                         0      0        0
  SINCE JAN 1      4                         3      1        0
..................................................................


WIND (MPH)
  HIGHEST GUST SPEED    28   HIGHEST GUST DIRECTION    NE (30)


SKY COVER
  AVERAGE SKY COVER 0.8


WEATHER CONDITIONS
 THE FOLLOWING WEATHER WAS RECORDED TODAY.
  LIGHT SNOW
  FOG


RELATIVE HUMIDITY (PERCENT)
 HIGHEST    92
 LOWEST     84
 AVERAGE    88

..........................................................


THE NOME AK CLIMATE NORMALS FOR TOMORROW
                         NORMAL    RECORD    YEAR
 MAXIMUM TEMPERATURE (F)   17        34      1971
                                             1945
 MINIMUM TEMPERATURE (F)    2       -32      1966


SUNRISE AND SUNSET
DECEMBER 16 2017......SUNRISE  1159 AM AKST  SUNSET   357 PM AKST
DECEMBER 17 2017......SUNRISE  1201 PM AKST  SUNSET   357 PM AKST

-  INDICATES NEGATIVE NUMBERS.
R  INDICATES RECORD WAS SET OR TIED.
MM INDICATES DATA IS MISSING.
T  INDICATES TRACE AMOUNT.

&&

SNOW DEPTH IS MEASURED AT 3AM AKST/4AM AKDT.

----------------------------
AVAILABLE DAYLIGHT

AMOUNT OF DAYLIGHT TODAY  (HOUR:MIN)........3:57
GAIN/LOSS SINCE YESTERDAY (HOUR:MIN:SEC)....-0:01:37

NOME TIDAL INFORMATION FOR 17 DECEMBER 2017
0255  +1.4
0953  +0.4
1704  +1.3
2111  +0.9

$$
AY DEC 17
