000
CDUS46 KOTX 300821
CLIOMK


CLIMATE REPORT
NATIONAL WEATHER SERVICE SPOKANE, WA
121 AM PDT THU OCT 30 2014


...................................

...THE OMAK WA AIRPORT CLIMATE SUMMARY FOR OCTOBER 29 2014...

CLIMATE NORMAL PERIOD 1981 TO 2010
CLIMATE RECORD PERIOD 9999 TO 9999


WEATHER ITEM   OBSERVED TIME   RECORD YEAR NORMAL DEPARTURE LAST
                VALUE   (LST)  VALUE       VALUE  FROM      YEAR
                                                  NORMAL
..................................................................
TEMPERATURE (F)
 YESTERDAY
  MAXIMUM         55    249 PM  63    1962  54      1       53
  MINIMUM         44    238 AM  12    1971  32     12       27
  AVERAGE         50                        43      7       40

PRECIPITATION (IN)
  YESTERDAY        0.00          0.64 1955   0.05  -0.05     0.00
  MONTH TO DATE    1.42                      1.00   0.42     0.07
  SINCE OCT 1      1.42                      1.00   0.42     0.07
  SINCE JAN 1      8.43                     10.60  -2.17     8.90

SNOWFALL (IN)
  YESTERDAY       MM

DEGREE DAYS
 HEATING
  YESTERDAY       15                        22     -7       25
  MONTH TO DATE  339                       454   -115      475
  SINCE SEP 1    423                       584   -161      608
  SINCE JUL 1    428                       615   -187      608

 COOLING
  YESTERDAY        0                         0      0        0
  MONTH TO DATE    3                         0      3        0
  SINCE SEP 1     49                        58     -9      128
  SINCE JAN 1    873                       664    209      814
..................................................................


WIND (MPH)
  HIGHEST WIND SPEED    14   HIGHEST WIND DIRECTION     S (170)
  HIGHEST GUST SPEED    17   HIGHEST GUST DIRECTION     S (190)
  AVERAGE WIND SPEED     5.2


SKY COVER
  POSSIBLE SUNSHINE  MM
  AVERAGE SKY COVER 0.9


WEATHER CONDITIONS
 THE FOLLOWING WEATHER WAS RECORDED YESTERDAY.
  FOG


RELATIVE HUMIDITY (PERCENT)
 HIGHEST    92          1200 AM
 LOWEST     66           200 PM
 AVERAGE    79

..........................................................


THE OMAK WA AIRPORT CLIMATE NORMALS FOR TODAY
                         NORMAL    RECORD    YEAR
 MAXIMUM TEMPERATURE (F)   53        66      1957
 MINIMUM TEMPERATURE (F)   32         7      2002


SUNRISE AND SUNSET
OCTOBER 30 2014.......SUNRISE   741 AM PDT   SUNSET   542 PM PDT
OCTOBER 31 2014.......SUNRISE   743 AM PDT   SUNSET   540 PM PDT


-  INDICATES NEGATIVE NUMBERS.
R  INDICATES RECORD WAS SET OR TIED.
MM INDICATES DATA IS MISSING.
T  INDICATES TRACE AMOUNT.




$$
