000
CDUS46 KOTX 230833
CLIOMK


CLIMATE REPORT
NATIONAL WEATHER SERVICE SPOKANE, WA
132 AM PDT TUE SEP 23 2014


...................................

...THE OMAK WA AIRPORT CLIMATE SUMMARY FOR SEPTEMBER 22 2014...

CLIMATE NORMAL PERIOD 1981 TO 2010
CLIMATE RECORD PERIOD 9999 TO 9999


WEATHER ITEM   OBSERVED TIME   RECORD YEAR NORMAL DEPARTURE LAST
                VALUE   (LST)  VALUE       VALUE  FROM      YEAR
                                                  NORMAL
..................................................................
TEMPERATURE (F)
 YESTERDAY
  MAXIMUM         81    245 PM  91    1939  75      6       65
  MINIMUM         50    610 AM  26    1946  45      5       40
  AVERAGE         66                        60      6       53

PRECIPITATION (IN)
  YESTERDAY        T             0.38 1973   0.02  -0.02     0.12
  MONTH TO DATE    0.40                      0.39   0.01     1.05
  SINCE OCT 1      7.81                     14.86  -7.05    15.46
  SINCE JAN 1      6.64                      9.41  -2.77     8.47

SNOWFALL (IN)
  YESTERDAY       MM            MM      MM  MM     MM       MM
  MONTH TO DATE   MM                        MM     MM       MM
  SINCE SEP 1     MM                        MM     MM       MM
  SINCE JUL 1     MM                        MM     MM       MM
  SNOW DEPTH      MM

DEGREE DAYS
 HEATING
  YESTERDAY        0                         6     -6       12
  MONTH TO DATE   50                        72    -22       41
  SINCE SEP 1     50                        72    -22       41
  SINCE JUL 1     55                       103    -48       41

 COOLING
  YESTERDAY        1                         1      0        0
  MONTH TO DATE   46                        54     -8      128
  SINCE SEP 1     46                        54     -8      128
  SINCE JAN 1    870                       660    210      814
..................................................................


WIND (MPH)
  HIGHEST WIND SPEED    15   HIGHEST WIND DIRECTION    NW (300)
  HIGHEST GUST SPEED    19   HIGHEST GUST DIRECTION    NW (300)
  AVERAGE WIND SPEED     4.6


SKY COVER
  POSSIBLE SUNSHINE  MM
  AVERAGE SKY COVER 0.1


WEATHER CONDITIONS
 THE FOLLOWING WEATHER WAS RECORDED YESTERDAY.
  LIGHT RAIN


RELATIVE HUMIDITY (PERCENT)
 HIGHEST    71           500 AM
 LOWEST     30           300 PM
 AVERAGE    51

..........................................................


THE OMAK WA AIRPORT CLIMATE NORMALS FOR TODAY
                         NORMAL    RECORD    YEAR
 MAXIMUM TEMPERATURE (F)   75        90      2009
 MINIMUM TEMPERATURE (F)   45        26      2008


SUNRISE AND SUNSET
SEPTEMBER 23 2014.....SUNRISE   646 AM PDT   SUNSET   654 PM PDT
SEPTEMBER 24 2014.....SUNRISE   648 AM PDT   SUNSET   652 PM PDT


-  INDICATES NEGATIVE NUMBERS.
R  INDICATES RECORD WAS SET OR TIED.
MM INDICATES DATA IS MISSING.
T  INDICATES TRACE AMOUNT.




$$
