000
CDUS46 KOTX 301245
CLIOMK


CLIMATE REPORT
NATIONAL WEATHER SERVICE SPOKANE, WA
545 AM PDT TUE JUN 30 2015


...................................

...THE OMAK WA AIRPORT CLIMATE SUMMARY FOR JUNE 29 2015...

CLIMATE NORMAL PERIOD 1981 TO 2010
CLIMATE RECORD PERIOD 9999 TO 9999


WEATHER ITEM   OBSERVED TIME   RECORD YEAR NORMAL DEPARTURE LAST
                VALUE   (LST)  VALUE       VALUE  FROM      YEAR
                                                  NORMAL
..................................................................
TEMPERATURE (F)
 YESTERDAY
  MAXIMUM         95    504 PM 101    2008  83     12       78
  MINIMUM         72    908 AM  38    1968  54     18       46
  AVERAGE         84                        68     16       62

PRECIPITATION (IN)
  YESTERDAY        0.04          0.82 1992   0.04   0.00     0.05
  MONTH TO DATE    0.45                      1.20  -0.75     0.58
  SINCE OCT 1     11.19                     12.84  -1.65     6.39
  SINCE JAN 1      4.62                      7.95  -3.33     5.22

SNOWFALL (IN)
  YESTERDAY       MM

DEGREE DAYS
 HEATING
  YESTERDAY        0                         1     -1        3
  MONTH TO DATE   15                        69    -54       38
  SINCE JUN 1     15                        69    -54       38
  SINCE JUL 1   5334                      6342  -1008     6418

 COOLING
  YESTERDAY       19                         5     14        0
  MONTH TO DATE  248                        80    168       63
  SINCE JUN 1    248                        80    168       63
  SINCE JAN 1    294                       103    191       77
..................................................................


WIND (MPH)
  HIGHEST WIND SPEED    26   HIGHEST WIND DIRECTION     N (10)
  HIGHEST GUST SPEED    34   HIGHEST GUST DIRECTION     N (10)
  AVERAGE WIND SPEED    12.1


SKY COVER
  POSSIBLE SUNSHINE  MM
  AVERAGE SKY COVER 0.2


WEATHER CONDITIONS
 THE FOLLOWING WEATHER WAS RECORDED YESTERDAY.
  RAIN
  LIGHT RAIN


RELATIVE HUMIDITY (PERCENT)
 HIGHEST    64          1100 PM
 LOWEST     22           500 PM
 AVERAGE    43

..........................................................


THE OMAK WA AIRPORT CLIMATE NORMALS FOR TODAY
                         NORMAL    RECORD    YEAR
 MAXIMUM TEMPERATURE (F)   84       103      2008
 MINIMUM TEMPERATURE (F)   54        33      1949


SUNRISE AND SUNSET
JUNE 30 2015..........SUNRISE   500 AM PDT   SUNSET   903 PM PDT
JULY  1 2015..........SUNRISE   500 AM PDT   SUNSET   903 PM PDT


-  INDICATES NEGATIVE NUMBERS.
R  INDICATES RECORD WAS SET OR TIED.
MM INDICATES DATA IS MISSING.
T  INDICATES TRACE AMOUNT.




$$
