000
CDUS46 KOTX 270838
CLIOMK


CLIMATE REPORT
NATIONAL WEATHER SERVICE SPOKANE, WA
133 AM PDT THU APR 27 2017


...................................

...THE OMAK WA AIRPORT CLIMATE SUMMARY FOR APRIL 26 2017...

CLIMATE NORMAL PERIOD 1981 TO 2010
CLIMATE RECORD PERIOD 9999 TO 9999


WEATHER ITEM   OBSERVED TIME   RECORD YEAR NORMAL DEPARTURE LAST
                VALUE   (LST)  VALUE       VALUE  FROM      YEAR
                                                  NORMAL
..................................................................
TEMPERATURE (F)
 YESTERDAY
  MAXIMUM         66    232 PM  83    2005  66      0       68
  MINIMUM         41   1129 PM  23    1954  38      3       37
  AVERAGE         54                        52      2       53

PRECIPITATION (IN)
  YESTERDAY        0.00                      0.04  -0.04     0.00
  MONTH TO DATE    2.66                      0.90   1.76     0.40
  SINCE OCT 1     15.08                     10.28   4.80    11.61
  SINCE JAN 1      8.60                      5.39   3.21     6.25

DEGREE DAYS
 HEATING
  YESTERDAY       11                        13     -2       12
  MONTH TO DATE  435                       401     34      221
  SINCE MAR 1   1202                      1130     72      841
  SINCE JUL 1   6137                      5991    146     5247

 COOLING
  YESTERDAY        0                         0      0        0
  MONTH TO DATE    0                         0      0        5
  SINCE MAR 1      0                         0      0        5
  SINCE JAN 1      0                         0      0        5
..................................................................


WIND (MPH)
  HIGHEST WIND SPEED    22   HIGHEST WIND DIRECTION     W (290)
  HIGHEST GUST SPEED    28   HIGHEST GUST DIRECTION     W (290)
  AVERAGE WIND SPEED    10.6


SKY COVER
  POSSIBLE SUNSHINE  MM
  AVERAGE SKY COVER 0.4


WEATHER CONDITIONS
 THE FOLLOWING WEATHER WAS RECORDED YESTERDAY.
  NO SIGNIFICANT WEATHER WAS OBSERVED.


RELATIVE HUMIDITY (PERCENT)
 HIGHEST    71           500 AM
 LOWEST     17           500 PM
 AVERAGE    44

..........................................................


THE OMAK WA AIRPORT CLIMATE NORMALS FOR TODAY
                         NORMAL    RECORD    YEAR
 MAXIMUM TEMPERATURE (F)   67        83      1980
 MINIMUM TEMPERATURE (F)   39        25      1955


SUNRISE AND SUNSET
APRIL 27 2017.........SUNRISE   545 AM PDT   SUNSET   807 PM PDT
APRIL 28 2017.........SUNRISE   543 AM PDT   SUNSET   809 PM PDT


-  INDICATES NEGATIVE NUMBERS.
R  INDICATES RECORD WAS SET OR TIED.
MM INDICATES DATA IS MISSING.
T  INDICATES TRACE AMOUNT.




$$
