000
CDUS46 KOTX 230821
CLIOMK


CLIMATE REPORT
NATIONAL WEATHER SERVICE SPOKANE, WA
120 AM PDT WED APR 23 2014


...................................

...THE OMAK WA AIRPORT CLIMATE SUMMARY FOR APRIL 22 2014...

CLIMATE NORMAL PERIOD 1981 TO 2010
CLIMATE RECORD PERIOD 9999 TO 9999


WEATHER ITEM   OBSERVED TIME   RECORD YEAR NORMAL DEPARTURE LAST
                VALUE   (LST)  VALUE       VALUE  FROM      YEAR
                                                  NORMAL
..................................................................
TEMPERATURE (F)
 YESTERDAY
  MAXIMUM         54    411 PM  93    1934  65    -11       62
  MINIMUM         34   1122 PM  21    1972  38     -4       25
  AVERAGE         44                        51     -7       44

PRECIPITATION (IN)
  YESTERDAY        0.60R         0.38 1978   0.04   0.56     0.00
  MONTH TO DATE    0.62                      0.77  -0.15     0.96
  SINCE OCT 1      4.77                     10.38  -5.61     9.51
  SINCE JAN 1      3.60                      4.93  -1.33     2.52

SNOWFALL (IN)
  YESTERDAY       MM            MM      MM  MM     MM       MM
  MONTH TO DATE   MM                        MM     MM       MM
  SINCE MAR 1     MM                        MM     MM       MM
  SINCE JUL 1     MM                        MM     MM       MM
  SNOW DEPTH      MM

DEGREE DAYS
 HEATING
  YESTERDAY       21                        14      7       21
  MONTH TO DATE  340                       349     -9      366
  SINCE MAR 1   1090                      1078     12     1058
  SINCE JUL 1   6080                      5939    141     5699

 COOLING
  YESTERDAY        0                         0      0        0
  MONTH TO DATE    0                         0      0        0
  SINCE MAR 1      0                         0      0        0
  SINCE JAN 1      0                         0      0        0
..................................................................


WIND (MPH)
  HIGHEST WIND SPEED    15   HIGHEST WIND DIRECTION     N (10)
  HIGHEST GUST SPEED    23   HIGHEST GUST DIRECTION     S (160)
  AVERAGE WIND SPEED     5.8


SKY COVER
  POSSIBLE SUNSHINE  MM
  AVERAGE SKY COVER 0.4


WEATHER CONDITIONS
 THE FOLLOWING WEATHER WAS RECORDED YESTERDAY.
  RAIN
  LIGHT RAIN
  FOG


RELATIVE HUMIDITY (PERCENT)
 HIGHEST    93           900 AM
 LOWEST     59           400 PM
 AVERAGE    76

..........................................................


THE OMAK WA AIRPORT CLIMATE NORMALS FOR TODAY
                         NORMAL    RECORD    YEAR
 MAXIMUM TEMPERATURE (F)   65        96      1934
 MINIMUM TEMPERATURE (F)   38        25      1972


SUNRISE AND SUNSET
APRIL 23 2014.........SUNRISE   553 AM PDT   SUNSET   801 PM PDT
APRIL 24 2014.........SUNRISE   551 AM PDT   SUNSET   802 PM PDT


-  INDICATES NEGATIVE NUMBERS.
R  INDICATES RECORD WAS SET OR TIED.
MM INDICATES DATA IS MISSING.
T  INDICATES TRACE AMOUNT.




$$
