000
CDUS46 KOTX 310829
CLIOMK


CLIMATE REPORT
NATIONAL WEATHER SERVICE SPOKANE, WA
1228 AM PST SAT JAN 31 2015


...................................

...THE OMAK WA AIRPORT CLIMATE SUMMARY FOR JANUARY 30 2015...

CLIMATE NORMAL PERIOD 1981 TO 2010
CLIMATE RECORD PERIOD 9999 TO 9999


WEATHER ITEM   OBSERVED TIME   RECORD YEAR NORMAL DEPARTURE LAST
                VALUE   (LST)  VALUE       VALUE  FROM      YEAR
                                                  NORMAL
..................................................................
TEMPERATURE (F)
 YESTERDAY
  MAXIMUM         38    233 PM  52    1953  36      2       37
  MINIMUM         33    839 AM -20    1950  22     11       26
  AVERAGE         36                        29      7       32

PRECIPITATION (IN)
  YESTERDAY        T             1.05 1995   0.04  -0.04      T
  MONTH TO DATE    0.73                      1.66  -0.93     0.32
  SINCE OCT 1      7.30                      7.11   0.19     1.49
  SINCE JAN 1      0.73                      1.66  -0.93     0.32

SNOWFALL (IN)
  YESTERDAY       MM

DEGREE DAYS
 HEATING
  YESTERDAY       29                        36     -7       33
  MONTH TO DATE 1023                      1147   -124     1018
  SINCE DEC 1   2074                      2363   -289     2321
  SINCE JUL 1   3471                      3896   -425     3918

 COOLING
  YESTERDAY        0                         0      0        0
  MONTH TO DATE    0                         0      0        0
  SINCE DEC 1      0                         0      0        0
  SINCE JAN 1      0                         0      0        0
..................................................................


WIND (MPH)
  HIGHEST WIND SPEED    12   HIGHEST WIND DIRECTION     S (200)
  HIGHEST GUST SPEED    14   HIGHEST GUST DIRECTION     S (200)
  AVERAGE WIND SPEED     4.0


SKY COVER
  POSSIBLE SUNSHINE  MM
  AVERAGE SKY COVER 1.0


WEATHER CONDITIONS
 THE FOLLOWING WEATHER WAS RECORDED YESTERDAY.
  LIGHT SNOW
  FOG


RELATIVE HUMIDITY (PERCENT)
 HIGHEST    96           300 AM
 LOWEST     76           100 PM
 AVERAGE    86

..........................................................


THE OMAK WA AIRPORT CLIMATE NORMALS FOR TODAY
                         NORMAL    RECORD    YEAR
 MAXIMUM TEMPERATURE (F)   36        58      1953
 MINIMUM TEMPERATURE (F)   22       -20      1950


SUNRISE AND SUNSET
JANUARY 31 2015.......SUNRISE   729 AM PST   SUNSET   455 PM PST
FEBRUARY  1 2015......SUNRISE   727 AM PST   SUNSET   457 PM PST


-  INDICATES NEGATIVE NUMBERS.
R  INDICATES RECORD WAS SET OR TIED.
MM INDICATES DATA IS MISSING.
T  INDICATES TRACE AMOUNT.




$$
