000
CDUS46 KOTX 280821
CLIOMK


CLIMATE REPORT
NATIONAL WEATHER SERVICE SPOKANE, WA
121 AM PDT FRI AUG 28 2015


...................................

...THE OMAK WA AIRPORT CLIMATE SUMMARY FOR AUGUST 27 2015...

CLIMATE NORMAL PERIOD 1981 TO 2010
CLIMATE RECORD PERIOD 9999 TO 9999


WEATHER ITEM   OBSERVED TIME   RECORD YEAR NORMAL DEPARTURE LAST
                VALUE   (LST)  VALUE       VALUE  FROM      YEAR
                                                  NORMAL
..................................................................
TEMPERATURE (F)
 YESTERDAY
  MAXIMUM         92    347 PM  97    1934  85      7       94
  MINIMUM         57    546 AM  37    1960  54      3       58
  AVERAGE         75                        70      5       76

PRECIPITATION (IN)
  YESTERDAY        0.00          0.96 1951   0.01  -0.01     0.00
  MONTH TO DATE    0.08                      0.43  -0.35     0.85
  SINCE OCT 1     11.53                     14.11  -2.58     7.41
  SINCE JAN 1      4.96                      9.22  -4.26     6.24

SNOWFALL (IN)
  YESTERDAY       MM

DEGREE DAYS
 HEATING
  YESTERDAY        0                         1     -1        0
  MONTH TO DATE    1                         7     -6        0
  SINCE JUN 1     16                        91    -75       40
  SINCE JUL 1      1                        22    -21        2

 COOLING
  YESTERDAY       10                         6      4       11
  MONTH TO DATE  258                       226     32      316
  SINCE JUN 1    886                       564    322      798
  SINCE JAN 1    932                       587    345      812
..................................................................


WIND (MPH)
  HIGHEST WIND SPEED    14   HIGHEST WIND DIRECTION     S (180)
  HIGHEST GUST SPEED    16   HIGHEST GUST DIRECTION    SW (210)
  AVERAGE WIND SPEED     5.4


SKY COVER
  POSSIBLE SUNSHINE  MM
  AVERAGE SKY COVER 0.9


WEATHER CONDITIONS
 THE FOLLOWING WEATHER WAS RECORDED YESTERDAY.
  HAZE


RELATIVE HUMIDITY (PERCENT)
 HIGHEST    51           600 AM
 LOWEST     13           300 PM
 AVERAGE    32

..........................................................


THE OMAK WA AIRPORT CLIMATE NORMALS FOR TODAY
                         NORMAL    RECORD    YEAR
 MAXIMUM TEMPERATURE (F)   85        98      2006
 MINIMUM TEMPERATURE (F)   54        34      1959


SUNRISE AND SUNSET
AUGUST 28 2015........SUNRISE   610 AM PDT   SUNSET   748 PM PDT
AUGUST 29 2015........SUNRISE   611 AM PDT   SUNSET   746 PM PDT


-  INDICATES NEGATIVE NUMBERS.
R  INDICATES RECORD WAS SET OR TIED.
MM INDICATES DATA IS MISSING.
T  INDICATES TRACE AMOUNT.




$$
