000
CDUS45 KBOI 220931
CLIONO


CLIMATE REPORT
NATIONAL WEATHER SERVICE BOISE ID
331 AM MDT WED OCT 22 2014


...................................

...THE ONTARIO OR CLIMATE SUMMARY FOR OCTOBER 21 2014...

CLIMATE NORMAL PERIOD 1981 TO 2010
CLIMATE RECORD PERIOD 1948 TO 2014


WEATHER ITEM   OBSERVED TIME   RECORD YEAR NORMAL DEPARTURE LAST
                VALUE   (LST)  VALUE       VALUE  FROM      YEAR
                                                  NORMAL
..................................................................
TEMPERATURE (F)
 YESTERDAY
  MAXIMUM         65    319 PM  79    2003  63      2       69
  MINIMUM         41   1143 PM  15    1996  33      8       38
  AVERAGE         53                        48      5       54

PRECIPITATION (IN)
  YESTERDAY        0.12          0.22 1990   0.03   0.09     0.00
  MONTH TO DATE    0.13                      0.36  -0.23      T
  SINCE OCT 1      0.13                      0.36  -0.23      T
  SINCE JAN 1      6.09                      7.01  -0.92     3.77

DEGREE DAYS
 HEATING
  YESTERDAY       12                        17     -5       11
  MONTH TO DATE  163                       265   -102      306
  SINCE SEP 1    199                       383   -184      394
  SINCE JUL 1    200                       399   -199      394

 COOLING
  YESTERDAY        0                         0      0        0
  MONTH TO DATE    1                         0      1        0
  SINCE SEP 1     91                        58     33      127
  SINCE JAN 1   1088                       851    237     1299
..................................................................


WIND (MPH)
  HIGHEST WIND SPEED    14   HIGHEST WIND DIRECTION     W (250)
  HIGHEST GUST SPEED    18   HIGHEST GUST DIRECTION     W (280)
  AVERAGE WIND SPEED     4.6


SKY COVER
  AVERAGE SKY COVER 0.5


WEATHER CONDITIONS
 THE FOLLOWING WEATHER WAS RECORDED YESTERDAY.
  LIGHT RAIN


RELATIVE HUMIDITY (PERCENT)
 HIGHEST    89           900 AM
 LOWEST     34           400 PM
 AVERAGE    62

..........................................................


THE ONTARIO OR CLIMATE NORMALS FOR TODAY
                         NORMAL    RECORD    YEAR
 MAXIMUM TEMPERATURE (F)   63        79      2003
 MINIMUM TEMPERATURE (F)   32        17      1996


SUNRISE AND SUNSET
OCTOBER 22 2014.......SUNRISE   812 AM MDT   SUNSET   653 PM MDT
OCTOBER 23 2014.......SUNRISE   813 AM MDT   SUNSET   651 PM MDT


-  INDICATES NEGATIVE NUMBERS.
R  INDICATES RECORD WAS SET OR TIED.
MM INDICATES DATA IS MISSING.
T  INDICATES TRACE AMOUNT.




$$
