000
CDUS45 KBOI 050932
CLIONO


CLIMATE REPORT
NATIONAL WEATHER SERVICE BOISE ID
231 AM MST MON DEC 5 2016


...................................

...THE ONTARIO OR CLIMATE SUMMARY FOR DECEMBER 4 2016...

CLIMATE NORMAL PERIOD 1981 TO 2010
CLIMATE RECORD PERIOD 1948 TO 2016


WEATHER ITEM   OBSERVED TIME   RECORD YEAR NORMAL DEPARTURE LAST
                VALUE   (LST)  VALUE       VALUE  FROM      YEAR
                                                  NORMAL
..................................................................
TEMPERATURE (F)
 YESTERDAY
  MAXIMUM         46    352 PM  58    2007  39      7       47
  MINIMUM         29   1159 PM  -4    1992  21      8       26
  AVERAGE         38                        30      8       37

PRECIPITATION (IN)
  YESTERDAY        T             0.24 2012   0.05  -0.05      T
  MONTH TO DATE    T                         0.19  -0.19     0.02
  SINCE OCT 1      1.37                      1.92  -0.55     1.92
  SINCE JAN 1      3.99                      8.57  -4.58     7.16

DEGREE DAYS
 HEATING
  YESTERDAY       27                        35     -8       28
  MONTH TO DATE  119                       138    -19      149
  SINCE DEC 1    119                       138    -19      149
  SINCE JUL 1   1210                      1566   -356     1274

 COOLING
  YESTERDAY        0                         0      0        0
  MONTH TO DATE    0                         0      0        0
  SINCE DEC 1      0                         0      0        0
  SINCE JAN 1    976                       852    124     1171
..................................................................


WIND (MPH)
  HIGHEST WIND SPEED    29   HIGHEST WIND DIRECTION    NW (330)
  HIGHEST GUST SPEED    36   HIGHEST GUST DIRECTION    NW (330)
  AVERAGE WIND SPEED     7.2


SKY COVER
  AVERAGE SKY COVER 0.7


WEATHER CONDITIONS
 THE FOLLOWING WEATHER WAS RECORDED YESTERDAY.
  LIGHT RAIN


RELATIVE HUMIDITY (PERCENT)
 HIGHEST    92          1200 AM
 LOWEST     48           800 PM
 AVERAGE    70

..........................................................


THE ONTARIO OR CLIMATE NORMALS FOR TODAY
                         NORMAL    RECORD    YEAR
 MAXIMUM TEMPERATURE (F)   38        60      2012
 MINIMUM TEMPERATURE (F)   21       -11      1992


SUNRISE AND SUNSET
DECEMBER  5 2016......SUNRISE   808 AM MST   SUNSET   510 PM MST
DECEMBER  6 2016......SUNRISE   809 AM MST   SUNSET   510 PM MST


-  INDICATES NEGATIVE NUMBERS.
R  INDICATES RECORD WAS SET OR TIED.
MM INDICATES DATA IS MISSING.
T  INDICATES TRACE AMOUNT.




$$
