000
CDUS45 KBOI 160932
CLIONO


CLIMATE REPORT
NATIONAL WEATHER SERVICE BOISE ID
332 AM MDT WED APR 16 2014


...................................

...THE ONTARIO OR CLIMATE SUMMARY FOR APRIL 15 2014...

CLIMATE NORMAL PERIOD 1981 TO 2010
CLIMATE RECORD PERIOD 1948 TO 2014


WEATHER ITEM   OBSERVED TIME   RECORD YEAR NORMAL DEPARTURE LAST
                VALUE   (LST)  VALUE       VALUE  FROM      YEAR
                                                  NORMAL
..................................................................
TEMPERATURE (F)
 YESTERDAY
  MAXIMUM         65    318 PM  84    1990  64      1       57
  MINIMUM         39    420 AM  22    2005  36      3       32
  AVERAGE         52                        50      2       45

PRECIPITATION (IN)
  YESTERDAY        0.00          0.07 2002   0.02  -0.02     0.00
  MONTH TO DATE    0.19                      0.40  -0.21     0.10
  SINCE OCT 1      4.88                      6.80  -1.92     4.24
  SINCE JAN 1      3.37                      3.39  -0.02     1.30

DEGREE DAYS
 HEATING
  YESTERDAY       13                        15     -2       20
  MONTH TO DATE  199                       246    -47      191
  SINCE MAR 1    787                       916   -129      815
  SINCE JUL 1   5543                      5546     -3     5329

 COOLING
  YESTERDAY        0                         0      0        0
  MONTH TO DATE    0                         0      0        0
  SINCE MAR 1      0                         0      0        0
  SINCE JAN 1      0                         0      0        0
..................................................................


WIND (MPH)
  HIGHEST WIND SPEED    25   HIGHEST WIND DIRECTION    NW (300)
  HIGHEST GUST SPEED    32   HIGHEST GUST DIRECTION     N (360)
  AVERAGE WIND SPEED     9.8


SKY COVER
  AVERAGE SKY COVER 0.1


WEATHER CONDITIONS
 THE FOLLOWING WEATHER WAS RECORDED YESTERDAY.
  NO SIGNIFICANT WEATHER WAS OBSERVED.


RELATIVE HUMIDITY (PERCENT)
 HIGHEST    64           300 AM
 LOWEST     17           500 PM
 AVERAGE    41

..........................................................


THE ONTARIO OR CLIMATE NORMALS FOR TODAY
                         NORMAL    RECORD    YEAR
 MAXIMUM TEMPERATURE (F)   65        87      1994
 MINIMUM TEMPERATURE (F)   36        20      1982


SUNRISE AND SUNSET
APRIL 16 2014.........SUNRISE   703 AM MDT   SUNSET   833 PM MDT
APRIL 17 2014.........SUNRISE   701 AM MDT   SUNSET   835 PM MDT


-  INDICATES NEGATIVE NUMBERS.
R  INDICATES RECORD WAS SET OR TIED.
MM INDICATES DATA IS MISSING.
T  INDICATES TRACE AMOUNT.




$$
