000
CDUS45 KBOI 280949
CLIONO


CLIMATE REPORT
NATIONAL WEATHER SERVICE BOISE ID
248 AM MST SUN DEC 28 2014


...................................

...THE ONTARIO OR CLIMATE SUMMARY FOR DECEMBER 27 2014...

CLIMATE NORMAL PERIOD 1981 TO 2010
CLIMATE RECORD PERIOD 1948 TO 2014


WEATHER ITEM   OBSERVED TIME   RECORD YEAR NORMAL DEPARTURE LAST
                VALUE   (LST)  VALUE       VALUE  FROM      YEAR
                                                  NORMAL
..................................................................
TEMPERATURE (F)
 YESTERDAY
  MAXIMUM         32   1154 PM  53    1976  34     -2       17
  MINIMUM         22    445 AM  -9    1985  19      3        8
  AVERAGE         27                        26      1       13

PRECIPITATION (IN)
  YESTERDAY        0.13          0.75 2006   0.06   0.07     0.00
  MONTH TO DATE    2.51                      1.46   1.05     0.45
  SINCE OCT 1      4.43                      3.19   1.24     1.51
  SINCE JAN 1     10.39                      9.84   0.55     5.28

DEGREE DAYS
 HEATING
  YESTERDAY       38                        39     -1       52
  MONTH TO DATE  708                      1000   -292     1222
  SINCE DEC 1    708                      1000   -292     1222
  SINCE JUL 1   1989                      2428   -439     2617

 COOLING
  YESTERDAY        0                         0      0        0
  MONTH TO DATE    0                         0      0        0
  SINCE DEC 1      0                         0      0        0
  SINCE JAN 1   1088                       852    236     1299
..................................................................


WIND (MPH)
  HIGHEST WIND SPEED    14   HIGHEST WIND DIRECTION    SE (150)
  HIGHEST GUST SPEED    18   HIGHEST GUST DIRECTION    SE (140)
  AVERAGE WIND SPEED     3.8


SKY COVER
  AVERAGE SKY COVER 0.6


WEATHER CONDITIONS
 THE FOLLOWING WEATHER WAS RECORDED YESTERDAY.
  SNOW
  LIGHT SNOW
  FOG


RELATIVE HUMIDITY (PERCENT)
 HIGHEST    92           500 PM
 LOWEST     66           200 PM
 AVERAGE    79

..........................................................


THE ONTARIO OR CLIMATE NORMALS FOR TODAY
                         NORMAL    RECORD    YEAR
 MAXIMUM TEMPERATURE (F)   34        60      1965
 MINIMUM TEMPERATURE (F)   19        -8      1985


SUNRISE AND SUNSET
DECEMBER 28 2014......SUNRISE   822 AM MST   SUNSET   517 PM MST
DECEMBER 29 2014......SUNRISE   822 AM MST   SUNSET   518 PM MST


-  INDICATES NEGATIVE NUMBERS.
R  INDICATES RECORD WAS SET OR TIED.
MM INDICATES DATA IS MISSING.
T  INDICATES TRACE AMOUNT.




$$
