000
CDUS45 KBOI 180931
CLIONO


CLIMATE REPORT
NATIONAL WEATHER SERVICE BOISE ID
231 AM MST SAT NOV 18 2017


...................................

...THE ONTARIO OR CLIMATE SUMMARY FOR NOVEMBER 17 2017...

CLIMATE NORMAL PERIOD 1981 TO 2010
CLIMATE RECORD PERIOD 1948 TO 2017


WEATHER ITEM   OBSERVED TIME   RECORD YEAR NORMAL DEPARTURE LAST
                VALUE   (LST)  VALUE       VALUE  FROM      YEAR
                                                  NORMAL
..................................................................
TEMPERATURE (F)
 YESTERDAY
  MAXIMUM         50        MM  63    1965  47      3       49
  MINIMUM         33        MM  -3    2014  26      7       27
  AVERAGE         42                        36      6       38

PRECIPITATION (IN)
  YESTERDAY        0.00          0.52 1994   0.03  -0.03     0.00
  MONTH TO DATE    1.44                      0.58   0.86     0.34
  SINCE OCT 1      1.94                      1.21   0.73     1.14
  SINCE JAN 1     11.83                      7.86   3.97     3.76

DEGREE DAYS
 HEATING
  YESTERDAY       23                        29     -6       27
  MONTH TO DATE  400                       428    -28      313
  SINCE SEP 1   1018                      1005     13      747
  SINCE JUL 1   1018                      1021     -3      756

 COOLING
  YESTERDAY        0                         0      0        0
  MONTH TO DATE    0                         0      0        0
  SINCE SEP 1    141                        59     82       31
  SINCE JAN 1   1254                       852    402      976
..................................................................


WIND (MPH)
  HIGHEST WIND SPEED    22   HIGHEST WIND DIRECTION     W (290)
  HIGHEST GUST SPEED    30   HIGHEST GUST DIRECTION     W (290)
  AVERAGE WIND SPEED    10.5


SKY COVER
  AVERAGE SKY COVER 0.2


WEATHER CONDITIONS
 THE FOLLOWING WEATHER WAS RECORDED YESTERDAY.
  NO SIGNIFICANT WEATHER WAS OBSERVED.


RELATIVE HUMIDITY (PERCENT)
 HIGHEST    85           300 AM
 LOWEST     36           200 PM
 AVERAGE    61

..........................................................


THE ONTARIO OR CLIMATE NORMALS FOR TODAY
                         NORMAL    RECORD    YEAR
 MAXIMUM TEMPERATURE (F)   46        62      2007
                                             1965
 MINIMUM TEMPERATURE (F)   26        -3      2014


SUNRISE AND SUNSET
NOVEMBER 18 2017......SUNRISE   747 AM MST   SUNSET   519 PM MST
NOVEMBER 19 2017......SUNRISE   749 AM MST   SUNSET   518 PM MST


-  INDICATES NEGATIVE NUMBERS.
R  INDICATES RECORD WAS SET OR TIED.
MM INDICATES DATA IS MISSING.
T  INDICATES TRACE AMOUNT.




$$
