000
CDUS45 KBOI 300942
CLIONO


CLIMATE REPORT
NATIONAL WEATHER SERVICE BOISE ID
342 AM MDT TUE SEP 30 2014


...................................

...THE ONTARIO OR CLIMATE SUMMARY FOR SEPTEMBER 29 2014...

CLIMATE NORMAL PERIOD 1981 TO 2010
CLIMATE RECORD PERIOD 1948 TO 2014


WEATHER ITEM   OBSERVED TIME   RECORD YEAR NORMAL DEPARTURE LAST
                VALUE   (LST)  VALUE       VALUE  FROM      YEAR
                                                  NORMAL
..................................................................
TEMPERATURE (F)
 YESTERDAY
  MAXIMUM         60    524 PM  95    1963  76    -16       70
  MINIMUM         53   1159 PM  26    1999  40     13       49
  AVERAGE         57                        58     -1       60

PRECIPITATION (IN)
  YESTERDAY        0.30          0.54 2013   0.02   0.28     0.54
  MONTH TO DATE    0.41                      0.39   0.02     0.94
  SINCE OCT 1      7.46                     10.04  -2.58     6.49
  SINCE JAN 1      5.95                      6.63  -0.68     3.55

DEGREE DAYS
 HEATING
  YESTERDAY        8                         8      0        5
  MONTH TO DATE   30                       109    -79       78
  SINCE SEP 1     30                       109    -79       78
  SINCE JUL 1     31                       125    -94       78

 COOLING
  YESTERDAY        0                         0      0        0
  MONTH TO DATE   90                        56     34      127
  SINCE SEP 1     90                        56     34      127
  SINCE JAN 1   1087                       849    238     1299
..................................................................


WIND (MPH)
  HIGHEST WIND SPEED    23   HIGHEST WIND DIRECTION     S (160)
  HIGHEST GUST SPEED    28   HIGHEST GUST DIRECTION    SE (150)
  AVERAGE WIND SPEED     3.6


SKY COVER
  AVERAGE SKY COVER 0.6


WEATHER CONDITIONS
 THE FOLLOWING WEATHER WAS RECORDED YESTERDAY.
  LIGHT RAIN
  FOG


RELATIVE HUMIDITY (PERCENT)
 HIGHEST   100           900 PM
 LOWEST     75           100 PM
 AVERAGE    88

..........................................................


THE ONTARIO OR CLIMATE NORMALS FOR TODAY
                         NORMAL    RECORD    YEAR
 MAXIMUM TEMPERATURE (F)   75        93      1963
 MINIMUM TEMPERATURE (F)   40        24      1985


SUNRISE AND SUNSET
SEPTEMBER 30 2014.....SUNRISE   745 AM MDT   SUNSET   731 PM MDT
OCTOBER  1 2014.......SUNRISE   746 AM MDT   SUNSET   729 PM MDT


-  INDICATES NEGATIVE NUMBERS.
R  INDICATES RECORD WAS SET OR TIED.
MM INDICATES DATA IS MISSING.
T  INDICATES TRACE AMOUNT.




$$
