000
CDUS45 KBOI 050931
CLIONO


CLIMATE REPORT
NATIONAL WEATHER SERVICE BOISE ID
231 AM MST THU MAR 5 2015


...................................

...THE ONTARIO OR CLIMATE SUMMARY FOR MARCH 4 2015...

CLIMATE NORMAL PERIOD 1981 TO 2010
CLIMATE RECORD PERIOD 1948 TO 2015


WEATHER ITEM   OBSERVED TIME   RECORD YEAR NORMAL DEPARTURE LAST
                VALUE   (LST)  VALUE       VALUE  FROM      YEAR
                                                  NORMAL
..................................................................
TEMPERATURE (F)
 YESTERDAY
  MAXIMUM         50    435 PM  68    1987  52     -2       61
  MINIMUM         19    733 AM  12    1989  28     -9       35
  AVERAGE         35                        40     -5       48

PRECIPITATION (IN)
  YESTERDAY        0.00          1.04 1983   0.03  -0.03     0.00
  MONTH TO DATE    0.00                      0.13  -0.13     0.23
  SINCE OCT 1      5.73                      5.52   0.21     3.66
  SINCE JAN 1      1.27                      2.11  -0.84     2.15

DEGREE DAYS
 HEATING
  YESTERDAY       30                        25      5       17
  MONTH TO DATE  111                       104      7       71
  SINCE MAR 1    111                       104      7       71
  SINCE JUL 1   3905                      4734   -829     4827

 COOLING
  YESTERDAY        0                         0      0        0
  MONTH TO DATE    0                         0      0        0
  SINCE MAR 1      0                         0      0        0
  SINCE JAN 1      0                         0      0        0
..................................................................


WIND (MPH)
  HIGHEST WIND SPEED    16   HIGHEST WIND DIRECTION    NW (310)
  HIGHEST GUST SPEED    20   HIGHEST GUST DIRECTION    NW (310)
  AVERAGE WIND SPEED     3.0


SKY COVER
  AVERAGE SKY COVER 0.0


WEATHER CONDITIONS
 THE FOLLOWING WEATHER WAS RECORDED YESTERDAY.
  NO SIGNIFICANT WEATHER WAS OBSERVED.


RELATIVE HUMIDITY (PERCENT)
 HIGHEST    68           700 AM
 LOWEST     19           500 PM
 AVERAGE    44

..........................................................


THE ONTARIO OR CLIMATE NORMALS FOR TODAY
                         NORMAL    RECORD    YEAR
 MAXIMUM TEMPERATURE (F)   52        67      1987
 MINIMUM TEMPERATURE (F)   28        14      1954


SUNRISE AND SUNSET
MARCH  5 2015.........SUNRISE   718 AM MST   SUNSET   641 PM MST
MARCH  6 2015.........SUNRISE   717 AM MST   SUNSET   643 PM MST


-  INDICATES NEGATIVE NUMBERS.
R  INDICATES RECORD WAS SET OR TIED.
MM INDICATES DATA IS MISSING.
T  INDICATES TRACE AMOUNT.




$$
