000
CDUS45 KBOI 240931
CLIONO


CLIMATE REPORT
NATIONAL WEATHER SERVICE BOISE ID
331 AM MDT THU APR 24 2014


...................................

...THE ONTARIO OR CLIMATE SUMMARY FOR APRIL 23 2014...

CLIMATE NORMAL PERIOD 1981 TO 2010
CLIMATE RECORD PERIOD 1948 TO 2014


WEATHER ITEM   OBSERVED TIME   RECORD YEAR NORMAL DEPARTURE LAST
                VALUE   (LST)  VALUE       VALUE  FROM      YEAR
                                                  NORMAL
..................................................................
TEMPERATURE (F)
 YESTERDAY
  MAXIMUM         59    445 PM  91    1977  67     -8       59
  MINIMUM         30    623 AM  23    1972  37     -7       30
  AVERAGE         45                        52     -7       45

PRECIPITATION (IN)
  YESTERDAY        T             0.28 1997   0.02  -0.02     0.00
  MONTH TO DATE    0.36                      0.60  -0.24     0.21
  SINCE OCT 1      5.05                      7.00  -1.95     4.35
  SINCE JAN 1      3.54                      3.59  -0.05     1.41

DEGREE DAYS
 HEATING
  YESTERDAY       20                        13      7       20
  MONTH TO DATE  297                       358    -61      318
  SINCE MAR 1    885                      1028   -143      942
  SINCE JUL 1   5641                      5658    -17     5456

 COOLING
  YESTERDAY        0                         0      0        0
  MONTH TO DATE    0                         0      0        0
  SINCE MAR 1      0                         0      0        0
  SINCE JAN 1      0                         0      0        0
..................................................................


WIND (MPH)
  HIGHEST WIND SPEED    20   HIGHEST WIND DIRECTION    SW (220)
  HIGHEST GUST SPEED    23   HIGHEST GUST DIRECTION    SW (210)
  AVERAGE WIND SPEED     6.6


SKY COVER
  AVERAGE SKY COVER 0.5


WEATHER CONDITIONS
 THE FOLLOWING WEATHER WAS RECORDED YESTERDAY.
  LIGHT RAIN


RELATIVE HUMIDITY (PERCENT)
 HIGHEST    85           600 AM
 LOWEST     30           200 PM
 AVERAGE    58

..........................................................


THE ONTARIO OR CLIMATE NORMALS FOR TODAY
                         NORMAL    RECORD    YEAR
 MAXIMUM TEMPERATURE (F)   67        94      1977
 MINIMUM TEMPERATURE (F)   38        22      1950


SUNRISE AND SUNSET
APRIL 24 2014.........SUNRISE   650 AM MDT   SUNSET   843 PM MDT
APRIL 25 2014.........SUNRISE   649 AM MDT   SUNSET   844 PM MDT


-  INDICATES NEGATIVE NUMBERS.
R  INDICATES RECORD WAS SET OR TIED.
MM INDICATES DATA IS MISSING.
T  INDICATES TRACE AMOUNT.




$$
