000
CDUS45 KBOI 120936
CLIONO


CLIMATE REPORT
NATIONAL WEATHER SERVICE BOISE ID
235 AM MST FRI FEB 12 2016


...................................

...THE ONTARIO OR CLIMATE SUMMARY FOR FEBRUARY 11 2016...

CLIMATE NORMAL PERIOD 1981 TO 2010
CLIMATE RECORD PERIOD 1948 TO 2016


WEATHER ITEM   OBSERVED TIME   RECORD YEAR NORMAL DEPARTURE LAST
                VALUE   (LST)  VALUE       VALUE  FROM      YEAR
                                                  NORMAL
..................................................................
TEMPERATURE (F)
 YESTERDAY
  MAXIMUM         45    323 PM  63    1971  42      3       54
  MINIMUM         31    705 AM   2    1982  22      9       29
  AVERAGE         38                        32      6       42

PRECIPITATION (IN)
  YESTERDAY        0.00          0.36 1998   0.03  -0.03     0.00
  MONTH TO DATE    0.09                      0.31  -0.22     0.69
  SINCE OCT 1      5.59                      4.90   0.69     5.71
  SINCE JAN 1      0.84                      1.49  -0.65     1.25

DEGREE DAYS
 HEATING
  YESTERDAY       27                        33     -6       23
  MONTH TO DATE  348                       377    -29      215
  SINCE DEC 1   2473                      2692   -219     2129
  SINCE JUL 1   3598                      4120   -522     3410

 COOLING
  YESTERDAY        0                         0      0        0
  MONTH TO DATE    0                         0      0        0
  SINCE DEC 1      0                         0      0        0
  SINCE JAN 1      0                         0      0        0
..................................................................


WIND (MPH)
  HIGHEST WIND SPEED     9   HIGHEST WIND DIRECTION     W (250)
  HIGHEST GUST SPEED    11   HIGHEST GUST DIRECTION     W (290)
  AVERAGE WIND SPEED     2.2


SKY COVER
  AVERAGE SKY COVER 0.5


WEATHER CONDITIONS
 THE FOLLOWING WEATHER WAS RECORDED YESTERDAY.
  FOG
  HAZE


RELATIVE HUMIDITY (PERCENT)
 HIGHEST    92           700 AM
 LOWEST     65           300 PM
 AVERAGE    79

..........................................................


THE ONTARIO OR CLIMATE NORMALS FOR TODAY
                         NORMAL    RECORD    YEAR
 MAXIMUM TEMPERATURE (F)   42        59      1954
 MINIMUM TEMPERATURE (F)   23         2      1989


SUNRISE AND SUNSET
FEBRUARY 12 2016......SUNRISE   752 AM MST   SUNSET   613 PM MST
FEBRUARY 13 2016......SUNRISE   751 AM MST   SUNSET   614 PM MST


-  INDICATES NEGATIVE NUMBERS.
R  INDICATES RECORD WAS SET OR TIED.
MM INDICATES DATA IS MISSING.
T  INDICATES TRACE AMOUNT.




$$
