000
CDUS45 KBOI 180948
CLIONO


CLIMATE REPORT
NATIONAL WEATHER SERVICE BOISE ID
248 AM MST THU JAN 18 2018


...................................

...THE ONTARIO OR CLIMATE SUMMARY FOR JANUARY 17 2018...

CLIMATE NORMAL PERIOD 1981 TO 2010
CLIMATE RECORD PERIOD 1948 TO 2018


WEATHER ITEM   OBSERVED TIME   RECORD YEAR NORMAL DEPARTURE LAST
                VALUE   (LST)  VALUE       VALUE  FROM      YEAR
                                                  NORMAL
..................................................................
TEMPERATURE (F)
 YESTERDAY
  MAXIMUM         44    442 PM  55    1951  35      9        9
  MINIMUM         31    100 AM  -7    2017  20     11       -7
  AVERAGE         38                        27     11        1

PRECIPITATION (IN)
  YESTERDAY        0.00          0.56 2006   0.03  -0.03      T
  MONTH TO DATE    0.56                      0.74  -0.18     1.91
  SINCE OCT 1      3.27                      4.15  -0.88     5.23
  SINCE JAN 1      0.56                      0.74  -0.18     1.91

DEGREE DAYS
 HEATING
  YESTERDAY       27                        38    -11       64
  MONTH TO DATE  523                       650   -127      876
  SINCE DEC 1   1647                      1803   -156     2283
  SINCE JUL 1   2992                      3231   -239     3374

 COOLING
  YESTERDAY        0                         0      0        0
  MONTH TO DATE    0                         0      0        0
  SINCE DEC 1      0                         0      0        0
  SINCE JAN 1      0                         0      0        0
..................................................................


WIND (MPH)
  HIGHEST WIND SPEED     9   HIGHEST WIND DIRECTION    NE (60)
  HIGHEST GUST SPEED    13   HIGHEST GUST DIRECTION    NE (50)
  AVERAGE WIND SPEED     3.5


SKY COVER
  AVERAGE SKY COVER 0.5


WEATHER CONDITIONS
 THE FOLLOWING WEATHER WAS RECORDED YESTERDAY.
  FOG


RELATIVE HUMIDITY (PERCENT)
 HIGHEST   100           300 AM
 LOWEST     70           300 PM
 AVERAGE    85

..........................................................


THE ONTARIO OR CLIMATE NORMALS FOR TODAY
                         NORMAL    RECORD    YEAR
 MAXIMUM TEMPERATURE (F)   35        51      1961
                                             1953
 MINIMUM TEMPERATURE (F)   20       -11      1984


SUNRISE AND SUNSET
JANUARY 18 2018.......SUNRISE   818 AM MST   SUNSET   540 PM MST
JANUARY 19 2018.......SUNRISE   817 AM MST   SUNSET   541 PM MST


-  INDICATES NEGATIVE NUMBERS.
R  INDICATES RECORD WAS SET OR TIED.
MM INDICATES DATA IS MISSING.
T  INDICATES TRACE AMOUNT.




$$
