000
CDUS46 KSGX 161418
CLIONT


CLIMATE REPORT
NATIONAL WEATHER SERVICE SAN DIEGO, CA
718 AM PDT WED APR 16 2014


...................................

...THE ONTARIO INTL AIRPORT CA CLIMATE SUMMARY FOR APRIL 15 2014...

CLIMATE NORMAL PERIOD 1981 TO 2010
CLIMATE RECORD PERIOD 1998 TO 2014


WEATHER ITEM   OBSERVED TIME   RECORD YEAR NORMAL DEPARTURE LAST
                VALUE   (LST)  VALUE       VALUE  FROM      YEAR
                                                  NORMAL
..................................................................
TEMPERATURE (F)
 YESTERDAY
  MAXIMUM         84    130 PM  88    2009  74     10       62
  MINIMUM         57    559 AM  40    2012  50      7       52
  AVERAGE         71                        62      9       57

PRECIPITATION (IN)
  YESTERDAY        0.00          0.04 2003   0.03  -0.03      T
  MONTH TO DATE    0.28                      0.46  -0.18      T
  SINCE JUL 1      3.87                     14.14 -10.27     5.19
  SINCE JAN 1      2.95                      9.48  -6.53     2.42

SNOWFALL (IN)
  YESTERDAY        0.0
  MONTH TO DATE    0.0
  SINCE JAN 1      0.0
  SINCE JUL 1      0.0
  SNOW DEPTH       0

DEGREE DAYS
 HEATING
  YESTERDAY        0                         4     -4        8
  MONTH TO DATE   44                        73    -29       33
  SINCE MAR 1    117                       285   -168      133
  SINCE JUL 1    803                      1442   -639     1241

 COOLING
  YESTERDAY        6                         1      5        0
  MONTH TO DATE   55                        14     41       12
  SINCE MAR 1     87                        26     61       49
  SINCE JAN 1    117                        32     85       50
..................................................................


WIND (MPH)
  RESULTANT WIND SPEED   5   RESULTANT WIND DIRECTION   W (260)
  HIGHEST WIND SPEED    17   HIGHEST WIND DIRECTION    SW (220)
  HIGHEST GUST SPEED    26   HIGHEST GUST DIRECTION    SW (240)
  AVERAGE WIND SPEED     5.9


SKY COVER
  POSSIBLE SUNSHINE  MM
  AVERAGE SKY COVER 0.3


WEATHER CONDITIONS
 THE FOLLOWING WEATHER WAS RECORDED YESTERDAY.
  NO SIGNIFICANT WEATHER WAS OBSERVED.


RELATIVE HUMIDITY (PERCENT)
 HIGHEST    64          1100 PM
 LOWEST     16           600 PM
 AVERAGE    40

..........................................................


THE ONTARIO INTL AIRPORT CA CLIMATE NORMALS FOR TODAY
                         NORMAL    RECORD    YEAR
 MAXIMUM TEMPERATURE (F)   74        92      2011
 MINIMUM TEMPERATURE (F)   51        43      2009


SUNRISE AND SUNSET
APRIL 16 2014.........SUNRISE   618 AM PDT   SUNSET   723 PM PDT
APRIL 17 2014.........SUNRISE   617 AM PDT   SUNSET   724 PM PDT


-  INDICATES NEGATIVE NUMBERS.
R  INDICATES RECORD WAS SET OR TIED.
MM INDICATES DATA IS MISSING.
T  INDICATES TRACE AMOUNT.




$$
