000
CDUS46 KSGX 260024
CLIONT


CLIMATE REPORT
NATIONAL WEATHER SERVICE SAN DIEGO, CA
524 PM PDT THU AUG 25 2016


...................................

...THE ONTARIO INTL AIRPORT CA CLIMATE SUMMARY FOR AUGUST 25 2016...
VALID TODAY AS OF 0500 PM LOCAL TIME.

CLIMATE NORMAL PERIOD 1981 TO 2010
CLIMATE RECORD PERIOD 1998 TO 2016


WEATHER ITEM   OBSERVED TIME   RECORD YEAR NORMAL DEPARTURE LAST
                VALUE   (LST)  VALUE       VALUE  FROM      YEAR
                                                  NORMAL
..................................................................
TEMPERATURE (F)
 TODAY
  MAXIMUM         90    118 PM 108    2010  94     -4       93
  MINIMUM         64    539 AM  60    2004  65     -1       72
  AVERAGE         77                        79     -2       83

PRECIPITATION (IN)
  TODAY            0.00          T    2015   0.00   0.00      T
  MONTH TO DATE    0.00                      0.11  -0.11      T
  SINCE OCT 1      7.71                     14.75  -7.04    10.48
  SINCE JAN 1      5.59                     10.58  -4.99     4.84

DEGREE DAYS
 HEATING
  TODAY            0                         0      0        0
  MONTH TO DATE    0                         0      0        0
  SINCE JUN 1      2                         5     -3        0
  SINCE JUL 1      0                         0      0        0

 COOLING
  TODAY           12                        14     -2       18
  MONTH TO DATE  375                       350     25      391
  SINCE JUN 1   1217                       968    249     1136
  SINCE JAN 1   1445                      1134    311     1431
..................................................................


WIND (MPH)
  RESULTANT WIND SPEED   5   RESULTANT WIND DIRECTION   W (250)
  HIGHEST WIND SPEED    21   HIGHEST WIND DIRECTION     W (260)
  HIGHEST GUST SPEED    24   HIGHEST GUST DIRECTION     W (260)
  AVERAGE WIND SPEED     6.5


SKY COVER
  POSSIBLE SUNSHINE  MM
  AVERAGE SKY COVER 0.0


WEATHER CONDITIONS
 THE FOLLOWING WEATHER WAS RECORDED TODAY.
  HAZE


RELATIVE HUMIDITY (PERCENT)
 HIGHEST    78           500 AM
 LOWEST     32          1200 PM
 AVERAGE    55

..........................................................


THE ONTARIO INTL AIRPORT CA CLIMATE NORMALS FOR TOMORROW
                         NORMAL    RECORD    YEAR
 MAXIMUM TEMPERATURE (F)   94       104      2011
 MINIMUM TEMPERATURE (F)   65        59      2006


SUNRISE AND SUNSET
AUGUST 25 2016........SUNRISE   620 AM PDT   SUNSET   725 PM PDT
AUGUST 26 2016........SUNRISE   620 AM PDT   SUNSET   723 PM PDT


-  INDICATES NEGATIVE NUMBERS.
R  INDICATES RECORD WAS SET OR TIED.
MM INDICATES DATA IS MISSING.
T  INDICATES TRACE AMOUNT.




$$
