000
CDUS46 KSGX 091522
CLIONT


CLIMATE REPORT
NATIONAL WEATHER SERVICE SAN DIEGO, CA
722 AM PST TUE FEB 9 2016


...................................

...THE ONTARIO INTL AIRPORT CA CLIMATE SUMMARY FOR FEBRUARY 8 2016...

CLIMATE NORMAL PERIOD 1981 TO 2010
CLIMATE RECORD PERIOD 1998 TO 2016


WEATHER ITEM   OBSERVED TIME   RECORD YEAR NORMAL DEPARTURE LAST
                VALUE   (LST)  VALUE       VALUE  FROM      YEAR
                                                  NORMAL
..................................................................
TEMPERATURE (F)
 YESTERDAY
  MAXIMUM         87R   210 PM  86    2006  65     22       78
  MINIMUM         52   1154 PM  34    2001  45      7       57
  AVERAGE         70                        55     15       68

PRECIPITATION (IN)
  YESTERDAY        0.00          0.36 2013   0.12  -0.12     0.00
  MONTH TO DATE    0.00                      0.73  -0.73      T
  SINCE OCT 1      4.31                      8.21  -3.90     6.58
  SINCE JAN 1      2.19                      4.04  -1.85     0.94

DEGREE DAYS
 HEATING
  YESTERDAY        0                        10    -10        0
  MONTH TO DATE   82                        81      1       17
  SINCE DEC 1    791                       748     43      457
  SINCE JUL 1    988                       970     18      527

 COOLING
  YESTERDAY        5                         0      5        3
  MONTH TO DATE    5                         0      5        5
  SINCE DEC 1      7                         5      2       20
  SINCE JAN 1      5                         3      2       18
..................................................................


WIND (MPH)
  RESULTANT WIND SPEED  11   RESULTANT WIND DIRECTION  NE (60)
  HIGHEST WIND SPEED    25   HIGHEST WIND DIRECTION    NE (40)
  HIGHEST GUST SPEED    35   HIGHEST GUST DIRECTION    NE (50)
  AVERAGE WIND SPEED    11.7


SKY COVER
  POSSIBLE SUNSHINE  MM
  AVERAGE SKY COVER 0.0


WEATHER CONDITIONS
 THE FOLLOWING WEATHER WAS RECORDED YESTERDAY.
  NO SIGNIFICANT WEATHER WAS OBSERVED.


RELATIVE HUMIDITY (PERCENT)
 HIGHEST    29          1100 PM
 LOWEST      9          1000 AM
 AVERAGE    19

..........................................................


THE ONTARIO INTL AIRPORT CA CLIMATE NORMALS FOR TODAY
                         NORMAL    RECORD    YEAR
 MAXIMUM TEMPERATURE (F)   65        85      2006
 MINIMUM TEMPERATURE (F)   45        36      2013


SUNRISE AND SUNSET
FEBRUARY  9 2016......SUNRISE   641 AM PST   SUNSET   528 PM PST
FEBRUARY 10 2016......SUNRISE   640 AM PST   SUNSET   529 PM PST


-  INDICATES NEGATIVE NUMBERS.
R  INDICATES RECORD WAS SET OR TIED.
MM INDICATES DATA IS MISSING.
T  INDICATES TRACE AMOUNT.




$$
