000
CDUS43 KLOT 290638
CLIORD


CLIMATE REPORT
NATIONAL WEATHER SERVICE CHICAGO IL
134 AM CDT THU JUN 29 2017


...................................

...THE CHICAGO-OHARE CLIMATE SUMMARY FOR JUNE 28 2017...

CLIMATE NORMAL PERIOD 1981 TO 2010
CLIMATE RECORD PERIOD 1871 TO 2017


WEATHER ITEM   OBSERVED TIME   RECORD YEAR NORMAL DEPARTURE LAST
                VALUE   (LST)  VALUE       VALUE  FROM      YEAR
                                                  NORMAL
..................................................................
TEMPERATURE (F)
 YESTERDAY
  MAXIMUM         80    354 PM 101    1971  83     -3       71
                                      1952
  MINIMUM         58   1252 AM  44    1992  62     -4       57
  AVERAGE         69                        73     -4       64

PRECIPITATION (IN)
  YESTERDAY        1.30R         1.03 1957   0.11   1.19     0.00
  MONTH TO DATE    3.42                      3.24   0.18     2.85
  SINCE JUN 1      3.42                      3.24   0.18     2.85
  SINCE JAN 1     21.53                     16.32   5.21    16.49

SNOWFALL (IN)
  YESTERDAY        0.0           0.0    MM   0.0    0.0      0.0
  MONTH TO DATE    T                         0.0    0.0      0.0
  SINCE JUN 1      T                         0.0    0.0      0.0
  SINCE JUL 1     26.1                      36.3  -10.2     31.2
  SNOW DEPTH       0

DEGREE DAYS
 HEATING
  YESTERDAY        0                         0      0        1
  MONTH TO DATE    3                        48    -45       13
  SINCE JUN 1      3                        48    -45       13
  SINCE JUL 1   5287                      6340  -1053     5428

 COOLING
  YESTERDAY        4                         8     -4        0
  MONTH TO DATE  212                       148     64      210
  SINCE JUN 1    212                       148     64      210
  SINCE JAN 1    245                       202     43      284
..................................................................


WIND (MPH)
  HIGHEST WIND SPEED    30   HIGHEST WIND DIRECTION     S (200)
  HIGHEST GUST SPEED    39   HIGHEST GUST DIRECTION     S (190)
  AVERAGE WIND SPEED    15.1


SKY COVER
  POSSIBLE SUNSHINE  MM
  AVERAGE SKY COVER 0.8


WEATHER CONDITIONS
 THE FOLLOWING WEATHER WAS RECORDED YESTERDAY.
  THUNDERSTORM
  HEAVY RAIN
  RAIN
  LIGHT RAIN
  FOG


RELATIVE HUMIDITY (PERCENT)
 HIGHEST    87          1000 PM
 LOWEST     49           400 PM
 AVERAGE    68

..........................................................


THE CHICAGO-OHARE CLIMATE NORMALS FOR TODAY
                         NORMAL    RECORD    YEAR
 MAXIMUM TEMPERATURE (F)   83        97      1954
 MINIMUM TEMPERATURE (F)   62        48      1989


SUNRISE AND SUNSET
JUNE 29 2017..........SUNRISE   519 AM CDT   SUNSET   831 PM CDT
JUNE 30 2017..........SUNRISE   520 AM CDT   SUNSET   831 PM CDT


-  INDICATES NEGATIVE NUMBERS.
R  INDICATES RECORD WAS SET OR TIED.
MM INDICATES DATA IS MISSING.
T  INDICATES TRACE AMOUNT.




$$
