000
CDUS41 KAKQ 190645
CLIORF


CLIMATE REPORT
NATIONAL WEATHER SERVICE WAKEFIELD, VA
145 AM EST MON FEB 19 2018


...................................

...THE NORFOLK VA CLIMATE SUMMARY FOR FEBRUARY 18 2018...

CLIMATE NORMAL PERIOD 1981 TO 2010
CLIMATE RECORD PERIOD 1871 TO 2018


WEATHER ITEM   OBSERVED TIME   RECORD YEAR NORMAL DEPARTURE LAST
                VALUE   (LST)  VALUE       VALUE  FROM      YEAR
                                                  NORMAL
..................................................................
TEMPERATURE (F)
 YESTERDAY
  MAXIMUM         51    233 PM  81    1976  51      0       76
  MINIMUM         40   1150 PM  12    1958  35      5       39
  AVERAGE         46                        43      3       58

PRECIPITATION (IN)
  YESTERDAY        0.00          1.77 1889   0.12  -0.12     0.00
  MONTH TO DATE    1.54                      1.98  -0.44     0.65
  SINCE DEC 1      7.45                      8.64  -1.19     7.60
  SINCE JAN 1      5.05                      5.38  -0.33     5.06

SNOWFALL (IN)
  YESTERDAY        0.0          13.6  1989   0.0    0.0
  MONTH TO DATE    T                         1.4   -1.4
  SINCE NOV 1     13.1                       5.0    8.1
  SINCE JUL 1     13.1                       5.0    8.1
  SNOW DEPTH       0

DEGREE DAYS
 HEATING
  YESTERDAY       19                        22     -3        7
  MONTH TO DATE  318                       417    -99      303
  SINCE DEC 1   1851                      1829     22     1518
  SINCE JUL 1   2277                      2359    -82     1981

 COOLING
  YESTERDAY        0                         0      0        0
  MONTH TO DATE    7                         0      7        0
  SINCE DEC 1      8                         1      7        0
  SINCE JAN 1      8                         0      8        0
..................................................................


WIND (MPH)
  HIGHEST WIND SPEED    18   HIGHEST WIND DIRECTION    NE (30)
  HIGHEST GUST SPEED    22   HIGHEST GUST DIRECTION    NE (40)
  AVERAGE WIND SPEED     6.4


SKY COVER
  POSSIBLE SUNSHINE  MM
  AVERAGE SKY COVER 0.1


WEATHER CONDITIONS
 THE FOLLOWING WEATHER WAS RECORDED YESTERDAY.
  LIGHT RAIN
  FOG


RELATIVE HUMIDITY (PERCENT)
 HIGHEST    93           200 AM
 LOWEST     52           300 PM
 AVERAGE    73

..........................................................


THE NORFOLK VA CLIMATE NORMALS FOR TODAY
                         NORMAL    RECORD    YEAR
 MAXIMUM TEMPERATURE (F)   52        78      1961
 MINIMUM TEMPERATURE (F)   35        13      2015


SUNRISE AND SUNSET
FEBRUARY 19 2018......SUNRISE   648 AM EST   SUNSET   549 PM EST
FEBRUARY 20 2018......SUNRISE   647 AM EST   SUNSET   550 PM EST


-  INDICATES NEGATIVE NUMBERS.
R  INDICATES RECORD WAS SET OR TIED.
MM INDICATES DATA IS MISSING.
T  INDICATES TRACE AMOUNT.




$$
