000
CDUS41 KAKQ 080831
CLIORF


CLIMATE REPORT
NATIONAL WEATHER SERVICE WAKEFIELD, VA
331 AM EST MON FEB 8 2016


...................................

...THE NORFOLK VA CLIMATE SUMMARY FOR FEBRUARY 7 2016...

CLIMATE NORMAL PERIOD 1981 TO 2010
CLIMATE RECORD PERIOD 1871 TO 2016


WEATHER ITEM   OBSERVED TIME   RECORD YEAR NORMAL DEPARTURE LAST
                VALUE   (LST)  VALUE       VALUE  FROM      YEAR
                                                  NORMAL
..................................................................
TEMPERATURE (F)
 YESTERDAY
  MAXIMUM         42    723 PM  76    1904  50     -8       57
  MINIMUM         34   1209 AM  13    1996  33      1       23
                                      1910
  AVERAGE         38                        42     -4       40

PRECIPITATION (IN)
  YESTERDAY        0.03          1.38 1941   0.11  -0.08     0.00
  MONTH TO DATE    4.19                      0.77   3.42     0.31
  SINCE DEC 1     12.18                      7.43   4.75     7.65
  SINCE JAN 1      8.81                      4.17   4.64     3.95

SNOWFALL (IN)
  YESTERDAY        0.0          11.0  1936   0.1   -0.1
  MONTH TO DATE    0.2                       0.6   -0.4
  SINCE NOV 1      3.0                       4.2   -1.2
  SINCE JUL 1      3.0                       4.2   -1.2
  SNOW DEPTH       0

DEGREE DAYS
 HEATING
  YESTERDAY       27                        24      3       25
  MONTH TO DATE  119                       168    -49      193
  SINCE DEC 1   1107                      1580   -473     1564
  SINCE JUL 1   1446                      2110   -664     2127

 COOLING
  YESTERDAY        0                         0      0        0
  MONTH TO DATE    0                         0      0        0
  SINCE DEC 1     29                         1     28        0
  SINCE JAN 1      0                         0      0        0
..................................................................


WIND (MPH)
  HIGHEST WIND SPEED    28   HIGHEST WIND DIRECTION     N (360)
  HIGHEST GUST SPEED    38   HIGHEST GUST DIRECTION     N (360)
  AVERAGE WIND SPEED    17.5


SKY COVER
  POSSIBLE SUNSHINE  MM
  AVERAGE SKY COVER 0.6


WEATHER CONDITIONS
 THE FOLLOWING WEATHER WAS RECORDED YESTERDAY.
  LIGHT RAIN


RELATIVE HUMIDITY (PERCENT)
 HIGHEST    76           900 PM
 LOWEST     51          1100 AM
 AVERAGE    64

..........................................................


THE NORFOLK VA CLIMATE NORMALS FOR TODAY
                         NORMAL    RECORD    YEAR
 MAXIMUM TEMPERATURE (F)   50        75      1937
 MINIMUM TEMPERATURE (F)   34         2      1895


SUNRISE AND SUNSET
FEBRUARY  8 2016......SUNRISE   701 AM EST   SUNSET   537 PM EST
FEBRUARY  9 2016......SUNRISE   700 AM EST   SUNSET   538 PM EST


-  INDICATES NEGATIVE NUMBERS.
R  INDICATES RECORD WAS SET OR TIED.
MM INDICATES DATA IS MISSING.
T  INDICATES TRACE AMOUNT.




$$
