000
CDUS41 KAKQ 291032
CLIORF


CLIMATE REPORT
NATIONAL WEATHER SERVICE WAKEFIELD, VA
631 AM EDT THU SEP 29 2016


...................................

...THE NORFOLK VA CLIMATE SUMMARY FOR SEPTEMBER 28 2016...

CLIMATE NORMAL PERIOD 1981 TO 2010
CLIMATE RECORD PERIOD 1871 TO 2016


WEATHER ITEM   OBSERVED TIME   RECORD YEAR NORMAL DEPARTURE LAST
                VALUE   (LST)  VALUE       VALUE  FROM      YEAR
                                                  NORMAL
..................................................................
TEMPERATURE (F)
 YESTERDAY
  MAXIMUM         79    320 PM  89    1973  76      3       80
                                      1954
                                      1936
  MINIMUM         67    608 AM  49    1991  61      6       73
                                      1980
  AVERAGE         73                        68      5       77

PRECIPITATION (IN)
  YESTERDAY        0.00          6.48 1959   0.13  -0.13     0.00
  MONTH TO DATE   13.15                      4.48   8.67     3.61
  SINCE SEP 1     13.15                      4.48   8.67     3.61
  SINCE JAN 1     55.52                     36.42  19.10    36.73

SNOWFALL (IN)
  YESTERDAY        0.0           0.0  2002   0.0    0.0
                                      2001
  MONTH TO DATE    0.0                       0.0    0.0
  SINCE NOV 1      5.0                       5.8   -0.8
  SINCE JUL 1      0.0                       0.0    0.0
  SNOW DEPTH       0

DEGREE DAYS
 HEATING
  YESTERDAY        0                         1     -1        0
  MONTH TO DATE    0                         6     -6        0
  SINCE SEP 1      0                         6     -6        0
  SINCE JUL 1      0                         6     -6        0

 COOLING
  YESTERDAY        8                         5      3       12
  MONTH TO DATE  311                       222     89      301
  SINCE SEP 1    311                       222     89      301
  SINCE JAN 1   1863                      1557    306     1859
..................................................................


WIND (MPH)
  HIGHEST WIND SPEED    16   HIGHEST WIND DIRECTION    SE (140)
  HIGHEST GUST SPEED    22   HIGHEST GUST DIRECTION    SE (120)
  AVERAGE WIND SPEED     5.8


SKY COVER
  POSSIBLE SUNSHINE  MM
  AVERAGE SKY COVER 0.4


WEATHER CONDITIONS
 THE FOLLOWING WEATHER WAS RECORDED YESTERDAY.
  NO SIGNIFICANT WEATHER WAS OBSERVED.


RELATIVE HUMIDITY (PERCENT)
 HIGHEST    97          1200 AM
 LOWEST     71           300 PM
 AVERAGE    84

..........................................................


THE NORFOLK VA CLIMATE NORMALS FOR TODAY
                         NORMAL    RECORD    YEAR
 MAXIMUM TEMPERATURE (F)   75        93      1973
 MINIMUM TEMPERATURE (F)   61        49      1970
                                             1962
                                             1897


SUNRISE AND SUNSET
SEPTEMBER 29 2016.....SUNRISE   659 AM EDT   SUNSET   650 PM EDT
SEPTEMBER 30 2016.....SUNRISE   700 AM EDT   SUNSET   649 PM EDT


-  INDICATES NEGATIVE NUMBERS.
R  INDICATES RECORD WAS SET OR TIED.
MM INDICATES DATA IS MISSING.
T  INDICATES TRACE AMOUNT.




$$
