000
CDUS41 KAKQ 200645
CLIORF


CLIMATE REPORT
NATIONAL WEATHER SERVICE WAKEFIELD, VA
145 AM EST FRI JAN 20 2017


...................................

...THE NORFOLK VA CLIMATE SUMMARY FOR JANUARY 19 2017...

CLIMATE NORMAL PERIOD 1981 TO 2010
CLIMATE RECORD PERIOD 1871 TO 2017


WEATHER ITEM   OBSERVED TIME   RECORD YEAR NORMAL DEPARTURE LAST
                VALUE   (LST)  VALUE       VALUE  FROM      YEAR
                                                  NORMAL
..................................................................
TEMPERATURE (F)
 YESTERDAY
  MAXIMUM         51    127 PM  73    1907  48      3       29
  MINIMUM         40   1146 PM   5    1994  33      7       19
  AVERAGE         46                        40      6       24

PRECIPITATION (IN)
  YESTERDAY        0.00          2.34 1987   0.10  -0.10     0.00
  MONTH TO DATE    3.23                      2.09   1.14     1.70
  SINCE DEC 1      5.77                      5.35   0.42     5.07
  SINCE JAN 1      3.23                      2.09   1.14     1.70

SNOWFALL (IN)
  YESTERDAY        0.0           9.8  1893   0.1   -0.1
  MONTH TO DATE    5.3                       1.6    3.7
  SINCE NOV 1      5.3                       2.8    2.5
  SINCE JUL 1      5.3                       2.8    2.5
  SNOW DEPTH       0

DEGREE DAYS
 HEATING
  YESTERDAY       19                        25     -6       41
  MONTH TO DATE  400                       470    -70      438
  SINCE DEC 1   1007                      1119   -112      693
  SINCE JUL 1   1470                      1649   -179     1032

 COOLING
  YESTERDAY        0                         0      0        0
  MONTH TO DATE    0                         0      0        0
  SINCE DEC 1      0                         1     -1       29
  SINCE JAN 1      0                         0      0        0
..................................................................


WIND (MPH)
  HIGHEST WIND SPEED    12   HIGHEST WIND DIRECTION    NE (40)
  HIGHEST GUST SPEED    13   HIGHEST GUST DIRECTION     N (20)
  AVERAGE WIND SPEED     4.8


SKY COVER
  POSSIBLE SUNSHINE  MM
  AVERAGE SKY COVER 0.0


WEATHER CONDITIONS
 THE FOLLOWING WEATHER WAS RECORDED YESTERDAY.
  NO SIGNIFICANT WEATHER WAS OBSERVED.


RELATIVE HUMIDITY (PERCENT)
 HIGHEST    89           200 AM
 LOWEST     61           100 PM
 AVERAGE    75

..........................................................


THE NORFOLK VA CLIMATE NORMALS FOR TODAY
                         NORMAL    RECORD    YEAR
 MAXIMUM TEMPERATURE (F)   48        74      1951
 MINIMUM TEMPERATURE (F)   33         3      1985


SUNRISE AND SUNSET
JANUARY 20 2017.......SUNRISE   715 AM EST   SUNSET   517 PM EST
JANUARY 21 2017.......SUNRISE   714 AM EST   SUNSET   519 PM EST


-  INDICATES NEGATIVE NUMBERS.
R  INDICATES RECORD WAS SET OR TIED.
MM INDICATES DATA IS MISSING.
T  INDICATES TRACE AMOUNT.




$$
