000
CDUS41 KAKQ 290539
CLIORF


CLIMATE REPORT
NATIONAL WEATHER SERVICE WAKEFIELD, VA
139 AM EDT MON AUG 29 2016


...................................

...THE NORFOLK VA CLIMATE SUMMARY FOR AUGUST 28 2016...

CLIMATE NORMAL PERIOD 1981 TO 2010
CLIMATE RECORD PERIOD 1871 TO 2016


WEATHER ITEM   OBSERVED TIME   RECORD YEAR NORMAL DEPARTURE LAST
                VALUE   (LST)  VALUE       VALUE  FROM      YEAR
                                                  NORMAL
..................................................................
TEMPERATURE (F)
 YESTERDAY
  MAXIMUM         84   1238 PM  98    2006  84      0       82
  MINIMUM         77   1159 PM  57    1963  70      7       68
                                      1946
  AVERAGE         81                        77      4       75

PRECIPITATION (IN)
  YESTERDAY        0.00          3.00 1998   0.17  -0.17     0.00
  MONTH TO DATE    4.75                      5.07  -0.32     1.74
  SINCE JUN 1     20.14                     14.47   5.67    18.01
  SINCE JAN 1     42.37                     31.49  10.88    33.01

SNOWFALL (IN)
  YESTERDAY        0.0           0.0  2002   0.0    0.0
                                      2001
  MONTH TO DATE    0.0                       0.0    0.0
  SINCE NOV 1      5.0                       5.8   -0.8
  SINCE JUL 1      0.0                       0.0    0.0
  SNOW DEPTH       0

DEGREE DAYS
 HEATING
  YESTERDAY        0                         0      0        0
  MONTH TO DATE    0                         0      0        0
  SINCE JUN 1      0                         6     -6        0
  SINCE JUL 1      0                         0      0        0

 COOLING
  YESTERDAY       16                        12      4       10
  MONTH TO DATE  469                       367    102      387
  SINCE JUN 1   1347                      1136    211     1291
  SINCE JAN 1   1504                      1302    202     1527
..................................................................


WIND (MPH)
  HIGHEST WIND SPEED    17   HIGHEST WIND DIRECTION    NE (60)
  HIGHEST GUST SPEED    22   HIGHEST GUST DIRECTION    NE (60)
  AVERAGE WIND SPEED    10.8


SKY COVER
  POSSIBLE SUNSHINE  MM
  AVERAGE SKY COVER 0.3


WEATHER CONDITIONS
 THE FOLLOWING WEATHER WAS RECORDED YESTERDAY.
  NO SIGNIFICANT WEATHER WAS OBSERVED.


RELATIVE HUMIDITY (PERCENT)
 HIGHEST    94          1200 AM
 LOWEST     69           200 PM
 AVERAGE    82

..........................................................


THE NORFOLK VA CLIMATE NORMALS FOR TODAY
                         NORMAL    RECORD    YEAR
 MAXIMUM TEMPERATURE (F)   83        98      2006
 MINIMUM TEMPERATURE (F)   70        51      1982


SUNRISE AND SUNSET
AUGUST 29 2016........SUNRISE   634 AM EDT   SUNSET   737 PM EDT
AUGUST 30 2016........SUNRISE   634 AM EDT   SUNSET   735 PM EDT


-  INDICATES NEGATIVE NUMBERS.
R  INDICATES RECORD WAS SET OR TIED.
MM INDICATES DATA IS MISSING.
T  INDICATES TRACE AMOUNT.




$$
