000
CDUS41 KAKQ 032232
CLIORF


CLIMATE REPORT
NATIONAL WEATHER SERVICE WAKEFIELD, VA
532 PM EST TUE MAR 3 2015


...................................

...THE NORFOLK VA CLIMATE SUMMARY FOR MARCH 3 2015...
VALID TODAY AS OF 0500 PM LOCAL TIME.

CLIMATE NORMAL PERIOD 1981 TO 2010
CLIMATE RECORD PERIOD 1871 TO 2015


WEATHER ITEM   OBSERVED TIME   RECORD YEAR NORMAL DEPARTURE LAST
                VALUE   (LST)  VALUE       VALUE  FROM      YEAR
                                                  NORMAL
..................................................................
TEMPERATURE (F)
 TODAY
  MAXIMUM         41    359 PM  77    1974  54    -13       43
                                      1923
  MINIMUM         30    517 AM  16    1925  37     -7       24
  AVERAGE         36

PRECIPITATION (IN)
  TODAY            0.00          1.38 1889   0.11  -0.11     0.41
  MONTH TO DATE    0.16                      0.35  -0.19     0.41
  SINCE MAR 1      0.16                      0.35  -0.19     0.41
  SINCE JAN 1      6.34                      6.87  -0.53     6.70

SNOWFALL (IN)
  TODAY            0.0
  MONTH TO DATE    0.0
  SINCE NOV 1     12.5
  SINCE JUL 1     12.5
  SNOW DEPTH       0

DEGREE DAYS
 HEATING
  TODAY           29                        19     10       31
  MONTH TO DATE   90                        59     31       72
  SINCE MAR 1     90                        59     31       72
  SINCE JUL 1   2926                      2628    298     2683

 COOLING
  TODAY            0                         0      0        0
  MONTH TO DATE    0                         0      0        0
  SINCE MAR 1      0                         0      0        0
  SINCE JAN 1      0                         1     -1        0
..................................................................


WIND (MPH)
  RESULTANT WIND SPEED   7   RESULTANT WIND DIRECTION  NE (40)
  HIGHEST WIND SPEED    16   HIGHEST WIND DIRECTION     N (20)
  HIGHEST GUST SPEED    21   HIGHEST GUST DIRECTION    NE (30)


SKY COVER
  POSSIBLE SUNSHINE  MM
  AVERAGE SKY COVER 0.5


WEATHER CONDITIONS
 THE FOLLOWING WEATHER WAS RECORDED TODAY.
  NO SIGNIFICANT WEATHER WAS OBSERVED.


RELATIVE HUMIDITY (PERCENT)
 HIGHEST    70
 LOWEST     56
 AVERAGE    63

..........................................................


THE NORFOLK VA CLIMATE NORMALS FOR TOMORROW
                         NORMAL    RECORD    YEAR
 MAXIMUM TEMPERATURE (F)   55        83      2004
 MINIMUM TEMPERATURE (F)   37        16      1943


SUNRISE AND SUNSET
MARCH  3 2015.........SUNRISE   633 AM EST   SUNSET   601 PM EST
MARCH  4 2015.........SUNRISE   632 AM EST   SUNSET   602 PM EST


-  INDICATES NEGATIVE NUMBERS.
R  INDICATES RECORD WAS SET OR TIED.
MM INDICATES DATA IS MISSING.
T  INDICATES TRACE AMOUNT.




$$
