000
CDUS41 KAKQ 280645
CLIORF


CLIMATE REPORT
NATIONAL WEATHER SERVICE WAKEFIELD, VA
145 AM EST TUE FEB 28 2017


...................................

...THE NORFOLK VA CLIMATE SUMMARY FOR FEBRUARY 27 2017...

CLIMATE NORMAL PERIOD 1981 TO 2010
CLIMATE RECORD PERIOD 1871 TO 2017


WEATHER ITEM   OBSERVED TIME   RECORD YEAR NORMAL DEPARTURE LAST
                VALUE   (LST)  VALUE       VALUE  FROM      YEAR
                                                  NORMAL
..................................................................
TEMPERATURE (F)
 YESTERDAY
  MAXIMUM         65    247 PM  82    1997  53     12       46
  MINIMUM         37    326 AM  14    1934  36      1       33
  AVERAGE         51                        45      6       40

PRECIPITATION (IN)
  YESTERDAY        0.00          1.23 1982   0.12  -0.12     0.00
  MONTH TO DATE    0.66                      3.01  -2.35     6.25
  SINCE DEC 1      7.61                      9.67  -2.06    14.24
  SINCE JAN 1      5.07                      6.41  -1.34    10.87

SNOWFALL (IN)
  YESTERDAY        0.0           3.0  1924   0.0    0.0
  MONTH TO DATE    0.0                       1.9   -1.9
  SINCE NOV 1      5.3                       5.5   -0.2
  SINCE JUL 1      5.3                       5.5   -0.2
  SNOW DEPTH       0

DEGREE DAYS
 HEATING
  YESTERDAY       14                        20     -6       25
  MONTH TO DATE  374                       606   -232      568
  SINCE DEC 1   1589                      2018   -429     1556
  SINCE JUL 1   2052                      2548   -496     1895

 COOLING
  YESTERDAY        0                         0      0        0
  MONTH TO DATE    3                         0      3        0
  SINCE DEC 1      3                         1      2       29
  SINCE JAN 1      3                         0      3        0
..................................................................


WIND (MPH)
  HIGHEST WIND SPEED    16   HIGHEST WIND DIRECTION    SW (210)
  HIGHEST GUST SPEED    19   HIGHEST GUST DIRECTION    SW (210)
  AVERAGE WIND SPEED     7.3


SKY COVER
  POSSIBLE SUNSHINE  MM
  AVERAGE SKY COVER 0.0


WEATHER CONDITIONS
 THE FOLLOWING WEATHER WAS RECORDED YESTERDAY.
  NO SIGNIFICANT WEATHER WAS OBSERVED.


RELATIVE HUMIDITY (PERCENT)
 HIGHEST    85           200 AM
 LOWEST     16           400 PM
 AVERAGE    51

..........................................................


THE NORFOLK VA CLIMATE NORMALS FOR TODAY
                         NORMAL    RECORD    YEAR
 MAXIMUM TEMPERATURE (F)   54        79      2011
                                             1948
 MINIMUM TEMPERATURE (F)   37        17      1934
                                             1888


SUNRISE AND SUNSET
FEBRUARY 28 2017......SUNRISE   637 AM EST   SUNSET   558 PM EST
MARCH  1 2017.........SUNRISE   635 AM EST   SUNSET   559 PM EST


-  INDICATES NEGATIVE NUMBERS.
R  INDICATES RECORD WAS SET OR TIED.
MM INDICATES DATA IS MISSING.
T  INDICATES TRACE AMOUNT.




$$
