000
CDUS41 KAKQ 060556
CLIORF


CLIMATE REPORT
NATIONAL WEATHER SERVICE WAKEFIELD, VA
156 AM EDT FRI MAY 6 2016


...................................

...THE NORFOLK VA CLIMATE SUMMARY FOR MAY 5 2016...

CLIMATE NORMAL PERIOD 1981 TO 2010
CLIMATE RECORD PERIOD 1871 TO 2016


WEATHER ITEM   OBSERVED TIME   RECORD YEAR NORMAL DEPARTURE LAST
                VALUE   (LST)  VALUE       VALUE  FROM      YEAR
                                                  NORMAL
..................................................................
TEMPERATURE (F)
 YESTERDAY
  MAXIMUM         55    146 PM  89    1934  73    -18       84
                                      1918
                                      1902
  MINIMUM         51    651 PM  39    1966  55     -4       61
  AVERAGE         53                        64    -11       73

PRECIPITATION (IN)
  YESTERDAY        0.05          1.38 1882   0.10  -0.05     0.00
  MONTH TO DATE    0.46                      0.52  -0.06     0.50
  SINCE MAR 1      6.70                      7.61  -0.91     7.81
  SINCE JAN 1     17.57                     14.13   3.44    13.99

SNOWFALL (IN)
  YESTERDAY        0.0           0.0  2002   0.0    0.0
  MONTH TO DATE    0.0                       0.0    0.0
  SINCE NOV 1      5.0                       5.8   -0.8
  SINCE JUL 1      5.0                       5.8   -0.8
  SNOW DEPTH       0

DEGREE DAYS
 HEATING
  YESTERDAY       12                         4      8        0
  MONTH TO DATE   19                        20     -1       18
  SINCE MAR 1    555                       751   -196      751
  SINCE JUL 1   2471                      3320   -849     3587

 COOLING
  YESTERDAY        0                         2     -2        8
  MONTH TO DATE   17                        10      7       15
  SINCE MAR 1     65                        53     12       40
  SINCE JAN 1     65                        54     11       40
..................................................................


WIND (MPH)
  HIGHEST WIND SPEED    18   HIGHEST WIND DIRECTION    NE (40)
  HIGHEST GUST SPEED    30   HIGHEST GUST DIRECTION    NE (40)
  AVERAGE WIND SPEED    14.5


SKY COVER
  POSSIBLE SUNSHINE  MM
  AVERAGE SKY COVER 1.0


WEATHER CONDITIONS
 THE FOLLOWING WEATHER WAS RECORDED YESTERDAY.
  LIGHT RAIN
  FOG


RELATIVE HUMIDITY (PERCENT)
 HIGHEST    93
 LOWEST     77
 AVERAGE    85

..........................................................


THE NORFOLK VA CLIMATE NORMALS FOR TODAY
                         NORMAL    RECORD    YEAR
 MAXIMUM TEMPERATURE (F)   73        93      2010
                                             1950
                                             1892
 MINIMUM TEMPERATURE (F)   55        43      1979
                                             1964
                                             1877


SUNRISE AND SUNSET
MAY  6 2016...........SUNRISE   605 AM EDT   SUNSET   758 PM EDT
MAY  7 2016...........SUNRISE   604 AM EDT   SUNSET   759 PM EDT


-  INDICATES NEGATIVE NUMBERS.
R  INDICATES RECORD WAS SET OR TIED.
MM INDICATES DATA IS MISSING.
T  INDICATES TRACE AMOUNT.




$$
