000
CDUS41 KAKQ 230842
CLIORF


CLIMATE REPORT
NATIONAL WEATHER SERVICE WAKEFIELD, VA
441 AM EDT TUE SEP 23 2014


...................................

...THE NORFOLK VA CLIMATE SUMMARY FOR SEPTEMBER 22 2014...

CLIMATE NORMAL PERIOD 1981 TO 2010
CLIMATE RECORD PERIOD 1871 TO 2014


WEATHER ITEM   OBSERVED TIME   RECORD YEAR NORMAL DEPARTURE LAST
                VALUE   (LST)  VALUE       VALUE  FROM      YEAR
                                                  NORMAL
..................................................................
TEMPERATURE (F)
 YESTERDAY
  MAXIMUM         77    308 PM  97    1980  78     -1       74
                                      1895
  MINIMUM         68   1155 PM  46    1889  63      5       65
  AVERAGE         73                        70      3       70

PRECIPITATION (IN)
  YESTERDAY        0.00          2.11 1885   0.15  -0.15     0.49
  MONTH TO DATE    7.55                      3.63   3.92     0.93
  SINCE SEP 1      7.55                      3.63   3.92     0.93
  SINCE JAN 1     39.96                     35.57   4.39    34.20

SNOWFALL (IN)
  YESTERDAY        0.0           0.0  2002   0.0    0.0
                                      2001
  MONTH TO DATE    0.0                       0.0    0.0
  SINCE NOV 1     15.5                       5.8    9.7
  SINCE JUL 1      0.0                       0.0    0.0
  SNOW DEPTH       0

DEGREE DAYS
 HEATING
  YESTERDAY        0                         0      0        0
  MONTH TO DATE    0                         0      0        0
  SINCE SEP 1      0                         0      0        0
  SINCE JUL 1      0                         0      0        0

 COOLING
  YESTERDAY        8                         6      2        5
  MONTH TO DATE  243                       191     52      197
  SINCE SEP 1    243                       191     52      197
  SINCE JAN 1   1616                      1526     90     1646
..................................................................


WIND (MPH)
  HIGHEST WIND SPEED    21   HIGHEST WIND DIRECTION    NE (30)
  HIGHEST GUST SPEED    24   HIGHEST GUST DIRECTION    NE (30)
  AVERAGE WIND SPEED     8.7


SKY COVER
  POSSIBLE SUNSHINE  MM
  AVERAGE SKY COVER 0.1


WEATHER CONDITIONS
 THE FOLLOWING WEATHER WAS RECORDED YESTERDAY.
  NO SIGNIFICANT WEATHER WAS OBSERVED.


RELATIVE HUMIDITY (PERCENT)
 HIGHEST    73           400 AM
 LOWEST     41          1000 AM
 AVERAGE    57

..........................................................


THE NORFOLK VA CLIMATE NORMALS FOR TODAY
                         NORMAL    RECORD    YEAR
 MAXIMUM TEMPERATURE (F)   77       100      1895
 MINIMUM TEMPERATURE (F)   63        49      1967


SUNRISE AND SUNSET
SEPTEMBER 23 2014.....SUNRISE   653 AM EDT   SUNSET   700 PM EDT
SEPTEMBER 24 2014.....SUNRISE   654 AM EDT   SUNSET   659 PM EDT


-  INDICATES NEGATIVE NUMBERS.
R  INDICATES RECORD WAS SET OR TIED.
MM INDICATES DATA IS MISSING.
T  INDICATES TRACE AMOUNT.




$$
