000
CDUS41 KAKQ 102229
CLIORF


CLIMATE REPORT
NATIONAL WEATHER SERVICE WAKEFIELD, VA
528 PM EST SUN DEC 10 2017


...................................

...THE NORFOLK VA CLIMATE SUMMARY FOR DECEMBER 10 2017...
VALID TODAY AS OF 0500 PM LOCAL TIME.

CLIMATE NORMAL PERIOD 1981 TO 2010
CLIMATE RECORD PERIOD 1871 TO 2017


WEATHER ITEM   OBSERVED TIME   RECORD YEAR NORMAL DEPARTURE LAST
                VALUE   (LST)  VALUE       VALUE  FROM      YEAR
                                                  NORMAL
..................................................................
TEMPERATURE (F)
 TODAY
  MAXIMUM         43    330 PM  78    2007  54    -11       40
  MINIMUM         33    717 AM  11    1876  37     -4       31
  AVERAGE         38

PRECIPITATION (IN)
  TODAY            0.00          1.75 1882   0.11  -0.11     0.00
  MONTH TO DATE    2.39                      1.06   1.33     1.63
  SINCE DEC 1      2.39                      1.06   1.33     1.63
  SINCE JAN 1     49.15                     44.33   4.82    67.95

SNOWFALL (IN)
  TODAY            0.0
  MONTH TO DATE    T
  SINCE NOV 1      T
  SINCE JUL 1      T
  SNOW DEPTH       0

DEGREE DAYS
 HEATING
  TODAY           27                        20      7       29
  MONTH TO DATE  183                       184     -1      181
  SINCE DEC 1    183                       184     -1      181
  SINCE JUL 1    609                       714   -105      644

 COOLING
  TODAY            0                         0      0        0
  MONTH TO DATE    0                         0      0        0
  SINCE DEC 1      0                         0      0        0
  SINCE JAN 1   2107                      1628    479     1998
..................................................................


WIND (MPH)
  RESULTANT WIND SPEED   5   RESULTANT WIND DIRECTION   W (260)
  HIGHEST WIND SPEED    13   HIGHEST WIND DIRECTION     W (250)
  HIGHEST GUST SPEED    18   HIGHEST GUST DIRECTION     W (290)


SKY COVER
  POSSIBLE SUNSHINE  MM
  AVERAGE SKY COVER 0.5


WEATHER CONDITIONS
 THE FOLLOWING WEATHER WAS RECORDED TODAY.
  NO SIGNIFICANT WEATHER WAS OBSERVED.


RELATIVE HUMIDITY (PERCENT)
 HIGHEST   100
 LOWEST     45
 AVERAGE    73

..........................................................


THE NORFOLK VA CLIMATE NORMALS FOR TOMORROW
                         NORMAL    RECORD    YEAR
 MAXIMUM TEMPERATURE (F)   53        75      1971
 MINIMUM TEMPERATURE (F)   37        16      1880


SUNRISE AND SUNSET
DECEMBER 10 2017......SUNRISE   707 AM EST   SUNSET   448 PM EST
DECEMBER 11 2017......SUNRISE   708 AM EST   SUNSET   449 PM EST


-  INDICATES NEGATIVE NUMBERS.
R  INDICATES RECORD WAS SET OR TIED.
MM INDICATES DATA IS MISSING.
T  INDICATES TRACE AMOUNT.




$$
