846
CDUS41 KAKQ 100645
CLIORF


CLIMATE REPORT
NATIONAL WEATHER SERVICE WAKEFIELD, VA
145 AM EST SAT DEC 10 2016


...................................

...THE NORFOLK VA CLIMATE SUMMARY FOR DECEMBER 9 2016...

CLIMATE NORMAL PERIOD 1981 TO 2010
CLIMATE RECORD PERIOD 1871 TO 2016


WEATHER ITEM   OBSERVED TIME   RECORD YEAR NORMAL DEPARTURE LAST
                VALUE   (LST)  VALUE       VALUE  FROM      YEAR
                                                  NORMAL
..................................................................
TEMPERATURE (F)
 YESTERDAY
  MAXIMUM         43        MM  79    1978  54    -11       63
  MINIMUM         33        MM  14    1876  38     -5       36
  AVERAGE         38                        46     -8       50

PRECIPITATION (IN)
  YESTERDAY        0.00          2.00 1957   0.10  -0.10      T
  MONTH TO DATE    1.63                      0.95   0.68     0.52
  SINCE DEC 1      1.63                      0.95   0.68     0.52
  SINCE JAN 1     67.95                     44.22  23.73    47.34

SNOWFALL (IN)
  YESTERDAY        0.0           0.3  1912   0.0    0.0
  MONTH TO DATE    0.0                       0.1   -0.1
  SINCE NOV 1      0.0                       0.1   -0.1
  SINCE JUL 1      0.0                       0.1   -0.1
  SNOW DEPTH       0

DEGREE DAYS
 HEATING
  YESTERDAY       27                        19      8       15
  MONTH TO DATE  152                       164    -12      126
  SINCE DEC 1    152                       164    -12      126
  SINCE JUL 1    615                       694    -79      465

 COOLING
  YESTERDAY        0                         0      0        0
  MONTH TO DATE    0                         0      0        0
  SINCE DEC 1      0                         0      0        0
  SINCE JAN 1   1998                      1628    370     1945
..................................................................


WIND (MPH)
  HIGHEST WIND SPEED    14   HIGHEST WIND DIRECTION     N (340)
  HIGHEST GUST SPEED    23   HIGHEST GUST DIRECTION    NW (330)
  AVERAGE WIND SPEED     8.8


SKY COVER
  POSSIBLE SUNSHINE  MM
  AVERAGE SKY COVER 0.0


WEATHER CONDITIONS
 THE FOLLOWING WEATHER WAS RECORDED YESTERDAY.
  NO SIGNIFICANT WEATHER WAS OBSERVED.


RELATIVE HUMIDITY (PERCENT)
 HIGHEST    52           500 AM
 LOWEST     33           300 PM
 AVERAGE    43

..........................................................


THE NORFOLK VA CLIMATE NORMALS FOR TODAY
                         NORMAL    RECORD    YEAR
 MAXIMUM TEMPERATURE (F)   54        78      2007
 MINIMUM TEMPERATURE (F)   37        11      1876


SUNRISE AND SUNSET
DECEMBER 10 2016......SUNRISE   707 AM EST   SUNSET   448 PM EST
DECEMBER 11 2016......SUNRISE   708 AM EST   SUNSET   449 PM EST


-  INDICATES NEGATIVE NUMBERS.
R  INDICATES RECORD WAS SET OR TIED.
MM INDICATES DATA IS MISSING.
T  INDICATES TRACE AMOUNT.




$$
