000
CDUS41 KAKQ 280545
CLIORF


CLIMATE REPORT
NATIONAL WEATHER SERVICE WAKEFIELD, VA
145 AM EDT SAT MAY 28 2016


...................................

...THE NORFOLK VA CLIMATE SUMMARY FOR MAY 27 2016...

CLIMATE NORMAL PERIOD 1981 TO 2010
CLIMATE RECORD PERIOD 1871 TO 2016


WEATHER ITEM   OBSERVED TIME   RECORD YEAR NORMAL DEPARTURE LAST
                VALUE   (LST)  VALUE       VALUE  FROM      YEAR
                                                  NORMAL
..................................................................
TEMPERATURE (F)
 YESTERDAY
  MAXIMUM         87    134 PM  98    1880  78      9       90
  MINIMUM         69    515 AM  40    1961  61      8       71
  AVERAGE         78                        70      8       81

PRECIPITATION (IN)
  YESTERDAY        0.00          1.47 1968   0.13  -0.13     0.00
  MONTH TO DATE    4.32                      2.92   1.40     1.25
  SINCE MAR 1     10.56                     10.01   0.55     8.56
  SINCE JAN 1     21.43                     16.53   4.90    14.74

SNOWFALL (IN)
  YESTERDAY        0.0           0.0  2002   0.0    0.0
                                      2001
  MONTH TO DATE    0.0                       0.0    0.0
  SINCE NOV 1      5.0                       5.8   -0.8
  SINCE JUL 1      5.0                       5.8   -0.8
  SNOW DEPTH       0

DEGREE DAYS
 HEATING
  YESTERDAY        0                         1     -1        0
  MONTH TO DATE   70                        67      3       30
  SINCE MAR 1    606                       798   -192      763
  SINCE JUL 1   2522                      3367   -845     3599

 COOLING
  YESTERDAY       13                         6      7       16
  MONTH TO DATE   73                        97    -24      159
  SINCE MAR 1    121                       140    -19      184
  SINCE JAN 1    121                       141    -20      184
..................................................................


WIND (MPH)
  HIGHEST WIND SPEED    20   HIGHEST WIND DIRECTION     S (200)
  HIGHEST GUST SPEED    24   HIGHEST GUST DIRECTION    SW (230)
  AVERAGE WIND SPEED    12.4


SKY COVER
  POSSIBLE SUNSHINE  MM
  AVERAGE SKY COVER 0.1


WEATHER CONDITIONS
 THE FOLLOWING WEATHER WAS RECORDED YESTERDAY.
  NO SIGNIFICANT WEATHER WAS OBSERVED.


RELATIVE HUMIDITY (PERCENT)
 HIGHEST    78           400 AM
 LOWEST     44           400 PM
 AVERAGE    61

..........................................................


THE NORFOLK VA CLIMATE NORMALS FOR TODAY
                         NORMAL    RECORD    YEAR
 MAXIMUM TEMPERATURE (F)   79        98      1941
 MINIMUM TEMPERATURE (F)   62        39      1961


SUNRISE AND SUNSET
MAY 28 2016...........SUNRISE   548 AM EDT   SUNSET   816 PM EDT
MAY 29 2016...........SUNRISE   548 AM EDT   SUNSET   817 PM EDT


-  INDICATES NEGATIVE NUMBERS.
R  INDICATES RECORD WAS SET OR TIED.
MM INDICATES DATA IS MISSING.
T  INDICATES TRACE AMOUNT.




$$
