000
CDUS41 KBOX 252129
CLIORH


CLIMATE REPORT
NATIONAL WEATHER SERVICE TAUNTON MA
427 PM EST SAT FEB 25 2017


...................................

...THE WORCESTER MA CLIMATE SUMMARY FOR FEBRUARY 25 2017...
VALID AS OF 0400 PM LOCAL TIME.

CLIMATE NORMAL PERIOD 1981 TO 2010
CLIMATE RECORD PERIOD 1892 TO 2017


WEATHER ITEM   OBSERVED TIME   RECORD YEAR NORMAL DEPARTURE LAST
                VALUE   (LST)  VALUE       VALUE  FROM      YEAR
                                                  NORMAL
..................................................................
TEMPERATURE (F)
 TODAY
  MAXIMUM         65R   132 PM  64    1976  37     28       61
                                      1930
  MINIMUM         53    557 AM  -7    1894  21     32       34
  AVERAGE         59                        29     30       48

PRECIPITATION (IN)
  TODAY            T             2.04 1965   0.12  -0.12     0.77
  MONTH TO DATE    2.12                      2.85  -0.73     5.25
  SINCE DEC 1      9.83                     10.16  -0.33    12.02
  SINCE JAN 1      6.03                      6.34  -0.31     7.37

SNOWFALL (IN)
  TODAY            0.0          13.7  1966   0.5   -0.5      0.0
  MONTH TO DATE   25.4                      14.1   11.3     20.6
  SINCE DEC 1     57.8                      45.6   12.2     31.7
  SINCE JUL 1     57.8                      48.4    9.4     31.7
  SNOW DEPTH      MM

DEGREE DAYS
 HEATING
  TODAY            6                        36    -30       17
  MONTH TO DATE  829                       957   -128      904
  SINCE DEC 1   3003                      3328   -325     2794
  SINCE JUL 1   4190                      4730   -540     3943

 COOLING
  TODAY            0                         0      0        0
  MONTH TO DATE    0                         0      0        0
  SINCE DEC 1      0                         0      0        0
  SINCE JAN 1      0                         0      0        0
..................................................................


WIND (MPH)
  HIGHEST WIND SPEED    23   HIGHEST WIND DIRECTION    SE (150)
  HIGHEST GUST SPEED    28   HIGHEST GUST DIRECTION     S (160)
  AVERAGE WIND SPEED    13.5


SKY COVER
  POSSIBLE SUNSHINE  MM
  AVERAGE SKY COVER 1.0


WEATHER CONDITIONS
 THE FOLLOWING WEATHER WAS RECORDED TODAY.
  LIGHT RAIN
  FOG
  FOG W/VISIBILITY <= 1/4 MILE


RELATIVE HUMIDITY (PERCENT)
 HIGHEST   100           700 AM
 LOWEST     65           100 PM
 AVERAGE    83

..........................................................


THE WORCESTER MA CLIMATE NORMALS FOR TOMORROW
                         NORMAL    RECORD    YEAR
 MAXIMUM TEMPERATURE (F)   37        63      1957
 MINIMUM TEMPERATURE (F)   22        -6      1928


SUNRISE AND SUNSET
FEBRUARY 25 2017......SUNRISE   629 AM EST   SUNSET   533 PM EST
FEBRUARY 26 2017......SUNRISE   627 AM EST   SUNSET   534 PM EST


-  INDICATES NEGATIVE NUMBERS.
R  INDICATES RECORD WAS SET OR TIED.
MM INDICATES DATA IS MISSING.
T  INDICATES TRACE AMOUNT.




$$
