000
CDUS41 KBOX 212137
CLIORH


CLIMATE REPORT
NATIONAL WEATHER SERVICE TAUNTON MA
535 PM EDT MON AUG 21 2017


...................................

...THE WORCESTER MA CLIMATE SUMMARY FOR AUGUST 21 2017...
VALID TODAY AS OF 0500 PM LOCAL TIME.

CLIMATE NORMAL PERIOD 1981 TO 2010
CLIMATE RECORD PERIOD 1892 TO 2017


WEATHER ITEM   OBSERVED TIME   RECORD YEAR NORMAL DEPARTURE LAST
                VALUE   (LST)  VALUE       VALUE  FROM      YEAR
                                                  NORMAL
..................................................................
TEMPERATURE (F)
 TODAY
  MAXIMUM         82    102 PM  92    1937  77      5       81
  MINIMUM         63    518 AM  43    1941  60      3       65
  AVERAGE         73                        68      5       73

PRECIPITATION (IN)
  TODAY            0.00          2.46 2004   0.11  -0.11     0.28
  MONTH TO DATE    1.32                      2.62  -1.30     2.84
  SINCE JUN 1      7.94                     11.04  -3.10     6.56
  SINCE JAN 1     29.02                     30.27  -1.25    22.28

SNOWFALL (IN)
  TODAY            0.0           0.0  2002   0.0    0.0      0.0
                                      2001
                                      2000
  MONTH TO DATE    0.0                       0.0    0.0      0.0
  SINCE JUN 1      0.0                       0.0    0.0      0.0
  SINCE JUL 1      0.0                       0.0    0.0      0.0
  SNOW DEPTH       0

DEGREE DAYS
 HEATING
  TODAY            0                         1     -1        0
  MONTH TO DATE    2                        12    -10        0
  SINCE JUN 1    117                       109      8       60
  SINCE JUL 1     31                        26      5        9

 COOLING
  TODAY            8                         4      4        8
  MONTH TO DATE  109                       108      1      174
  SINCE JUN 1    382                       367     15      490
  SINCE JAN 1    416                       389     27      532
..................................................................


WIND (MPH)
  HIGHEST WIND SPEED    18   HIGHEST WIND DIRECTION     W (270)
  HIGHEST GUST SPEED    23   HIGHEST GUST DIRECTION     W (270)
  AVERAGE WIND SPEED    10.4


SKY COVER
  POSSIBLE SUNSHINE  MM
  AVERAGE SKY COVER 0.0


WEATHER CONDITIONS
 THE FOLLOWING WEATHER WAS RECORDED TODAY.
  NO SIGNIFICANT WEATHER WAS OBSERVED.


RELATIVE HUMIDITY (PERCENT)
 HIGHEST    78           300 AM
 LOWEST     39           100 PM
 AVERAGE    59

..........................................................


THE WORCESTER MA CLIMATE NORMALS FOR TOMORROW
                         NORMAL    RECORD    YEAR
 MAXIMUM TEMPERATURE (F)   77        93      1916
 MINIMUM TEMPERATURE (F)   60        42      1894


SUNRISE AND SUNSET
AUGUST 21 2017........SUNRISE   601 AM EDT   SUNSET   739 PM EDT
AUGUST 22 2017........SUNRISE   602 AM EDT   SUNSET   737 PM EDT


-  INDICATES NEGATIVE NUMBERS.
R  INDICATES RECORD WAS SET OR TIED.
MM INDICATES DATA IS MISSING.
T  INDICATES TRACE AMOUNT.




$$
