000
CDUS41 KBOX 242157
CLIORH


CLIMATE REPORT
NATIONAL WEATHER SERVICE TAUNTON MA
556 PM EDT WED AUG 24 2016


...................................

...THE WORCESTER MA CLIMATE SUMMARY FOR AUGUST 24 2016...
VALID AS OF 0500 PM LOCAL TIME.

CLIMATE NORMAL PERIOD 1981 TO 2010
CLIMATE RECORD PERIOD 1892 TO 2016


WEATHER ITEM   OBSERVED TIME   RECORD YEAR NORMAL DEPARTURE LAST
                VALUE   (LST)  VALUE       VALUE  FROM      YEAR
                                                  NORMAL
..................................................................
TEMPERATURE (F)
 TODAY
  MAXIMUM         81    341 PM  92    1947  76      5       78
  MINIMUM         59    548 AM  44    1971  60     -1       65
                                      1941
  AVERAGE         70                        68      2       72

PRECIPITATION (IN)
  TODAY            0.00          2.62 1927   0.11  -0.11     0.00
  MONTH TO DATE    3.96                      2.96   1.00     3.21
  SINCE JUN 1      7.68                     11.38  -3.70    12.42
  SINCE JAN 1     23.40                     30.61  -7.21    26.72

SNOWFALL (IN)
  TODAY            0.0           0.0  2015   0.0    0.0      0.0
  MONTH TO DATE    0.0                       0.0    0.0      0.0
  SINCE JUN 1      0.0                       0.0    0.0      0.0
  SINCE JUL 1      0.0                       0.0    0.0      0.0
  SNOW DEPTH      MM

DEGREE DAYS
 HEATING
  TODAY            0                         1     -1        0
  MONTH TO DATE    0                        15    -15        0
  SINCE JUN 1     60                       112    -52       95
  SINCE JUL 1      9                        29    -20        1

 COOLING
  TODAY            5                         4      1        7
  MONTH TO DATE  179                       120     59      153
  SINCE JUN 1    495                       379    116      460
  SINCE JAN 1    537                       401    136      526
..................................................................


WIND (MPH)
  HIGHEST WIND SPEED    14   HIGHEST WIND DIRECTION    SW (240)
  HIGHEST GUST SPEED    18   HIGHEST GUST DIRECTION    SW (220)
  AVERAGE WIND SPEED     9.1


SKY COVER
  POSSIBLE SUNSHINE  MM
  AVERAGE SKY COVER 0.0


WEATHER CONDITIONS
 THE FOLLOWING WEATHER WAS RECORDED TODAY.
  NO SIGNIFICANT WEATHER WAS OBSERVED.


RELATIVE HUMIDITY (PERCENT)
 HIGHEST    80           400 AM
 LOWEST     39           300 PM
 AVERAGE    60

..........................................................


THE WORCESTER MA CLIMATE NORMALS FOR TOMORROW
                         NORMAL    RECORD    YEAR
 MAXIMUM TEMPERATURE (F)   76        92      1947
 MINIMUM TEMPERATURE (F)   59        40      1940


SUNRISE AND SUNSET
AUGUST 24 2016........SUNRISE   605 AM EDT   SUNSET   734 PM EDT
AUGUST 25 2016........SUNRISE   606 AM EDT   SUNSET   732 PM EDT


-  INDICATES NEGATIVE NUMBERS.
R  INDICATES RECORD WAS SET OR TIED.
MM INDICATES DATA IS MISSING.
T  INDICATES TRACE AMOUNT.




$$
