269
CDUS41 KBOX 240542
CLIORH


CLIMATE REPORT
NATIONAL WEATHER SERVICE TAUNTON MA
1236 AM EST TUE JAN 24 2017


...................................

...THE WORCESTER MA CLIMATE SUMMARY FOR JANUARY 23 2017...

CLIMATE NORMAL PERIOD 1981 TO 2010
CLIMATE RECORD PERIOD 1892 TO 2017


WEATHER ITEM   OBSERVED TIME   RECORD YEAR NORMAL DEPARTURE LAST
                VALUE   (LST)  VALUE       VALUE  FROM      YEAR
                                                  NORMAL
..................................................................
TEMPERATURE (F)
 YESTERDAY
  MAXIMUM         34    141 AM  60    1906  31      3       21
  MINIMUM         28    919 AM -13    1976  17     11       17
  AVERAGE         31                        24      7       19

PRECIPITATION (IN)
  YESTERDAY        0.23          1.40 1992   0.11   0.12     0.13
  MONTH TO DATE    3.07                      2.58   0.49     2.12
  SINCE DEC 1      6.87                      6.40   0.47     6.77
  SINCE JAN 1      3.07                      2.58   0.49     2.12

SNOWFALL (IN)
  YESTERDAY        2.2          18.1  2005   0.5    1.7      2.8
  MONTH TO DATE   11.9                      12.7   -0.8      9.7
  SINCE DEC 1     29.4                      27.1    2.3     11.1
  SINCE JUL 1     29.4                      29.9   -0.5     11.1
  SNOW DEPTH       0

DEGREE DAYS
 HEATING
  YESTERDAY       34                        41     -7       46
  MONTH TO DATE  810                       939   -129      904
  SINCE DEC 1   1900                      2041   -141     1628
  SINCE JUL 1   3087                      3443   -356     2777

 COOLING
  YESTERDAY        0                         0      0        0
  MONTH TO DATE    0                         0      0        0
  SINCE DEC 1      0                         0      0        0
  SINCE JAN 1      0                         0      0        0
..................................................................


WIND (MPH)
  RESULTANT WIND SPEED  15   RESULTANT WIND DIRECTION  NE (50)
  HIGHEST WIND SPEED    23   HIGHEST WIND DIRECTION    NE (50)
  HIGHEST GUST SPEED    39   HIGHEST GUST DIRECTION    NE (30)
  AVERAGE WIND SPEED    14.8


SKY COVER
  POSSIBLE SUNSHINE  MM
  AVERAGE SKY COVER 1.0


WEATHER CONDITIONS
 THE FOLLOWING WEATHER WAS RECORDED YESTERDAY.
  LIGHT SNOW
  FOG
  HAZE


RELATIVE HUMIDITY (PERCENT)
 HIGHEST    96           100 AM
 LOWEST     78           300 PM
 AVERAGE    87

..........................................................


THE WORCESTER MA CLIMATE NORMALS FOR TODAY
                         NORMAL    RECORD    YEAR
 MAXIMUM TEMPERATURE (F)   31        59      1999
 MINIMUM TEMPERATURE (F)   17       -14      1948


SUNRISE AND SUNSET
JANUARY 24 2017.......SUNRISE   708 AM EST   SUNSET   452 PM EST
JANUARY 25 2017.......SUNRISE   707 AM EST   SUNSET   453 PM EST


-  INDICATES NEGATIVE NUMBERS.
R  INDICATES RECORD WAS SET OR TIED.
MM INDICATES DATA IS MISSING.
T  INDICATES TRACE AMOUNT.




$$
