000
CDUS41 KBOX 200556
CLIORH


CLIMATE REPORT
NATIONAL WEATHER SERVICE TAUNTON MA
153 AM EDT MON OCT 20 2014


...................................

...THE WORCESTER MA CLIMATE SUMMARY FOR OCTOBER 19 2014...

CLIMATE NORMAL PERIOD 1981 TO 2010
CLIMATE RECORD PERIOD 1892 TO 2014


WEATHER ITEM   OBSERVED TIME   RECORD YEAR NORMAL DEPARTURE LAST
                VALUE   (LST)  VALUE       VALUE  FROM      YEAR
                                                  NORMAL
..................................................................
TEMPERATURE (F)
 YESTERDAY
  MAXIMUM         50    304 AM  81    1963  57     -7       62
                                      1945
  MINIMUM         34   1159 PM  24    1974  41     -7       41
  AVERAGE         42                        49     -7       52

PRECIPITATION (IN)
  YESTERDAY        T             1.43 1966   0.15  -0.15     0.02
  MONTH TO DATE    4.19                      2.96   1.23     1.26
  SINCE SEP 1      6.91                      6.89   0.02     4.49
  SINCE JAN 1     41.94                     38.25   3.69    37.51

SNOWFALL (IN)
  YESTERDAY        0.0           T    2003   0.0    0.0      0.0
                                      1972
  MONTH TO DATE    0.0                       0.1   -0.1      0.0
  SINCE SEP 1      0.0                       0.1   -0.1      0.0
  SINCE JUL 1      0.0                       0.1   -0.1      0.0
  SNOW DEPTH       0

DEGREE DAYS
 HEATING
  YESTERDAY       23                        16      7       13
  MONTH TO DATE  199                       251    -52      163
  SINCE SEP 1    352                       405    -53      333
  SINCE JUL 1    372                       444    -72      352

 COOLING
  YESTERDAY        0                         0      0        0
  MONTH TO DATE    3                         0      3        1
  SINCE SEP 1     64                        42     22       41
  SINCE JAN 1    426                       468    -42      572
..................................................................


WIND (MPH)
  RESULTANT WIND SPEED  12   RESULTANT WIND DIRECTION  NW (310)
  HIGHEST WIND SPEED    21   HIGHEST WIND DIRECTION    NW (330)
  HIGHEST GUST SPEED    33   HIGHEST GUST DIRECTION    NW (310)
  AVERAGE WIND SPEED    12.4


SKY COVER
  POSSIBLE SUNSHINE  MM
  AVERAGE SKY COVER 0.9


WEATHER CONDITIONS
 THE FOLLOWING WEATHER WAS RECORDED YESTERDAY.
  NO SIGNIFICANT WEATHER WAS OBSERVED.


RELATIVE HUMIDITY (PERCENT)
 HIGHEST    86          1200 AM
 LOWEST     46           300 PM
 AVERAGE    66

..........................................................


THE WORCESTER MA CLIMATE NORMALS FOR TODAY
                         NORMAL    RECORD    YEAR
 MAXIMUM TEMPERATURE (F)   57        76      1965
                                             1963
                                             1929
 MINIMUM TEMPERATURE (F)   40        21      1972


SUNRISE AND SUNSET
OCTOBER 20 2014.......SUNRISE   706 AM EDT   SUNSET   558 PM EDT
OCTOBER 21 2014.......SUNRISE   707 AM EDT   SUNSET   556 PM EDT


-  INDICATES NEGATIVE NUMBERS.
R  INDICATES RECORD WAS SET OR TIED.
MM INDICATES DATA IS MISSING.
T  INDICATES TRACE AMOUNT.




$$
