000
CDUS41 KBOX 280545
CLIORH


CLIMATE REPORT
NATIONAL WEATHER SERVICE TAUNTON MA
141 AM EDT WED JUN 28 2017


...................................

...THE WORCESTER MA CLIMATE SUMMARY FOR JUNE 27 2017...

CLIMATE NORMAL PERIOD 1981 TO 2010
CLIMATE RECORD PERIOD 1892 TO 2017


WEATHER ITEM   OBSERVED TIME   RECORD YEAR NORMAL DEPARTURE LAST
                VALUE   (LST)  VALUE       VALUE  FROM      YEAR
                                                  NORMAL
..................................................................
TEMPERATURE (F)
 YESTERDAY
  MAXIMUM         69   1254 PM  93    1901  77     -8       80
  MINIMUM         53   1159 PM  46    1940  59     -6       58
  AVERAGE         61                        68     -7       69

PRECIPITATION (IN)
  YESTERDAY        0.96          2.40 1938   0.12   0.84     0.00
  MONTH TO DATE    4.21                      3.82   0.39     1.38
  SINCE JUN 1      4.21                      3.82   0.39     1.38
  SINCE JAN 1     25.29                     23.05   2.24    17.10

SNOWFALL (IN)
  YESTERDAY        0.0           T    1990   0.0    0.0      0.0
  MONTH TO DATE    0.0                       0.0    0.0      0.0
  SINCE JUN 1      0.0                       0.0    0.0      0.0
  SINCE JUL 1     78.3                      64.1   14.2     47.2
  SNOW DEPTH      MM

DEGREE DAYS
 HEATING
  YESTERDAY        4                         1      3        0
  MONTH TO DATE   82                        79      3       51
  SINCE JUN 1     82                        79      3       51
  SINCE JUL 1   6267                      6713   -446     5762

 COOLING
  YESTERDAY        0                         4     -4        4
  MONTH TO DATE   98                        71     27       53
  SINCE JUN 1     98                        71     27       53
  SINCE JAN 1    132                        93     39       95
..................................................................


WIND (MPH)
  RESULTANT WIND SPEED   5   RESULTANT WIND DIRECTION  SW (240)
  HIGHEST WIND SPEED    29   HIGHEST WIND DIRECTION     W (270)
  HIGHEST GUST SPEED    37   HIGHEST GUST DIRECTION     W (250)
  AVERAGE WIND SPEED     8.4


SKY COVER
  POSSIBLE SUNSHINE  MM
  AVERAGE SKY COVER 0.4


WEATHER CONDITIONS
 THE FOLLOWING WEATHER WAS RECORDED YESTERDAY.
  THUNDERSTORM
  HEAVY RAIN
  RAIN
  LIGHT RAIN
  FOG


RELATIVE HUMIDITY (PERCENT)
 HIGHEST    93           900 PM
 LOWEST     55          1200 PM
 AVERAGE    74

..........................................................


THE WORCESTER MA CLIMATE NORMALS FOR TODAY
                         NORMAL    RECORD    YEAR
 MAXIMUM TEMPERATURE (F)   77        96      1901
 MINIMUM TEMPERATURE (F)   59        45      1995


SUNRISE AND SUNSET
JUNE 28 2017..........SUNRISE   513 AM EDT   SUNSET   828 PM EDT
JUNE 29 2017..........SUNRISE   514 AM EDT   SUNSET   828 PM EDT


-  INDICATES NEGATIVE NUMBERS.
R  INDICATES RECORD WAS SET OR TIED.
MM INDICATES DATA IS MISSING.
T  INDICATES TRACE AMOUNT.




$$
