000
CDUS41 KBOX 180529
CLIORH


CLIMATE REPORT
NATIONAL WEATHER SERVICE TAUNTON MA
1228 AM EST SUN FEB 18 2018


...................................

...THE WORCESTER MA CLIMATE SUMMARY FOR FEBRUARY 17 2018...

CLIMATE NORMAL PERIOD 1981 TO 2010
CLIMATE RECORD PERIOD 1892 TO 2018


WEATHER ITEM   OBSERVED TIME   RECORD YEAR NORMAL DEPARTURE LAST
                VALUE   (LST)  VALUE       VALUE  FROM      YEAR
                                                  NORMAL
..................................................................
TEMPERATURE (F)
 YESTERDAY
  MAXIMUM         35    353 PM  56    1981  35      0       35
  MINIMUM         19    635 AM -14    1896  20     -1       18
  AVERAGE         27                        27      0       27

PRECIPITATION (IN)
  YESTERDAY        0.29          1.25 2003   0.12   0.17     0.00
  MONTH TO DATE    3.32                      1.93   1.39     2.12
  SINCE DEC 1      9.79                      9.24   0.55     9.83
  SINCE JAN 1      6.94                      5.42   1.52     6.03

SNOWFALL (IN)
  YESTERDAY        3.0          18.8  2003   0.6    2.4      0.0
  MONTH TO DATE    7.0                       9.8   -2.8     25.4
  SINCE DEC 1     42.5                      41.3    1.2     57.8
  SINCE JUL 1     42.5                      44.1   -1.6     57.8
  SNOW DEPTH      MM

DEGREE DAYS
 HEATING
  YESTERDAY       38                        38      0       38
  MONTH TO DATE  611                       664    -53      681
  SINCE DEC 1   3103                      3035     68     2855
  SINCE JUL 1   4239                      4437   -198     4042

 COOLING
  YESTERDAY        0                         0      0        0
  MONTH TO DATE    0                         0      0        0
  SINCE DEC 1      0                         0      0        0
  SINCE JAN 1      0                         0      0        0
..................................................................


WIND (MPH)
  RESULTANT WIND SPEED   2   RESULTANT WIND DIRECTION   S (160)
  HIGHEST WIND SPEED    21   HIGHEST WIND DIRECTION    SE (140)
  HIGHEST GUST SPEED    25   HIGHEST GUST DIRECTION     S (180)
  AVERAGE WIND SPEED     6.9


SKY COVER
  POSSIBLE SUNSHINE  MM
  AVERAGE SKY COVER 0.3


WEATHER CONDITIONS
 THE FOLLOWING WEATHER WAS RECORDED YESTERDAY.
  SNOW
  LIGHT SNOW
  FOG


RELATIVE HUMIDITY (PERCENT)
 HIGHEST    92           900 PM
 LOWEST     32           300 PM
 AVERAGE    62

..........................................................


THE WORCESTER MA CLIMATE NORMALS FOR TODAY
                         NORMAL    RECORD    YEAR
 MAXIMUM TEMPERATURE (F)   35        63      1981
 MINIMUM TEMPERATURE (F)   20       -12      1958


SUNRISE AND SUNSET
FEBRUARY 18 2018......SUNRISE   640 AM EST   SUNSET   524 PM EST
FEBRUARY 19 2018......SUNRISE   638 AM EST   SUNSET   525 PM EST


-  INDICATES NEGATIVE NUMBERS.
R  INDICATES RECORD WAS SET OR TIED.
MM INDICATES DATA IS MISSING.
T  INDICATES TRACE AMOUNT.




$$
