000
CDUS46 KMFR 280836
CLIOTH


CLIMATE REPORT
NATIONAL WEATHER SERVICE MEDFORD, OR
1236 AM PST TUE FEB 28 2017


...................................

...THE NORTH BEND OR CLIMATE SUMMARY FOR FEBRUARY 27 2017...

CLIMATE NORMAL PERIOD 1981 TO 2010
CLIMATE RECORD PERIOD 1902 TO 2017


WEATHER ITEM   OBSERVED TIME   RECORD YEAR NORMAL DEPARTURE LAST
                VALUE   (LST)  VALUE       VALUE  FROM      YEAR
                                                  NORMAL
..................................................................
TEMPERATURE (F)
 YESTERDAY
  MAXIMUM         48        MM  71    1926  53     -5       61
  MINIMUM         37        MM  23    1962  41     -4       46
  AVERAGE         43                        47     -4       54

PRECIPITATION (IN)
  YESTERDAY        0.33          2.14 2006   0.27   0.06     0.00
  MONTH TO DATE   14.60                      7.32   7.28     4.35
  SINCE OCT 1     57.63                     43.60  14.03    42.18
  SINCE JAN 1     23.48                     17.51   5.97    16.55

SNOWFALL (IN)
  YESTERDAY       MM
  SNOW DEPTH      MM

DEGREE DAYS
 HEATING
  YESTERDAY       22                        18      4       11
  MONTH TO DATE  460                       503    -43      347
  SINCE DEC 1   1762                      1706     56     1287
  SINCE JUL 1   2758                      3158   -400     2294

 COOLING
  YESTERDAY        0                         0      0        0
  MONTH TO DATE    0                         0      0        2
  SINCE DEC 1      0                         0      0        2
  SINCE JAN 1      0                         0      0        2
..................................................................


WIND (MPH)
  HIGHEST WIND SPEED    22   HIGHEST WIND DIRECTION     W (290)
  HIGHEST GUST SPEED    MM   HIGHEST GUST DIRECTION    MM
  AVERAGE WIND SPEED     8.5


SKY COVER
  POSSIBLE SUNSHINE  MM
  AVERAGE SKY COVER  MM


WEATHER CONDITIONS
 THE FOLLOWING WEATHER WAS RECORDED YESTERDAY.
  NO SIGNIFICANT WEATHER WAS OBSERVED.


RELATIVE HUMIDITY (PERCENT)
 HIGHEST    MM
 LOWEST     MM

..........................................................


THE NORTH BEND OR CLIMATE NORMALS FOR TODAY
                         NORMAL    RECORD    YEAR
 MAXIMUM TEMPERATURE (F)   54        70      1903
 MINIMUM TEMPERATURE (F)   41        25      1960


SUNRISE AND SUNSET
FEBRUARY 28 2017......SUNRISE   654 AM PST   SUNSET   605 PM PST
MARCH  1 2017.........SUNRISE   653 AM PST   SUNSET   606 PM PST


-  INDICATES NEGATIVE NUMBERS.
R  INDICATES RECORD WAS SET OR TIED.
MM INDICATES DATA IS MISSING.
T  INDICATES TRACE AMOUNT.




$$
