000
CDUS46 KMFR 230038
CLIOTH


CLIMATE REPORT
NATIONAL WEATHER SERVICE MEDFORD, OR
438 PM PST THU FEB 22 2018


...................................

...THE NORTH BEND OR CLIMATE SUMMARY FOR FEBRUARY 22 2018...
VALID TODAY AS OF 0400 PM LOCAL TIME.

CLIMATE NORMAL PERIOD 1981 TO 2010
CLIMATE RECORD PERIOD 1902 TO 2018


WEATHER ITEM   OBSERVED TIME   RECORD YEAR NORMAL DEPARTURE LAST
                VALUE   (LST)  VALUE       VALUE  FROM      YEAR
                                                  NORMAL
..................................................................
TEMPERATURE (F)
 TODAY
  MAXIMUM         45        MM  68    2005  53     -8       46
  MINIMUM         34        MM  22    1913  40     -6       37
  AVERAGE         40                        47     -7       42

PRECIPITATION (IN)
  TODAY            0.31          2.12 1986   0.27   0.04     0.16
  MONTH TO DATE    2.41                      5.94  -3.53    13.16
  SINCE OCT 1     29.14                     42.22 -13.08    56.19
  SINCE JAN 1     10.24                     16.13  -5.89    22.04

SNOWFALL (IN)
  TODAY           MM                         0.0   MM       MM
  MONTH TO DATE   MM                         0.3   MM       MM
  SINCE JUL 1     MM                         0.4   MM        0.0
  SNOW DEPTH      MM

DEGREE DAYS
 HEATING
  TODAY           25                        18      7       23
  MONTH TO DATE  413                       413      0      341
  SINCE DEC 1   1392                      1616   -224     1643
  SINCE JUL 1   2547                      3068   -521     2639

 COOLING
  TODAY            0                         0      0        0
  MONTH TO DATE    0                         0      0        0
  SINCE DEC 1      0                         0      0        0
  SINCE JAN 1      0                         0      0        0
..................................................................


WIND (MPH)
  HIGHEST WIND SPEED    20   HIGHEST WIND DIRECTION     N (350)
  HIGHEST GUST SPEED    25   HIGHEST GUST DIRECTION    NW (330)
  AVERAGE WIND SPEED    12.4


SKY COVER
  POSSIBLE SUNSHINE  MM
  AVERAGE SKY COVER 0.8


WEATHER CONDITIONS
 THE FOLLOWING WEATHER WAS RECORDED TODAY.
  RAIN
  LIGHT RAIN
  LIGHT SNOW
  FOG


RELATIVE HUMIDITY (PERCENT)
 HIGHEST   100           100 AM
 LOWEST     53           300 PM

..........................................................


THE NORTH BEND OR CLIMATE NORMALS FOR TOMORROW
                         NORMAL    RECORD    YEAR
 MAXIMUM TEMPERATURE (F)   53        72      1921
 MINIMUM TEMPERATURE (F)   40        24      1920


SUNRISE AND SUNSET
FEBRUARY 22 2018......SUNRISE   704 AM PST   SUNSET   557 PM PST
FEBRUARY 23 2018......SUNRISE   703 AM PST   SUNSET   558 PM PST


-  INDICATES NEGATIVE NUMBERS.
R  INDICATES RECORD WAS SET OR TIED.
MM INDICATES DATA IS MISSING.
T  INDICATES TRACE AMOUNT.




$$
