000
CDUS46 KMFR 270036
CLIOTH


CLIMATE REPORT
NATIONAL WEATHER SERVICE MEDFORD, OR
536 PM PDT TUE MAY 26 2015


...................................

...THE NORTH BEND OR CLIMATE SUMMARY FOR MAY 26 2015...
VALID TODAY AS OF 0500 PM LOCAL TIME.

CLIMATE NORMAL PERIOD 1981 TO 2010
CLIMATE RECORD PERIOD 1902 TO 2015


WEATHER ITEM   OBSERVED TIME   RECORD YEAR NORMAL DEPARTURE LAST
                VALUE   (LST)  VALUE       VALUE  FROM      YEAR
                                                  NORMAL
..................................................................
TEMPERATURE (F)
 TODAY
  MAXIMUM         63        MM  72    1919  60      3       63
  MINIMUM         54        MM  33    1922  48      6       52
  AVERAGE         59                        54      5       58

PRECIPITATION (IN)
  TODAY            0.00          0.55 1971   0.11  -0.11     0.06
  MONTH TO DATE    0.09                      2.87  -2.78     1.78
  SINCE OCT 1     42.03                     59.74 -17.71    27.02
  SINCE JAN 1     18.73                     33.65 -14.92    21.40

SNOWFALL (IN)
  TODAY           MM                         0.0   MM       MM
  MONTH TO DATE   MM                         0.0   MM       MM
  SINCE JUL 1     MM                         0.4   MM        0.0
  SNOW DEPTH      MM

DEGREE DAYS
 HEATING
  TODAY            6                        11     -5        7
  MONTH TO DATE  251                       321    -70      199
  SINCE MAR 1   1104                      1333   -229     1035
  SINCE JUL 1   3208                      4507  -1299     3832

 COOLING
  TODAY            0                         0      0        0
  MONTH TO DATE    0                         0      0        4
  SINCE MAR 1      0                         0      0       12
  SINCE JAN 1      0                         0      0       12
..................................................................


WIND (MPH)
  HIGHEST WIND SPEED    21   HIGHEST WIND DIRECTION     N (360)
  HIGHEST GUST SPEED    25   HIGHEST GUST DIRECTION     N (360)
  AVERAGE WIND SPEED    10.9


SKY COVER
  POSSIBLE SUNSHINE  MM
  AVERAGE SKY COVER 0.7


WEATHER CONDITIONS
 THE FOLLOWING WEATHER WAS RECORDED TODAY.
  NO SIGNIFICANT WEATHER WAS OBSERVED.


RELATIVE HUMIDITY (PERCENT)
 HIGHEST    93          1200 AM
 LOWEST     65          1200 PM

..........................................................


THE NORTH BEND OR CLIMATE NORMALS FOR TOMORROW
                         NORMAL    RECORD    YEAR
 MAXIMUM TEMPERATURE (F)   60        87      1922
                                             1983
 MINIMUM TEMPERATURE (F)   49        33      1921


SUNRISE AND SUNSET
MAY 26 2015...........SUNRISE   543 AM PDT   SUNSET   846 PM PDT
MAY 27 2015...........SUNRISE   542 AM PDT   SUNSET   847 PM PDT


-  INDICATES NEGATIVE NUMBERS.
R  INDICATES RECORD WAS SET OR TIED.
MM INDICATES DATA IS MISSING.
T  INDICATES TRACE AMOUNT.




$$
