000
CDUS46 KMFR 300041
CLIOTH


CLIMATE REPORT
NATIONAL WEATHER SERVICE MEDFORD, OR
541 PM PDT SUN MAR 29 2015


...................................

...THE NORTH BEND OR CLIMATE SUMMARY FOR MARCH 29 2015...
VALID TODAY AS OF 0500 PM LOCAL TIME.

CLIMATE NORMAL PERIOD 1981 TO 2010
CLIMATE RECORD PERIOD 1902 TO 2015


WEATHER ITEM   OBSERVED TIME   RECORD YEAR NORMAL DEPARTURE LAST
                VALUE   (LST)  VALUE       VALUE  FROM      YEAR
                                                  NORMAL
..................................................................
TEMPERATURE (F)
 TODAY
  MAXIMUM         61        MM  79    1923  54      7       55
  MINIMUM         43        MM  23    1927  42      1       46
  AVERAGE         52                        48      4       51

PRECIPITATION (IN)
  TODAY            0.00          1.64 1963   0.23  -0.23     0.24
  MONTH TO DATE    4.86                      7.38  -2.52     5.10
  SINCE OCT 1     38.37                     51.25 -12.88    21.44
  SINCE JAN 1     15.07                     25.16 -10.09    15.82

SNOWFALL (IN)
  TODAY           MM                         0.0   MM       MM
  MONTH TO DATE   MM                         0.0   MM       MM
  SINCE JUL 1     MM                         0.4   MM        0.0
  SNOW DEPTH      MM

DEGREE DAYS
 HEATING
  TODAY           13                        17     -4       14
  MONTH TO DATE  377                       502   -125      404
  SINCE MAR 1    377                       502   -125      404
  SINCE JUL 1   2481                      3676  -1195     3201

 COOLING
  TODAY            0                         0      0        0
  MONTH TO DATE    0                         0      0        0
  SINCE MAR 1      0                         0      0        0
  SINCE JAN 1      0                         0      0        0
..................................................................


WIND (MPH)
  HIGHEST WIND SPEED    15   HIGHEST WIND DIRECTION     N (340)
  HIGHEST GUST SPEED    MM   HIGHEST GUST DIRECTION    MM
  AVERAGE WIND SPEED     5.3


SKY COVER
  POSSIBLE SUNSHINE  MM
  AVERAGE SKY COVER 0.0


WEATHER CONDITIONS
 THE FOLLOWING WEATHER WAS RECORDED TODAY.
  NO SIGNIFICANT WEATHER WAS OBSERVED.


RELATIVE HUMIDITY (PERCENT)
 HIGHEST    MM
 LOWEST     MM

..........................................................


THE NORTH BEND OR CLIMATE NORMALS FOR TOMORROW
                         NORMAL    RECORD    YEAR
 MAXIMUM TEMPERATURE (F)   54        77      1911
 MINIMUM TEMPERATURE (F)   42        31      1936


SUNRISE AND SUNSET
MARCH 29 2015.........SUNRISE   704 AM PDT   SUNSET   740 PM PDT
MARCH 30 2015.........SUNRISE   703 AM PDT   SUNSET   741 PM PDT


-  INDICATES NEGATIVE NUMBERS.
R  INDICATES RECORD WAS SET OR TIED.
MM INDICATES DATA IS MISSING.
T  INDICATES TRACE AMOUNT.




$$
