866
CDAK49 PAFG 180939
CLIOTZ

CLIMATE REPORT
NATIONAL WEATHER SERVICE FAIRBANKS AK
139 AM AKDT FRI AUG 18 2017


...................................

...THE KOTZEBUE AK CLIMATE SUMMARY FOR AUGUST 17 2017...

CLIMATE NORMAL PERIOD 1981 TO 2010
CLIMATE RECORD PERIOD 1920 TO 2017


WEATHER ITEM   OBSERVED TIME   RECORD YEAR NORMAL DEPARTURE LAST
                VALUE   (LST)  VALUE       VALUE  FROM      YEAR
                                                  NORMAL
..................................................................
TEMPERATURE (F)
 YESTERDAY
  MAXIMUM         46    259 PM  71    2007  56    -10       67
  MINIMUM         40    431 AM  30    1902  47     -7       48
  AVERAGE         43                        52     -9       58

PRECIPITATION (IN)
  YESTERDAY        0.12          0.90 1948   0.07   0.05     0.00
  MONTH TO DATE    1.13                      1.23  -0.10     0.71
  SINCE JUN 1      3.96                      3.26   0.70     2.40
  SINCE JAN 1      6.04                      5.93   0.11     4.53

SNOWFALL (IN)
  YESTERDAY       MM             0.0    MM   0.0   MM        0.0
  MONTH TO DATE    0.0                       0.0    0.0      0.0
  SINCE JUN 1      0.0                       0.0    0.0      0.0
  SINCE JUL 1      0.0                       0.0    0.0      0.0
  SNOW DEPTH       0

DEGREE DAYS
 HEATING
  YESTERDAY       22                        13      9        7
  MONTH TO DATE  186                       203    -17      113
  SINCE JUN 1    826                      1108   -282      770
  SINCE JUL 1    415                       528   -113      366

 COOLING
  YESTERDAY        0                         0      0        0
  MONTH TO DATE    0                         0      0        0
  SINCE JUN 1      1                         4     -3        5
  SINCE JAN 1      1                         4     -3        5
..................................................................


WIND (MPH)
  HIGHEST GUST SPEED    19   HIGHEST GUST DIRECTION     W (270)


SKY COVER
  AVERAGE SKY COVER 0.8


WEATHER CONDITIONS
 THE FOLLOWING WEATHER WAS RECORDED YESTERDAY.
  RAIN
  LIGHT RAIN
  FOG


RELATIVE HUMIDITY (PERCENT)
 HIGHEST    92
 LOWEST     71
 AVERAGE    82

..........................................................


THE KOTZEBUE AK CLIMATE NORMALS FOR TODAY
                         NORMAL    RECORD    YEAR
 MAXIMUM TEMPERATURE (F)   56        76      2004
 MINIMUM TEMPERATURE (F)   47        31      1902


SUNRISE AND SUNSET
AUGUST 18 2017........SUNRISE   634 AM AKDT  SUNSET  1112 PM AKDT
AUGUST 19 2017........SUNRISE   638 AM AKDT  SUNSET  1108 PM AKDT

-  INDICATES NEGATIVE NUMBERS.
R  INDICATES RECORD WAS SET OR TIED.
MM INDICATES DATA IS MISSING.
T  INDICATES TRACE AMOUNT.

&&

SNOW DEPTH IS MEASURED AT 3AM AKST/4AM AKDT.

----------------------------
AVAILABLE DAYLIGHT

AMOUNT OF DAYLIGHT TODAY  (HOUR:MIN)........16:38
GAIN/LOSS SINCE YESTERDAY (HOUR:MIN:SEC)....-0:07:51

$$
AUG 17
