328
CDAK49 PAFG 260957
CLIOTZ

CLIMATE REPORT
NATIONAL WEATHER SERVICE FAIRBANKS AK
157 AM AKDT WED APR 26 2017


...................................

...THE KOTZEBUE AK CLIMATE SUMMARY FOR APRIL 25 2017...

CLIMATE NORMAL PERIOD 1981 TO 2010
CLIMATE RECORD PERIOD 1920 TO 2017


WEATHER ITEM   OBSERVED TIME   RECORD YEAR NORMAL DEPARTURE LAST
                VALUE   (LST)  VALUE       VALUE  FROM      YEAR
                                                  NORMAL
..................................................................
TEMPERATURE (F)
 YESTERDAY
  MAXIMUM         38    448 PM  44    1931  27     11       34
  MINIMUM         21    609 AM -23    1960  13      8       17
  AVERAGE         30                        20     10       26

PRECIPITATION (IN)
  YESTERDAY        0.00          0.37 2002   0.02  -0.02     0.00
  MONTH TO DATE    0.05                      0.44  -0.39     0.60
  SINCE MAR 1      0.08                      0.88  -0.80     0.77
  SINCE JAN 1      1.67                      2.16  -0.49     1.48

SNOWFALL (IN)
  YESTERDAY        0.0           3.7  2002   0.1   -0.1      0.0
  MONTH TO DATE    1.3                       4.4   -3.1      4.6
  SINCE MAR 1      2.0                      10.3   -8.3      6.0
  SINCE JUL 1     52.2                      57.9   -5.7     26.0
  SNOW DEPTH      10

DEGREE DAYS
 HEATING
  YESTERDAY       35                        45    -10       39
  MONTH TO DATE 1065                      1336   -271      996
  SINCE MAR 1   3234                      3318    -84     2900
  SINCE JUL 1  12093                     13563  -1470    11678

 COOLING
  YESTERDAY        0                         0      0        0
  MONTH TO DATE    0                         0      0        0
  SINCE MAR 1      0                         0      0        0
  SINCE JAN 1      0                         0      0        0
..................................................................


WIND (MPH)
  HIGHEST GUST SPEED    17   HIGHEST GUST DIRECTION     N (20)


SKY COVER
  AVERAGE SKY COVER 0.4


WEATHER CONDITIONS
 THE FOLLOWING WEATHER WAS RECORDED YESTERDAY.
  NO SIGNIFICANT WEATHER WAS OBSERVED.


RELATIVE HUMIDITY (PERCENT)
 HIGHEST    78
 LOWEST     54
 AVERAGE    66

..........................................................


THE KOTZEBUE AK CLIMATE NORMALS FOR TODAY
                         NORMAL    RECORD    YEAR
 MAXIMUM TEMPERATURE (F)   28        46      1997
 MINIMUM TEMPERATURE (F)   13       -17      1960


SUNRISE AND SUNSET
APRIL 26 2017.........SUNRISE   619 AM AKDT  SUNSET  1122 PM AKDT
APRIL 27 2017.........SUNRISE   614 AM AKDT  SUNSET  1125 PM AKDT

-  INDICATES NEGATIVE NUMBERS.
R  INDICATES RECORD WAS SET OR TIED.
MM INDICATES DATA IS MISSING.
T  INDICATES TRACE AMOUNT.

&&

SNOW DEPTH IS MEASURED AT 3AM AKST/4AM AKDT.

----------------------------
AVAILABLE DAYLIGHT

AMOUNT OF DAYLIGHT TODAY  (HOUR:MIN)........17:03
GAIN/LOSS SINCE YESTERDAY (HOUR:MIN:SEC)....+0:08:02

$$
SDB APR 17
