871
CDAK49 PAFG 210957
CLIOTZ

CLIMATE REPORT
NATIONAL WEATHER SERVICE FAIRBANKS AK
157 AM AKDT SAT OCT 21 2017


...................................

...THE KOTZEBUE AK CLIMATE SUMMARY FOR OCTOBER 20 2017...

CLIMATE NORMAL PERIOD 1981 TO 2010
CLIMATE RECORD PERIOD 1920 TO 2017


WEATHER ITEM   OBSERVED TIME   RECORD YEAR NORMAL DEPARTURE LAST
                VALUE   (LST)  VALUE       VALUE  FROM      YEAR
                                                  NORMAL
..................................................................
TEMPERATURE (F)
 YESTERDAY
  MAXIMUM         20    618 PM  44    1938  26     -6       32
  MINIMUM         13    607 AM  -7    1970  17     -4       23
  AVERAGE         17                        22     -5       28

PRECIPITATION (IN)
  YESTERDAY        T             0.58 1941   0.03  -0.03      T
  MONTH TO DATE    1.41                      0.75   0.66     0.06
  SINCE SEP 1      3.03                      2.33   0.70     2.08
  SINCE JAN 1      9.49                      9.21   0.28     7.82

SNOWFALL (IN)
  YESTERDAY       MM             6.0  1941   0.2   MM         T
  MONTH TO DATE    0.7                       3.4   -2.7      0.1
  SINCE SEP 1      0.7                       4.2   -3.5      0.3
  SINCE JUL 1      0.7                       4.2   -3.5      0.3
  SNOW DEPTH       0

DEGREE DAYS
 HEATING
  YESTERDAY       48                        43      5       37
  MONTH TO DATE  582                       746   -164      543
  SINCE SEP 1   1228                      1427   -199     1162
  SINCE JUL 1   1915                      2165   -250     1654

 COOLING
  YESTERDAY        0                         0      0        0
  MONTH TO DATE    0                         0      0        0
  SINCE SEP 1      0                         0      0        0
  SINCE JAN 1      1                         5     -4        5
..................................................................


WIND (MPH)
  HIGHEST GUST SPEED    23   HIGHEST GUST DIRECTION     E (80)


SKY COVER
  AVERAGE SKY COVER 0.6


WEATHER CONDITIONS
 THE FOLLOWING WEATHER WAS RECORDED YESTERDAY.
  FOG
  HAZE


RELATIVE HUMIDITY (PERCENT)
 HIGHEST    92
 LOWEST     73
 AVERAGE    83

..........................................................


THE KOTZEBUE AK CLIMATE NORMALS FOR TODAY
                         NORMAL    RECORD    YEAR
 MAXIMUM TEMPERATURE (F)   25        43      1938
 MINIMUM TEMPERATURE (F)   17       -10      1970


SUNRISE AND SUNSET
OCTOBER 21 2017.......SUNRISE  1014 AM AKDT  SUNSET   656 PM AKDT
OCTOBER 22 2017.......SUNRISE  1017 AM AKDT  SUNSET   652 PM AKDT

-  INDICATES NEGATIVE NUMBERS.
R  INDICATES RECORD WAS SET OR TIED.
MM INDICATES DATA IS MISSING.
T  INDICATES TRACE AMOUNT.

&&

SNOW DEPTH IS MEASURED AT 3AM AKST/4AM AKDT.

----------------------------
AVAILABLE DAYLIGHT

AMOUNT OF DAYLIGHT TODAY  (HOUR:MIN)........8:42
GAIN/LOSS SINCE YESTERDAY (HOUR:MIN:SEC)....-0:07:32

$$
OCT 17
