873
CDAK49 PAFG 111017
CLIOTZ

CLIMATE REPORT
NATIONAL WEATHER SERVICE FAIRBANKS AK
117 AM AKST MON DEC 11 2017


...................................

...THE KOTZEBUE AK CLIMATE SUMMARY FOR DECEMBER 10 2017...

CLIMATE NORMAL PERIOD 1981 TO 2010
CLIMATE RECORD PERIOD 1920 TO 2017


WEATHER ITEM   OBSERVED TIME   RECORD YEAR NORMAL DEPARTURE LAST
                VALUE   (LST)  VALUE       VALUE  FROM      YEAR
                                                  NORMAL
..................................................................
TEMPERATURE (F)
 YESTERDAY
  MAXIMUM         17   1159 PM  33    1986  10      7       -1
                                      1961
  MINIMUM          4   1056 AM -40    1964  -3      7      -12
  AVERAGE         11                         4      7       -6

PRECIPITATION (IN)
  YESTERDAY        0.02          0.29 2011   0.02   0.00     0.00
  MONTH TO DATE    0.21                      0.25  -0.04      T
  SINCE DEC 1      0.21                      0.25  -0.04      T
  SINCE JAN 1     12.73                     10.49   2.24     8.16

SNOWFALL (IN)
  YESTERDAY        0.2           5.7  2011   0.4   -0.2      0.0
  MONTH TO DATE    0.9                       3.9   -3.0       T
  SINCE DEC 1      0.9                       3.9   -3.0       T
  SINCE JUL 1     41.3                      21.3   20.0      5.6
  SNOW DEPTH      42

DEGREE DAYS
 HEATING
  YESTERDAY       54                        61     -7       71
  MONTH TO DATE  474                       606   -132      722
  SINCE DEC 1    474                       606   -132      722
  SINCE JUL 1   4291                      4964   -673     4335

 COOLING
  YESTERDAY        0                         0      0        0
  MONTH TO DATE    0                         0      0        0
  SINCE DEC 1      0                         0      0        0
  SINCE JAN 1      1                         5     -4        5
..................................................................


WIND (MPH)
  HIGHEST GUST SPEED    14   HIGHEST GUST DIRECTION     N (10)


SKY COVER
  AVERAGE SKY COVER 0.6


WEATHER CONDITIONS
 THE FOLLOWING WEATHER WAS RECORDED YESTERDAY.
  LIGHT SNOW
  FOG


RELATIVE HUMIDITY (PERCENT)
 HIGHEST    96
 LOWEST     73
 AVERAGE    85

..........................................................


THE KOTZEBUE AK CLIMATE NORMALS FOR TODAY
                         NORMAL    RECORD    YEAR
 MAXIMUM TEMPERATURE (F)   10        34      1986
 MINIMUM TEMPERATURE (F)   -3       -35      1975


SUNRISE AND SUNSET
DECEMBER 11 2017......SUNRISE  1237 PM AKST  SUNSET   252 PM AKST
DECEMBER 12 2017......SUNRISE  1240 PM AKST  SUNSET   249 PM AKST

-  INDICATES NEGATIVE NUMBERS.
R  INDICATES RECORD WAS SET OR TIED.
MM INDICATES DATA IS MISSING.
T  INDICATES TRACE AMOUNT.

&&

SNOW DEPTH IS MEASURED AT 3AM AKST/4AM AKDT.

----------------------------
AVAILABLE DAYLIGHT

AMOUNT OF DAYLIGHT TODAY  (HOUR:MIN)........2:14
GAIN/LOSS SINCE YESTERDAY (HOUR:MIN:SEC)....-0:05:55

$$
DEC 17
