777
CDAK49 PAFG 210054
CLIOTZ

CLIMATE REPORT
NATIONAL WEATHER SERVICE FAIRBANKS AK
354 PM AKST MON FEB 20 2017


...................................

...THE KOTZEBUE AK CLIMATE SUMMARY FOR FEBRUARY 20 2017...
VALID TODAY AS OF 0300 PM LOCAL TIME.

CLIMATE NORMAL PERIOD 1981 TO 2010
CLIMATE RECORD PERIOD 1920 TO 2017


WEATHER ITEM   OBSERVED TIME   RECORD YEAR NORMAL DEPARTURE LAST
                VALUE   (LST)  VALUE       VALUE  FROM      YEAR
                                                  NORMAL
..................................................................
TEMPERATURE (F)
 TODAY
  MAXIMUM         -9    526 AM  34    1977   7    -16        5
  MINIMUM        -20   1059 AM -44    1955  -7    -13       -4
  AVERAGE        -14                         0    -14        1

PRECIPITATION (IN)
  TODAY            T             0.50 2011   0.03  -0.03     0.00
  MONTH TO DATE    0.04                      0.46  -0.42     0.09
  SINCE DEC 1      1.33                      1.84  -0.51     0.93
  SINCE JAN 1      0.59                      1.08  -0.49     0.47

SNOWFALL (IN)
  TODAY            T             7.1  2011   0.3   -0.3      0.0
  MONTH TO DATE    1.4                       6.7   -5.3      1.0
  SINCE DEC 1     26.8                      27.3   -0.5      4.2
  SINCE JUL 1     32.4                      44.7  -12.3     17.6
  SNOW DEPTH      27

DEGREE DAYS
 HEATING
  TODAY           79                        65     14       64
  MONTH TO DATE 1323                      1323      0     1092
  SINCE DEC 1   5079                      5369   -290     4616
  SINCE JUL 1   8692                      9727  -1035     8335

 COOLING
  TODAY            0                         0      0        0
  MONTH TO DATE    0                         0      0        0
  SINCE DEC 1      0                         0      0        0
  SINCE JAN 1      0                         0      0        0
..................................................................


WIND (MPH)
  HIGHEST GUST SPEED    14   HIGHEST GUST DIRECTION     E (70)


SKY COVER
  AVERAGE SKY COVER 0.8


WEATHER CONDITIONS
 THE FOLLOWING WEATHER WAS RECORDED TODAY.
  LIGHT SNOW
  FOG
  HAZE


RELATIVE HUMIDITY (PERCENT)
 HIGHEST    46
 LOWEST     30
 AVERAGE    38

..........................................................


THE KOTZEBUE AK CLIMATE NORMALS FOR TOMORROW
                         NORMAL    RECORD    YEAR
 MAXIMUM TEMPERATURE (F)    7        34      2015
                                             2010
 MINIMUM TEMPERATURE (F)   -7       -45      1968


SUNRISE AND SUNSET
FEBRUARY 20 2017......SUNRISE   940 AM AKST  SUNSET   631 PM AKST
FEBRUARY 21 2017......SUNRISE   936 AM AKST  SUNSET   635 PM AKST

-  INDICATES NEGATIVE NUMBERS.
R  INDICATES RECORD WAS SET OR TIED.
MM INDICATES DATA IS MISSING.
T  INDICATES TRACE AMOUNT.

&&

SNOW DEPTH IS MEASURED AT 3AM AKST/4AM AKDT.

----------------------------
AVAILABLE DAYLIGHT

AMOUNT OF DAYLIGHT TODAY  (HOUR:MIN)........8:51
GAIN/LOSS SINCE YESTERDAY (HOUR:MIN:SEC)....+0:07:37

$$
NTS FEB 17
