000
CDAK49 PAOT 271132
CLIOTZ

CLIMATE REPORT
NATIONAL WEATHER SERVICE KOTZEBUE, AK
332 AM AKDT WED JUL 27 2016

...................................
...THE KOTZEBUE WSO AP CLIMATE SUMMARY FOR JULY 26 2016...

CLIMATE NORMAL PERIOD  1981 TO  2010
CLIMATE RECORD PERIOD  1897 TO  2016

WEATHER ITEM   OBSERVED TIME    RECORD YEAR NORMAL DEPARTURE LAST
               VALUE    (LST)   VALUE       VALUE  FROM      YEAR
                                                   NORMAL
...................................................................
TEMPERATURE
YESTERDAY
 MAXIMUM            62  0705 PM    79  1970     59       3     52
 MINIMUM            55  0726 AM    33  1931     51       4     49
 AVERAGE            59                          55       4     51

PRECIPITATION
(INCHES)
 YESTERDAY        0.00           0.94  1971   0.06   -0.06   0.00
 MONTH TO DATE    1.23                        1.13    0.10   0.28
 SINCE JUN 1      1.48                        1.71   -0.23   0.49
 SINCE JAN 1      3.59                        4.38   -0.79   3.00

SNOWFALL
(INCHES)
 YESTERDAY         0.0            0.0  2016    0.0     0.0    0.0
 MONTH TO DATE     0.0                         0.0     0.0    0.0
 SINCE JUN 1       0.0                         0.0     0.0    0.0
 SINCE JUL 1       0.0                         0.0     0.0    0.0
 SNOW DEPTH (IN)     0              0  2016                     0

DEGREE DAYS
 HEATING
  YESTERDAY          6                          10      -4     14
  MONTH TO DATE    188                         275     -87    146
  SINCE JUN 1      592                         856    -264    555
  SINCE JUL 1      188                         275     -87    146

 COOLING
  YESTERDAY          0                           0       0      0
  MONTH TO DATE      5                           0       5     10
  SINCE JUN 1        5                           0       5     14
  SINCE JAN 1        5                           0       5     14
...................................................................

WIND (MPH)
 HIGHEST WIND SPEED    14     HIGHEST WIND DIRECTION    310
 HIGHEST GUST SPEED    17     HIGHEST GUST DIRECTION    310
 AVERAGE WIND SPEED   6.9

SKY COVER
  POSSIBLE SUNSHINE    MM          AVERAGE SKY COVER     MM

WEATHER CONDITIONS
 THE FOLLOWING WEATHER WAS RECORDED YESTERDAY.
  NO SIGNIFICANT WEATHER WAS OBSERVED.

RELATIVE HUMIDITY
 HIGHEST RH     MM PERCENT       MM
 LOWEST  RH     MM PERCENT       MM
 AVERAGE RH     MM PERCENT       MM
...................................................................

THE KOTZEBUE CLIMATE NORMALS FOR TODAY
                           NORMAL    RECORD   YEAR
 MAXIMUM TEMPERATURE (F)     59        75     1903
 MINIMUM TEMPERATURE (F)     51        34     2000

SUNRISE AND SUNSET
 JUL 27 2016..........SUNRISE  5:06 AM      SUNSET 12:45 AM
 JUL 28 2016..........SUNRISE  5:10 AM      SUNSET 12:41 AM

-  INDICATES NEGATIVE NUMBERS.
R  INDICATES RECORD HAS BEEN SET OR TIED.
MM INDICATES DATA IS MISSING.
T  INDICATES TRACE OF PRECIPITATION.

&&
-------------------------------------------------------------------

AMOUNT OF DAYLIGHT TODAY  (HOUR:MIN)........19 HOURS 39 MINUTES
GAIN/LOSS SINCE YESTERDAY (HOUR:MIN:SEC)....-0:09:11

$$
LEHL JUL 16
