000
CDUS43 KDDC 260708
CLIP28


CLIMATE REPORT
NATIONAL WEATHER SERVICE DODGE CITY KS
207 AM CDT TUE JUL 26 2016


...................................

...THE MEDICINE LODGE KS CLIMATE SUMMARY FOR JULY 25 2016...

CLIMATE NORMAL PERIOD 1981 TO 2010
CLIMATE RECORD PERIOD 1893 TO 2016


WEATHER ITEM   OBSERVED TIME   RECORD YEAR NORMAL DEPARTURE LAST
                VALUE   (LST)  VALUE       VALUE  FROM      YEAR
                                                  NORMAL
..................................................................
TEMPERATURE (F)
 YESTERDAY
  MAXIMUM         93    337 PM 108    1964  95     -2       99
  MINIMUM         70    544 AM  50    1911  70      0       75
  AVERAGE         82                        83     -1       87

PRECIPITATION (IN)
  YESTERDAY        0.01          2.45 1908   0.09  -0.08     0.00
  MONTH TO DATE    1.57                      2.82  -1.25     8.30
  SINCE JUN 1      3.47                      6.93  -3.46    10.56
  SINCE JAN 1     12.25                     16.67  -4.42    22.52

SNOWFALL (IN)
  YESTERDAY        0.0          MM      MM   0.0             0.0
  MONTH TO DATE    0.0                       0.0             0.0
  SINCE JUN 1      0.0                       0.0             0.0
  SINCE JUL 1      0.0                       0.0             0.0
  SNOW DEPTH       0

DEGREE DAYS
 HEATING
  YESTERDAY        0                         0      0        0
  MONTH TO DATE    0                         0      0        0
  SINCE JUN 1      0                         3     -3        0
  SINCE JUL 1      0                         0      0        0

 COOLING
  YESTERDAY       17                        18     -1       22
  MONTH TO DATE  473                       424     49      426
  SINCE JUN 1    932                       777    155      858
  SINCE JAN 1   1069                       933    136      965
..................................................................


WIND (MPH)
  HIGHEST WIND SPEED    24   HIGHEST WIND DIRECTION     W (280)
  HIGHEST GUST SPEED    32   HIGHEST GUST DIRECTION     W (290)
  AVERAGE WIND SPEED     9.1




RELATIVE HUMIDITY (PERCENT)
 HIGHEST    90           400 AM
 LOWEST     41           400 PM
 AVERAGE    66

..........................................................


THE MEDICINE LODGE KS CLIMATE NORMALS FOR TODAY
                         NORMAL    RECORD    YEAR
 MAXIMUM TEMPERATURE (F)   95       108      1910
 MINIMUM TEMPERATURE (F)   70        56      1900


SUNRISE AND SUNSET
JULY 26 2016..........SUNRISE   634 AM CDT   SUNSET   847 PM CDT
JULY 27 2016..........SUNRISE   635 AM CDT   SUNSET   846 PM CDT


-  INDICATES NEGATIVE NUMBERS.
R  INDICATES RECORD WAS SET OR TIED.
MM INDICATES DATA IS MISSING.
T  INDICATES TRACE AMOUNT.




$$
