000
CDUS43 KDDC 181021
CLIP28


CLIMATE REPORT
NATIONAL WEATHER SERVICE DODGE CITY KS
519 AM CDT THU SEP 18 2014


...................................

...THE MEDICINE LODGE KS CLIMATE SUMMARY FOR SEPTEMBER 17 2014...

CLIMATE NORMAL PERIOD 1981 TO 2010
CLIMATE RECORD PERIOD 1893 TO 2014


WEATHER ITEM   OBSERVED TIME   RECORD YEAR NORMAL DEPARTURE LAST
                VALUE   (LST)  VALUE       VALUE  FROM      YEAR
                                                  NORMAL
..................................................................
TEMPERATURE (F)
 YESTERDAY
  MAXIMUM         97    324 PM 105    1931  83     14       87
  MINIMUM         64    710 AM  37    1981  58      6       65
  AVERAGE         81                        71     10       76

PRECIPITATION (IN)
  YESTERDAY        0.00          1.57 1941   0.06  -0.06     0.00
  MONTH TO DATE    0.54                      1.22  -0.68     0.07
  SINCE SEP 1      0.54                      1.22  -0.68     0.07
  SINCE JAN 1     18.05                     21.57  -3.52    21.71

SNOWFALL (IN)
  YESTERDAY        0.0          MM      MM   0.0             0.0
  MONTH TO DATE    0.0                       0.0             0.0
  SINCE SEP 1      0.0                       0.0             0.0
  SINCE JUL 1      0.0                       0.0             0.0
  SNOW DEPTH       0

DEGREE DAYS
 HEATING
  YESTERDAY        0                         1     -1
  MONTH TO DATE   19                         5     14
  SINCE SEP 1     19                         5     14
  SINCE JUL 1     24                         5     19

 COOLING
  YESTERDAY       16                         7      9       11
  MONTH TO DATE  149                       158     -9      220
  SINCE SEP 1    149                       158     -9      220
  SINCE JAN 1   1633                      1669    -36     1669
..................................................................


WIND (MPH)
  HIGHEST WIND SPEED    13   HIGHEST WIND DIRECTION     S (190)
  HIGHEST GUST SPEED    17   HIGHEST GUST DIRECTION    SW (210)
  AVERAGE WIND SPEED     6.0




RELATIVE HUMIDITY (PERCENT)
 HIGHEST   100           200 AM
 LOWEST     28           300 PM
 AVERAGE    64

..........................................................


THE MEDICINE LODGE KS CLIMATE NORMALS FOR TODAY
                         NORMAL    RECORD    YEAR
 MAXIMUM TEMPERATURE (F)   83       102      1956
 MINIMUM TEMPERATURE (F)   58        35      1981


SUNRISE AND SUNSET
SEPTEMBER 18 2014.....SUNRISE   719 AM CDT   SUNSET   737 PM CDT
SEPTEMBER 19 2014.....SUNRISE   720 AM CDT   SUNSET   736 PM CDT


-  INDICATES NEGATIVE NUMBERS.
R  INDICATES RECORD WAS SET OR TIED.
MM INDICATES DATA IS MISSING.
T  INDICATES TRACE AMOUNT.




$$
