900
CDUS43 KDDC 240710
CLIP28


CLIMATE REPORT
NATIONAL WEATHER SERVICE DODGE CITY KS
209 AM CDT TUE MAY 24 2016


...................................

...THE MEDICINE LODGE KS CLIMATE SUMMARY FOR MAY 23 2016...

CLIMATE NORMAL PERIOD 1981 TO 2010
CLIMATE RECORD PERIOD 1893 TO 2016


WEATHER ITEM   OBSERVED TIME   RECORD YEAR NORMAL DEPARTURE LAST
                VALUE   (LST)  VALUE       VALUE  FROM      YEAR
                                                  NORMAL
..................................................................
TEMPERATURE (F)
 YESTERDAY
  MAXIMUM         79    505 PM 102    1939  82     -3       60
  MINIMUM         65    635 AM  38    1917  58      7       54
  AVERAGE         72                        70      2       57

PRECIPITATION (IN)
  YESTERDAY        0.00          2.22 1977   0.11  -0.11     1.72
  MONTH TO DATE    1.60                      2.33  -0.73     6.69
  SINCE MAR 1      7.21                      7.02   0.19    10.55
  SINCE JAN 1      8.10                      8.77  -0.67    11.86

SNOWFALL (IN)
  YESTERDAY        0.0          MM      MM   0.0             0.0
  MONTH TO DATE    0.0                       0.0             0.0
  SINCE MAR 1      1.0                       0.1             0.3
  SINCE JUL 1      2.0                       8.5            13.2
  SNOW DEPTH       0

DEGREE DAYS
 HEATING
  YESTERDAY        0                         1     -1        8
  MONTH TO DATE  109                        65     44      101
  SINCE MAR 1    712                       921   -209      744
  SINCE JUL 1   3601                      4450   -849     4318

 COOLING
  YESTERDAY        7                         6      1        0
  MONTH TO DATE   37                        79    -42       49
  SINCE MAR 1     73                       103    -30       81
  SINCE JAN 1     73                       103    -30       81
..................................................................


WIND (MPH)
  HIGHEST WIND SPEED    29   HIGHEST WIND DIRECTION     S (180)
  HIGHEST GUST SPEED    41   HIGHEST GUST DIRECTION     S (180)
  AVERAGE WIND SPEED    11.4




RELATIVE HUMIDITY (PERCENT)
 HIGHEST    93           600 AM
 LOWEST     60           300 PM
 AVERAGE    77

..........................................................


THE MEDICINE LODGE KS CLIMATE NORMALS FOR TODAY
                         NORMAL    RECORD    YEAR
 MAXIMUM TEMPERATURE (F)   82       103      1896
                                             1996
 MINIMUM TEMPERATURE (F)   58        41      1979


SUNRISE AND SUNSET
MAY 24 2016...........SUNRISE   619 AM CDT   SUNSET   844 PM CDT
MAY 25 2016...........SUNRISE   618 AM CDT   SUNSET   845 PM CDT


-  INDICATES NEGATIVE NUMBERS.
R  INDICATES RECORD WAS SET OR TIED.
MM INDICATES DATA IS MISSING.
T  INDICATES TRACE AMOUNT.




$$
