238
CDUS43 KDDC 232328
CLIP28


CLIMATE REPORT
NATIONAL WEATHER SERVICE DODGE CITY KS
525 PM CST THU NOV 23 2017


...................................

...THE MEDICINE LODGE KS CLIMATE SUMMARY FOR NOVEMBER 23 2017...
VALID TODAY AS OF 0500 PM LOCAL TIME.

CLIMATE NORMAL PERIOD 1981 TO 2010
CLIMATE RECORD PERIOD 1893 TO 2017


WEATHER ITEM   OBSERVED TIME   RECORD YEAR NORMAL DEPARTURE LAST
                VALUE   (LST)  VALUE       VALUE  FROM      YEAR
                                                  NORMAL
..................................................................
TEMPERATURE (F)
 TODAY
  MAXIMUM         75    147 PM  78    1904  54     21       60
  MINIMUM         29    724 AM   8    1921  29      0       37
  AVERAGE         52                        42     10       49

PRECIPITATION (IN)
  TODAY            0.00          1.03 1905   0.02  -0.02     0.00
  MONTH TO DATE    0.12                      0.78  -0.66     0.65
  SINCE SEP 1      7.16                      5.72   1.44     9.17
  SINCE JAN 1     29.29                     26.07   3.22    29.60

DEGREE DAYS
 HEATING
  TODAY           13                        23    -10       16
  MONTH TO DATE  415                       413      2      279
  SINCE SEP 1    658                       682    -24      405
  SINCE JUL 1    658                       682    -24      405

 COOLING
  TODAY            0                         0      0        0
  MONTH TO DATE    1                         0      1        5
  SINCE SEP 1    297                       258     39      337
  SINCE JAN 1   1656                      1769   -113     1937
..................................................................


WIND (MPH)
  HIGHEST WIND SPEED    12   HIGHEST WIND DIRECTION     S (180)
  HIGHEST GUST SPEED    15   HIGHEST GUST DIRECTION     S (180)
  AVERAGE WIND SPEED     3.3




RELATIVE HUMIDITY (PERCENT)
 HIGHEST    72           400 AM
 LOWEST     29           100 PM
 AVERAGE    51

..........................................................


THE MEDICINE LODGE KS CLIMATE NORMALS FOR TOMORROW
                         NORMAL    RECORD    YEAR
 MAXIMUM TEMPERATURE (F)   54        82      1990
 MINIMUM TEMPERATURE (F)   29         5      1938


SUNRISE AND SUNSET
NOVEMBER 23 2017......SUNRISE   722 AM CST   SUNSET   519 PM CST
NOVEMBER 24 2017......SUNRISE   723 AM CST   SUNSET   519 PM CST


-  INDICATES NEGATIVE NUMBERS.
R  INDICATES RECORD WAS SET OR TIED.
MM INDICATES DATA IS MISSING.
T  INDICATES TRACE AMOUNT.




$$
