000
CDUS43 KDDC 011426
CLIP28


CLIMATE REPORT
NATIONAL WEATHER SERVICE DODGE CITY KS
925 AM CDT SAT OCT 1 2016


...................................

...THE MEDICINE LODGE KS CLIMATE SUMMARY FOR OCTOBER 1 2016...
VALID AS OF 0800 AM LOCAL TIME.

CLIMATE NORMAL PERIOD 1981 TO 2010
CLIMATE RECORD PERIOD 1893 TO 2016


WEATHER ITEM   OBSERVED TIME   RECORD YEAR NORMAL DEPARTURE LAST
                VALUE   (LST)  VALUE       VALUE  FROM      YEAR
                                                  NORMAL
..................................................................
TEMPERATURE (F)
 TODAY
  MAXIMUM         60    759 AM  97    1979  77    -17       72
  MINIMUM         55    306 AM  32    1958  52      3       57
  AVERAGE         58                        65     -7       65

PRECIPITATION (IN)
  TODAY            0.00          2.40 1959   0.09  -0.09     0.01
  MONTH TO DATE    0.00                      0.09  -0.09     0.01
  SINCE SEP 1      7.18                      2.19   4.99     1.54
  SINCE JAN 1     27.61                     22.54   5.07    27.71

..................................................................


WIND (MPH)
  HIGHEST WIND SPEED     8   HIGHEST WIND DIRECTION    SE (120)
  HIGHEST GUST SPEED    11   HIGHEST GUST DIRECTION    SE (120)



WEATHER CONDITIONS
 THE FOLLOWING WEATHER WAS RECORDED TODAY.
  NO SIGNIFICANT WEATHER WAS OBSERVED.


RELATIVE HUMIDITY (PERCENT)
 HIGHEST    86           200 AM
 LOWEST     64           800 AM

..........................................................


THE MEDICINE LODGE KS CLIMATE NORMALS FOR TOMORROW
                         NORMAL    RECORD    YEAR
 MAXIMUM TEMPERATURE (F)   77        97      2006
                                             1919
 MINIMUM TEMPERATURE (F)   52        33      1975


SUNRISE AND SUNSET
OCTOBER  1 2016.......SUNRISE   730 AM CDT   SUNSET   717 PM CDT
OCTOBER  2 2016.......SUNRISE   731 AM CDT   SUNSET   715 PM CDT


-  INDICATES NEGATIVE NUMBERS.
R  INDICATES RECORD WAS SET OR TIED.
MM INDICATES DATA IS MISSING.
T  INDICATES TRACE AMOUNT.




$$
