000
CDUS43 KDDC 292326
CLIP28


CLIMATE REPORT
NATIONAL WEATHER SERVICE DODGE CITY KS
625 PM CDT SAT AUG 29 2015


...................................

...THE MEDICINE LODGE KS CLIMATE SUMMARY FOR AUGUST 29 2015...
VALID TODAY AS OF 0500 PM LOCAL TIME.

CLIMATE NORMAL PERIOD 1981 TO 2010
CLIMATE RECORD PERIOD 1893 TO 2015


WEATHER ITEM   OBSERVED TIME   RECORD YEAR NORMAL DEPARTURE LAST
                VALUE   (LST)  VALUE       VALUE  FROM      YEAR
                                                  NORMAL
..................................................................
TEMPERATURE (F)
 TODAY
  MAXIMUM         86    359 PM 113    1984  90     -4       86
  MINIMUM         64    649 AM  47    1976  65     -1       64
  AVERAGE         75                        78     -3       75

PRECIPITATION (IN)
  TODAY            0.00          2.25 2003   0.11  -0.11     0.36
  MONTH TO DATE    1.30                      2.90  -1.60     2.01
  SINCE JUN 1     14.21                     10.39   3.82    14.62
  SINCE JAN 1     26.17                     20.13   6.04    17.51

DEGREE DAYS
 HEATING
  TODAY            0                         0      0        0
  MONTH TO DATE    0                         0      0        0
  SINCE JUN 1      0                         3     -3        5
  SINCE JUL 1      0                         0      0        5

 COOLING
  TODAY           10                        13     -3       10
  MONTH TO DATE  388                       449    -61      472
  SINCE JUN 1   1349                      1330     19     1183
  SINCE JAN 1   1456                      1486    -30     1452
..................................................................


WIND (MPH)
  HIGHEST WIND SPEED    17   HIGHEST WIND DIRECTION     N (10)
  HIGHEST GUST SPEED    21   HIGHEST GUST DIRECTION     N (10)
  AVERAGE WIND SPEED     8.1




RELATIVE HUMIDITY (PERCENT)
 HIGHEST    93           500 AM
 LOWEST     44           400 PM
 AVERAGE    69

..........................................................


THE MEDICINE LODGE KS CLIMATE NORMALS FOR TOMORROW
                         NORMAL    RECORD    YEAR
 MAXIMUM TEMPERATURE (F)   90       111      1939
 MINIMUM TEMPERATURE (F)   65        44      1915


SUNRISE AND SUNSET
AUGUST 29 2015........SUNRISE   702 AM CDT   SUNSET   808 PM CDT
AUGUST 30 2015........SUNRISE   703 AM CDT   SUNSET   806 PM CDT


-  INDICATES NEGATIVE NUMBERS.
R  INDICATES RECORD WAS SET OR TIED.
MM INDICATES DATA IS MISSING.
T  INDICATES TRACE AMOUNT.




$$
