000
CDUS45 KRIW 270030
CLIP60


CLIMATE REPORT
NATIONAL WEATHER SERVICE RIVERTON WY
529 PM MST WED NOV 26 2014


...................................

...THE LAKE YELLOWSTONE WY CLIMATE SUMMARY FOR NOVEMBER 26 2014...
VALID TODAY AS OF 0500 PM LOCAL TIME.

CLIMATE NORMAL PERIOD 1981 TO 2010
CLIMATE RECORD PERIOD 1998 TO 2014


WEATHER ITEM   OBSERVED TIME   RECORD YEAR NORMAL DEPARTURE LAST
                VALUE   (LST)  VALUE       VALUE  FROM      YEAR
                                                  NORMAL
..................................................................
TEMPERATURE (F)
 TODAY
  MAXIMUM         35        MM  43    1998  28      7       37
  MINIMUM         29    100 AM  -8    2011   8     21        9
  AVERAGE         32

PRECIPITATION (IN)
  TODAY            0.07          0.18 1999   0.07   0.00     0.00
  MONTH TO DATE    1.78                      1.81  -0.03     1.01
  SINCE SEP 1      5.28                      4.46   0.82     6.70
  SINCE JAN 1     28.40                     18.53   9.87    18.87

DEGREE DAYS
 HEATING
  TODAY           33                        47    -14       42
  MONTH TO DATE 1152                      1079     73     1097
  SINCE SEP 1   2518                      2540    -22     2639
  SINCE JUL 1   3180                      3127     53     3063

 COOLING
  TODAY            0                         0      0        0
  MONTH TO DATE    0                         0      0        0
  SINCE SEP 1      0                         0      0        0
  SINCE JAN 1      0                         0      0        0
..................................................................


WIND (MPH)
  HIGHEST WIND SPEED     9   HIGHEST WIND DIRECTION     W (260)
  HIGHEST GUST SPEED    20   HIGHEST GUST DIRECTION     E (99)
  AVERAGE WIND SPEED     5.3


SKY COVER
  POSSIBLE SUNSHINE  MM
  AVERAGE SKY COVER 0.0


WEATHER CONDITIONS
 THE FOLLOWING WEATHER WAS RECORDED TODAY.
  NO SIGNIFICANT WEATHER WAS OBSERVED.


RELATIVE HUMIDITY (PERCENT)
 HIGHEST   100           100 AM
 LOWEST     82          1000 AM
 AVERAGE    91

..........................................................


THE LAKE YELLOWSTONE WY CLIMATE NORMALS FOR TOMORROW
                         NORMAL    RECORD    YEAR
 MAXIMUM TEMPERATURE (F)   27        43      1998
 MINIMUM TEMPERATURE (F)    8        -8      2001


SUNRISE AND SUNSET
NOVEMBER 26 2014......SUNRISE   732 AM MST   SUNSET   445 PM MST
NOVEMBER 27 2014......SUNRISE   734 AM MST   SUNSET   445 PM MST


-  INDICATES NEGATIVE NUMBERS.
R  INDICATES RECORD WAS SET OR TIED.
MM INDICATES DATA IS MISSING.
T  INDICATES TRACE AMOUNT.




$$
