000
CDUS45 KRIW 310045
CLIP60


CLIMATE REPORT
NATIONAL WEATHER SERVICE RIVERTON WY
645 PM MDT TUE AUG 30 2016


...................................

...THE LAKE YELLOWSTONE WY CLIMATE SUMMARY FOR AUGUST 30 2016...
VALID TODAY AS OF 0500 PM LOCAL TIME.

CLIMATE NORMAL PERIOD 1981 TO 2010
CLIMATE RECORD PERIOD 1998 TO 2016


WEATHER ITEM   OBSERVED TIME   RECORD YEAR NORMAL DEPARTURE LAST
                VALUE   (LST)  VALUE       VALUE  FROM      YEAR
                                                  NORMAL
..................................................................
TEMPERATURE (F)
 TODAY
  MAXIMUM         78R       MM  78    2008  69      9       67
                                      2001
  MINIMUM         37        MM  27    2005  36      1       39
  AVERAGE         58

PRECIPITATION (IN)
  TODAY            0.00          0.86 2014   0.06  -0.06     0.05
  MONTH TO DATE    0.31                      1.46  -1.15     1.85
  SINCE JUN 1      2.17                      4.93  -2.76     3.89
  SINCE JAN 1     11.23                     14.01  -2.78    11.63

DEGREE DAYS
 HEATING
  TODAY            7                        13     -6       12
  MONTH TO DATE  270                       291    -21      336
  SINCE JUN 1    946                      1067   -121      994
  SINCE JUL 1    578                       574      4      668

 COOLING
  TODAY            0                         0      0        0
  MONTH TO DATE    0                         0      0        0
  SINCE JUN 1      0                         0      0        1
  SINCE JAN 1      0                         0      0        1
..................................................................


WIND (MPH)
  HIGHEST WIND SPEED     7   HIGHEST WIND DIRECTION     E (110)
  HIGHEST GUST SPEED    MM   HIGHEST GUST DIRECTION    MM
  AVERAGE WIND SPEED     3.0


SKY COVER
  POSSIBLE SUNSHINE  MM
  AVERAGE SKY COVER 0.0


WEATHER CONDITIONS
 THE FOLLOWING WEATHER WAS RECORDED TODAY.
  NO SIGNIFICANT WEATHER WAS OBSERVED.


RELATIVE HUMIDITY (PERCENT)
 HIGHEST    85           400 AM
 LOWEST     17           400 PM
 AVERAGE    51

..........................................................


THE LAKE YELLOWSTONE WY CLIMATE NORMALS FOR TOMORROW
                         NORMAL    RECORD    YEAR
 MAXIMUM TEMPERATURE (F)   69        76      2013
 MINIMUM TEMPERATURE (F)   36        25      2005


SUNRISE AND SUNSET
AUGUST 30 2016........SUNRISE   643 AM MDT   SUNSET   801 PM MDT
AUGUST 31 2016........SUNRISE   644 AM MDT   SUNSET   759 PM MDT


-  INDICATES NEGATIVE NUMBERS.
R  INDICATES RECORD WAS SET OR TIED.
MM INDICATES DATA IS MISSING.
T  INDICATES TRACE AMOUNT.




$$
