000
CDUS45 KRIW 240748
CLIP60


CLIMATE REPORT
NATIONAL WEATHER SERVICE RIVERTON WY
129 AM MDT FRI MAR 24 2017


...................................

...THE LAKE YELLOWSTONE WY CLIMATE SUMMARY FOR MARCH 23 2017...

CLIMATE NORMAL PERIOD 1981 TO 2010
CLIMATE RECORD PERIOD 1998 TO 2017


WEATHER ITEM   OBSERVED TIME   RECORD YEAR NORMAL DEPARTURE LAST
                VALUE   (LST)  VALUE       VALUE  FROM      YEAR
                                                  NORMAL
..................................................................
TEMPERATURE (F)
 YESTERDAY
  MAXIMUM         41    358 PM  53    2004  39      2       34
  MINIMUM         22   1159 PM -19    2013  11     11       11
  AVERAGE         32                        25      7       23

PRECIPITATION (IN)
  YESTERDAY        0.00          0.22 2015   0.05  -0.05     0.01
  MONTH TO DATE    1.85                      0.82   1.03     1.68
  SINCE MAR 1      1.85                      0.82   1.03     1.68
  SINCE JAN 1     12.09                      4.34   7.75     4.33

DEGREE DAYS
 HEATING
  YESTERDAY       33                        40     -7       42
  MONTH TO DATE  827                       992   -165      987
  SINCE MAR 1    827                       992   -165      987
  SINCE JUL 1   8885                      8929    -44     8771

 COOLING
  YESTERDAY        0                         0      0        0
  MONTH TO DATE    0                         0      0        0
  SINCE MAR 1      0                         0      0        0
  SINCE JAN 1      0                         0      0        0
..................................................................


WIND (MPH)
  HIGHEST WIND SPEED    14   HIGHEST WIND DIRECTION    NW (310)
  HIGHEST GUST SPEED    23   HIGHEST GUST DIRECTION    NW (320)
  AVERAGE WIND SPEED     3.7


SKY COVER
  POSSIBLE SUNSHINE  MM
  AVERAGE SKY COVER 0.0


WEATHER CONDITIONS
 THE FOLLOWING WEATHER WAS RECORDED YESTERDAY.
  NO SIGNIFICANT WEATHER WAS OBSERVED.


RELATIVE HUMIDITY (PERCENT)
 HIGHEST   100           300 AM
 LOWEST     44           500 PM
 AVERAGE    72

..........................................................


THE LAKE YELLOWSTONE WY CLIMATE NORMALS FOR TODAY
                         NORMAL    RECORD    YEAR
 MAXIMUM TEMPERATURE (F)   39        50      2004
 MINIMUM TEMPERATURE (F)   12       -17      2013


SUNRISE AND SUNSET
MARCH 24 2017.........SUNRISE   717 AM MDT   SUNSET   740 PM MDT
MARCH 25 2017.........SUNRISE   715 AM MDT   SUNSET   741 PM MDT


-  INDICATES NEGATIVE NUMBERS.
R  INDICATES RECORD WAS SET OR TIED.
MM INDICATES DATA IS MISSING.
T  INDICATES TRACE AMOUNT.




$$
