000
CDUS45 KRIW 240738
CLIP60


CLIMATE REPORT
NATIONAL WEATHER SERVICE RIVERTON WY
128 AM MDT TUE MAY 24 2016


...................................

...THE LAKE YELLOWSTONE WY CLIMATE SUMMARY FOR MAY 23 2016...

CLIMATE NORMAL PERIOD 1981 TO 2010
CLIMATE RECORD PERIOD 1998 TO 2016


WEATHER ITEM   OBSERVED TIME   RECORD YEAR NORMAL DEPARTURE LAST
                VALUE   (LST)  VALUE       VALUE  FROM      YEAR
                                                  NORMAL
..................................................................
TEMPERATURE (F)
 YESTERDAY
  MAXIMUM         44    551 PM  69    2001  54    -10       51
  MINIMUM         28   1159 PM  21    2010  30     -2       35
  AVERAGE         36                        42     -6       43

PRECIPITATION (IN)
  YESTERDAY        0.04          0.23 2012   0.07  -0.03     0.06
  MONTH TO DATE    1.53                      1.61  -0.08     2.11
  SINCE MAR 1      5.13                      4.90   0.23     3.85
  SINCE JAN 1      7.78                      8.42  -0.64     6.74

DEGREE DAYS
 HEATING
  YESTERDAY       29                        23      6       22
  MONTH TO DATE  568                       601    -33      544
  SINCE MAR 1   2779                      2915   -136     2706
  SINCE JUL 1  10563                     10852   -289    10270

 COOLING
  YESTERDAY        0                         0      0        0
  MONTH TO DATE    0                         0      0        0
  SINCE MAR 1      0                         0      0        0
  SINCE JAN 1      0                         0      0        0
..................................................................


WIND (MPH)
  HIGHEST WIND SPEED    13   HIGHEST WIND DIRECTION     W (260)
  HIGHEST GUST SPEED    29   HIGHEST GUST DIRECTION    SW (240)
  AVERAGE WIND SPEED     3.6


SKY COVER
  POSSIBLE SUNSHINE  MM
  AVERAGE SKY COVER 0.0


WEATHER CONDITIONS
 THE FOLLOWING WEATHER WAS RECORDED YESTERDAY.
  NO SIGNIFICANT WEATHER WAS OBSERVED.


RELATIVE HUMIDITY (PERCENT)
 HIGHEST    92          1000 PM
 LOWEST     53           500 PM
 AVERAGE    73

..........................................................


THE LAKE YELLOWSTONE WY CLIMATE NORMALS FOR TODAY
                         NORMAL    RECORD    YEAR
 MAXIMUM TEMPERATURE (F)   54        71      2001
 MINIMUM TEMPERATURE (F)   30        22      2007


SUNRISE AND SUNSET
MAY 24 2016...........SUNRISE   545 AM MDT   SUNSET   853 PM MDT
MAY 25 2016...........SUNRISE   544 AM MDT   SUNSET   854 PM MDT


-  INDICATES NEGATIVE NUMBERS.
R  INDICATES RECORD WAS SET OR TIED.
MM INDICATES DATA IS MISSING.
T  INDICATES TRACE AMOUNT.




$$
