000
CDUS45 KRIW 250731
CLIP60


CLIMATE REPORT
NATIONAL WEATHER SERVICE RIVERTON WY
131 AM MDT TUE JUL 25 2017


...................................

...THE LAKE YELLOWSTONE WY CLIMATE SUMMARY FOR JULY 24 2017...

CLIMATE NORMAL PERIOD 1981 TO 2010
CLIMATE RECORD PERIOD 1998 TO 2017


WEATHER ITEM   OBSERVED TIME   RECORD YEAR NORMAL DEPARTURE LAST
                VALUE   (LST)  VALUE       VALUE  FROM      YEAR
                                                  NORMAL
..................................................................
TEMPERATURE (F)
 YESTERDAY
  MAXIMUM         82R   157 PM  80    2007  73      9       76
  MINIMUM         40    540 AM  33    2010  41     -1       35
  AVERAGE         61                        57      4       56

PRECIPITATION (IN)
  YESTERDAY        0.05R         0.05 2007   0.05   0.00     0.00
  MONTH TO DATE    0.43                      1.13  -0.70     0.83
  SINCE JUN 1      2.41                      3.13  -0.72     1.78
  SINCE JAN 1     19.62                     12.21   7.41    10.84

DEGREE DAYS
 HEATING
  YESTERDAY        4                         8     -4        9
  MONTH TO DATE  155                       227    -72      272
  SINCE JUN 1    651                       720    -69      640
  SINCE JUL 1    155                       227    -72      272

 COOLING
  YESTERDAY        0                         0      0        0
  MONTH TO DATE    0                         0      0        0
  SINCE JUN 1      0                         0      0        0
  SINCE JAN 1      0                         0      0        0
..................................................................


WIND (MPH)
  HIGHEST WIND SPEED    22   HIGHEST WIND DIRECTION     W (270)
  HIGHEST GUST SPEED    35   HIGHEST GUST DIRECTION     W (280)
  AVERAGE WIND SPEED     2.9


SKY COVER
  POSSIBLE SUNSHINE  MM
  AVERAGE SKY COVER 0.0


WEATHER CONDITIONS
 THE FOLLOWING WEATHER WAS RECORDED YESTERDAY.
  NO SIGNIFICANT WEATHER WAS OBSERVED.


RELATIVE HUMIDITY (PERCENT)
 HIGHEST   100           500 AM
 LOWEST     15           200 PM
 AVERAGE    58

..........................................................


THE LAKE YELLOWSTONE WY CLIMATE NORMALS FOR TODAY
                         NORMAL    RECORD    YEAR
 MAXIMUM TEMPERATURE (F)   73        81      2011
 MINIMUM TEMPERATURE (F)   41        29      2014


SUNRISE AND SUNSET
JULY 25 2017..........SUNRISE   601 AM MDT   SUNSET   855 PM MDT
JULY 26 2017..........SUNRISE   602 AM MDT   SUNSET   854 PM MDT


-  INDICATES NEGATIVE NUMBERS.
R  INDICATES RECORD WAS SET OR TIED.
MM INDICATES DATA IS MISSING.
T  INDICATES TRACE AMOUNT.




$$
