000
CDUS45 KRIW 020737
CLIP60


CLIMATE REPORT
NATIONAL WEATHER SERVICE RIVERTON WY
135 AM MDT THU JUL 2 2015


...................................

...THE LAKE YELLOWSTONE WY CLIMATE SUMMARY FOR JULY 1 2015...

CLIMATE NORMAL PERIOD 1981 TO 2010
CLIMATE RECORD PERIOD 1998 TO 2015


WEATHER ITEM   OBSERVED TIME   RECORD YEAR NORMAL DEPARTURE LAST
                VALUE   (LST)  VALUE       VALUE  FROM      YEAR
                                                  NORMAL
..................................................................
TEMPERATURE (F)
 YESTERDAY
  MAXIMUM         80    405 PM  82    2001  69     11       66
  MINIMUM         47    425 AM  29    2014  38      9       29
  AVERAGE         64                        53     11       48

PRECIPITATION (IN)
  YESTERDAY        0.00          0.09 2009   0.04  -0.04     0.00
  MONTH TO DATE    0.00                      0.04  -0.04     0.00
  SINCE JUN 1      0.91                      2.04  -1.13     2.34
  SINCE JAN 1      8.65                     11.12  -2.47    17.48

DEGREE DAYS
 HEATING
  YESTERDAY        1                        12    -11       17
  MONTH TO DATE    1                        12    -11       17
  SINCE JUN 1    327                       505   -178      603
  SINCE JUL 1      1                        12    -11       17

 COOLING
  YESTERDAY        0                         0      0        0
  MONTH TO DATE    0                         0      0        0
  SINCE JUN 1      1                         0      1        0
  SINCE JAN 1      1                         0      1        0
..................................................................


WIND (MPH)
  HIGHEST WIND SPEED    15   HIGHEST WIND DIRECTION     W (290)
  HIGHEST GUST SPEED    25   HIGHEST GUST DIRECTION     W (280)
  AVERAGE WIND SPEED     3.4


SKY COVER
  POSSIBLE SUNSHINE  MM
  AVERAGE SKY COVER 0.0


WEATHER CONDITIONS
 THE FOLLOWING WEATHER WAS RECORDED YESTERDAY.
  NO SIGNIFICANT WEATHER WAS OBSERVED.


RELATIVE HUMIDITY (PERCENT)
 HIGHEST    86           200 AM
 LOWEST     16           300 PM
 AVERAGE    51

..........................................................


THE LAKE YELLOWSTONE WY CLIMATE NORMALS FOR TODAY
                         NORMAL    RECORD    YEAR
 MAXIMUM TEMPERATURE (F)   69        85      2013
 MINIMUM TEMPERATURE (F)   38        31      2011


SUNRISE AND SUNSET
JULY  2 2015..........SUNRISE   541 AM MDT   SUNSET   910 PM MDT
JULY  3 2015..........SUNRISE   542 AM MDT   SUNSET   910 PM MDT


-  INDICATES NEGATIVE NUMBERS.
R  INDICATES RECORD WAS SET OR TIED.
MM INDICATES DATA IS MISSING.
T  INDICATES TRACE AMOUNT.




$$
