000
CDUS45 KRIW 110741
CLIP60


CLIMATE REPORT
NATIONAL WEATHER SERVICE RIVERTON WY
1231 AM MST THU FEB 11 2016


...................................

...THE LAKE YELLOWSTONE WY CLIMATE SUMMARY FOR FEBRUARY 10 2016...

CLIMATE NORMAL PERIOD 1981 TO 2010
CLIMATE RECORD PERIOD 1998 TO 2016


WEATHER ITEM   OBSERVED TIME   RECORD YEAR NORMAL DEPARTURE LAST
                VALUE   (LST)  VALUE       VALUE  FROM      YEAR
                                                  NORMAL
..................................................................
TEMPERATURE (F)
 YESTERDAY
  MAXIMUM         42R   305 PM  35    2015  26     16       35
  MINIMUM          1    708 AM -20    2006   1      0       25
  AVERAGE         22                        14      8       30

PRECIPITATION (IN)
  YESTERDAY        0.00          0.16 2012   0.06  -0.06     0.08
  MONTH TO DATE    0.02                      0.51  -0.49     0.74
  SINCE DEC 1      4.27                      4.12   0.15     5.27
  SINCE JAN 1      1.23                      2.62  -1.39     2.77

DEGREE DAYS
 HEATING
  YESTERDAY       43                        51     -8       35
  MONTH TO DATE  522                       519      3      368
  SINCE DEC 1   3663                      3730    -67     3358
  SINCE JUL 1   6991                      7050    -59     6685

 COOLING
  YESTERDAY        0                         0      0        0
  MONTH TO DATE    0                         0      0        0
  SINCE DEC 1      0                         0      0        0
  SINCE JAN 1      0                         0      0        0
..................................................................


WIND (MPH)
  HIGHEST WIND SPEED     9   HIGHEST WIND DIRECTION    SW (210)
  HIGHEST GUST SPEED    14   HIGHEST GUST DIRECTION     S (170)
  AVERAGE WIND SPEED     0.3


SKY COVER
  POSSIBLE SUNSHINE  MM
  AVERAGE SKY COVER 0.0


WEATHER CONDITIONS
 THE FOLLOWING WEATHER WAS RECORDED YESTERDAY.
  NO SIGNIFICANT WEATHER WAS OBSERVED.


RELATIVE HUMIDITY (PERCENT)
 HIGHEST    92          1000 AM
 LOWEST     48           300 PM
 AVERAGE    70

..........................................................


THE LAKE YELLOWSTONE WY CLIMATE NORMALS FOR TODAY
                         NORMAL    RECORD    YEAR
 MAXIMUM TEMPERATURE (F)   26        37      2007
 MINIMUM TEMPERATURE (F)    1       -26      2013
                                             2006


SUNRISE AND SUNSET
FEBRUARY 11 2016......SUNRISE   728 AM MST   SUNSET   544 PM MST
FEBRUARY 12 2016......SUNRISE   727 AM MST   SUNSET   546 PM MST


-  INDICATES NEGATIVE NUMBERS.
R  INDICATES RECORD WAS SET OR TIED.
MM INDICATES DATA IS MISSING.
T  INDICATES TRACE AMOUNT.




$$
