000
CDUS45 KRIW 300033
CLIP60


CLIMATE REPORT
NATIONAL WEATHER SERVICE RIVERTON WY
633 PM MDT SUN MAR 29 2015


...................................

...THE LAKE YELLOWSTONE WY CLIMATE SUMMARY FOR MARCH 29 2015...
VALID TODAY AS OF 0500 PM LOCAL TIME.

CLIMATE NORMAL PERIOD 1981 TO 2010
CLIMATE RECORD PERIOD 1998 TO 2015


WEATHER ITEM   OBSERVED TIME   RECORD YEAR NORMAL DEPARTURE LAST
                VALUE   (LST)  VALUE       VALUE  FROM      YEAR
                                                  NORMAL
..................................................................
TEMPERATURE (F)
 TODAY
  MAXIMUM         47R       MM  45    2013  40      7       35
  MINIMUM         16        MM -14    2008  13      3       17
  AVERAGE         32

PRECIPITATION (IN)
  TODAY            0.00          0.76 2014   0.04  -0.04     0.76
  MONTH TO DATE    0.75                      1.11  -0.36     4.20
  SINCE MAR 1      0.75                      1.11  -0.36     4.20
  SINCE JAN 1      3.64                      4.63  -0.99     9.28

DEGREE DAYS
 HEATING
  TODAY           33                        38     -5       39
  MONTH TO DATE 1119                      1226   -107     1287
  SINCE MAR 1   1119                      1226   -107     1287
  SINCE JUL 1   8683                      9163   -480     9340

 COOLING
  TODAY            0                         0      0        0
  MONTH TO DATE    0                         0      0        0
  SINCE MAR 1      0                         0      0        0
  SINCE JAN 1      0                         0      0        0
..................................................................


WIND (MPH)
  HIGHEST WIND SPEED     9   HIGHEST WIND DIRECTION     W (280)
  HIGHEST GUST SPEED    23   HIGHEST GUST DIRECTION     W (280)
  AVERAGE WIND SPEED     3.0


SKY COVER
  POSSIBLE SUNSHINE  MM
  AVERAGE SKY COVER 0.0


WEATHER CONDITIONS
 THE FOLLOWING WEATHER WAS RECORDED TODAY.
  NO SIGNIFICANT WEATHER WAS OBSERVED.


RELATIVE HUMIDITY (PERCENT)
 HIGHEST    81           800 AM
 LOWEST     20           200 PM
 AVERAGE    51

..........................................................


THE LAKE YELLOWSTONE WY CLIMATE NORMALS FOR TOMORROW
                         NORMAL    RECORD    YEAR
 MAXIMUM TEMPERATURE (F)   40        50      2004
 MINIMUM TEMPERATURE (F)   13       -13      2008


SUNRISE AND SUNSET
MARCH 29 2015.........SUNRISE   708 AM MDT   SUNSET   745 PM MDT
MARCH 30 2015.........SUNRISE   707 AM MDT   SUNSET   746 PM MDT


-  INDICATES NEGATIVE NUMBERS.
R  INDICATES RECORD WAS SET OR TIED.
MM INDICATES DATA IS MISSING.
T  INDICATES TRACE AMOUNT.




$$
