783
CDUS45 KLKN 250926
CLIP68


CLIMATE REPORT
NATIONAL WEATHER SERVICE ELKO NV
226 AM PDT SUN SEP 25 2016


...................................

...THE EUREKA AIRPORT NV CLIMATE SUMMARY FOR SEPTEMBER 24 2016...

CLIMATE NORMAL PERIOD 1981 TO 2010
CLIMATE RECORD PERIOD 1963 TO 2016


WEATHER ITEM   OBSERVED TIME   RECORD YEAR NORMAL DEPARTURE LAST
                VALUE   (LST)  VALUE       VALUE  FROM      YEAR
                                                  NORMAL
..................................................................
TEMPERATURE (F)
 YESTERDAY
  MAXIMUM         65    335 PM  87    2015  74     -9       87
  MINIMUM         37   1124 PM  13    1984  36      1       46
  AVERAGE         51                        55     -4       67

PRECIPITATION (IN)
  YESTERDAY        0.00          0.36 2012   0.01  -0.01     0.00
  MONTH TO DATE    1.07                      0.46   0.61     1.46
  SINCE OCT 1     13.18                      8.88   4.30     8.20
  SINCE JAN 1      8.91                      6.75   2.16     7.08

DEGREE DAYS
 HEATING
  YESTERDAY       14                        10      4        0
  MONTH TO DATE  160                       147     13       81
  SINCE SEP 1    160                       147     13       81
  SINCE JUL 1    184                       194    -10      109

 COOLING
  YESTERDAY        0                         0      0        2
  MONTH TO DATE    9                         9      0       30
  SINCE SEP 1      9                         9      0       30
  SINCE JAN 1    424                       286    138      503
..................................................................


WIND (MPH)
  HIGHEST WIND SPEED    17   HIGHEST WIND DIRECTION     N (20)
  HIGHEST GUST SPEED    24   HIGHEST GUST DIRECTION     N (10)
  AVERAGE WIND SPEED     7.6




RELATIVE HUMIDITY (PERCENT)
 HIGHEST    82          1100 PM
 LOWEST     27           500 PM
 AVERAGE    55

..........................................................


THE EUREKA AIRPORT NV CLIMATE NORMALS FOR TODAY
                         NORMAL    RECORD    YEAR
 MAXIMUM TEMPERATURE (F)   74        88      2015
 MINIMUM TEMPERATURE (F)   35        15      1970


SUNRISE AND SUNSET
SEPTEMBER 25 2016.....SUNRISE   635 AM PDT   SUNSET   635 PM PDT
SEPTEMBER 26 2016.....SUNRISE   636 AM PDT   SUNSET   633 PM PDT


-  INDICATES NEGATIVE NUMBERS.
R  INDICATES RECORD WAS SET OR TIED.
MM INDICATES DATA IS MISSING.
T  INDICATES TRACE AMOUNT.




$$
