000
CDUS45 KLKN 300029
CLIP68


CLIMATE REPORT
NATIONAL WEATHER SERVICE ELKO NV
528 PM PDT FRI AUG 29 2014


...................................

...THE EUREKA AIRPORT NV CLIMATE SUMMARY FOR AUGUST 29 2014...
VALID TODAY AS OF 0500 PM LOCAL TIME.

CLIMATE NORMAL PERIOD 1981 TO 2010
CLIMATE RECORD PERIOD 1963 TO 2014


WEATHER ITEM   OBSERVED TIME   RECORD YEAR NORMAL DEPARTURE LAST
                VALUE   (LST)  VALUE       VALUE  FROM      YEAR
                                                  NORMAL
..................................................................
TEMPERATURE (F)
 TODAY
  MAXIMUM         90    208 PM  95    1998  84      6       92
  MINIMUM         49    454 AM  31    1969  44      5       52
  AVERAGE         70                        64      6       72

PRECIPITATION (IN)
  TODAY            0.00          0.38 2000   0.02  -0.02     0.00
  MONTH TO DATE    1.84                      0.54   1.30     0.14
  SINCE OCT 1      9.21                      8.38   0.83     6.39
  SINCE JAN 1      6.81                      6.25   0.56     4.95

DEGREE DAYS
 HEATING
  TODAY            0                         2     -2        0
  MONTH TO DATE   22                        28     -6        0
  SINCE JUN 1    125                       201    -76       81
  SINCE JUL 1     22                        41    -19        1

 COOLING
  TODAY            5                         2      3        7
  MONTH TO DATE   89                        99    -10      159
  SINCE JUN 1    390                       271    119      525
  SINCE JAN 1    392                       274    118      526
..................................................................


WIND (MPH)
  HIGHEST WIND SPEED    20   HIGHEST WIND DIRECTION     W (270)
  HIGHEST GUST SPEED    25   HIGHEST GUST DIRECTION     W (260)




RELATIVE HUMIDITY (PERCENT)
 HIGHEST    42           500 AM
 LOWEST     11           200 PM
 AVERAGE    27

..........................................................


THE EUREKA AIRPORT NV CLIMATE NORMALS FOR TOMORROW
                         NORMAL    RECORD    YEAR
 MAXIMUM TEMPERATURE (F)   84        93      2011
                                             1998
 MINIMUM TEMPERATURE (F)   44        30      1968


SUNRISE AND SUNSET
AUGUST 29 2014........SUNRISE   609 AM PDT   SUNSET   719 PM PDT
AUGUST 30 2014........SUNRISE   610 AM PDT   SUNSET   718 PM PDT


-  INDICATES NEGATIVE NUMBERS.
R  INDICATES RECORD WAS SET OR TIED.
MM INDICATES DATA IS MISSING.
T  INDICATES TRACE AMOUNT.




$$
