000
CDUS45 KLKN 280930
CLIP68


CLIMATE REPORT
NATIONAL WEATHER SERVICE ELKO NV
129 AM PST SUN DEC 28 2014


...................................

...THE EUREKA AIRPORT NV CLIMATE SUMMARY FOR DECEMBER 27 2014...

CLIMATE NORMAL PERIOD 1981 TO 2010
CLIMATE RECORD PERIOD 1963 TO 2014


WEATHER ITEM   OBSERVED TIME   RECORD YEAR NORMAL DEPARTURE LAST
                VALUE   (LST)  VALUE       VALUE  FROM      YEAR
                                                  NORMAL
..................................................................
TEMPERATURE (F)
 YESTERDAY
  MAXIMUM         28    347 PM  51    2011  37     -9       43
  MINIMUM          2    233 AM -25    1988  10     -8       13
  AVERAGE         15                        23     -8       28

PRECIPITATION (IN)
  YESTERDAY        0.00          0.63 1983   0.02  -0.02     0.00
  MONTH TO DATE    0.75                      0.53   0.22     1.07
  SINCE OCT 1      1.08                      2.05  -0.97     2.40
  SINCE JAN 1      9.02                      8.92   0.10     8.54

DEGREE DAYS
 HEATING
  YESTERDAY       50                        42      8       37
  MONTH TO DATE  814                      1081   -267     1186
  SINCE DEC 1    814                      1081   -267     1186
  SINCE JUL 1   2154                      2840   -686     2797

 COOLING
  YESTERDAY        0                         0      0        0
  MONTH TO DATE    0                         0      0        0
  SINCE DEC 1      0                         0      0        0
  SINCE JAN 1    436                       288    148      585
..................................................................


WIND (MPH)
  HIGHEST WIND SPEED    13   HIGHEST WIND DIRECTION    SW (210)
  HIGHEST GUST SPEED    14   HIGHEST GUST DIRECTION     S (200)
  AVERAGE WIND SPEED     5.6




RELATIVE HUMIDITY (PERCENT)
 HIGHEST    87           700 AM
 LOWEST     53           300 PM
 AVERAGE    70

..........................................................


THE EUREKA AIRPORT NV CLIMATE NORMALS FOR TODAY
                         NORMAL    RECORD    YEAR
 MAXIMUM TEMPERATURE (F)   37        59      2011
 MINIMUM TEMPERATURE (F)    9       -24      1966


SUNRISE AND SUNSET
DECEMBER 28 2014......SUNRISE   703 AM PST   SUNSET   428 PM PST
DECEMBER 29 2014......SUNRISE   704 AM PST   SUNSET   428 PM PST


-  INDICATES NEGATIVE NUMBERS.
R  INDICATES RECORD WAS SET OR TIED.
MM INDICATES DATA IS MISSING.
T  INDICATES TRACE AMOUNT.




$$
