000
CDUS45 KLKN 170100
CLIP68


CLIMATE REPORT
NATIONAL WEATHER SERVICE ELKO NV
457 PM PST TUE JAN 16 2018


...................................

...THE EUREKA AIRPORT NV CLIMATE SUMMARY FOR JANUARY 16 2018...
VALID TODAY AS OF 0400 PM LOCAL TIME.

CLIMATE NORMAL PERIOD 1981 TO 2010
CLIMATE RECORD PERIOD 1963 TO 2018


WEATHER ITEM   OBSERVED TIME   RECORD YEAR NORMAL DEPARTURE LAST
                VALUE   (LST)  VALUE       VALUE  FROM      YEAR
                                                  NORMAL
..................................................................
TEMPERATURE (F)
 TODAY
  MAXIMUM         51    330 PM  56    2000  37     14       27
  MINIMUM         23    346 AM -14    1988  10     13        2
  AVERAGE         37                        24     13       15

PRECIPITATION (IN)
  TODAY            0.00          0.20 1996   0.03  -0.03     0.00
  MONTH TO DATE    0.12                      0.38  -0.26     1.90
  SINCE OCT 1      1.31                      2.51  -1.20     3.99
  SINCE JAN 1      0.12                      0.38  -0.26     1.90

DEGREE DAYS
 HEATING
  TODAY           28                        41    -13       50
  MONTH TO DATE  452                       671   -219      678
  SINCE DEC 1   1544                      1918   -374     1903
  SINCE JUL 1   3128                      3677   -549     3316

 COOLING
  TODAY            0                         0      0        0
  MONTH TO DATE    0                         0      0        0
  SINCE DEC 1      0                         0      0        0
  SINCE JAN 1      0                         0      0        0
..................................................................


WIND (MPH)
  HIGHEST WIND SPEED    12   HIGHEST WIND DIRECTION    NE (40)
  HIGHEST GUST SPEED    13   HIGHEST GUST DIRECTION    NE (50)




RELATIVE HUMIDITY (PERCENT)
 HIGHEST    MM
 LOWEST     MM
 AVERAGE    MM

..........................................................


THE EUREKA AIRPORT NV CLIMATE NORMALS FOR TOMORROW
                         NORMAL    RECORD    YEAR
 MAXIMUM TEMPERATURE (F)   37        58      2011
 MINIMUM TEMPERATURE (F)   10       -19      1987


SUNRISE AND SUNSET
JANUARY 16 2018.......SUNRISE   702 AM PST   SUNSET   446 PM PST
JANUARY 17 2018.......SUNRISE   702 AM PST   SUNSET   447 PM PST


-  INDICATES NEGATIVE NUMBERS.
R  INDICATES RECORD WAS SET OR TIED.
MM INDICATES DATA IS MISSING.
T  INDICATES TRACE AMOUNT.




$$
