000
CDUS45 KLKN 070934
CLIP68


CLIMATE REPORT
NATIONAL WEATHER SERVICE ELKO NV
134 AM PST SUN FEB 7 2016


...................................

...THE EUREKA AIRPORT NV CLIMATE SUMMARY FOR FEBRUARY 6 2016...

CLIMATE NORMAL PERIOD 1981 TO 2010
CLIMATE RECORD PERIOD 1963 TO 2016


WEATHER ITEM   OBSERVED TIME   RECORD YEAR NORMAL DEPARTURE LAST
                VALUE   (LST)  VALUE       VALUE  FROM      YEAR
                                                  NORMAL
..................................................................
TEMPERATURE (F)
 YESTERDAY
  MAXIMUM          9    406 PM  64    2015  40    -31       64
  MINIMUM          1   1159 PM -37    1989  14    -13       45
                                      1982
  AVERAGE          5                        27    -22       55

PRECIPITATION (IN)
  YESTERDAY        0.00          0.06 2014   0.03  -0.03     0.00
  MONTH TO DATE    0.05                      0.17  -0.12     0.00
  SINCE OCT 1      5.96                      3.04   2.92     1.38
  SINCE JAN 1      1.69                      0.91   0.78     0.26

DEGREE DAYS
 HEATING
  YESTERDAY       60                        38     22       10
  MONTH TO DATE  335                       232    103      117
  SINCE DEC 1   2870                      2756    114     2088
  SINCE JUL 1   4356                      4515   -159     3428

 COOLING
  YESTERDAY        0                         0      0        0
  MONTH TO DATE    0                         0      0        0
  SINCE DEC 1      0                         0      0        0
  SINCE JAN 1      0                         0      0        0
..................................................................


WIND (MPH)
  HIGHEST WIND SPEED    16   HIGHEST WIND DIRECTION     S (200)
  HIGHEST GUST SPEED    18   HIGHEST GUST DIRECTION     S (200)
  AVERAGE WIND SPEED     6.5




RELATIVE HUMIDITY (PERCENT)
 HIGHEST   100          1200 AM
 LOWEST     87           300 AM
 AVERAGE    94

..........................................................


THE EUREKA AIRPORT NV CLIMATE NORMALS FOR TODAY
                         NORMAL    RECORD    YEAR
 MAXIMUM TEMPERATURE (F)   41        62      2015
 MINIMUM TEMPERATURE (F)   14       -37      1989


SUNRISE AND SUNSET
FEBRUARY  7 2016......SUNRISE   646 AM PST   SUNSET   511 PM PST
FEBRUARY  8 2016......SUNRISE   645 AM PST   SUNSET   512 PM PST


-  INDICATES NEGATIVE NUMBERS.
R  INDICATES RECORD WAS SET OR TIED.
MM INDICATES DATA IS MISSING.
T  INDICATES TRACE AMOUNT.




$$
