000
CDUS45 KLKN 180930
CLIP68


CLIMATE REPORT
NATIONAL WEATHER SERVICE ELKO NV
226 AM PDT FRI APR 18 2014


...................................

...THE EUREKA AIRPORT NV CLIMATE SUMMARY FOR APRIL 17 2014...

CLIMATE NORMAL PERIOD 1981 TO 2010
CLIMATE RECORD PERIOD 1963 TO 2014


WEATHER ITEM   OBSERVED TIME   RECORD YEAR NORMAL DEPARTURE LAST
                VALUE   (LST)  VALUE       VALUE  FROM      YEAR
                                                  NORMAL
..................................................................
TEMPERATURE (F)
 YESTERDAY
  MAXIMUM         77    339 PM  78    1987  59     18       41
  MINIMUM         30    510 AM  10    1968  28      2       20
  AVERAGE         54                        44     10       31

PRECIPITATION (IN)
  YESTERDAY        0.00          0.25 2004   0.03  -0.03     0.01
  MONTH TO DATE    0.13                      0.53  -0.40     0.41
  SINCE OCT 1      4.87                      5.19  -0.32     3.92
  SINCE JAN 1      2.47                      3.06  -0.59     2.48

DEGREE DAYS
 HEATING
  YESTERDAY       11                        21    -10       34
  MONTH TO DATE  341                       396    -55      368
  SINCE MAR 1   1119                      1267   -148     1087
  SINCE JUL 1   5923                      6552   -629     6175

 COOLING
  YESTERDAY        0                         0      0        0
  MONTH TO DATE    0                         0      0        0
  SINCE MAR 1      0                         0      0        0
  SINCE JAN 1      0                         0      0        0
..................................................................


WIND (MPH)
  HIGHEST WIND SPEED    24   HIGHEST WIND DIRECTION     S (200)
  HIGHEST GUST SPEED    39   HIGHEST GUST DIRECTION     S (200)
  AVERAGE WIND SPEED    11.5




RELATIVE HUMIDITY (PERCENT)
 HIGHEST    64           600 AM
 LOWEST     12           400 PM
 AVERAGE    38

..........................................................


THE EUREKA AIRPORT NV CLIMATE NORMALS FOR TODAY
                         NORMAL    RECORD    YEAR
 MAXIMUM TEMPERATURE (F)   59        79      1994
                                             1989
 MINIMUM TEMPERATURE (F)   28         9      1968


SUNRISE AND SUNSET
APRIL 18 2014.........SUNRISE   602 AM PDT   SUNSET   725 PM PDT
APRIL 19 2014.........SUNRISE   601 AM PDT   SUNSET   726 PM PDT


-  INDICATES NEGATIVE NUMBERS.
R  INDICATES RECORD WAS SET OR TIED.
MM INDICATES DATA IS MISSING.
T  INDICATES TRACE AMOUNT.




$$
