000
CDUS45 KLKN 250946
CLIP68


CLIMATE REPORT
NATIONAL WEATHER SERVICE ELKO NV
141 AM PST SAT FEB 25 2017


...................................

...THE EUREKA AIRPORT NV CLIMATE SUMMARY FOR FEBRUARY 24 2017...

CLIMATE NORMAL PERIOD 1981 TO 2010
CLIMATE RECORD PERIOD 1963 TO 2017


WEATHER ITEM   OBSERVED TIME   RECORD YEAR NORMAL DEPARTURE LAST
                VALUE   (LST)  VALUE       VALUE  FROM      YEAR
                                                  NORMAL
..................................................................
TEMPERATURE (F)
 YESTERDAY
  MAXIMUM         31    410 PM  65    1995  45    -14       49
  MINIMUM         13    655 AM  -2    1987  18     -5       19
  AVERAGE         22                        32    -10       34

PRECIPITATION (IN)
  YESTERDAY        0.00          0.20 2000   0.03  -0.03     0.00
  MONTH TO DATE    0.34                      0.73  -0.39     0.33
  SINCE OCT 1      4.88                      3.60   1.28     6.24
  SINCE JAN 1      2.79                      1.47   1.32     1.97

DEGREE DAYS
 HEATING
  YESTERDAY       43                        33     10       31
  MONTH TO DATE  696                       873   -177      965
  SINCE DEC 1   3278                      3397   -119     3500
  SINCE JUL 1   4691                      5156   -465     4986

 COOLING
  YESTERDAY        0                         0      0        0
  MONTH TO DATE    0                         0      0        0
  SINCE DEC 1      0                         0      0        0
  SINCE JAN 1      0                         0      0        0
..................................................................


WIND (MPH)
  HIGHEST WIND SPEED    13   HIGHEST WIND DIRECTION    NW (300)
  HIGHEST GUST SPEED    17   HIGHEST GUST DIRECTION     W (280)
  AVERAGE WIND SPEED     3.5




RELATIVE HUMIDITY (PERCENT)
 HIGHEST    84           700 AM
 LOWEST     27           400 PM
 AVERAGE    56

..........................................................


THE EUREKA AIRPORT NV CLIMATE NORMALS FOR TODAY
                         NORMAL    RECORD    YEAR
 MAXIMUM TEMPERATURE (F)   46        62      2014
                                             1995
                                             1968
 MINIMUM TEMPERATURE (F)   19        -6      1993


SUNRISE AND SUNSET
FEBRUARY 25 2017......SUNRISE   622 AM PST   SUNSET   532 PM PST
FEBRUARY 26 2017......SUNRISE   621 AM PST   SUNSET   533 PM PST


-  INDICATES NEGATIVE NUMBERS.
R  INDICATES RECORD WAS SET OR TIED.
MM INDICATES DATA IS MISSING.
T  INDICATES TRACE AMOUNT.




$$
