000
CDUS45 KLKN 190937
CLIP68


CLIMATE REPORT
NATIONAL WEATHER SERVICE ELKO NV
233 AM PDT TUE SEP 19 2017


...................................

...THE EUREKA AIRPORT NV CLIMATE SUMMARY FOR SEPTEMBER 18 2017...

CLIMATE NORMAL PERIOD 1981 TO 2010
CLIMATE RECORD PERIOD 1963 TO 2017


WEATHER ITEM   OBSERVED TIME   RECORD YEAR NORMAL DEPARTURE LAST
                VALUE   (LST)  VALUE       VALUE  FROM      YEAR
                                                  NORMAL
..................................................................
TEMPERATURE (F)
 YESTERDAY
  MAXIMUM         80    156 PM  87    2010  77      3       86
                                      2009
                                      1966
  MINIMUM         41    551 AM  18    1988  38      3       43
  AVERAGE         61                        57      4       65

PRECIPITATION (IN)
  YESTERDAY        0.00          0.21 1963   0.02  -0.02     0.00
  MONTH TO DATE    0.15                      0.35  -0.20     0.08
  SINCE OCT 1     10.42                      8.77   1.65    12.19
  SINCE JAN 1      8.33                      6.64   1.69     7.92

DEGREE DAYS
 HEATING
  YESTERDAY        4                         8     -4        0
  MONTH TO DATE   44                        92    -48      109
  SINCE SEP 1     44                        92    -48      109
  SINCE JUL 1     48                       139    -91      133

 COOLING
  YESTERDAY        0                         0      0        0
  MONTH TO DATE   61                         9     52        7
  SINCE SEP 1     61                         9     52        7
  SINCE JAN 1    570                       286    284      422
..................................................................


WIND (MPH)
  HIGHEST WIND SPEED    22   HIGHEST WIND DIRECTION     S (200)
  HIGHEST GUST SPEED    39   HIGHEST GUST DIRECTION     S (190)
  AVERAGE WIND SPEED    10.0




RELATIVE HUMIDITY (PERCENT)
 HIGHEST    48           753 AM
 LOWEST     14           453 PM
 AVERAGE    31

..........................................................


THE EUREKA AIRPORT NV CLIMATE NORMALS FOR TODAY
                         NORMAL    RECORD    YEAR
 MAXIMUM TEMPERATURE (F)   77        88      1981
 MINIMUM TEMPERATURE (F)   37        19      1971


SUNRISE AND SUNSET
SEPTEMBER 19 2017.....SUNRISE   629 AM PDT   SUNSET   645 PM PDT
SEPTEMBER 20 2017.....SUNRISE   630 AM PDT   SUNSET   644 PM PDT


-  INDICATES NEGATIVE NUMBERS.
R  INDICATES RECORD WAS SET OR TIED.
MM INDICATES DATA IS MISSING.
T  INDICATES TRACE AMOUNT.




$$
