000
CDUS45 KLKN 290940
CLIP68


CLIMATE REPORT
NATIONAL WEATHER SERVICE ELKO NV
239 AM PDT TUE JUL 29 2014


...................................

...THE EUREKA AIRPORT NV CLIMATE SUMMARY FOR JULY 28 2014...

CLIMATE NORMAL PERIOD 1981 TO 2010
CLIMATE RECORD PERIOD 1963 TO 2014


WEATHER ITEM   OBSERVED TIME   RECORD YEAR NORMAL DEPARTURE LAST
                VALUE   (LST)  VALUE       VALUE  FROM      YEAR
                                                  NORMAL
..................................................................
TEMPERATURE (F)
 YESTERDAY
  MAXIMUM         87   1201 PM 100    1994  91     -4       89
  MINIMUM         60   1142 PM  37    1983  50     10       52
  AVERAGE         74                        70      4       71

PRECIPITATION (IN)
  YESTERDAY        0.03          0.25 1987   0.03   0.00     0.11
  MONTH TO DATE    0.27                      0.56  -0.29     0.88
  SINCE OCT 1      7.34                      7.77  -0.43     5.45
  SINCE JAN 1      4.94                      5.64  -0.70     4.01

DEGREE DAYS
 HEATING
  YESTERDAY        0                         0      0        0
  MONTH TO DATE    0                         8     -8        1
  SINCE JUN 1    103                       168    -65       81
  SINCE JUL 1      0                         8     -8        1

 COOLING
  YESTERDAY        9                         5      4        6
  MONTH TO DATE  246                       127    119      258
  SINCE JUN 1    287                       156    131      350
  SINCE JAN 1    289                       159    130      351
..................................................................


WIND (MPH)
  HIGHEST WIND SPEED    26   HIGHEST WIND DIRECTION    NE (50)
  HIGHEST GUST SPEED    33   HIGHEST GUST DIRECTION    NE (50)
  AVERAGE WIND SPEED     6.9




RELATIVE HUMIDITY (PERCENT)
 HIGHEST    90          1000 PM
 LOWEST     20          1100 AM
 AVERAGE    55

..........................................................


THE EUREKA AIRPORT NV CLIMATE NORMALS FOR TODAY
                         NORMAL    RECORD    YEAR
 MAXIMUM TEMPERATURE (F)   90        97      2000
 MINIMUM TEMPERATURE (F)   50        35      1965


SUNRISE AND SUNSET
JULY 29 2014..........SUNRISE   541 AM PDT   SUNSET   759 PM PDT
JULY 30 2014..........SUNRISE   542 AM PDT   SUNSET   758 PM PDT


-  INDICATES NEGATIVE NUMBERS.
R  INDICATES RECORD WAS SET OR TIED.
MM INDICATES DATA IS MISSING.
T  INDICATES TRACE AMOUNT.




$$
