000
CDUS45 KLKN 220034
CLIP68


CLIMATE REPORT
NATIONAL WEATHER SERVICE ELKO NV
533 PM PDT TUE OCT 21 2014


...................................

...THE EUREKA AIRPORT NV CLIMATE SUMMARY FOR OCTOBER 21 2014...
VALID TODAY AS OF 500 PM LOCAL TIME.

CLIMATE NORMAL PERIOD 1981 TO 2010
CLIMATE RECORD PERIOD 1963 TO 2014


WEATHER ITEM   OBSERVED TIME   RECORD YEAR NORMAL DEPARTURE LAST
                VALUE   (LST)  VALUE       VALUE  FROM      YEAR
                                                  NORMAL
..................................................................
TEMPERATURE (F)
 TODAY
  MAXIMUM         62    256 PM  83    2003  62      0       67
  MINIMUM         35    542 AM  -1    1996  27      8       27
  AVERAGE         49                        44      5       47

PRECIPITATION (IN)
  TODAY            0.00          0.05 1985   0.02  -0.02     0.00
  MONTH TO DATE    0.00                      0.46  -0.46     0.25
  SINCE OCT 1      0.00                      0.46  -0.46     0.25
  SINCE JAN 1      7.94                      7.33   0.61     6.39

DEGREE DAYS
 HEATING
  TODAY           16                        21     -5       18
  MONTH TO DATE  236                       356   -120      412
  SINCE SEP 1    329                       573   -244      602
  SINCE JUL 1    354                       620   -266      603

 COOLING
  TODAY            0                         0      0        0
  MONTH TO DATE    0                         0      0        0
  SINCE SEP 1     37                        11     26       44
  SINCE JAN 1    436                       288    148      585
..................................................................


WIND (MPH)
  HIGHEST WIND SPEED    18   HIGHEST WIND DIRECTION    NW (320)
  HIGHEST GUST SPEED    24   HIGHEST GUST DIRECTION    NW (320)




RELATIVE HUMIDITY (PERCENT)
 HIGHEST    70           500 AM
 LOWEST     12           100 PM
 AVERAGE    41

..........................................................


THE EUREKA AIRPORT NV CLIMATE NORMALS FOR TOMORROW
                         NORMAL    RECORD    YEAR
 MAXIMUM TEMPERATURE (F)   61        83      2003
 MINIMUM TEMPERATURE (F)   27         6      1996


SUNRISE AND SUNSET
OCTOBER 21 2014.......SUNRISE   700 AM PDT   SUNSET   556 PM PDT
OCTOBER 22 2014.......SUNRISE   701 AM PDT   SUNSET   555 PM PDT


-  INDICATES NEGATIVE NUMBERS.
R  INDICATES RECORD WAS SET OR TIED.
MM INDICATES DATA IS MISSING.
T  INDICATES TRACE AMOUNT.




$$
