000
CDUS43 KPAH 020632
CLIPAH


CLIMATE REPORT
NATIONAL WEATHER SERVICE PADUCAH KY
129 AM CDT TUE JUN 2 2015


...................................

...THE PADUCAH KY CLIMATE SUMMARY FOR JUNE 1 2015...

CLIMATE NORMAL PERIOD 1981 TO 2010
CLIMATE RECORD PERIOD 1937 TO 2015


WEATHER ITEM   OBSERVED TIME   RECORD YEAR NORMAL DEPARTURE LAST
                VALUE   (LST)  VALUE       VALUE  FROM      YEAR
                                                  NORMAL
..................................................................
TEMPERATURE (F)
 YESTERDAY
  MAXIMUM         68    113 PM  94    1951  83    -15       88
                                      1944
  MINIMUM         59    548 AM  44    1993  61     -2       71
  AVERAGE         64                        72     -8       80

PRECIPITATION (IN)
  YESTERDAY        T             5.58 2013   0.14  -0.14     0.07
  MONTH TO DATE    T                         0.14  -0.14     0.07
  SINCE JUN 1      T                         0.14  -0.14     0.07
  SINCE JAN 1     25.62                     21.36   4.26    20.26

SNOWFALL (IN)
  YESTERDAY        0.0                       0.0    0.0      0.0
  MONTH TO DATE    0.0                       0.0    0.0      0.0
  SINCE JUN 1      0.0                       0.0    0.0      0.0
  SINCE JUL 1     28.6                       9.1   19.5     18.5
  SNOW DEPTH       0

DEGREE DAYS
 HEATING
  YESTERDAY        1                         0      1        0
  MONTH TO DATE    1                         0      1        0
  SINCE JUN 1      1                         0      1        0
  SINCE JUL 1   4477                      4128    349     4541

 COOLING
  YESTERDAY        0                         7     -7       15
  MONTH TO DATE    0                         7     -7       15
  SINCE JUN 1      0                         7     -7       15
  SINCE JAN 1    211                       179     32      293
..................................................................


WIND (MPH)
  HIGHEST WIND SPEED    12   HIGHEST WIND DIRECTION     N (20)
  HIGHEST GUST SPEED    14   HIGHEST GUST DIRECTION    NE (30)
  AVERAGE WIND SPEED     6.8


SKY COVER
  POSSIBLE SUNSHINE  MM
  AVERAGE SKY COVER 1.0


WEATHER CONDITIONS
 THE FOLLOWING WEATHER WAS RECORDED YESTERDAY.
  FOG
  HAZE


RELATIVE HUMIDITY (PERCENT)
 HIGHEST    90           600 AM
 LOWEST     73          1200 PM
 AVERAGE    82

..........................................................


THE PADUCAH KY CLIMATE NORMALS FOR TODAY
                         NORMAL    RECORD    YEAR
 MAXIMUM TEMPERATURE (F)   83        96      1998
                                             1942
 MINIMUM TEMPERATURE (F)   61        46      1956


SUNRISE AND SUNSET
JUNE  2 2015..........SUNRISE   537 AM CDT   SUNSET   810 PM CDT
JUNE  3 2015..........SUNRISE   536 AM CDT   SUNSET   810 PM CDT


-  INDICATES NEGATIVE NUMBERS.
R  INDICATES RECORD WAS SET OR TIED.
MM INDICATES DATA IS MISSING.
T  INDICATES TRACE AMOUNT.

&&
..........................................................
***** AGRICULTURAL DATA *****

SOIL TEMPERATURES AT A DEPTH OF FOUR INCHES

UNDER GRASS...   MAX: 70  MIN: 69

$$
