000
CDUS43 KPAH 240634
CLIPAH


CLIMATE REPORT
NATIONAL WEATHER SERVICE PADUCAH KY
1233 AM CST FRI NOV 24 2017


...................................

...THE PADUCAH KY CLIMATE SUMMARY FOR NOVEMBER 23 2017...

CLIMATE NORMAL PERIOD 1981 TO 2010
CLIMATE RECORD PERIOD 1937 TO 2017


WEATHER ITEM   OBSERVED TIME   RECORD YEAR NORMAL DEPARTURE LAST
                VALUE   (LST)  VALUE       VALUE  FROM      YEAR
                                                  NORMAL
..................................................................
TEMPERATURE (F)
 YESTERDAY
  MAXIMUM         53    236 PM  70    2003  55     -2       55
  MINIMUM         22    656 AM  15    1970  35    -13       46
                                      1950
  AVERAGE         38                        45     -7       51

PRECIPITATION (IN)
  YESTERDAY        0.00          4.06 1951   0.15  -0.15     0.57
  MONTH TO DATE    3.37                      3.19   0.18     0.88
  SINCE SEP 1      9.96                     10.90  -0.94     2.05
  SINCE JAN 1     43.09                     43.38  -0.29    44.72

SNOWFALL (IN)
  YESTERDAY        0.0           1.3  1950   0.0    0.0      0.0
  MONTH TO DATE    0.0                       0.0    0.0      0.0
  SINCE SEP 1      0.0                       0.1   -0.1      0.0
  SINCE JUL 1      0.0                       0.1   -0.1      0.0
  SNOW DEPTH       0

DEGREE DAYS
 HEATING
  YESTERDAY       27                        20      7       14
  MONTH TO DATE  365                       358      7      277
  SINCE SEP 1    574                       624    -50      381
  SINCE JUL 1    574                       625    -51      381

 COOLING
  YESTERDAY        0                         0      0        0
  MONTH TO DATE    7                         0      7       19
  SINCE SEP 1    318                       225     93      423
  SINCE JAN 1   1692                      1538    154     1953
..................................................................


WIND (MPH)
  HIGHEST WIND SPEED     9   HIGHEST WIND DIRECTION    SW (220)
  HIGHEST GUST SPEED    12   HIGHEST GUST DIRECTION     W (250)
  AVERAGE WIND SPEED     2.1


SKY COVER
  POSSIBLE SUNSHINE  MM
  AVERAGE SKY COVER 0.0


WEATHER CONDITIONS
 THE FOLLOWING WEATHER WAS RECORDED YESTERDAY.
  NO SIGNIFICANT WEATHER WAS OBSERVED.


RELATIVE HUMIDITY (PERCENT)
 HIGHEST    92           700 AM
 LOWEST     28           400 PM
 AVERAGE    60

..........................................................


THE PADUCAH KY CLIMATE NORMALS FOR TODAY
                         NORMAL    RECORD    YEAR
 MAXIMUM TEMPERATURE (F)   54        72      1990
 MINIMUM TEMPERATURE (F)   35        -2      1950


SUNRISE AND SUNSET
NOVEMBER 24 2017......SUNRISE   643 AM CST   SUNSET   440 PM CST
NOVEMBER 25 2017......SUNRISE   644 AM CST   SUNSET   440 PM CST


-  INDICATES NEGATIVE NUMBERS.
R  INDICATES RECORD WAS SET OR TIED.
MM INDICATES DATA IS MISSING.
T  INDICATES TRACE AMOUNT.

&&
.............................................

***** AGRICULTURAL DATA *****

SOIL TEMPERATURES AT A DEPTH OF FOUR INCHES

UNDER GRASS... MAX: 50    MIN: 49

$$
