000
CDUS43 KPAH 300635
CLIPAH


CLIMATE REPORT
NATIONAL WEATHER SERVICE PADUCAH KY
133 AM CDT THU MAR 30 2017


...................................

...THE PADUCAH KY CLIMATE SUMMARY FOR MARCH 29 2017...

CLIMATE NORMAL PERIOD 1981 TO 2010
CLIMATE RECORD PERIOD 1937 TO 2017


WEATHER ITEM   OBSERVED TIME   RECORD YEAR NORMAL DEPARTURE LAST
                VALUE   (LST)  VALUE       VALUE  FROM      YEAR
                                                  NORMAL
..................................................................
TEMPERATURE (F)
 YESTERDAY
  MAXIMUM         76    451 PM  83    2007  64     12       64
  MINIMUM         47    322 AM  20    1947  41      6       37
  AVERAGE         62                        52     10       51

PRECIPITATION (IN)
  YESTERDAY        T             1.47 1981   0.14  -0.14     0.00
  MONTH TO DATE    4.23                      3.63   0.60     6.35
  SINCE MAR 1      4.23                      3.63   0.60     6.35
  SINCE JAN 1      9.06                     11.22  -2.16    11.81

SNOWFALL (IN)
  YESTERDAY        0.0           T    2002   0.0    0.0      0.0
                                      1991
  MONTH TO DATE    1.0                       0.6    0.4       T
  SINCE MAR 1      1.0                       0.6    0.4       T
  SINCE JUL 1      1.2                       9.1   -7.9     12.1
  SNOW DEPTH       0

DEGREE DAYS
 HEATING
  YESTERDAY        3                        13    -10       14
  MONTH TO DATE  425                       498    -73      353
  SINCE MAR 1    425                       498    -73      353
  SINCE JUL 1   2904                      3794   -890     3015

 COOLING
  YESTERDAY        0                         0      0        0
  MONTH TO DATE    1                         0      1        1
  SINCE MAR 1      1                         0      1        1
  SINCE JAN 1      1                         0      1        1
..................................................................


WIND (MPH)
  HIGHEST WIND SPEED    22   HIGHEST WIND DIRECTION    SE (120)
  HIGHEST GUST SPEED    26   HIGHEST GUST DIRECTION     E (110)
  AVERAGE WIND SPEED     8.5


SKY COVER
  POSSIBLE SUNSHINE  MM
  AVERAGE SKY COVER 0.3


WEATHER CONDITIONS
 THE FOLLOWING WEATHER WAS RECORDED YESTERDAY.
  LIGHT RAIN
  FOG
  FOG W/VISIBILITY <= 1/4 MILE
  HAZE


RELATIVE HUMIDITY (PERCENT)
 HIGHEST    93           200 AM
 LOWEST     54           300 PM
 AVERAGE    74

..........................................................


THE PADUCAH KY CLIMATE NORMALS FOR TODAY
                         NORMAL    RECORD    YEAR
 MAXIMUM TEMPERATURE (F)   64        84      1986
 MINIMUM TEMPERATURE (F)   42        20      1964
                                             1947


SUNRISE AND SUNSET
MARCH 30 2017.........SUNRISE   643 AM CDT   SUNSET   716 PM CDT
MARCH 31 2017.........SUNRISE   642 AM CDT   SUNSET   717 PM CDT


-  INDICATES NEGATIVE NUMBERS.
R  INDICATES RECORD WAS SET OR TIED.
MM INDICATES DATA IS MISSING.
T  INDICATES TRACE AMOUNT.


&&
..........................................................

***** AGRICULTURAL DATA *****

SOIL TEMPERATURES AT A DEPTH OF FOUR INCHES

UNDER GRASS...  MAX: 56    MIN: 55

$$
