000
CDUS43 KPAH 010647
CLIPAH


CLIMATE REPORT
NATIONAL WEATHER SERVICE PADUCAH KY
143 AM CDT FRI AUG 1 2014


...................................

...THE PADUCAH KY CLIMATE SUMMARY FOR JULY 31 2014...

CLIMATE NORMAL PERIOD 1981 TO 2010
CLIMATE RECORD PERIOD 1937 TO 2014


WEATHER ITEM   OBSERVED TIME   RECORD YEAR NORMAL DEPARTURE LAST
                VALUE   (LST)  VALUE       VALUE  FROM      YEAR
                                                  NORMAL
..................................................................
TEMPERATURE (F)
 YESTERDAY
  MAXIMUM         85    338 PM 102    1947  89     -4       86
                                      1941
  MINIMUM         59    508 AM  52    1971  68     -9       70
  AVERAGE         72                        79     -7       78

PRECIPITATION (IN)
  YESTERDAY        0.00          2.55 1938   0.13  -0.13     0.00
  MONTH TO DATE    2.04                      4.44  -2.40     2.48
  SINCE JUN 1      8.73                      8.50   0.23    11.59
  SINCE JAN 1     28.92                     29.72  -0.80    37.06

SNOWFALL (IN)
  YESTERDAY        0.0           0.0  2002   0.0    0.0      0.0
                                      2001
  MONTH TO DATE    0.0                       0.0    0.0      0.0
  SINCE JUN 1      0.0                       0.0    0.0      0.0
  SINCE JUL 1      0.0                       0.0    0.0      0.0
  SNOW DEPTH       0

DEGREE DAYS
 HEATING
  YESTERDAY        0                         0      0        0
  MONTH TO DATE    0                         0      0        0
  SINCE JUN 1      0                         4     -4        0
  SINCE JUL 1      0                         0      0        0

 COOLING
  YESTERDAY        7                        14     -7       13
  MONTH TO DATE  316                       431   -115      323
  SINCE JUN 1    721                       751    -30      640
  SINCE JAN 1    999                       923     76      818
..................................................................


WIND (MPH)
  HIGHEST WIND SPEED    12   HIGHEST WIND DIRECTION    SW (220)
  HIGHEST GUST SPEED    16   HIGHEST GUST DIRECTION    SW (240)
  AVERAGE WIND SPEED     3.0


SKY COVER
  POSSIBLE SUNSHINE  MM
  AVERAGE SKY COVER 0.2


WEATHER CONDITIONS
 THE FOLLOWING WEATHER WAS RECORDED YESTERDAY.
  FOG
  FOG W/VISIBILITY <= 1/4 MILE


RELATIVE HUMIDITY (PERCENT)
 HIGHEST    93          1200 AM
 LOWEST     47          1100 AM
 AVERAGE    70

..........................................................


THE PADUCAH KY CLIMATE NORMALS FOR TODAY
                         NORMAL    RECORD    YEAR
 MAXIMUM TEMPERATURE (F)   89       102      1941
 MINIMUM TEMPERATURE (F)   68        52      1971


SUNRISE AND SUNSET
AUGUST  1 2014........SUNRISE   600 AM CDT   SUNSET   802 PM CDT
AUGUST  2 2014........SUNRISE   601 AM CDT   SUNSET   801 PM CDT


-  INDICATES NEGATIVE NUMBERS.
R  INDICATES RECORD WAS SET OR TIED.
MM INDICATES DATA IS MISSING.
T  INDICATES TRACE AMOUNT.




&&
.........................................................
***** AGRICULTURAL DATA *****

SOIL TEMPERATURES AT A DEPTH OF FOUR INCHES

UNDER GRASS.........  MAX: 78  MIN: 75

$$
