000
CDUS43 KPAH 240640
CLIPAH


CLIMATE REPORT
NATIONAL WEATHER SERVICE PADUCAH KY
1237 AM CST FRI FEB 24 2017


...................................

...THE PADUCAH KY CLIMATE SUMMARY FOR FEBRUARY 23 2017...

CLIMATE NORMAL PERIOD 1981 TO 2010
CLIMATE RECORD PERIOD 1937 TO 2017


WEATHER ITEM   OBSERVED TIME   RECORD YEAR NORMAL DEPARTURE LAST
                VALUE   (LST)  VALUE       VALUE  FROM      YEAR
                                                  NORMAL
..................................................................
TEMPERATURE (F)
 YESTERDAY
  MAXIMUM         74    359 PM  75    1982  52     22       55
  MINIMUM         54    643 AM  13    2015  32     22       34
                                      1968
  AVERAGE         64                        42     22       45

PRECIPITATION (IN)
  YESTERDAY        0.00          1.68 1962   0.14  -0.14     0.97
  MONTH TO DATE    1.17                      3.22  -2.05     2.39
  SINCE DEC 1      9.68                     11.49  -1.81    12.36
  SINCE JAN 1      3.67                      6.90  -3.23     4.94

SNOWFALL (IN)
  YESTERDAY        0.0           1.0  1966   0.1   -0.1      0.0
  MONTH TO DATE    T                         2.8   -2.8      3.7
  SINCE DEC 1      0.2                       8.0   -7.8     12.1
  SINCE JUL 1      0.2                       8.1   -7.9     12.1
  SNOW DEPTH       0

DEGREE DAYS
 HEATING
  YESTERDAY        1                        23    -22       20
  MONTH TO DATE  389                       610   -221      562
  SINCE DEC 1   1909                      2406   -497     1991
  SINCE JUL 1   2410                      3183   -773     2535

 COOLING
  YESTERDAY        0                         0      0        0
  MONTH TO DATE    0                         0      0        0
  SINCE DEC 1      0                         0      0        6
  SINCE JAN 1      0                         0      0        0
..................................................................


WIND (MPH)
  HIGHEST WIND SPEED    17   HIGHEST WIND DIRECTION     S (170)
  HIGHEST GUST SPEED    25   HIGHEST GUST DIRECTION     S (170)
  AVERAGE WIND SPEED     9.1


SKY COVER
  POSSIBLE SUNSHINE  MM
  AVERAGE SKY COVER 0.4


WEATHER CONDITIONS
 THE FOLLOWING WEATHER WAS RECORDED YESTERDAY.
  FOG


RELATIVE HUMIDITY (PERCENT)
 HIGHEST    86           300 AM
 LOWEST     49           400 PM
 AVERAGE    68

..........................................................


THE PADUCAH KY CLIMATE NORMALS FOR TODAY
                         NORMAL    RECORD    YEAR
 MAXIMUM TEMPERATURE (F)   52        73      2000
 MINIMUM TEMPERATURE (F)   32         9      1967


SUNRISE AND SUNSET
FEBRUARY 24 2017......SUNRISE   632 AM CST   SUNSET   545 PM CST
FEBRUARY 25 2017......SUNRISE   631 AM CST   SUNSET   546 PM CST


-  INDICATES NEGATIVE NUMBERS.
R  INDICATES RECORD WAS SET OR TIED.
MM INDICATES DATA IS MISSING.
T  INDICATES TRACE AMOUNT.

.........................................................

***** AGRICULTURAL DATA *****

SOIL TEMPERATURES AT A DEPTH OF FOUR INCHES

UNDER GRASS...  MAX: 53    MIN: 51


$$
