000
CDUS43 KPAH 060631
CLIPAH

CLIMATE REPORT
NATIONAL WEATHER SERVICE PADUCAH KY
127 AM CDT FRI MAY 6 2016

...................................

...THE PADUCAH KY CLIMATE SUMMARY FOR MAY 5 2016...

CLIMATE NORMAL PERIOD 1981 TO 2010
CLIMATE RECORD PERIOD 1937 TO 2016

WEATHER ITEM   OBSERVED TIME   RECORD YEAR NORMAL DEPARTURE LAST
                VALUE   (LST)  VALUE       VALUE  FROM      YEAR
                                                  NORMAL
..................................................................
TEMPERATURE (F)
 YESTERDAY
  MAXIMUM         65    154 PM  92    1959  75    -10       87
  MINIMUM         43    101 AM  39    2011  53    -10       59
  AVERAGE         54                        64    -10       73

PRECIPITATION (IN)
  YESTERDAY        0.00          1.63 1999   0.18  -0.18     0.00
  MONTH TO DATE    0.01                      0.88  -0.87     0.00
  SINCE MAR 1     12.48                      9.57   2.91    14.62
  SINCE JAN 1     17.94                     17.16   0.78    21.91

SNOWFALL (IN)
  YESTERDAY        0.0           0.0  2002   0.0    0.0      0.0
                                      2001
  MONTH TO DATE    0.0                       0.0    0.0      0.0
  SINCE MAR 1      T                         0.6   -0.6     12.1
  SINCE JUL 1     12.1                       9.1    3.0     28.6
  SNOW DEPTH       0

DEGREE DAYS
 HEATING
  YESTERDAY       11                         3      8        0
  MONTH TO DATE   27                        18      9       15
  SINCE MAR 1    566                       786   -220      771
  SINCE JUL 1   3228                      4082   -854     4440

 COOLING
  YESTERDAY        0                         2     -2        8
  MONTH TO DATE    6                        10     -4       19
  SINCE MAR 1     42                        52    -10       61
  SINCE JAN 1     42                        52    -10       61
..................................................................

WIND (MPH)
  HIGHEST WIND SPEED    22   HIGHEST WIND DIRECTION     N (10)
  HIGHEST GUST SPEED    27   HIGHEST GUST DIRECTION     N (20)
  AVERAGE WIND SPEED    10.1

SKY COVER
  POSSIBLE SUNSHINE  MM
  AVERAGE SKY COVER 0.3

WEATHER CONDITIONS
 THE FOLLOWING WEATHER WAS RECORDED YESTERDAY.
  NO SIGNIFICANT WEATHER WAS OBSERVED.

RELATIVE HUMIDITY (PERCENT)
 HIGHEST    89          1200 AM
 LOWEST     46           300 PM
 AVERAGE    68
..........................................................

THE PADUCAH KY CLIMATE NORMALS FOR TODAY
                         NORMAL    RECORD    YEAR
 MAXIMUM TEMPERATURE (F)   75        91      2012
 MINIMUM TEMPERATURE (F)   53        35      1968

SUNRISE AND SUNSET
MAY  6 2016...........SUNRISE   555 AM CDT   SUNSET   749 PM CDT
MAY  7 2016...........SUNRISE   554 AM CDT   SUNSET   750 PM CDT

-  INDICATES NEGATIVE NUMBERS.
R  INDICATES RECORD WAS SET OR TIED.
MM INDICATES DATA IS MISSING.
T  INDICATES TRACE AMOUNT.

&&
...........................................................
***** AGRICULTURAL DATA *****

SOIL TEMPERATURES AT A DEPTH OF FOUR INCHES

UNDER GRASS...  MAX: 65  MIN: 63

$$
