000
CDUS44 KLZK 300656
CLIPBF


CLIMATE REPORT
NATIONAL WEATHER SERVICE LITTLE ROCK AR
152 AM CDT SUN APR 30 2017


...................................

...THE PINE BLUFF CLIMATE SUMMARY FOR APRIL 29 2017...

CLIMATE NORMAL PERIOD 1981 TO 2010
CLIMATE RECORD PERIOD 1883 TO 2017


WEATHER ITEM   OBSERVED TIME   RECORD YEAR NORMAL DEPARTURE LAST
                VALUE   (LST)  VALUE       VALUE  FROM      YEAR
                                                  NORMAL
..................................................................
TEMPERATURE (F)
 YESTERDAY
  MAXIMUM         86    116 PM  92    1990  78      8       69
                                      1915
  MINIMUM         68    717 PM  41    1904  56     12       62
  AVERAGE         77                        67     10       66

PRECIPITATION (IN)
  YESTERDAY        0.13          1.83 1953   0.15  -0.02     0.96
  MONTH TO DATE    5.97                      4.77   1.20     3.24
  SINCE MAR 1      9.07                     10.17  -1.10    18.92
  SINCE JAN 1     15.37                     17.99  -2.62    24.97

SNOWFALL (IN)
  YESTERDAY        0.0          MM      MM   0.0    0.0      0.0
  MONTH TO DATE    0.0                       0.0    0.0      0.0
  SINCE MAR 1      0.0                       0.0    0.0      0.0
  SINCE JUL 1      1.5                       3.1   -1.6      3.6
  SNOW DEPTH       0

DEGREE DAYS
 HEATING
  YESTERDAY        0                         2     -2        0
  MONTH TO DATE   52                       127    -75       73
  SINCE MAR 1    299                       474   -175      299
  SINCE JUL 1   2010                      2862   -852     2206

 COOLING
  YESTERDAY       12                         4      8        1
  MONTH TO DATE  101                        62     39       54
  SINCE MAR 1    137                        79     58       75
  SINCE JAN 1    158                        82     76       79
..................................................................


WIND (MPH)
  HIGHEST WIND SPEED    33   HIGHEST WIND DIRECTION     S (160)
  HIGHEST GUST SPEED    46   HIGHEST GUST DIRECTION    SE (150)
  AVERAGE WIND SPEED    17.9


SKY COVER
  POSSIBLE SUNSHINE  MM
  AVERAGE SKY COVER 0.8


WEATHER CONDITIONS
 THE FOLLOWING WEATHER WAS RECORDED YESTERDAY.
  THUNDERSTORM
  RAIN
  LIGHT RAIN
  FOG


RELATIVE HUMIDITY (PERCENT)
 HIGHEST    90           700 PM
 LOWEST     61           100 PM
 AVERAGE    76

..........................................................


THE PINE BLUFF CLIMATE NORMALS FOR TODAY
                         NORMAL    RECORD    YEAR
 MAXIMUM TEMPERATURE (F)   78        94      1943
 MINIMUM TEMPERATURE (F)   56        35      1908


SUNRISE AND SUNSET
APRIL 30 2017.........SUNRISE   619 AM CDT   SUNSET   751 PM CDT
MAY  1 2017...........SUNRISE   618 AM CDT   SUNSET   752 PM CDT


-  INDICATES NEGATIVE NUMBERS.
R  INDICATES RECORD WAS SET OR TIED.
MM INDICATES DATA IS MISSING.
T  INDICATES TRACE AMOUNT.




$$
