000
CDUS44 KLZK 010916
CLIPBF


CLIMATE REPORT
NATIONAL WEATHER SERVICE LITTLE ROCK AR
414 AM CDT TUE SEP 1 2015


...................................

...THE PINE BLUFF CLIMATE SUMMARY FOR AUGUST 31 2015...

CLIMATE NORMAL PERIOD 1981 TO 2010
CLIMATE RECORD PERIOD 1883 TO 2015


WEATHER ITEM   OBSERVED TIME   RECORD YEAR NORMAL DEPARTURE LAST
                VALUE   (LST)  VALUE       VALUE  FROM      YEAR
                                                  NORMAL
..................................................................
TEMPERATURE (F)
 YESTERDAY
  MAXIMUM         94    228 PM 106    2000  90      4       87
                                      1951
                                      1943
  MINIMUM         68    532 AM  55    1946  68      0       73
  AVERAGE         81                        79      2       80

PRECIPITATION (IN)
  YESTERDAY        T             4.61 2012   0.07  -0.07      T
  MONTH TO DATE    1.96                      2.48  -0.52     2.26
  SINCE JUN 1      6.66                      9.99  -3.33     7.64
  SINCE JAN 1     34.31                     33.19   1.12    29.91

SNOWFALL (IN)
  YESTERDAY        0.0          MM      MM   0.0    0.0      0.0
  MONTH TO DATE    0.0                       0.0    0.0      0.0
  SINCE JUN 1      0.0                       0.0    0.0      0.0
  SINCE JUL 1      0.0                       0.0    0.0      0.0
  SNOW DEPTH       0

DEGREE DAYS
 HEATING
  YESTERDAY        0                         0      0        0
  MONTH TO DATE    0                         0      0        0
  SINCE JUN 1      0                         0      0        1
  SINCE JUL 1      0                         0      0        1

 COOLING
  YESTERDAY       16                        14      2       15
  MONTH TO DATE  478                       501    -23      459
  SINCE JUN 1   1518                      1451     67     1238
  SINCE JAN 1   1847                      1758     89     1501
..................................................................


WIND (MPH)
  HIGHEST WIND SPEED    12   HIGHEST WIND DIRECTION    SE (120)
  HIGHEST GUST SPEED    14   HIGHEST GUST DIRECTION    SE (120)
  AVERAGE WIND SPEED     2.6


SKY COVER
  POSSIBLE SUNSHINE  MM
  AVERAGE SKY COVER 0.1


WEATHER CONDITIONS
 THE FOLLOWING WEATHER WAS RECORDED YESTERDAY.
  FOG
  HAZE


RELATIVE HUMIDITY (PERCENT)
 HIGHEST    97           200 AM
 LOWEST     44           100 PM
 AVERAGE    71

..........................................................


THE PINE BLUFF CLIMATE NORMALS FOR TODAY
                         NORMAL    RECORD    YEAR
 MAXIMUM TEMPERATURE (F)   90       105      1947
 MINIMUM TEMPERATURE (F)   68        53      1903


SUNRISE AND SUNSET
SEPTEMBER  1 2015.....SUNRISE   641 AM CDT   SUNSET   734 PM CDT
SEPTEMBER  2 2015.....SUNRISE   642 AM CDT   SUNSET   733 PM CDT


-  INDICATES NEGATIVE NUMBERS.
R  INDICATES RECORD WAS SET OR TIED.
MM INDICATES DATA IS MISSING.
T  INDICATES TRACE AMOUNT.




$$
