000
CDUS44 KLZK 290653
CLIPBF


CLIMATE REPORT
NATIONAL WEATHER SERVICE LITTLE ROCK AR
150 AM CDT THU JUN 29 2017


...................................

...THE PINE BLUFF CLIMATE SUMMARY FOR JUNE 28 2017...

CLIMATE NORMAL PERIOD 1981 TO 2010
CLIMATE RECORD PERIOD 1883 TO 2017


WEATHER ITEM   OBSERVED TIME   RECORD YEAR NORMAL DEPARTURE LAST
                VALUE   (LST)  VALUE       VALUE  FROM      YEAR
                                                  NORMAL
..................................................................
TEMPERATURE (F)
 YESTERDAY
  MAXIMUM         88    407 PM 104    1954  91     -3       89
                                      1925
  MINIMUM         66    517 AM  58    1958  71     -5       72
  AVERAGE         77                        81     -4       81

PRECIPITATION (IN)
  YESTERDAY        0.00          2.30 1997   0.10  -0.10     0.00
  MONTH TO DATE    5.51                      3.37   2.14     3.04
  SINCE JUN 1      5.51                      3.37   2.14     3.04
  SINCE JAN 1     30.63                     26.57   4.06    34.04

SNOWFALL (IN)
  YESTERDAY        0.0          MM      MM   0.0    0.0      0.0
  MONTH TO DATE    0.0                       0.0    0.0      0.0
  SINCE JUN 1      0.0                       0.0    0.0      0.0
  SINCE JUL 1      1.5                       3.1   -1.6      3.6
  SNOW DEPTH       0

DEGREE DAYS
 HEATING
  YESTERDAY        0                         0      0        0
  MONTH TO DATE    0                         0      0        0
  SINCE JUN 1      0                         0      0        0
  SINCE JUL 1   2034                      2881   -847     2234

 COOLING
  YESTERDAY       12                        16     -4       16
  MONTH TO DATE  326                       389    -63      437
  SINCE JUN 1    326                       389    -63      437
  SINCE JAN 1    669                       696    -27      685
..................................................................


WIND (MPH)
  HIGHEST WIND SPEED    15   HIGHEST WIND DIRECTION    SE (140)
  HIGHEST GUST SPEED    21   HIGHEST GUST DIRECTION    SE (140)
  AVERAGE WIND SPEED     6.0


SKY COVER
  POSSIBLE SUNSHINE  MM
  AVERAGE SKY COVER 0.1


WEATHER CONDITIONS
 THE FOLLOWING WEATHER WAS RECORDED YESTERDAY.
  FOG


RELATIVE HUMIDITY (PERCENT)
 HIGHEST   100           300 AM
 LOWEST     55          1100 AM
 AVERAGE    78

..........................................................


THE PINE BLUFF CLIMATE NORMALS FOR TODAY
                         NORMAL    RECORD    YEAR
 MAXIMUM TEMPERATURE (F)   91       106      1925
 MINIMUM TEMPERATURE (F)   71        58      1926


SUNRISE AND SUNSET
JUNE 29 2017..........SUNRISE   559 AM CDT   SUNSET   823 PM CDT
JUNE 30 2017..........SUNRISE   559 AM CDT   SUNSET   823 PM CDT


-  INDICATES NEGATIVE NUMBERS.
R  INDICATES RECORD WAS SET OR TIED.
MM INDICATES DATA IS MISSING.
T  INDICATES TRACE AMOUNT.




$$
