000
CDUS44 KLZK 272102
CLIPBF


CLIMATE REPORT
NATIONAL WEATHER SERVICE LITTLE ROCK AR
402 PM CDT WED AUG 27 2014


...................................

...THE PINE BLUFF CLIMATE SUMMARY FOR AUGUST 27 2014...
VALID TODAY AS OF 0400 PM LOCAL TIME.

CLIMATE NORMAL PERIOD 1981 TO 2010
CLIMATE RECORD PERIOD 1883 TO 2014


WEATHER ITEM   OBSERVED TIME   RECORD YEAR NORMAL DEPARTURE LAST
                VALUE   (LST)  VALUE       VALUE  FROM      YEAR
                                                  NORMAL
..................................................................
TEMPERATURE (F)
 TODAY
  MAXIMUM         91    156 PM 111    1943  91      0       94
  MINIMUM         70    519 AM  57    1927  69      1       67
  AVERAGE         81                        80      1       81

PRECIPITATION (IN)
  TODAY            0.00          1.04 1888   0.06  -0.06     0.00
  MONTH TO DATE    2.12                      2.22  -0.10     2.96
  SINCE JUN 1      7.50                      9.73  -2.23     6.19
  SINCE JAN 1     29.77                     32.93  -3.16    33.63

SNOWFALL (IN)
  TODAY            0.0          MM      MM   0.0    0.0      0.0
  MONTH TO DATE    0.0                       0.0    0.0      0.0
  SINCE JUN 1      0.0                       0.0    0.0      0.0
  SINCE JUL 1      0.0                       0.0    0.0      0.0
  SNOW DEPTH       0

DEGREE DAYS
 HEATING
  TODAY            0                         0      0        0
  MONTH TO DATE    0                         0      0        0
  SINCE JUN 1      1                         0      1        0
  SINCE JUL 1      1                         0      1        0

 COOLING
  TODAY           16                        15      1       16
  MONTH TO DATE  400                       443    -43      431
  SINCE JUN 1   1179                      1393   -214     1321
  SINCE JAN 1   1442                      1700   -258     1588
..................................................................


WIND (MPH)
  HIGHEST WIND SPEED    12   HIGHEST WIND DIRECTION     E (80)
  HIGHEST GUST SPEED    14   HIGHEST GUST DIRECTION     E (90)
  AVERAGE WIND SPEED     1.7


SKY COVER
  POSSIBLE SUNSHINE  MM
  AVERAGE SKY COVER 0.1


WEATHER CONDITIONS
 THE FOLLOWING WEATHER WAS RECORDED TODAY.
  FOG


RELATIVE HUMIDITY (PERCENT)
 HIGHEST   100           400 AM
 LOWEST     49           200 PM
 AVERAGE    75

..........................................................


THE PINE BLUFF CLIMATE NORMALS FOR TOMORROW
                         NORMAL    RECORD    YEAR
 MAXIMUM TEMPERATURE (F)   91       104      2000
                                             1954
                                             1924
 MINIMUM TEMPERATURE (F)   69        54      1967
                                             1906


SUNRISE AND SUNSET
AUGUST 27 2014........SUNRISE   638 AM CDT   SUNSET   740 PM CDT
AUGUST 28 2014........SUNRISE   638 AM CDT   SUNSET   739 PM CDT


-  INDICATES NEGATIVE NUMBERS.
R  INDICATES RECORD WAS SET OR TIED.
MM INDICATES DATA IS MISSING.
T  INDICATES TRACE AMOUNT.




$$
