459
CDUS44 KLZK 030650
CLIPBF


CLIMATE REPORT
NATIONAL WEATHER SERVICE LITTLE ROCK AR
150 AM CDT TUE MAY 3 2016


...................................

...THE PINE BLUFF CLIMATE SUMMARY FOR MAY 2 2016...

CLIMATE NORMAL PERIOD 1981 TO 2010
CLIMATE RECORD PERIOD 1883 TO 2016


WEATHER ITEM   OBSERVED TIME   RECORD YEAR NORMAL DEPARTURE LAST
                VALUE   (LST)  VALUE       VALUE  FROM      YEAR
                                                  NORMAL
..................................................................
TEMPERATURE (F)
 YESTERDAY
  MAXIMUM         68    124 AM  93    1946  78    -10       78
                                      1943
  MINIMUM         55    724 AM  36    1909  57     -2       46
  AVERAGE         62                        68     -6       62

PRECIPITATION (IN)
  YESTERDAY        0.57          3.64 1984   0.17   0.40     0.00
  MONTH TO DATE    0.57                      0.34   0.23     0.00
  SINCE MAR 1     21.08                     10.67  10.41    15.71
  SINCE JAN 1     27.13                     18.49   8.64    22.64

SNOWFALL (IN)
  YESTERDAY        0.0          MM      MM   0.0    0.0      0.0
  MONTH TO DATE    0.0                       0.0    0.0      0.0
  SINCE MAR 1      0.0                       0.0    0.0      2.0
  SINCE JUL 1      3.6                       3.1    0.5      9.2
  SNOW DEPTH       0

DEGREE DAYS
 HEATING
  YESTERDAY        3                         1      2        3
  MONTH TO DATE    3                         3      0        5
  SINCE MAR 1    302                       479   -177      507
  SINCE JUL 1   2209                      2867   -658     3241

 COOLING
  YESTERDAY        0                         4     -4        0
  MONTH TO DATE    9                         8      1        0
  SINCE MAR 1     92                        92      0       85
  SINCE JAN 1     96                        95      1       85
..................................................................


WIND (MPH)
  HIGHEST WIND SPEED    29   HIGHEST WIND DIRECTION    NW (320)
  HIGHEST GUST SPEED    38   HIGHEST GUST DIRECTION    NW (320)
  AVERAGE WIND SPEED     8.5


SKY COVER
  POSSIBLE SUNSHINE  MM
  AVERAGE SKY COVER 0.7


WEATHER CONDITIONS
 THE FOLLOWING WEATHER WAS RECORDED YESTERDAY.
  THUNDERSTORM
  HEAVY RAIN
  RAIN
  LIGHT RAIN
  FOG


RELATIVE HUMIDITY (PERCENT)
 HIGHEST   100          1100 PM
 LOWEST     63           200 AM
 AVERAGE    82

..........................................................


THE PINE BLUFF CLIMATE NORMALS FOR TODAY
                         NORMAL    RECORD    YEAR
 MAXIMUM TEMPERATURE (F)   79        92      1952
                                             1943
 MINIMUM TEMPERATURE (F)   57        40      2013


SUNRISE AND SUNSET
MAY  3 2016...........SUNRISE   616 AM CDT   SUNSET   754 PM CDT
MAY  4 2016...........SUNRISE   615 AM CDT   SUNSET   755 PM CDT


-  INDICATES NEGATIVE NUMBERS.
R  INDICATES RECORD WAS SET OR TIED.
MM INDICATES DATA IS MISSING.
T  INDICATES TRACE AMOUNT.




$$
