000
CDUS44 KLZK 050920
CLIPBF


CLIMATE REPORT
NATIONAL WEATHER SERVICE LITTLE ROCK AR
419 AM CDT WED AUG 5 2015


...................................

...THE PINE BLUFF CLIMATE SUMMARY FOR AUGUST 4 2015...

CLIMATE NORMAL PERIOD 1981 TO 2010
CLIMATE RECORD PERIOD 1883 TO 2015


WEATHER ITEM   OBSERVED TIME   RECORD YEAR NORMAL DEPARTURE LAST
                VALUE   (LST)  VALUE       VALUE  FROM      YEAR
                                                  NORMAL
..................................................................
TEMPERATURE (F)
 YESTERDAY
  MAXIMUM         98    344 PM 109    1918  93      5       90
  MINIMUM         71    541 AM  59    1974  72     -1       67
                                      1920
                                      1915
  AVERAGE         85                        82      3       79

PRECIPITATION (IN)
  YESTERDAY        0.00          1.60 1946   0.10  -0.10     0.00
  MONTH TO DATE    0.00                      0.42  -0.42     0.06
  SINCE JUN 1      4.70                      7.93  -3.23     5.44
  SINCE JAN 1     32.35                     31.13   1.22    27.71

SNOWFALL (IN)
  YESTERDAY        0.0          MM      MM   0.0    0.0      0.0
  MONTH TO DATE    0.0                       0.0    0.0      0.0
  SINCE JUN 1      0.0                       0.0    0.0      0.0
  SINCE JUL 1      0.0                       0.0    0.0      0.0
  SNOW DEPTH       0

DEGREE DAYS
 HEATING
  YESTERDAY        0                         0      0        0
  MONTH TO DATE    0                         0      0        0
  SINCE JUN 1      0                         0      0        1
  SINCE JUL 1      0                         0      0        1

 COOLING
  YESTERDAY       20                        17      3       14
  MONTH TO DATE   72                        68      4       47
  SINCE JUN 1   1112                      1018     94      826
  SINCE JAN 1   1441                      1325    116     1089
..................................................................


WIND (MPH)
  HIGHEST WIND SPEED    12   HIGHEST WIND DIRECTION    SW (210)
  HIGHEST GUST SPEED    13   HIGHEST GUST DIRECTION     S (180)
  AVERAGE WIND SPEED     2.1


SKY COVER
  POSSIBLE SUNSHINE  MM
  AVERAGE SKY COVER 0.0


WEATHER CONDITIONS
 THE FOLLOWING WEATHER WAS RECORDED YESTERDAY.
  FOG


RELATIVE HUMIDITY (PERCENT)
 HIGHEST    93          1200 AM
 LOWEST     33           100 PM
 AVERAGE    63

..........................................................


THE PINE BLUFF CLIMATE NORMALS FOR TODAY
                         NORMAL    RECORD    YEAR
 MAXIMUM TEMPERATURE (F)   93       107      1918
 MINIMUM TEMPERATURE (F)   72        57      1912


SUNRISE AND SUNSET
AUGUST  5 2015........SUNRISE   622 AM CDT   SUNSET   805 PM CDT
AUGUST  6 2015........SUNRISE   622 AM CDT   SUNSET   804 PM CDT


-  INDICATES NEGATIVE NUMBERS.
R  INDICATES RECORD WAS SET OR TIED.
MM INDICATES DATA IS MISSING.
T  INDICATES TRACE AMOUNT.




$$
