000
CDUS44 KLZK 061010
CLIPBF


CLIMATE REPORT
NATIONAL WEATHER SERVICE LITTLE ROCK AR
407 AM CST FRI MAR 6 2015


...................................

...THE PINE BLUFF CLIMATE SUMMARY FOR MARCH 5 2015...

CLIMATE NORMAL PERIOD 1981 TO 2010
CLIMATE RECORD PERIOD 1883 TO 2015


WEATHER ITEM   OBSERVED TIME   RECORD YEAR NORMAL DEPARTURE LAST
                VALUE   (LST)  VALUE       VALUE  FROM      YEAR
                                                  NORMAL
..................................................................
TEMPERATURE (F)
 YESTERDAY
  MAXIMUM         34    425 PM  96    1918  61    -27       35
  MINIMUM         20R  1159 PM  20    1960  41    -21       24
  AVERAGE         27                        51    -24       30

PRECIPITATION (IN)
  YESTERDAY        0.38          2.30 1919   0.18   0.20     0.02
  MONTH TO DATE    2.47                      0.91   1.56     1.69
  SINCE MAR 1      2.47                      0.91   1.56     1.69
  SINCE JAN 1      9.40                      8.73   0.67     7.12

SNOWFALL (IN)
  YESTERDAY        2.0 R         T    1992   0.0    2.0      0.0
  MONTH TO DATE    2.0                       0.0    2.0       T
  SINCE MAR 1      2.0                       0.0    2.0       T
  SINCE JUL 1      9.2                       3.1    6.1      3.7
  SNOW DEPTH       2

DEGREE DAYS
 HEATING
  YESTERDAY       38                        14     24       35
  MONTH TO DATE  133                        74     59      138
  SINCE MAR 1    133                        74     59      138
  SINCE JUL 1   2867                      2462    405     2907

 COOLING
  YESTERDAY        0                         0      0        0
  MONTH TO DATE    0                         0      0        0
  SINCE MAR 1      0                         0      0        0
  SINCE JAN 1      0                         3     -3        0
..................................................................


WIND (MPH)
  HIGHEST WIND SPEED    31   HIGHEST WIND DIRECTION     N (10)
  HIGHEST GUST SPEED    40   HIGHEST GUST DIRECTION     N (10)
  AVERAGE WIND SPEED    11.5


SKY COVER
  POSSIBLE SUNSHINE  MM
  AVERAGE SKY COVER 0.4


WEATHER CONDITIONS
 THE FOLLOWING WEATHER WAS RECORDED YESTERDAY.
  LIGHT SNOW
  FOG
  HAZE
  BLOWING SNOW


RELATIVE HUMIDITY (PERCENT)
 HIGHEST    92          1200 AM
 LOWEST     41           400 PM
 AVERAGE    67

..........................................................


THE PINE BLUFF CLIMATE NORMALS FOR TODAY
                         NORMAL    RECORD    YEAR
 MAXIMUM TEMPERATURE (F)   62        88      1905
 MINIMUM TEMPERATURE (F)   41        19      1920


SUNRISE AND SUNSET
MARCH  6 2015.........SUNRISE   630 AM CST   SUNSET   608 PM CST
MARCH  7 2015.........SUNRISE   629 AM CST   SUNSET   609 PM CST


-  INDICATES NEGATIVE NUMBERS.
R  INDICATES RECORD WAS SET OR TIED.
MM INDICATES DATA IS MISSING.
T  INDICATES TRACE AMOUNT.




$$
