000
CDUS42 KMFL 200923
CLIPBI


CLIMATE REPORT
NATIONAL WEATHER SERVICE MIAMI, FL
423 AM EST MON NOV 20 2017


...................................

...THE WEST PALM BEACH CLIMATE SUMMARY FOR NOVEMBER 19 2017...

CLIMATE NORMAL PERIOD 1981 TO 2010
CLIMATE RECORD PERIOD 1888 TO 2017


WEATHER ITEM   OBSERVED TIME   RECORD YEAR NORMAL DEPARTURE LAST
                VALUE   (LST)  VALUE       VALUE  FROM      YEAR
                                                  NORMAL
..................................................................
TEMPERATURE (F)
 YESTERDAY
  MAXIMUM         81    444 PM  88    1902  80      1       81
  MINIMUM         67    746 AM  40    1923  65      2       61
  AVERAGE         74                        72      2       71

PRECIPITATION (IN)
  YESTERDAY        0.00          1.80 1987   0.14  -0.14     0.00
  MONTH TO DATE    1.96                      3.30  -1.34     0.97
  SINCE NOV 1      1.96                      3.30  -1.34     0.97
  SINCE JAN 1     57.65                     57.50   0.15    47.58

SNOWFALL (IN)
  YESTERDAY        0.0
  MONTH TO DATE    0.0
  SINCE SEP 1      0.0
  SINCE JUL 1      0.0
  SNOW DEPTH       0

DEGREE DAYS
 HEATING
  YESTERDAY        0                         0      0        0
  MONTH TO DATE    0                         0      0        0
  SINCE SEP 1      4                         1      3        0
  SINCE JUL 1      4                         1      3        0

 COOLING
  YESTERDAY        9                         8      1        6
  MONTH TO DATE  207                       169     38      174
  SINCE SEP 1   1204                      1084    120     1204
  SINCE JAN 1   4265                      3790    475     4325
..................................................................


WIND (MPH)
  HIGHEST WIND SPEED    12   HIGHEST WIND DIRECTION     W (290)
  HIGHEST GUST SPEED    12   HIGHEST GUST DIRECTION     W (290)
  AVERAGE WIND SPEED     5.5


SKY COVER
  AVERAGE SKY COVER 0.1


WEATHER CONDITIONS
 THE FOLLOWING WEATHER WAS RECORDED YESTERDAY.
  NO SIGNIFICANT WEATHER WAS OBSERVED.


RELATIVE HUMIDITY (PERCENT)
 HIGHEST    81
 LOWEST     49
 AVERAGE    65

..........................................................


THE WEST PALM BEACH CLIMATE NORMALS FOR TODAY
                         NORMAL    RECORD    YEAR
 MAXIMUM TEMPERATURE (F)   79        88      1948
 MINIMUM TEMPERATURE (F)   65        44      1918
                                             1916


SUNRISE AND SUNSET
NOVEMBER 20 2017......SUNRISE   644 AM EST   SUNSET   528 PM EST
NOVEMBER 21 2017......SUNRISE   644 AM EST   SUNSET   528 PM EST


-  INDICATES NEGATIVE NUMBERS.
R  INDICATES RECORD WAS SET OR TIED.
MM INDICATES DATA IS MISSING.
T  INDICATES TRACE AMOUNT.




$$
