000
CDUS42 KMFL 222052
CLIPBI


CLIMATE REPORT
NATIONAL WEATHER SERVICE MIAMI, FL
452 PM EDT FRI SEP 22 2017


...................................

...THE WEST PALM BEACH CLIMATE SUMMARY FOR SEPTEMBER 22 2017...
VALID TODAY AS OF 0400 PM LOCAL TIME.

CLIMATE NORMAL PERIOD 1981 TO 2010
CLIMATE RECORD PERIOD 1888 TO 2017


WEATHER ITEM   OBSERVED TIME   RECORD YEAR NORMAL DEPARTURE LAST
                VALUE   (LST)  VALUE       VALUE  FROM      YEAR
                                                  NORMAL
..................................................................
TEMPERATURE (F)
 TODAY
  MAXIMUM         89   1143 AM  94    1942  88      1       90
  MINIMUM         79    643 AM  61    1897  75      4       77
  AVERAGE         84                        82      2       84

PRECIPITATION (IN)
  TODAY            T             4.43 1948   0.27  -0.27     0.00
  MONTH TO DATE    4.04                      6.26  -2.22     6.03
  SINCE JUN 1     27.52                     28.27  -0.75    18.84
  SINCE JAN 1     38.93                     46.98  -8.05    40.23

SNOWFALL (IN)
  TODAY            0.0
  MONTH TO DATE    0.0
  SINCE SEP 1      0.0
  SINCE JUL 1      0.0
  SNOW DEPTH       0

DEGREE DAYS
 HEATING
  TODAY            0                         0      0        0
  MONTH TO DATE    0                         0      0        0
  SINCE SEP 1      0                         0      0        0
  SINCE JUL 1      0                         0      0        0

 COOLING
  TODAY           19                        16      3       19
  MONTH TO DATE  420                       373     47      422
  SINCE SEP 1    420                       373     47      422
  SINCE JAN 1   3481                      3079    402     3543
..................................................................


WIND (MPH)
  HIGHEST WIND SPEED    22   HIGHEST WIND DIRECTION    SE (120)
  HIGHEST GUST SPEED    25   HIGHEST GUST DIRECTION     E (110)
  AVERAGE WIND SPEED     5.8


SKY COVER
  AVERAGE SKY COVER 0.5


WEATHER CONDITIONS
 THE FOLLOWING WEATHER WAS RECORDED TODAY.
  THUNDERSTORM


RELATIVE HUMIDITY (PERCENT)
 HIGHEST    85
 LOWEST     64
 AVERAGE    75

..........................................................


THE WEST PALM BEACH CLIMATE NORMALS FOR TOMORROW
                         NORMAL    RECORD    YEAR
 MAXIMUM TEMPERATURE (F)   88        94      1990
 MINIMUM TEMPERATURE (F)   75        64      1897


SUNRISE AND SUNSET
SEPTEMBER 22 2017.....SUNRISE   709 AM EDT   SUNSET   717 PM EDT
SEPTEMBER 23 2017.....SUNRISE   710 AM EDT   SUNSET   715 PM EDT


-  INDICATES NEGATIVE NUMBERS.
R  INDICATES RECORD WAS SET OR TIED.
MM INDICATES DATA IS MISSING.
T  INDICATES TRACE AMOUNT.




$$
