000
CDUS42 KMFL 222120
CLIPBI


CLIMATE REPORT
NATIONAL WEATHER SERVICE MIAMI, FL
419 PM EST WED FEB 22 2017


...................................

...THE WEST PALM BEACH CLIMATE SUMMARY FOR FEBRUARY 22 2017...
VALID TODAY AS OF 0400 PM LOCAL TIME.

CLIMATE NORMAL PERIOD 1981 TO 2010
CLIMATE RECORD PERIOD 1888 TO 2017


WEATHER ITEM   OBSERVED TIME   RECORD YEAR NORMAL DEPARTURE LAST
                VALUE   (LST)  VALUE       VALUE  FROM      YEAR
                                                  NORMAL
..................................................................
TEMPERATURE (F)
 TODAY
  MAXIMUM         77   1228 PM  89    1974  77      0       79
  MINIMUM         65    411 PM  39    1978  60      5       67
  AVERAGE         71                        68      3       73

PRECIPITATION (IN)
  TODAY           MM             2.88 1966   0.10  MM         T
  MONTH TO DATE    0.03                      2.13  -2.10     1.49
  SINCE NOV 1      5.50                     13.39  -7.89    21.79
  SINCE JAN 1      1.03                      5.26  -4.23    11.39

SNOWFALL (IN)
  TODAY            0.0
  MONTH TO DATE    0.0
  SINCE DEC 1      0.0
  SINCE JUL 1      0.0
  SNOW DEPTH       0

DEGREE DAYS
 HEATING
  TODAY            0                         1     -1        0
  MONTH TO DATE    2                        42    -40       50
  SINCE DEC 1     51                       187   -136      116
  SINCE JUL 1     52                       199   -147      116

 COOLING
  TODAY            6                         5      1        8
  MONTH TO DATE  121                        98     23       86
  SINCE DEC 1    585                       361    224      533
  SINCE JAN 1    292                       206     86      177
..................................................................


WIND (MPH)
  HIGHEST WIND SPEED    23   HIGHEST WIND DIRECTION    SE (140)
  HIGHEST GUST SPEED    31   HIGHEST GUST DIRECTION    SE (140)
  AVERAGE WIND SPEED    15.0


SKY COVER
  AVERAGE SKY COVER 0.8


WEATHER CONDITIONS
 THE FOLLOWING WEATHER WAS RECORDED TODAY.
  THUNDERSTORM
  HEAVY RAIN
  RAIN
  LIGHT RAIN
  FOG


RELATIVE HUMIDITY (PERCENT)
 HIGHEST    93
 LOWEST     60
 AVERAGE    77

..........................................................


THE WEST PALM BEACH CLIMATE NORMALS FOR TOMORROW
                         NORMAL    RECORD    YEAR
 MAXIMUM TEMPERATURE (F)   77        88      1991
                                             1990
 MINIMUM TEMPERATURE (F)   60        32      1978


SUNRISE AND SUNSET
FEBRUARY 22 2017......SUNRISE   650 AM EST   SUNSET   618 PM EST
FEBRUARY 23 2017......SUNRISE   650 AM EST   SUNSET   618 PM EST


-  INDICATES NEGATIVE NUMBERS.
R  INDICATES RECORD WAS SET OR TIED.
MM INDICATES DATA IS MISSING.
T  INDICATES TRACE AMOUNT.




$$
