000
CDUS42 KMFL 242034
CLIPBI


CLIMATE REPORT
NATIONAL WEATHER SERVICE MIAMI, FL
434 PM EDT THU APR 24 2014


...................................

...THE WEST PALM BEACH CLIMATE SUMMARY FOR APRIL 24 2014...
VALID TODAY AS OF 0400 PM LOCAL TIME.

CLIMATE NORMAL PERIOD 1981 TO 2010
CLIMATE RECORD PERIOD 1894 TO 2014


WEATHER ITEM   OBSERVED TIME   RECORD YEAR NORMAL DEPARTURE LAST
                VALUE   (LST)  VALUE       VALUE  FROM      YEAR
                                                  NORMAL
..................................................................
TEMPERATURE (F)
 TODAY
  MAXIMUM         85    303 PM  95    1988  83      2       81
  MINIMUM         67    525 AM  53    2012  67      0       72
  AVERAGE         76                        75      1       77

PRECIPITATION (IN)
  TODAY            0.00          3.63 1982   0.11  -0.11     0.00
  MONTH TO DATE    1.04                      3.05  -2.01     3.92
  SINCE OCT 1     23.18                     26.85  -3.67    19.42
  SINCE JAN 1     14.92                     13.59   1.33     8.08

SNOWFALL (IN)
  TODAY            0.0
  MONTH TO DATE    0.0
  SINCE MAR 1      0.0
  SINCE JUL 1      0.0
  SNOW DEPTH       0

DEGREE DAYS
 HEATING
  TODAY            0                         0      0
  MONTH TO DATE    0                         0      0
  SINCE MAR 1      7                        24    -17
  SINCE JUL 1    122                       229   -107

 COOLING
  TODAY           11                        10      1
  MONTH TO DATE  243                       203     40
  SINCE MAR 1    445                       396     49
  SINCE JAN 1    791                       631    160
..................................................................


WIND (MPH)
  HIGHEST WIND SPEED    18   HIGHEST WIND DIRECTION    SE (120)
  HIGHEST GUST SPEED    23   HIGHEST GUST DIRECTION    SE (130)
  AVERAGE WIND SPEED     6.0


SKY COVER
  AVERAGE SKY COVER 0.3


WEATHER CONDITIONS
 THE FOLLOWING WEATHER WAS RECORDED TODAY.
  NO SIGNIFICANT WEATHER WAS OBSERVED.


RELATIVE HUMIDITY (PERCENT)
 HIGHEST    84
 LOWEST     48
 AVERAGE    66

..........................................................


THE WEST PALM BEACH CLIMATE NORMALS FOR TOMORROW
                         NORMAL    RECORD    YEAR
 MAXIMUM TEMPERATURE (F)   83        97      1971
 MINIMUM TEMPERATURE (F)   67        50      2005


SUNRISE AND SUNSET
APRIL 24 2014.........SUNRISE   648 AM EDT   SUNSET   749 PM EDT
APRIL 25 2014.........SUNRISE   647 AM EDT   SUNSET   750 PM EDT


-  INDICATES NEGATIVE NUMBERS.
R  INDICATES RECORD WAS SET OR TIED.
MM INDICATES DATA IS MISSING.
T  INDICATES TRACE AMOUNT.




$$
