000
CDUS42 KMFL 220920
CLIPBI


CLIMATE REPORT
NATIONAL WEATHER SERVICE MIAMI, FL
420 AM EST MON JAN 22 2018


...................................

...THE WEST PALM BEACH CLIMATE SUMMARY FOR JANUARY 21 2018...

CLIMATE NORMAL PERIOD 1981 TO 2010
CLIMATE RECORD PERIOD 1888 TO 2018


WEATHER ITEM   OBSERVED TIME   RECORD YEAR NORMAL DEPARTURE LAST
                VALUE   (LST)  VALUE       VALUE  FROM      YEAR
                                                  NORMAL
..................................................................
TEMPERATURE (F)
 YESTERDAY
  MAXIMUM         76    347 PM  86    1990  75      1       81
  MINIMUM         62   1245 AM  32    1985  57      5       62
  AVERAGE         69                        66      3       72

PRECIPITATION (IN)
  YESTERDAY        0.00          6.29 1957   0.10  -0.10      T
  MONTH TO DATE    3.94                      2.19   1.75     0.24
  SINCE NOV 1      7.38                     10.32  -2.94     4.71
  SINCE JAN 1      3.94                      2.19   1.75     0.24

SNOWFALL (IN)
  YESTERDAY        0.0
  MONTH TO DATE    0.0
  SINCE DEC 1      0.0
  SINCE JUL 1      0.0
  SNOW DEPTH       0

DEGREE DAYS
 HEATING
  YESTERDAY        0                         3     -3        0
  MONTH TO DATE   79                        63     16       15
  SINCE DEC 1    128                       122      6       21
  SINCE JUL 1    132                       134     -2       22

 COOLING
  YESTERDAY        4                         3      1        7
  MONTH TO DATE   45                        70    -25      143
  SINCE DEC 1    222                       225     -3      436
  SINCE JAN 1     45                        70    -25      143
..................................................................


WIND (MPH)
  HIGHEST WIND SPEED    20   HIGHEST WIND DIRECTION     E (70)
  HIGHEST GUST SPEED    25   HIGHEST GUST DIRECTION     E (90)
  AVERAGE WIND SPEED    12.7


SKY COVER
  AVERAGE SKY COVER 0.7


WEATHER CONDITIONS
 THE FOLLOWING WEATHER WAS RECORDED YESTERDAY.
  NO SIGNIFICANT WEATHER WAS OBSERVED.


RELATIVE HUMIDITY (PERCENT)
 HIGHEST    84
 LOWEST     69
 AVERAGE    77

..........................................................


THE WEST PALM BEACH CLIMATE NORMALS FOR TODAY
                         NORMAL    RECORD    YEAR
 MAXIMUM TEMPERATURE (F)   75        88      1926
 MINIMUM TEMPERATURE (F)   57        28      1985


SUNRISE AND SUNSET
JANUARY 22 2018.......SUNRISE   709 AM EST   SUNSET   555 PM EST
JANUARY 23 2018.......SUNRISE   709 AM EST   SUNSET   556 PM EST


-  INDICATES NEGATIVE NUMBERS.
R  INDICATES RECORD WAS SET OR TIED.
MM INDICATES DATA IS MISSING.
T  INDICATES TRACE AMOUNT.




$$
