000
CDUS42 KMFL 020821
CLIPBI


CLIMATE REPORT
NATIONAL WEATHER SERVICE MIAMI, FL
420 AM EDT THU JUL 2 2015


...................................

...THE WEST PALM BEACH CLIMATE SUMMARY FOR JULY 1 2015...

CLIMATE NORMAL PERIOD 1981 TO 2010
CLIMATE RECORD PERIOD 1888 TO 2015


WEATHER ITEM   OBSERVED TIME   RECORD YEAR NORMAL DEPARTURE LAST
                VALUE   (LST)  VALUE       VALUE  FROM      YEAR
                                                  NORMAL
..................................................................
TEMPERATURE (F)
 YESTERDAY
  MAXIMUM         91    212 PM  96    1998  89      2       83
  MINIMUM         72    155 AM  67    1911  75     -3       76
  AVERAGE         82                        82      0       80

PRECIPITATION (IN)
  YESTERDAY        0.00          2.16 1962   0.23  -0.23     1.07
  MONTH TO DATE    0.00                      0.23  -0.23     1.07
  SINCE JUN 1      4.02                      8.53  -4.51     9.05
  SINCE JAN 1     17.77                     27.24  -9.47    26.77

SNOWFALL (IN)
  YESTERDAY        0.0
  MONTH TO DATE    0.0
  SINCE JUN 1      0.0
  SINCE JUL 1      0.0
  SNOW DEPTH       0

DEGREE DAYS
 HEATING
  YESTERDAY        0                         0      0        0
  MONTH TO DATE    0                         0      0        0
  SINCE JUN 1      0                         0      0        0
  SINCE JUL 1      0                         0      0        0

 COOLING
  YESTERDAY       17                        17      0       15
  MONTH TO DATE   17                        17      0       15
  SINCE JUN 1    552                       507     45      503
  SINCE JAN 1   2086                      1616    470     1855
..................................................................


WIND (MPH)
  HIGHEST WIND SPEED    15   HIGHEST WIND DIRECTION     E (110)
  HIGHEST GUST SPEED    23   HIGHEST GUST DIRECTION    SE (120)
  AVERAGE WIND SPEED     7.2


SKY COVER
  AVERAGE SKY COVER 0.7


WEATHER CONDITIONS
 THE FOLLOWING WEATHER WAS RECORDED YESTERDAY.
  THUNDERSTORM


RELATIVE HUMIDITY (PERCENT)
 HIGHEST    93
 LOWEST     59
 AVERAGE    76

..........................................................


THE WEST PALM BEACH CLIMATE NORMALS FOR TODAY
                         NORMAL    RECORD    YEAR
 MAXIMUM TEMPERATURE (F)   89       100      1927
 MINIMUM TEMPERATURE (F)   75        68      1921


SUNRISE AND SUNSET
JULY  2 2015..........SUNRISE   631 AM EDT   SUNSET   818 PM EDT
JULY  3 2015..........SUNRISE   631 AM EDT   SUNSET   818 PM EDT


-  INDICATES NEGATIVE NUMBERS.
R  INDICATES RECORD WAS SET OR TIED.
MM INDICATES DATA IS MISSING.
T  INDICATES TRACE AMOUNT.




$$
