000
CDUS42 KMFL 290821
CLIPBI


CLIMATE REPORT
NATIONAL WEATHER SERVICE MIAMI, FL
421 AM EDT WED JUL 29 2015


...................................

...THE WEST PALM BEACH CLIMATE SUMMARY FOR JULY 28 2015...

CLIMATE NORMAL PERIOD 1981 TO 2010
CLIMATE RECORD PERIOD 1888 TO 2015


WEATHER ITEM   OBSERVED TIME   RECORD YEAR NORMAL DEPARTURE LAST
                VALUE   (LST)  VALUE       VALUE  FROM      YEAR
                                                  NORMAL
..................................................................
TEMPERATURE (F)
 YESTERDAY
  MAXIMUM         94    438 PM  97    1950  90      4       94
                                      1912
  MINIMUM         76    559 AM  69    1921  76      0       78
                                      1917
                                      1911
  AVERAGE         85                        83      2       86

PRECIPITATION (IN)
  YESTERDAY        0.00          1.95 1915   0.17  -0.17     0.00
  MONTH TO DATE    4.74                      5.22  -0.48     7.08
  SINCE JUN 1      8.76                     13.52  -4.76    15.06
  SINCE JAN 1     22.51                     32.23  -9.72    32.78

SNOWFALL (IN)
  YESTERDAY        0.0
  MONTH TO DATE    0.0
  SINCE JUN 1      0.0
  SINCE JUL 1      0.0
  SNOW DEPTH       0

DEGREE DAYS
 HEATING
  YESTERDAY        0                         0      0        0
  MONTH TO DATE    0                         0      0        0
  SINCE JUN 1      0                         0      0        0
  SINCE JUL 1      0                         0      0        0

 COOLING
  YESTERDAY       20                        18      2       21
  MONTH TO DATE  526                       493     33      506
  SINCE JUN 1   1061                       983     78      994
  SINCE JAN 1   2595                      2092    503     2346
..................................................................


WIND (MPH)
  HIGHEST WIND SPEED    18   HIGHEST WIND DIRECTION    SW (220)
  HIGHEST GUST SPEED    24   HIGHEST GUST DIRECTION     W (250)
  AVERAGE WIND SPEED     9.3


SKY COVER
  AVERAGE SKY COVER 0.6


WEATHER CONDITIONS
 THE FOLLOWING WEATHER WAS RECORDED YESTERDAY.
  NO SIGNIFICANT WEATHER WAS OBSERVED.


RELATIVE HUMIDITY (PERCENT)
 HIGHEST   100
 LOWEST     44
 AVERAGE    72

..........................................................


THE WEST PALM BEACH CLIMATE NORMALS FOR TODAY
                         NORMAL    RECORD    YEAR
 MAXIMUM TEMPERATURE (F)   90        96      1950
                                             1912
 MINIMUM TEMPERATURE (F)   76        68      1921
                                             1918


SUNRISE AND SUNSET
JULY 29 2015..........SUNRISE   644 AM EDT   SUNSET   810 PM EDT
JULY 30 2015..........SUNRISE   644 AM EDT   SUNSET   809 PM EDT


-  INDICATES NEGATIVE NUMBERS.
R  INDICATES RECORD WAS SET OR TIED.
MM INDICATES DATA IS MISSING.
T  INDICATES TRACE AMOUNT.




$$
