000
CDUS42 KFFC 030819
CLIPDK


CLIMATE REPORT
NATIONAL WEATHER SERVICE PEACHTREE CITY GA
418 AM EDT MON AUG 3 2015


...................................

...THE DEKALB PEACHTREE AIRPORT CLIMATE SUMMARY FOR AUGUST 2 2015...

CLIMATE NORMAL PERIOD 1981 TO 2010
CLIMATE RECORD PERIOD 9999 TO 9999


WEATHER ITEM   OBSERVED TIME   RECORD YEAR NORMAL DEPARTURE LAST
                VALUE   (LST)  VALUE       VALUE  FROM      YEAR
                                                  NORMAL
..................................................................
TEMPERATURE (F)
 YESTERDAY
  MAXIMUM         96    507 PM  MM      MM  89      7       84
  MINIMUM         68    550 AM  MM      MM  71     -3       66
  AVERAGE         82                        80      2       75

PRECIPITATION (IN)
  YESTERDAY        0.00         MM      MM   0.17  -0.17     0.01
  MONTH TO DATE    0.00                      0.33  -0.33     0.03
  SINCE JUN 1      3.97                     10.11  -6.14     7.92
  SINCE JAN 1     22.52                     32.60 -10.08    26.80

DEGREE DAYS
 COOLING
  YESTERDAY       17                        15      2       10
  MONTH TO DATE   34                        30      4       19
  SINCE JUN 1   1002                       842    160      803
  SINCE JAN 1   1279                      1053    226     1020
..................................................................


WIND (MPH)
  RESULTANT WIND SPEED   2   RESULTANT WIND DIRECTION   E (80)
  HIGHEST WIND SPEED    10   HIGHEST WIND DIRECTION    SE (120)
  HIGHEST GUST SPEED    16   HIGHEST GUST DIRECTION     E (100)
  AVERAGE WIND SPEED     3.5


SKY COVER
  AVERAGE SKY COVER 0.1


WEATHER CONDITIONS
 THE FOLLOWING WEATHER WAS RECORDED YESTERDAY.
  NO SIGNIFICANT WEATHER WAS OBSERVED.


RELATIVE HUMIDITY (PERCENT)
 HIGHEST    73           400 AM
 LOWEST     31           400 PM
 AVERAGE    52

..........................................................


THE DEKALB PEACHTREE AIRPORT CLIMATE NORMALS FOR TODAY
                         NORMAL    RECORD    YEAR
 MAXIMUM TEMPERATURE (F)   89        MM        MM
 MINIMUM TEMPERATURE (F)   71        MM        MM


SUNRISE AND SUNSET
AUGUST  3 2015........SUNRISE   650 AM EDT   SUNSET   836 PM EDT
AUGUST  4 2015........SUNRISE   651 AM EDT   SUNSET   835 PM EDT


-  INDICATES NEGATIVE NUMBERS.
R  INDICATES RECORD WAS SET OR TIED.
MM INDICATES DATA IS MISSING.
T  INDICATES TRACE AMOUNT.




$$
