000
CDUS42 KFFC 260834
CLIPDK


CLIMATE REPORT
NATIONAL WEATHER SERVICE PEACHTREE CITY GA
433 AM EDT MON SEP 26 2016


...................................

...THE DEKALB PEACHTREE AIRPORT CLIMATE SUMMARY FOR SEPTEMBER 25 2016...

CLIMATE NORMAL PERIOD 1981 TO 2010
CLIMATE RECORD PERIOD 9999 TO 9999


WEATHER ITEM   OBSERVED TIME   RECORD YEAR NORMAL DEPARTURE LAST
                VALUE   (LST)  VALUE       VALUE  FROM      YEAR
                                                  NORMAL
..................................................................
TEMPERATURE (F)
 YESTERDAY
  MAXIMUM         93    307 PM  MM      MM  80     13       67
  MINIMUM         65    618 AM  MM      MM  60      5       61
  AVERAGE         79                        70      9       64

PRECIPITATION (IN)
  YESTERDAY        0.00         MM      MM   0.17  -0.17     0.80
  MONTH TO DATE    2.89                      3.72  -0.83     2.05
  SINCE SEP 1      2.89                      3.72  -0.83     2.05
  SINCE JAN 1     28.52                     40.30 -11.78    31.73

DEGREE DAYS
 HEATING
  YESTERDAY        0                         1     -1        1
  MONTH TO DATE    0                         3     -3        5
  SINCE SEP 1      0                         3     -3        5
  SINCE JUL 1      0                         3     -3        5

 COOLING
  YESTERDAY       14                         5      9        0
  MONTH TO DATE  345                       223    122      222
  SINCE SEP 1    345                       223    122      222
  SINCE JAN 1   2209                      1680    529     1925
..................................................................


WIND (MPH)
  RESULTANT WIND SPEED   1   RESULTANT WIND DIRECTION  SE (140)
  HIGHEST WIND SPEED     8   HIGHEST WIND DIRECTION    NE (30)
  HIGHEST GUST SPEED    13   HIGHEST GUST DIRECTION    SE (150)
  AVERAGE WIND SPEED     1.4


SKY COVER
  AVERAGE SKY COVER 0.0


WEATHER CONDITIONS
 THE FOLLOWING WEATHER WAS RECORDED YESTERDAY.
  NO SIGNIFICANT WEATHER WAS OBSERVED.


RELATIVE HUMIDITY (PERCENT)
 HIGHEST    93           500 AM
 LOWEST     36          1200 PM
 AVERAGE    65

..........................................................


THE DEKALB PEACHTREE AIRPORT CLIMATE NORMALS FOR TODAY
                         NORMAL    RECORD    YEAR
 MAXIMUM TEMPERATURE (F)   80        MM        MM
 MINIMUM TEMPERATURE (F)   59        MM        MM


SUNRISE AND SUNSET
SEPTEMBER 26 2016.....SUNRISE   728 AM EDT   SUNSET   728 PM EDT
SEPTEMBER 27 2016.....SUNRISE   729 AM EDT   SUNSET   726 PM EDT


-  INDICATES NEGATIVE NUMBERS.
R  INDICATES RECORD WAS SET OR TIED.
MM INDICATES DATA IS MISSING.
T  INDICATES TRACE AMOUNT.




$$
