000
CDUS46 KPDT 060851
CLIPDT

CLIMATE REPORT
NATIONAL WEATHER SERVICE PENDLETON OR
150 AM PDT MON JUL 6 2015


...................................

...THE PENDLETON OR CLIMATE SUMMARY FOR JULY 5 2015...

CLIMATE NORMAL PERIOD 1981 TO 2010
CLIMATE RECORD PERIOD 1890 TO 2015


WEATHER ITEM   OBSERVED TIME   RECORD YEAR NORMAL DEPARTURE LAST
                VALUE   (LST)  VALUE       VALUE  FROM      YEAR
                                                  NORMAL
..................................................................
TEMPERATURE (F)
 YESTERDAY
  MAXIMUM         98    305 PM 107    2007  85     13       92
  MINIMUM         70   1159 PM  38    1932  55     15       60
  AVERAGE         84                        70     14       76

PRECIPITATION (IN)
  YESTERDAY        0.00          1.18 1948   0.01  -0.01     0.00
  MONTH TO DATE    0.00                      0.07  -0.07     0.00
  SINCE OCT 1      9.70                     11.46  -1.76     9.28
  SINCE JAN 1      5.00                      7.46  -2.46     7.49

SNOWFALL (IN)
  YESTERDAY        0.0           0.0  2002   0.0    0.0      0.0
                                      2001
                                      2000
  MONTH TO DATE    0.0                       0.0    0.0      0.0
  SINCE JAN 1      0.4                       7.7   -7.3     15.2
  SINCE JUL 1      0.0                       0.0    0.0      0.0
  SNOW DEPTH       0

DEGREE DAYS
 HEATING
  YESTERDAY        0                         1     -1        0
  MONTH TO DATE    0                         5     -5        0
  SINCE JUN 1     10                        88    -78       43
  SINCE JUL 1      0                         5     -5        0

 COOLING
  YESTERDAY       19                         6     13       11
  MONTH TO DATE   92                        27     65       56
  SINCE JUN 1    345                       106    239      116
  SINCE JAN 1    372                       129    243      138
..................................................................


WIND (MPH)
  HIGHEST WIND SPEED    15   HIGHEST WIND DIRECTION     N (20)
  HIGHEST GUST SPEED    20   HIGHEST GUST DIRECTION    NW (320)
  AVERAGE WIND SPEED     7.9


SKY COVER
  POSSIBLE SUNSHINE  MM
  AVERAGE SKY COVER 0.0


WEATHER CONDITIONS
 THE FOLLOWING WEATHER WAS RECORDED YESTERDAY.
  NO SIGNIFICANT WEATHER WAS OBSERVED.


RELATIVE HUMIDITY (PERCENT)
 HIGHEST    35           500 AM
 LOWEST     12           200 PM
 AVERAGE    24

..........................................................


THE PENDLETON OR CLIMATE NORMALS FOR TODAY
                         NORMAL    RECORD    YEAR
 MAXIMUM TEMPERATURE (F)   86       108      1968
 MINIMUM TEMPERATURE (F)   56        42      1898


SUNRISE AND SUNSET
JULY  6 2015..........SUNRISE   513 AM PDT   SUNSET   847 PM PDT
JULY  7 2015..........SUNRISE   514 AM PDT   SUNSET   847 PM PDT


-  INDICATES NEGATIVE NUMBERS.
R  INDICATES RECORD WAS SET OR TIED.
MM INDICATES DATA IS MISSING.
T  INDICATES TRACE AMOUNT.




$$
