000
CDUS46 KPDT 020032
CLIPDT

CLIMATE REPORT
NATIONAL WEATHER SERVICE PENDLETON OR
432 PM PST SUN FEB 1 2015


...................................

...THE PENDLETON OR CLIMATE SUMMARY FOR FEBRUARY 1 2015...
VALID TODAY AS OF 0400 PM LOCAL TIME.

CLIMATE NORMAL PERIOD 1981 TO 2010
CLIMATE RECORD PERIOD 1890 TO 2015


WEATHER ITEM   OBSERVED TIME   RECORD YEAR NORMAL DEPARTURE LAST
                VALUE   (LST)  VALUE       VALUE  FROM      YEAR
                                                  NORMAL
..................................................................
TEMPERATURE (F)
 TODAY
  MAXIMUM         36    359 PM  70    1934  44     -8       42
  MINIMUM         32    735 AM -17    1950  30      2       24
  AVERAGE         34                        37     -3       33

PRECIPITATION (IN)
  TODAY            0.13          0.91 1916   0.04   0.09      T
  MONTH TO DATE    0.13                      0.04   0.09      T
  SINCE OCT 1      5.55                      5.47   0.08     2.52
  SINCE JAN 1      0.85                      1.47  -0.62     0.73

SNOWFALL (IN)
  TODAY            0.0           4.6  1985   0.1   -0.1       T
  MONTH TO DATE    0.0                       0.1   -0.1       T
  SINCE JAN 1      0.4                       3.8   -3.4       T
  SINCE JUL 1      7.2                      11.3   -4.1      6.5
  SNOW DEPTH       0

DEGREE DAYS
 HEATING
  TODAY           31                        28      3       32
  MONTH TO DATE   31                        28      3       32
  SINCE DEC 1   1812                      1933   -121     2032
  SINCE JUL 1   2942                      3186   -244     3415

 COOLING
  TODAY            0                         0      0        0
  MONTH TO DATE    0                         0      0        0
  SINCE DEC 1      0                         0      0        0
  SINCE JAN 1      0                         0      0        0
..................................................................


WIND (MPH)
  HIGHEST WIND SPEED     7   HIGHEST WIND DIRECTION    SE (140)
  HIGHEST GUST SPEED     8   HIGHEST GUST DIRECTION    SE (130)
  AVERAGE WIND SPEED     2.1


SKY COVER
  POSSIBLE SUNSHINE  MM
  AVERAGE SKY COVER 1.0


WEATHER CONDITIONS
 THE FOLLOWING WEATHER WAS RECORDED TODAY.
  LIGHT RAIN
  FOG


RELATIVE HUMIDITY (PERCENT)
 HIGHEST    96           600 AM
 LOWEST     89          1200 AM
 AVERAGE    93

..........................................................


THE PENDLETON OR CLIMATE NORMALS FOR TOMORROW
                         NORMAL    RECORD    YEAR
 MAXIMUM TEMPERATURE (F)   44        66      1934
                                             1909
 MINIMUM TEMPERATURE (F)   30       -18      1950


SUNRISE AND SUNSET
FEBRUARY  1 2015......SUNRISE   717 AM PST   SUNSET   501 PM PST
FEBRUARY  2 2015......SUNRISE   716 AM PST   SUNSET   503 PM PST


-  INDICATES NEGATIVE NUMBERS.
R  INDICATES RECORD WAS SET OR TIED.
MM INDICATES DATA IS MISSING.
T  INDICATES TRACE AMOUNT.




$$
