000
CDUS46 KPDT 050840
CLIPDT

CLIMATE REPORT
NATIONAL WEATHER SERVICE PENDLETON OR
1239 AM PST THU MAR 5 2015


...................................

...THE PENDLETON OR CLIMATE SUMMARY FOR MARCH 4 2015...

CLIMATE NORMAL PERIOD 1981 TO 2010
CLIMATE RECORD PERIOD 1890 TO 2015


WEATHER ITEM   OBSERVED TIME   RECORD YEAR NORMAL DEPARTURE LAST
                VALUE   (LST)  VALUE       VALUE  FROM      YEAR
                                                  NORMAL
..................................................................
TEMPERATURE (F)
 YESTERDAY
  MAXIMUM         54    327 PM  75    1968  52      2       62
  MINIMUM         22    522 AM   7    1896  33    -11       36
  AVERAGE         38                        42     -4       49

PRECIPITATION (IN)
  YESTERDAY        0.00          1.00 1983   0.04  -0.04     0.00
  MONTH TO DATE    0.00                      0.18  -0.18     0.29
  SINCE OCT 1      6.25                      6.72  -0.47     4.44
  SINCE JAN 1      1.55                      2.72  -1.17     2.65

SNOWFALL (IN)
  YESTERDAY        0.0           3.2  1978   0.0    0.0      0.0
  MONTH TO DATE    0.0                       0.2   -0.2      1.0
  SINCE JAN 1      0.4                       7.2   -6.8     15.2
  SINCE JUL 1      7.2                      14.7   -7.5     21.7
  SNOW DEPTH       0

DEGREE DAYS
 HEATING
  YESTERDAY       27                        23      4       16
  MONTH TO DATE  115                        93     22      115
  SINCE MAR 1    115                        93     22      115
  SINCE JUL 1   3608                      3992   -384     4380

 COOLING
  YESTERDAY        0                         0      0        0
  MONTH TO DATE    0                         0      0        0
  SINCE MAR 1      0                         0      0        0
  SINCE JAN 1      0                         0      0        0
..................................................................


WIND (MPH)
  HIGHEST WIND SPEED    13   HIGHEST WIND DIRECTION     E (80)
  HIGHEST GUST SPEED    16   HIGHEST GUST DIRECTION    SE (150)
  AVERAGE WIND SPEED     6.6


SKY COVER
  POSSIBLE SUNSHINE  MM
  AVERAGE SKY COVER 0.0


WEATHER CONDITIONS
THE FOLLOWING WEATHER WAS RECORDED YESTERDAY.
  NO SIGNIFICANT WEATHER WAS OBSERVED.


RELATIVE HUMIDITY (PERCENT)
 HIGHEST    74           200 AM
 LOWEST     13           500 PM
 AVERAGE    44

..........................................................


THE PENDLETON OR CLIMATE NORMALS FOR TODAY
                         NORMAL    RECORD    YEAR
 MAXIMUM TEMPERATURE (F)   52        74      1972
 MINIMUM TEMPERATURE (F)   33        10      1955


SUNRISE AND SUNSET
MARCH  5 2015.........SUNRISE   627 AM PST   SUNSET   548 PM PST
MARCH  6 2015.........SUNRISE   625 AM PST   SUNSET   549 PM PST


-  INDICATES NEGATIVE NUMBERS.
R  INDICATES RECORD WAS SET OR TIED.
MM INDICATES DATA IS MISSING.
T  INDICATES TRACE AMOUNT.

$$
