000
CDUS46 KPDT 060836
CLIPDT

CLIMATE REPORT
NATIONAL WEATHER SERVICE PENDLETON OR
1235 AM PST SAT FEB 6 2016


...................................

...THE PENDLETON OR CLIMATE SUMMARY FOR FEBRUARY 5 2016...

CLIMATE NORMAL PERIOD 1981 TO 2010
CLIMATE RECORD PERIOD 1890 TO 2016


WEATHER ITEM   OBSERVED TIME   RECORD YEAR NORMAL DEPARTURE LAST
                VALUE   (LST)  VALUE       VALUE  FROM      YEAR
                                                  NORMAL
..................................................................
TEMPERATURE (F)
 YESTERDAY
  MAXIMUM         59    202 PM  65    2015  45     14       65
  MINIMUM         36    631 AM -12    1989  30      6       37
  AVERAGE         48                        37     11       51

PRECIPITATION (IN)
  YESTERDAY        0.00          0.58 1897   0.04  -0.04      T
  MONTH TO DATE    0.22                      0.19   0.03     0.32
  SINCE OCT 1      6.00                      5.62   0.38     5.74
  SINCE JAN 1      1.73                      1.62   0.11     1.04

SNOWFALL (IN)
  YESTERDAY        0.0           2.4  1972   0.1   -0.1      0.0
  MONTH TO DATE    0.0                       0.6   -0.6      0.0
  SINCE JAN 1      T                         4.3   -4.3      0.4
  SINCE JUL 1      4.1                      11.8   -7.7      7.2
  SNOW DEPTH       0

DEGREE DAYS
 HEATING
  YESTERDAY       17                        28    -11       14
  MONTH TO DATE  125                       140    -15      110
  SINCE DEC 1   1891                      2045   -154     1891
  SINCE JUL 1   3091                      3298   -207     3021

 COOLING
  YESTERDAY        0                         0      0        0
  MONTH TO DATE    0                         0      0        0
  SINCE DEC 1      0                         0      0        0
  SINCE JAN 1      0                         0      0        0
..................................................................


WIND (MPH)
  HIGHEST WIND SPEED    25   HIGHEST WIND DIRECTION     W (280)
  HIGHEST GUST SPEED    31   HIGHEST GUST DIRECTION     W (270)
  AVERAGE WIND SPEED     9.6


SKY COVER
  POSSIBLE SUNSHINE  MM
  AVERAGE SKY COVER 0.2


WEATHER CONDITIONS
 THE FOLLOWING WEATHER WAS RECORDED YESTERDAY.
  NO SIGNIFICANT WEATHER WAS OBSERVED.


RELATIVE HUMIDITY (PERCENT)
 HIGHEST    85          1200 AM
 LOWEST     35           800 PM
 AVERAGE    60

..........................................................


THE PENDLETON OR CLIMATE NORMALS FOR TODAY
                         NORMAL    RECORD    YEAR
 MAXIMUM TEMPERATURE (F)   45        67      1996
 MINIMUM TEMPERATURE (F)   30        -6      1899


SUNRISE AND SUNSET
FEBRUARY  6 2016......SUNRISE   711 AM PST   SUNSET   508 PM PST
FEBRUARY  7 2016......SUNRISE   710 AM PST   SUNSET   510 PM PST


-  INDICATES NEGATIVE NUMBERS.
R  INDICATES RECORD WAS SET OR TIED.
MM INDICATES DATA IS MISSING.
T  INDICATES TRACE AMOUNT.




$$
