000
CDUS46 KPDT 300831
CLIPDT

CLIMATE REPORT
NATIONAL WEATHER SERVICE PENDLETON OR
130 AM PDT MON MAY 30 2016


...................................

...THE PENDLETON OR CLIMATE SUMMARY FOR MAY 29 2016...

CLIMATE NORMAL PERIOD 1981 TO 2010
CLIMATE RECORD PERIOD 1890 TO 2016


WEATHER ITEM   OBSERVED TIME   RECORD YEAR NORMAL DEPARTURE LAST
                VALUE   (LST)  VALUE       VALUE  FROM      YEAR
                                                  NORMAL
..................................................................
TEMPERATURE (F)
 YESTERDAY
  MAXIMUM         77    207 PM 103    1897  73      4       90
  MINIMUM         48   1235 AM  34    1924  49     -1       53
  AVERAGE         63                        61      2       72

PRECIPITATION (IN)
  YESTERDAY        0.00          1.64 1906   0.05  -0.05     0.11
  MONTH TO DATE    1.19                      1.25  -0.06     1.40
  SINCE OCT 1      9.86                     10.31  -0.45     9.23
  SINCE JAN 1      5.59                      6.31  -0.72     4.53

SNOWFALL (IN)
  YESTERDAY        0.0           0.0  2002   0.0    0.0      0.0
                                      2001
                                      2000
  MONTH TO DATE    0.0                       0.0    0.0      0.0
  SINCE JAN 1      T                         7.7   -7.7      0.4
  SINCE JUL 1      4.1                      15.2  -11.1      7.2
  SNOW DEPTH       0

DEGREE DAYS
 HEATING
  YESTERDAY        2                         5     -3        0
  MONTH TO DATE  151                       236    -85      157
  SINCE MAR 1    971                      1284   -313     1103
  SINCE JUL 1   4563                      5183   -620     4596

 COOLING
  YESTERDAY        0                         1     -1        7
  MONTH TO DATE   18                        20     -2       12
  SINCE MAR 1     18                        21     -3       12
  SINCE JAN 1     18                        21     -3       12
..................................................................


WIND (MPH)
  HIGHEST WIND SPEED    29   HIGHEST WIND DIRECTION     W (280)
  HIGHEST GUST SPEED    34   HIGHEST GUST DIRECTION     W (290)
  AVERAGE WIND SPEED    13.8


SKY COVER
  POSSIBLE SUNSHINE  MM
  AVERAGE SKY COVER 0.3


WEATHER CONDITIONS
 THE FOLLOWING WEATHER WAS RECORDED YESTERDAY.
  NO SIGNIFICANT WEATHER WAS OBSERVED.


RELATIVE HUMIDITY (PERCENT)
 HIGHEST    71           100 AM
 LOWEST     18           300 PM
 AVERAGE    45

..........................................................


THE PENDLETON OR CLIMATE NORMALS FOR TODAY
                         NORMAL    RECORD    YEAR
 MAXIMUM TEMPERATURE (F)   74       102      1931
 MINIMUM TEMPERATURE (F)   49        36      1978


SUNRISE AND SUNSET
MAY 30 2016...........SUNRISE   510 AM PDT   SUNSET   836 PM PDT
MAY 31 2016...........SUNRISE   510 AM PDT   SUNSET   837 PM PDT


-  INDICATES NEGATIVE NUMBERS.
R  INDICATES RECORD WAS SET OR TIED.
MM INDICATES DATA IS MISSING.
T  INDICATES TRACE AMOUNT.

$$
