941
CDUS46 KPDT 170827
CLIPDT

CLIMATE REPORT
NATIONAL WEATHER SERVICE PENDLETON OR
1226 AM PST TUE JAN 17 2017


...................................

...THE PENDLETON OR CLIMATE SUMMARY FOR JANUARY 16 2017...

CLIMATE NORMAL PERIOD 1981 TO 2010
CLIMATE RECORD PERIOD 1890 TO 2017


WEATHER ITEM   OBSERVED TIME   RECORD YEAR NORMAL DEPARTURE LAST
                VALUE   (LST)  VALUE       VALUE  FROM      YEAR
                                                  NORMAL
..................................................................
TEMPERATURE (F)
 YESTERDAY
  MAXIMUM         15    132 PM  63    1976  42    -27       42
  MINIMUM          1   1159 PM  -5    1950  29    -28       31
  AVERAGE          8                        36    -28       37

PRECIPITATION (IN)
  YESTERDAY        T             0.74 1896   0.05  -0.05     0.10
  MONTH TO DATE    1.06                      0.79   0.27     0.49
  SINCE OCT 1      6.58                      4.79   1.79     4.76
  SINCE JAN 1      1.06                      0.79   0.27     0.49

SNOWFALL (IN)
  YESTERDAY        0.1           4.9  1950   0.1    0.0      0.0
  MONTH TO DATE   13.3                       2.2   11.1       T
  SINCE JAN 1     13.3                       2.2   11.1       T
  SINCE JUL 1     31.8                       9.7   22.1      4.1
  SNOW DEPTH       7

DEGREE DAYS
 HEATING
  YESTERDAY       57                        30     27       28
  MONTH TO DATE  821                       492    329      559
  SINCE DEC 1   1958                      1476    482     1419
  SINCE JUL 1   2982                      2729    253     2619

 COOLING
  YESTERDAY        0                         0      0        0
  MONTH TO DATE    0                         0      0        0
  SINCE DEC 1      0                         0      0        0
  SINCE JAN 1      0                         0      0        0
..................................................................


WIND (MPH)
  HIGHEST WIND SPEED    10   HIGHEST WIND DIRECTION     S (180)
  HIGHEST GUST SPEED    12   HIGHEST GUST DIRECTION    SE (150)
  AVERAGE WIND SPEED     4.7


SKY COVER
  POSSIBLE SUNSHINE  MM
  AVERAGE SKY COVER 0.6


WEATHER CONDITIONS
 THE FOLLOWING WEATHER WAS RECORDED YESTERDAY.
  LIGHT SNOW
  FOG


RELATIVE HUMIDITY (PERCENT)
 HIGHEST   100          1000 PM
 LOWEST     73           300 PM
 AVERAGE    87

..........................................................


THE PENDLETON OR CLIMATE NORMALS FOR TODAY
                         NORMAL    RECORD    YEAR
 MAXIMUM TEMPERATURE (F)   42        64      1919
 MINIMUM TEMPERATURE (F)   29       -17      1930


SUNRISE AND SUNSET
JANUARY 17 2017.......SUNRISE   731 AM PST   SUNSET   441 PM PST
JANUARY 18 2017.......SUNRISE   730 AM PST   SUNSET   442 PM PST


-  INDICATES NEGATIVE NUMBERS.
R  INDICATES RECORD WAS SET OR TIED.
MM INDICATES DATA IS MISSING.
T  INDICATES TRACE AMOUNT.




$$
