000
CDUS46 KPDT 200040
CLIPDT

CLIMATE REPORT
NATIONAL WEATHER SERVICE PENDLETON OR
539 PM PDT TUE SEP 19 2017


...................................

...THE PENDLETON OR CLIMATE SUMMARY FOR SEPTEMBER 19 2017...
VALID TODAY AS OF 0500 PM LOCAL TIME.

CLIMATE NORMAL PERIOD 1981 TO 2010
CLIMATE RECORD PERIOD 1890 TO 2017


WEATHER ITEM   OBSERVED TIME   RECORD YEAR NORMAL DEPARTURE LAST
                VALUE   (LST)  VALUE       VALUE  FROM      YEAR
                                                  NORMAL
..................................................................
TEMPERATURE (F)
 TODAY
  MAXIMUM         58    359 PM  95    1918  76    -18       69
                                      1906
  MINIMUM         47    205 AM  33    1944  48     -1       52
  AVERAGE         53                        62     -9       61

PRECIPITATION (IN)
  TODAY            0.12          0.68 1902   0.03   0.09     0.00
  MONTH TO DATE    0.23                      0.33  -0.10     0.49
  SINCE OCT 1     17.12                     12.42   4.70    12.15
  SINCE JAN 1     11.60                      8.42   3.18     7.88

SNOWFALL (IN)
  TODAY            0.0           0.0  2002   0.0    0.0      0.0
                                      2001
                                      1999
  MONTH TO DATE    0.0                       0.0    0.0      0.0
  SINCE JAN 1     25.9                       7.7   18.2       T
  SINCE JUL 1      0.0                       0.0    0.0      0.0
  SNOW DEPTH       0

DEGREE DAYS
 HEATING
  TODAY           12                         4      8        4
  MONTH TO DATE   44                        47     -3       58
  SINCE SEP 1     44                        47     -3       58
  SINCE JUL 1     46                        69    -23       60

 COOLING
  TODAY            0                         2     -2        0
  MONTH TO DATE  110                        53     57        8
  SINCE SEP 1    110                        53     57        8
  SINCE JAN 1    891                       623    268      596
..................................................................


WIND (MPH)
  HIGHEST WIND SPEED    26   HIGHEST WIND DIRECTION     W (250)
  HIGHEST GUST SPEED    32   HIGHEST GUST DIRECTION    SW (240)
  AVERAGE WIND SPEED    12.0


SKY COVER
  POSSIBLE SUNSHINE  MM
  AVERAGE SKY COVER 0.9


WEATHER CONDITIONS
 THE FOLLOWING WEATHER WAS RECORDED TODAY.
  RAIN
  LIGHT RAIN


RELATIVE HUMIDITY (PERCENT)
 HIGHEST    86           100 AM
 LOWEST     66          1000 AM
 AVERAGE    76

..........................................................


THE PENDLETON OR CLIMATE NORMALS FOR TOMORROW
                         NORMAL    RECORD    YEAR
 MAXIMUM TEMPERATURE (F)   76        92      1917
                                             1899
                                             1897
 MINIMUM TEMPERATURE (F)   48        31      1912


SUNRISE AND SUNSET
SEPTEMBER 19 2017.....SUNRISE   639 AM PDT   SUNSET   658 PM PDT
SEPTEMBER 20 2017.....SUNRISE   640 AM PDT   SUNSET   656 PM PDT


-  INDICATES NEGATIVE NUMBERS.
R  INDICATES RECORD WAS SET OR TIED.
MM INDICATES DATA IS MISSING.
T  INDICATES TRACE AMOUNT.




$$
