000
CDUS46 KPDT 020027
CLIPDT

CLIMATE REPORT
NATIONAL WEATHER SERVICE PENDLETON OR
527 PM PDT MON SEP 1 2014


...................................

...THE PENDLETON OR CLIMATE SUMMARY FOR SEPTEMBER 1 2014...
VALID TODAY AS OF 0500 PM LOCAL TIME.

CLIMATE NORMAL PERIOD 1981 TO 2010
CLIMATE RECORD PERIOD 1890 TO 2014


WEATHER ITEM   OBSERVED TIME   RECORD YEAR NORMAL DEPARTURE LAST
                VALUE   (LST)  VALUE       VALUE  FROM      YEAR
                                                  NORMAL
..................................................................
TEMPERATURE (F)
 TODAY
  MAXIMUM         80    352 PM 102    1893  83     -3       93
  MINIMUM         50    413 AM  36    1905  54     -4       54
                                      1898
                                      1892
  AVERAGE         65                        68     -3       74

PRECIPITATION (IN)
  TODAY            0.00          0.73 1971   0.02  -0.02     0.00
  MONTH TO DATE    0.00                      0.02  -0.02     0.00
  SINCE OCT 1     10.11                     12.11  -2.00     9.73
  SINCE JAN 1      8.32                      8.11   0.21     5.29

SNOWFALL (IN)
  TODAY            0.0           0.0  2002   0.0    0.0      0.0
                                      2001
                                      1999
  MONTH TO DATE    0.0                       0.0    0.0      0.0
  SINCE JAN 1     15.2                       7.7    7.5      0.2
  SINCE JUL 1      0.0                       0.0    0.0       T
  SNOW DEPTH       0

DEGREE DAYS
 HEATING
  TODAY            0                         1     -1        0
  MONTH TO DATE    0                         1     -1        0
  SINCE SEP 1      0                         1     -1        0
  SINCE JUL 1      3                        23    -20        0

 COOLING
  TODAY            0                         4     -4        9
  MONTH TO DATE    0                         4     -4        9
  SINCE SEP 1      0                         4     -4        9
  SINCE JAN 1    761                       574    187      719
..................................................................


WIND (MPH)
  HIGHEST WIND SPEED    16   HIGHEST WIND DIRECTION     W (250)
  HIGHEST GUST SPEED    25   HIGHEST GUST DIRECTION    SW (240)
  AVERAGE WIND SPEED     8.1


SKY COVER
  POSSIBLE SUNSHINE  MM
  AVERAGE SKY COVER 0.1


WEATHER CONDITIONS
THE FOLLOWING WEATHER WAS RECORDED TODAY.
  NO SIGNIFICANT WEATHER WAS OBSERVED.


RELATIVE HUMIDITY (PERCENT)
 HIGHEST    71           400 AM
 LOWEST     25           400 PM
 AVERAGE    48

..........................................................


THE PENDLETON OR CLIMATE NORMALS FOR TOMORROW
                         NORMAL    RECORD    YEAR
 MAXIMUM TEMPERATURE (F)   82       101      1950
 MINIMUM TEMPERATURE (F)   53        38      1919
                                             1913


SUNRISE AND SUNSET
SEPTEMBER  1 2014.....SUNRISE   617 AM PDT   SUNSET   733 PM PDT
SEPTEMBER  2 2014.....SUNRISE   618 AM PDT   SUNSET   731 PM PDT


-  INDICATES NEGATIVE NUMBERS.
R  INDICATES RECORD WAS SET OR TIED.
MM INDICATES DATA IS MISSING.
T  INDICATES TRACE AMOUNT.

$$
