000
CDUS46 KPDT 220049
CLIPDT

CLIMATE REPORT
NATIONAL WEATHER SERVICE PENDLETON OR
535 PM PDT FRI JUL 21 2017


...................................

...THE PENDLETON OR CLIMATE SUMMARY FOR JULY 21 2017...
VALID TODAY AS OF 0500 PM LOCAL TIME.

CLIMATE NORMAL PERIOD 1981 TO 2010
CLIMATE RECORD PERIOD 1890 TO 2017


WEATHER ITEM   OBSERVED TIME   RECORD YEAR NORMAL DEPARTURE LAST
                VALUE   (LST)  VALUE       VALUE  FROM      YEAR
                                                  NORMAL
..................................................................
TEMPERATURE (F)
 TODAY
  MAXIMUM         86    312 PM 114    1905  90     -4       95
  MINIMUM         50    410 AM  42    1934  58     -8       56
  AVERAGE         68                        74     -6       76

PRECIPITATION (IN)
  TODAY            0.00          0.25 1912   0.01  -0.01     0.00
  MONTH TO DATE    T                         0.24  -0.24     0.80
  SINCE OCT 1     16.82                     11.63   5.19    11.59
  SINCE JAN 1     11.30                      7.63   3.67     7.32

SNOWFALL (IN)
  TODAY            0.0           0.0  2002   0.0    0.0      0.0
                                      2001
                                      2000
  MONTH TO DATE    0.0                       0.0    0.0      0.0
  SINCE JAN 1     25.9                       7.7   18.2       T
  SINCE JUL 1      0.0                       0.0    0.0      0.0
  SNOW DEPTH       0

DEGREE DAYS
 HEATING
  TODAY            0                         0      0        0
  MONTH TO DATE    0                         7     -7        0
  SINCE JUN 1     75                        90    -15       69
  SINCE JUL 1      0                         7     -7        0

 COOLING
  TODAY            3                         9     -6       11
  MONTH TO DATE  202                       152     50       94
  SINCE JUN 1    301                       231     70      231
  SINCE JAN 1    329                       254     75      249
..................................................................


WIND (MPH)
  HIGHEST WIND SPEED    14   HIGHEST WIND DIRECTION     W (280)
  HIGHEST GUST SPEED    21   HIGHEST GUST DIRECTION    NW (320)
  AVERAGE WIND SPEED     6.2


SKY COVER
  POSSIBLE SUNSHINE  MM
  AVERAGE SKY COVER 0.0


WEATHER CONDITIONS
THE FOLLOWING WEATHER WAS RECORDED TODAY.
  NO SIGNIFICANT WEATHER WAS OBSERVED.


RELATIVE HUMIDITY (PERCENT)
 HIGHEST    71           500 AM
 LOWEST     19           400 PM
 AVERAGE    45

..........................................................


THE PENDLETON OR CLIMATE NORMALS FOR TOMORROW
                         NORMAL    RECORD    YEAR
 MAXIMUM TEMPERATURE (F)   90       111      1905
 MINIMUM TEMPERATURE (F)   58        41      1897


SUNRISE AND SUNSET
JULY 21 2017..........SUNRISE   527 AM PDT   SUNSET   836 PM PDT
JULY 22 2017..........SUNRISE   528 AM PDT   SUNSET   835 PM PDT


-  INDICATES NEGATIVE NUMBERS.
R  INDICATES RECORD WAS SET OR TIED.
MM INDICATES DATA IS MISSING.
T  INDICATES TRACE AMOUNT.




$$
