000
CDUS46 KPDT 290056
CLIPDT

CLIMATE REPORT
NATIONAL WEATHER SERVICE PENDLETON OR
556 PM PDT MON JUL 28 2014


...................................

...THE PENDLETON OR CLIMATE SUMMARY FOR JULY 28 2014...
VALID TODAY AS OF 0500 PM LOCAL TIME.

CLIMATE NORMAL PERIOD 1981 TO 2010
CLIMATE RECORD PERIOD 1890 TO 2014


WEATHER ITEM   OBSERVED TIME   RECORD YEAR NORMAL DEPARTURE LAST
                VALUE   (LST)  VALUE       VALUE  FROM      YEAR
                                                  NORMAL
..................................................................
TEMPERATURE (F)
 TODAY
  MAXIMUM        101    359 PM 106    1968  90     11       86
                                      1958
  MINIMUM         67    500 AM  43    1910  59      8       52
  AVERAGE         84                        74     10       69

PRECIPITATION (IN)
  TODAY            0.00          0.14 1947   0.01  -0.01     0.00
  MONTH TO DATE    0.22                      0.30  -0.08     0.06
  SINCE OCT 1      9.50                     11.69  -2.19     9.41
  SINCE JAN 1      7.71                      7.69   0.02     4.97

SNOWFALL (IN)
  TODAY            0.0           0.0  2002   0.0    0.0      0.0
                                      2001
                                      2000
  MONTH TO DATE    0.0                       0.0    0.0      0.0
  SINCE JAN 1     15.2                       7.7    7.5      0.2
  SINCE JUL 1      0.0                       0.0    0.0      0.0
  SNOW DEPTH       0

DEGREE DAYS
 HEATING
  TODAY            0                         0      0        0
  MONTH TO DATE    2                         7     -5        0
  SINCE JUN 1     45                        90    -45       80
  SINCE JUL 1      2                         7     -5        0

 COOLING
  TODAY           19                        10      9        4
  MONTH TO DATE  342                       217    125      308
  SINCE JUN 1    402                       296    106      403
  SINCE JAN 1    424                       319    105      434
..................................................................


WIND (MPH)
  HIGHEST WIND SPEED    14   HIGHEST WIND DIRECTION    NW (320)
  HIGHEST GUST SPEED    19   HIGHEST GUST DIRECTION    NW (310)
  AVERAGE WIND SPEED     5.2


SKY COVER
  POSSIBLE SUNSHINE  MM
  AVERAGE SKY COVER 0.0


WEATHER CONDITIONS
 THE FOLLOWING WEATHER WAS RECORDED TODAY.
  HAZE


RELATIVE HUMIDITY (PERCENT)
 HIGHEST    45           500 AM
 LOWEST     12           400 PM
 AVERAGE    29

..........................................................


THE PENDLETON OR CLIMATE NORMALS FOR TOMORROW
                         NORMAL    RECORD    YEAR
 MAXIMUM TEMPERATURE (F)   90       104      2003
                                             1971
                                             1930
 MINIMUM TEMPERATURE (F)   59        38      1917


SUNRISE AND SUNSET
JULY 28 2014..........SUNRISE   534 AM PDT   SUNSET   829 PM PDT
JULY 29 2014..........SUNRISE   535 AM PDT   SUNSET   828 PM PDT


-  INDICATES NEGATIVE NUMBERS.
R  INDICATES RECORD WAS SET OR TIED.
MM INDICATES DATA IS MISSING.
T  INDICATES TRACE AMOUNT.




$$
