000
CDUS46 KPDT 260904 CCA
CLIPDT

CLIMATE REPORT
NATIONAL WEATHER SERVICE PENDLETON OR
202 AM PDT SUN OCT 26 2014


...................................

...THE PENDLETON OR CLIMATE SUMMARY FOR OCTOBER 25 2014...

CLIMATE NORMAL PERIOD 1981 TO 2010
CLIMATE RECORD PERIOD 1890 TO 2014


WEATHER ITEM   OBSERVED TIME   RECORD YEAR NORMAL DEPARTURE LAST
                VALUE   (LST)  VALUE       VALUE  FROM      YEAR
                                                  NORMAL
..................................................................
TEMPERATURE (F)
 YESTERDAY
  MAXIMUM         76     1437    86    1924  59     17       66
  MINIMUM         46     0838    25    1919  38      8       36
                                       1892
  AVERAGE         61                        49     12       51

PRECIPITATION (IN)
  YESTERDAY        T             0.55 1894   0.04  -0.04     0.00
  MONTH TO DATE    0.46                      0.75  -0.29     0.08
  SINCE OCT 1      0.46                      0.75  -0.29     0.08
  SINCE JAN 1      9.00                      9.41  -0.41     7.57

SNOWFALL (IN)
  YESTERDAY        0.0           T    2012   0.0    0.0      0.0
  MONTH TO DATE    0.0                       0.0    0.0      0.0
  SINCE JAN 1     15.2                       7.7    7.5      0.2
  SINCE JUL 1      0.0                       0.0    0.0       T
  SNOW DEPTH       0

DEGREE DAYS
 HEATING
  YESTERDAY        4                        16    -12       14
  MONTH TO DATE  156                       302   -146      370
  SINCE SEP 1    219                       414   -195      476
  SINCE JUL 1    222                       436   -214      476

 COOLING
  YESTERDAY        0                         0      0        0
  MONTH TO DATE   12                         0     12        0
  SINCE SEP 1     78                        64     14      121
  SINCE JAN 1    839                       634    205      831
..................................................................


WIND (MPH)
  HIGHEST WIND SPEED    36   HIGHEST WIND DIRECTION    SW (240)
  HIGHEST GUST SPEED    52   HIGHEST GUST DIRECTION     W (250)
  AVERAGE WIND SPEED    11.4


SKY COVER
  POSSIBLE SUNSHINE  MM
  AVERAGE SKY COVER 0.7


WEATHER CONDITIONS
 THE FOLLOWING WEATHER WAS RECORDED YESTERDAY.
  LIGHT RAIN
  FOG
  FOG W/VISIBILITY <= 1/4 MILE


RELATIVE HUMIDITY (PERCENT)
 HIGHEST   100          1200 AM
 LOWEST     23           300 PM
 AVERAGE    62

..........................................................


THE PENDLETON OR CLIMATE NORMALS FOR TODAY
                         NORMAL    RECORD    YEAR
 MAXIMUM TEMPERATURE (F)   59        82      1986
 MINIMUM TEMPERATURE (F)   38        14      1911


SUNRISE AND SUNSET
OCTOBER 26 2014.......SUNRISE   727 AM PDT   SUNSET   551 PM PDT
OCTOBER 27 2014.......SUNRISE   728 AM PDT   SUNSET   549 PM PDT


-  INDICATES NEGATIVE NUMBERS.
R  INDICATES RECORD WAS SET OR TIED.
MM INDICATES DATA IS MISSING.
T  INDICATES TRACE AMOUNT.




$$
