000
CDUS46 KPDT 280826
CLIPDT

CLIMATE REPORT
NATIONAL WEATHER SERVICE PENDLETON OR
1226 AM PST FRI NOV 28 2014


...................................

...THE PENDLETON OR CLIMATE SUMMARY FOR NOVEMBER 27 2014...

CLIMATE NORMAL PERIOD 1981 TO 2010
CLIMATE RECORD PERIOD 1890 TO 2014


WEATHER ITEM   OBSERVED TIME   RECORD YEAR NORMAL DEPARTURE LAST
                VALUE   (LST)  VALUE       VALUE  FROM      YEAR
                                                  NORMAL
..................................................................
TEMPERATURE (F)
 YESTERDAY
  MAXIMUM         62    207 PM  69    1892  44     18       38
  MINIMUM         53    745 AM -11    1896  31     22       20
  AVERAGE         58                        37     21       29

PRECIPITATION (IN)
  YESTERDAY        T             0.81 1995   0.05  -0.05     0.00
  MONTH TO DATE    1.22                      1.36  -0.14     0.65
  SINCE OCT 1      1.82                      2.37  -0.55     0.97
  SINCE JAN 1     10.36                     11.03  -0.67     8.46

SNOWFALL (IN)
  YESTERDAY        0.0           3.0  1942   0.1   -0.1      0.0
  MONTH TO DATE    3.7                       1.1    2.6      0.0
  SINCE JAN 1     18.9                       8.9   10.0      0.2
  SINCE JUL 1      3.7                       1.2    2.5       T
  SNOW DEPTH       0

DEGREE DAYS
 HEATING
  YESTERDAY        7                        28    -21       36
  MONTH TO DATE  738                       625    113      688
  SINCE SEP 1   1029                      1145   -116     1285
  SINCE JUL 1   1032                      1167   -135     1285

 COOLING
  YESTERDAY        0                         0      0        0
  MONTH TO DATE    0                         0      0        0
  SINCE SEP 1     78                        66     12      121
  SINCE JAN 1    839                       636    203      831
..................................................................


WIND (MPH)
  HIGHEST WIND SPEED    23   HIGHEST WIND DIRECTION    SW (210)
  HIGHEST GUST SPEED    30   HIGHEST GUST DIRECTION     S (200)
  AVERAGE WIND SPEED    12.1


SKY COVER
  POSSIBLE SUNSHINE  MM
  AVERAGE SKY COVER 0.9


WEATHER CONDITIONS
 THE FOLLOWING WEATHER WAS RECORDED YESTERDAY.
  LIGHT RAIN


RELATIVE HUMIDITY (PERCENT)
 HIGHEST    57          1200 PM
 LOWEST     36           400 AM
 AVERAGE    47

..........................................................


THE PENDLETON OR CLIMATE NORMALS FOR TODAY
                         NORMAL    RECORD    YEAR
 MAXIMUM TEMPERATURE (F)   44        71      1892
 MINIMUM TEMPERATURE (F)   30       -13      1896


SUNRISE AND SUNSET
NOVEMBER 28 2014......SUNRISE   712 AM PST   SUNSET   414 PM PST
NOVEMBER 29 2014......SUNRISE   713 AM PST   SUNSET   414 PM PST


-  INDICATES NEGATIVE NUMBERS.
R  INDICATES RECORD WAS SET OR TIED.
MM INDICATES DATA IS MISSING.
T  INDICATES TRACE AMOUNT.




$$
