000
CDUS46 KPDT 210829
CLIPDT

CLIMATE REPORT
NATIONAL WEATHER SERVICE PENDLETON OR
1228 AM PST SUN DEC 21 2014


...................................

...THE PENDLETON OR CLIMATE SUMMARY FOR DECEMBER 20 2014...

CLIMATE NORMAL PERIOD 1981 TO 2010
CLIMATE RECORD PERIOD 1890 TO 2014


WEATHER ITEM   OBSERVED TIME   RECORD YEAR NORMAL DEPARTURE LAST
                VALUE   (LST)  VALUE       VALUE  FROM      YEAR
                                                  NORMAL
..................................................................
TEMPERATURE (F)
 YESTERDAY
  MAXIMUM         57   1159 PM  66    1900  39     18       42
  MINIMUM         36    121 AM -12    1990  26     10       23
  AVERAGE         47                        32     15       33

PRECIPITATION (IN)
  YESTERDAY        0.39          0.82 1895   0.05   0.34     0.24
  MONTH TO DATE    1.89                      0.96   0.93     0.69
  SINCE OCT 1      3.79                      3.49   0.30     1.68
  SINCE JAN 1     12.33                     12.15   0.18     9.17

SNOWFALL (IN)
  YESTERDAY       MM             4.5  1952   0.2   MM        2.1
  MONTH TO DATE    T                         3.6   -3.6      6.5
  SINCE JAN 1     19.8                      12.8    7.0      6.7
  SINCE JUL 1      4.6                       5.1   -0.5      6.5
  SNOW DEPTH       0

DEGREE DAYS
 HEATING
  YESTERDAY       18                        33    -15       32
  MONTH TO DATE  563                       628    -65      752
  SINCE DEC 1    563                       628    -65      752
  SINCE JUL 1   1693                      1881   -188     2135

 COOLING
  YESTERDAY        0                         0      0        0
  MONTH TO DATE    0                         0      0        0
  SINCE DEC 1      0                         0      0        0
  SINCE JAN 1    839                       636    203      831
..................................................................


WIND (MPH)
  HIGHEST WIND SPEED    29   HIGHEST WIND DIRECTION    SW (230)
  HIGHEST GUST SPEED    40   HIGHEST GUST DIRECTION    SW (230)
  AVERAGE WIND SPEED    10.4


SKY COVER
  POSSIBLE SUNSHINE  MM
  AVERAGE SKY COVER 1.0


WEATHER CONDITIONS
THE FOLLOWING WEATHER WAS RECORDED YESTERDAY.
  LIGHT RAIN
  FOG


RELATIVE HUMIDITY (PERCENT)
 HIGHEST    86           500 AM
 LOWEST     66          1100 PM
 AVERAGE    76

..........................................................


THE PENDLETON OR CLIMATE NORMALS FOR TODAY
                         NORMAL    RECORD    YEAR
 MAXIMUM TEMPERATURE (F)   39        68      1933
 MINIMUM TEMPERATURE (F)   26       -16      1990


SUNRISE AND SUNSET
DECEMBER 21 2014......SUNRISE   733 AM PST   SUNSET   414 PM PST
DECEMBER 22 2014......SUNRISE   734 AM PST   SUNSET   415 PM PST


-  INDICATES NEGATIVE NUMBERS.
R  INDICATES RECORD WAS SET OR TIED.
MM INDICATES DATA IS MISSING.
T  INDICATES TRACE AMOUNT.




$$
