000
CDUS46 KPQR 291142
CLIPDX


CLIMATE REPORT
NATIONAL WEATHER SERVICE PORTLAND OREGON
440 AM PDT SAT APR 29 2017


...................................

...THE PORTLAND OR CLIMATE SUMMARY FOR APRIL 28 2017...

CLIMATE NORMAL PERIOD 1981 TO 2010
CLIMATE RECORD PERIOD 1940 TO 2017


WEATHER ITEM   OBSERVED TIME   RECORD YEAR NORMAL DEPARTURE LAST
                VALUE   (LST)  VALUE       VALUE  FROM      YEAR
                                                  NORMAL
..................................................................
TEMPERATURE (F)
 YESTERDAY
  MAXIMUM         61    512 PM  82    1998  64     -3       63
  MINIMUM         40    135 AM  34    1973  45     -5       48
                                      1955
  AVERAGE         51                        54     -3       56

PRECIPITATION (IN)
  YESTERDAY        0.00          0.60 1969   0.08  -0.08      T
                                      1951
  MONTH TO DATE    4.44                      2.58   1.86     1.88
  SINCE OCT 1     45.94                     28.92  17.02    41.36
  SINCE JAN 1     26.19                     14.80  11.39    17.94

SNOWFALL (IN)
  YESTERDAY        0.0           0.0  2016
  MONTH TO DATE    0.0
  SINCE MAR 1      T
  SINCE JUL 1     11.2

DEGREE DAYS
 HEATING
  YESTERDAY       14                        11      3        9
  MONTH TO DATE  396                       363     33      208
  SINCE MAR 1    926                       885     41      657
  SINCE JUL 1   4131                      3943    188     3260

 COOLING
  YESTERDAY        0                         0      0        0
  MONTH TO DATE    0                         0      0       18
  SINCE MAR 1      0                         0      0       18
  SINCE JAN 1      0                         0      0       18
..................................................................


WIND (MPH)
  HIGHEST WIND SPEED    13   HIGHEST WIND DIRECTION     W (280)
  HIGHEST GUST SPEED    16   HIGHEST GUST DIRECTION     W (290)
  AVERAGE WIND SPEED     5.6


SKY COVER
  POSSIBLE SUNSHINE  MM
  AVERAGE SKY COVER 0.5


WEATHER CONDITIONS
 THE FOLLOWING WEATHER WAS RECORDED YESTERDAY.
  NO SIGNIFICANT WEATHER WAS OBSERVED.


RELATIVE HUMIDITY (PERCENT)
 HIGHEST    93           500 AM
 LOWEST     39           400 PM
 AVERAGE    66

..........................................................


THE PORTLAND OR CLIMATE NORMALS FOR TODAY
                         NORMAL    RECORD    YEAR
 MAXIMUM TEMPERATURE (F)   64        87      1957
 MINIMUM TEMPERATURE (F)   45        33      1952


SUNRISE AND SUNSET
APRIL 29 2017.........SUNRISE   601 AM PDT   SUNSET   815 PM PDT
APRIL 30 2017.........SUNRISE   559 AM PDT   SUNSET   817 PM PDT


-  INDICATES NEGATIVE NUMBERS.
R  INDICATES RECORD WAS SET OR TIED.
MM INDICATES DATA IS MISSING.
T  INDICATES TRACE AMOUNT.




$$
