282
CDUS46 KPQR 241141
CLIPDX


CLIMATE REPORT
NATIONAL WEATHER SERVICE PORTLAND OREGON
441 AM PDT FRI MAR 24 2017


...................................

...THE PORTLAND OR CLIMATE SUMMARY FOR MARCH 23 2017...

CLIMATE NORMAL PERIOD 1981 TO 2010
CLIMATE RECORD PERIOD 1940 TO 2017


WEATHER ITEM   OBSERVED TIME   RECORD YEAR NORMAL DEPARTURE LAST
                VALUE   (LST)  VALUE       VALUE  FROM      YEAR
                                                  NORMAL
..................................................................
TEMPERATURE (F)
 YESTERDAY
  MAXIMUM         58    357 PM  73    1982  58      0       54
                                      1979
  MINIMUM         41    232 AM  31    1954  41      0       46
                                      1951
  AVERAGE         50                        49      1       50

PRECIPITATION (IN)
  YESTERDAY        0.32          1.00 2015   0.11   0.21     0.09
  MONTH TO DATE    5.57                      2.82   2.75     4.56
  SINCE OCT 1     39.81                     25.48  14.33    39.31
  SINCE JAN 1     20.06                     11.36   8.70    15.89

SNOWFALL (IN)
  YESTERDAY        0.0           T    1942
  MONTH TO DATE    T
  SINCE MAR 1      T
  SINCE JUL 1     11.2

DEGREE DAYS
 HEATING
  YESTERDAY       15                        16     -1       15
  MONTH TO DATE  409                       401      8      343
  SINCE MAR 1    409                       401      8      343
  SINCE JUL 1   3614                      3459    155     2946

 COOLING
  YESTERDAY        0                         0      0        0
  MONTH TO DATE    0                         0      0        0
  SINCE MAR 1      0                         0      0        0
  SINCE JAN 1      0                         0      0        0
..................................................................


WIND (MPH)
  HIGHEST WIND SPEED    16   HIGHEST WIND DIRECTION    SE (120)
  HIGHEST GUST SPEED    21   HIGHEST GUST DIRECTION    SE (120)
  AVERAGE WIND SPEED     9.0


SKY COVER
  POSSIBLE SUNSHINE  MM
  AVERAGE SKY COVER 0.9


WEATHER CONDITIONS
 THE FOLLOWING WEATHER WAS RECORDED YESTERDAY.
  LIGHT RAIN
  FOG


RELATIVE HUMIDITY (PERCENT)
 HIGHEST   100           900 PM
 LOWEST     40           400 PM
 AVERAGE    70

..........................................................


THE PORTLAND OR CLIMATE NORMALS FOR TODAY
                         NORMAL    RECORD    YEAR
 MAXIMUM TEMPERATURE (F)   58        72      1960
 MINIMUM TEMPERATURE (F)   41        29      1969
                                             1945


SUNRISE AND SUNSET
MARCH 24 2017.........SUNRISE   705 AM PDT   SUNSET   729 PM PDT
MARCH 25 2017.........SUNRISE   703 AM PDT   SUNSET   730 PM PDT


-  INDICATES NEGATIVE NUMBERS.
R  INDICATES RECORD WAS SET OR TIED.
MM INDICATES DATA IS MISSING.
T  INDICATES TRACE AMOUNT.




$$
