000
CDUS46 KPQR 250224
CLIPDX


CLIMATE REPORT
NATIONAL WEATHER SERVICE PORTLAND OREGON
624 PM PST FRI NOV 24 2017


...................................

...THE PORTLAND OR CLIMATE SUMMARY FOR NOVEMBER 24 2017...
VALID TODAY AS OF 0600 PM LOCAL TIME.

CLIMATE NORMAL PERIOD 1981 TO 2010
CLIMATE RECORD PERIOD 1940 TO 2017


WEATHER ITEM   OBSERVED TIME   RECORD YEAR NORMAL DEPARTURE LAST
                VALUE   (LST)  VALUE       VALUE  FROM      YEAR
                                                  NORMAL
..................................................................
TEMPERATURE (F)
 TODAY
  MAXIMUM         56    147 PM  64    1949  50      6       54
  MINIMUM         46    739 AM  13    1985  39      7       47
  AVERAGE         51                        44      7       51

PRECIPITATION (IN)
  TODAY            0.00          2.31 1960   0.19  -0.19     1.86
  MONTH TO DATE    5.26                      4.39   0.87     5.52
  SINCE OCT 1      9.83                      7.39   2.44    13.83
  SINCE JAN 1     41.53                     29.30  12.23    37.43

SNOWFALL (IN)
  TODAY            0.0           T    2010
  MONTH TO DATE    0.0
  SINCE SEP 1      0.0
  SINCE JUL 1      0.0

DEGREE DAYS
 HEATING
  TODAY           14                        21     -7       14
  MONTH TO DATE  400                       421    -21      272
  SINCE SEP 1    802                       812    -10      603
  SINCE JUL 1    804                       839    -35      609

 COOLING
  TODAY            0                         0      0        0
  MONTH TO DATE    0                         0      0        0
  SINCE SEP 1    132                        61     71       30
  SINCE JAN 1    700                       424    276      548
..................................................................


WIND (MPH)
  HIGHEST WIND SPEED    14   HIGHEST WIND DIRECTION     S (200)
  HIGHEST GUST SPEED    18   HIGHEST GUST DIRECTION     S (190)
  AVERAGE WIND SPEED     7.0



WEATHER CONDITIONS
 THE FOLLOWING WEATHER WAS RECORDED TODAY.
  NO SIGNIFICANT WEATHER WAS OBSERVED.


RELATIVE HUMIDITY (PERCENT)
 HIGHEST    93          1200 AM
 LOWEST     61           200 PM
 AVERAGE    77

..........................................................


THE PORTLAND OR CLIMATE NORMALS FOR TOMORROW
                         NORMAL    RECORD    YEAR
 MAXIMUM TEMPERATURE (F)   50        63      2014
                                             1977
 MINIMUM TEMPERATURE (F)   39        20      1985


SUNRISE AND SUNSET
NOVEMBER 24 2017......SUNRISE   722 AM PST   SUNSET   432 PM PST
NOVEMBER 25 2017......SUNRISE   724 AM PST   SUNSET   431 PM PST


-  INDICATES NEGATIVE NUMBERS.
R  INDICATES RECORD WAS SET OR TIED.
MM INDICATES DATA IS MISSING.
T  INDICATES TRACE AMOUNT.




$$
