246
CDUS46 KPQR 231143
CLIPDX


CLIMATE REPORT
NATIONAL WEATHER SERVICE PORTLAND OREGON
342 AM PST FRI FEB 23 2018


...................................

...THE PORTLAND OR CLIMATE SUMMARY FOR FEBRUARY 22 2018...

CLIMATE NORMAL PERIOD 1981 TO 2010
CLIMATE RECORD PERIOD 1940 TO 2018


WEATHER ITEM   OBSERVED TIME   RECORD YEAR NORMAL DEPARTURE LAST
                VALUE   (LST)  VALUE       VALUE  FROM      YEAR
                                                  NORMAL
..................................................................
TEMPERATURE (F)
 YESTERDAY
  MAXIMUM         40    405 PM  64    2002  53    -13       45
  MINIMUM         28   1159 PM  27    2010  37     -9       31
  AVERAGE         34                        44    -10       38

PRECIPITATION (IN)
  YESTERDAY        0.07          1.09 1957   0.13  -0.06      T
  MONTH TO DATE    1.24                      2.88  -1.64    10.05
  SINCE OCT 1     20.70                     21.88  -1.18    33.93
  SINCE JAN 1      6.60                      7.76  -1.16    14.18

SNOWFALL (IN)
  YESTERDAY        1.7 R         1.0  1957
  MONTH TO DATE    6.6
  SINCE DEC 1      7.6
  SINCE JUL 1      7.6

DEGREE DAYS
 HEATING
  YESTERDAY       31                        20     11       27
  MONTH TO DATE  474                       474      0      520
  SINCE DEC 1   1845                      1969   -124     2343
  SINCE JUL 1   2770                      2938   -168     3053

 COOLING
  YESTERDAY        0                         0      0        0
  MONTH TO DATE    0                         0      0        0
  SINCE DEC 1      0                         0      0        0
  SINCE JAN 1      0                         0      0        0
..................................................................


WIND (MPH)
  HIGHEST WIND SPEED    15   HIGHEST WIND DIRECTION     E (100)
  HIGHEST GUST SPEED    18   HIGHEST GUST DIRECTION     E (110)
  AVERAGE WIND SPEED     5.8


SKY COVER
  POSSIBLE SUNSHINE  MM
  AVERAGE SKY COVER 0.8


WEATHER CONDITIONS
 THE FOLLOWING WEATHER WAS RECORDED YESTERDAY.
  LIGHT SNOW
  FOG


RELATIVE HUMIDITY (PERCENT)
 HIGHEST   100           100 AM
 LOWEST     59           400 PM
 AVERAGE    80

..........................................................


THE PORTLAND OR CLIMATE NORMALS FOR TODAY
                         NORMAL    RECORD    YEAR
 MAXIMUM TEMPERATURE (F)   53        67      1995
 MINIMUM TEMPERATURE (F)   37        25      1993


SUNRISE AND SUNSET
FEBRUARY 23 2018......SUNRISE   659 AM PST   SUNSET   549 PM PST
FEBRUARY 24 2018......SUNRISE   657 AM PST   SUNSET   550 PM PST


-  INDICATES NEGATIVE NUMBERS.
R  INDICATES RECORD WAS SET OR TIED.
MM INDICATES DATA IS MISSING.
T  INDICATES TRACE AMOUNT.




$$
