000
CDUS41 KPBZ 300809
CLIPHD


CLIMATE REPORT
NATIONAL WEATHER SERVICE PITTSBURGH PA
309 AM EST FRI JAN 30 2015


...................................

...THE NEW PHILADELPHIA OH CLIMATE SUMMARY FOR JANUARY 29 2015...

CLIMATE NORMAL PERIOD 1981 TO 2010
CLIMATE RECORD PERIOD 1946 TO 2015


WEATHER ITEM   OBSERVED TIME   RECORD YEAR NORMAL DEPARTURE LAST
                VALUE   (LST)  VALUE       VALUE  FROM      YEAR
                                                  NORMAL
..................................................................
TEMPERATURE (F)
 YESTERDAY
  MAXIMUM         39    619 PM  66    2013  38      1       17
  MINIMUM         22           -16    2014  21      1      -16
                                      1963
  AVERAGE         31                        30      1        1

PRECIPITATION (IN)
  YESTERDAY        0.14         MM      MM   0.08   0.06     0.00
  MONTH TO DATE    1.76                      2.42  -0.66     1.82
  SINCE JUN 1     26.49                     25.72   0.77    26.46
  SINCE JAN 1      1.76                      2.42  -0.66     1.82

DEGREE DAYS
 HEATING
  YESTERDAY       34                        35     -1       64
  MONTH TO DATE 1114                      1042     72     1200
  SINCE DEC 1   1999                      2045    -46     2165
  SINCE JUL 1   3233                      3203     30     3401

 COOLING
  YESTERDAY        0                         0      0        0
  MONTH TO DATE    0                         0      0        0
  SINCE DEC 1      0                         0      0        0
  SINCE JAN 1      0                         0      0        0
..................................................................


WIND (MPH)
  HIGHEST WIND SPEED    18   HIGHEST WIND DIRECTION     W (290)
  HIGHEST GUST SPEED    26   HIGHEST GUST DIRECTION    NW (310)
  AVERAGE WIND SPEED     7.4


SKY COVER
  POSSIBLE SUNSHINE  MM
  AVERAGE SKY COVER 0.8


WEATHER CONDITIONS
 THE FOLLOWING WEATHER WAS RECORDED YESTERDAY.
  LIGHT RAIN
  LIGHT SNOW
  FOG
  HAZE


RELATIVE HUMIDITY (PERCENT)
 HIGHEST    92           500 PM
 LOWEST     53           700 AM
 AVERAGE    73

..........................................................


THE NEW PHILADELPHIA OH CLIMATE NORMALS FOR TODAY
                         NORMAL    RECORD    YEAR
 MAXIMUM TEMPERATURE (F)   38        68      2013
 MINIMUM TEMPERATURE (F)   21       -15      1963


SUNRISE AND SUNSET
JANUARY 30 2015.......SUNRISE   737 AM EST   SUNSET   541 PM EST
JANUARY 31 2015.......SUNRISE   736 AM EST   SUNSET   542 PM EST


-  INDICATES NEGATIVE NUMBERS.
R  INDICATES RECORD WAS SET OR TIED.
MM INDICATES DATA IS MISSING.
T  INDICATES TRACE AMOUNT.




$$
