000
CDUS41 KPBZ 182116
CLIPHD


CLIMATE REPORT
NATIONAL WEATHER SERVICE PITTSBURGH PA
516 PM EDT FRI APR 18 2014


...................................

...THE NEW PHILADELPHIA OH CLIMATE SUMMARY FOR APRIL 18 2014...
VALID TODAY AS OF 0500 PM LOCAL TIME.

CLIMATE NORMAL PERIOD 1981 TO 2010
CLIMATE RECORD PERIOD 1946 TO 2014


WEATHER ITEM   OBSERVED TIME   RECORD YEAR NORMAL DEPARTURE LAST
                VALUE   (LST)  VALUE       VALUE  FROM      YEAR
                                                  NORMAL
..................................................................
TEMPERATURE (F)
 TODAY
  MAXIMUM         69    339 PM  86    1976  64      5       85
  MINIMUM         37    509 AM  24    1983  39     -2       57
  AVERAGE         53                        52      1       71

PRECIPITATION (IN)
  TODAY            0.00         MM      MM   0.11  -0.11     0.00
  MONTH TO DATE    2.68                      2.01   0.67     1.45
  SINCE JUN 1     33.02                     33.31  -0.29    28.84
  SINCE JAN 1      8.38                     10.01  -1.63     6.24

DEGREE DAYS
 HEATING
  TODAY           12                        13     -1        0
  MONTH TO DATE  266                       291    -25      250
  SINCE MAR 1   1229                      1070    159     1137
  SINCE JUL 1   5862                      5277    585     5267

 COOLING
  TODAY            0                         0      0        6
  MONTH TO DATE    1                         0      1       12
  SINCE MAR 1      1                         1      0       12
  SINCE JAN 1      1                         1      0       12
..................................................................


WIND (MPH)
  HIGHEST WIND SPEED    15   HIGHEST WIND DIRECTION    NW (310)
  HIGHEST GUST SPEED    21   HIGHEST GUST DIRECTION     W (280)
  AVERAGE WIND SPEED     5.0


SKY COVER
  POSSIBLE SUNSHINE  MM
  AVERAGE SKY COVER 0.0


WEATHER CONDITIONS
 THE FOLLOWING WEATHER WAS RECORDED TODAY.
  NO SIGNIFICANT WEATHER WAS OBSERVED.


RELATIVE HUMIDITY (PERCENT)
 HIGHEST    76           500 AM
 LOWEST     26           300 PM
 AVERAGE    51

..........................................................


THE NEW PHILADELPHIA OH CLIMATE NORMALS FOR TOMORROW
                         NORMAL    RECORD    YEAR
 MAXIMUM TEMPERATURE (F)   65        88      1976
 MINIMUM TEMPERATURE (F)   40        22      1983


SUNRISE AND SUNSET
APRIL 18 2014.........SUNRISE   643 AM EDT   SUNSET   808 PM EDT
APRIL 19 2014.........SUNRISE   641 AM EDT   SUNSET   809 PM EDT


-  INDICATES NEGATIVE NUMBERS.
R  INDICATES RECORD WAS SET OR TIED.
MM INDICATES DATA IS MISSING.
T  INDICATES TRACE AMOUNT.




$$
