000
CDUS41 KPBZ 212111
CLIPHD


CLIMATE REPORT
NATIONAL WEATHER SERVICE PITTSBURGH PA
511 PM EDT FRI JUL 21 2017


...................................

...THE NEW PHILADELPHIA OH CLIMATE SUMMARY FOR JULY 21 2017...
VALID TODAY AS OF 0500 PM LOCAL TIME.

CLIMATE NORMAL PERIOD 1981 TO 2010
CLIMATE RECORD PERIOD 1948 TO 2017


WEATHER ITEM   OBSERVED TIME   RECORD YEAR NORMAL DEPARTURE LAST
                VALUE   (LST)  VALUE       VALUE  FROM      YEAR
                                                  NORMAL
..................................................................
TEMPERATURE (F)
 TODAY
  MAXIMUM         89    230 PM  96    1980  84      5       94
  MINIMUM         71    223 AM  45    1966  62      9       60
  AVERAGE         80                        73      7       77

PRECIPITATION (IN)
  TODAY            0.01          1.27 1988   0.14  -0.13     0.00
  MONTH TO DATE    4.11                      2.58   1.53     1.17
  SINCE JUN 1      6.26                      6.31  -0.05     2.34
  SINCE JAN 1     27.01                     21.91   5.10    16.99

DEGREE DAYS
 HEATING
  TODAY            0                         0      0        0
  MONTH TO DATE    0                         0      0        0
  SINCE JUN 1     27                        35     -8        7
  SINCE JUL 1      0                         0      0        0

 COOLING
  TODAY           15                         8      7       12
  MONTH TO DATE  195                       159     36      234
  SINCE JUN 1    383                       302     81      504
  SINCE JAN 1    450                       345    105      583
..................................................................


WIND (MPH)
  HIGHEST WIND SPEED     7   HIGHEST WIND DIRECTION     S (180)
  HIGHEST GUST SPEED    10   HIGHEST GUST DIRECTION    NW (320)
  AVERAGE WIND SPEED     2.0


SKY COVER
  POSSIBLE SUNSHINE  MM
  AVERAGE SKY COVER 0.5


WEATHER CONDITIONS
 THE FOLLOWING WEATHER WAS RECORDED TODAY.
  THUNDERSTORM
  LIGHT RAIN
  FOG
  FOG W/VISIBILITY <= 1/4 MILE
  HAZE


RELATIVE HUMIDITY (PERCENT)
 HIGHEST   100           100 AM
 LOWEST     59           200 PM
 AVERAGE    80

..........................................................


THE NEW PHILADELPHIA OH CLIMATE NORMALS FOR TOMORROW
                         NORMAL    RECORD    YEAR
 MAXIMUM TEMPERATURE (F)   84        96      1962
 MINIMUM TEMPERATURE (F)   62        47      1966


SUNRISE AND SUNSET
JULY 21 2017..........SUNRISE   613 AM EDT   SUNSET   851 PM EDT
JULY 22 2017..........SUNRISE   614 AM EDT   SUNSET   850 PM EDT


-  INDICATES NEGATIVE NUMBERS.
R  INDICATES RECORD WAS SET OR TIED.
MM INDICATES DATA IS MISSING.
T  INDICATES TRACE AMOUNT.




$$
