000
CDUS41 KPBZ 302112
CLIPHD


CLIMATE REPORT
NATIONAL WEATHER SERVICE PITTSBURGH PA
512 PM EDT FRI SEP 30 2016


...................................

...THE NEW PHILADELPHIA OH CLIMATE SUMMARY FOR SEPTEMBER 30 2016...
VALID TODAY AS OF 0500 PM LOCAL TIME.

CLIMATE NORMAL PERIOD 1981 TO 2010
CLIMATE RECORD PERIOD 1946 TO 2016


WEATHER ITEM   OBSERVED TIME   RECORD YEAR NORMAL DEPARTURE LAST
                VALUE   (LST)  VALUE       VALUE  FROM      YEAR
                                                  NORMAL
..................................................................
TEMPERATURE (F)
 TODAY
  MAXIMUM         64    359 PM  88    1986  70     -6       66
  MINIMUM         59   1125 AM  31    1963  46     13       55
  AVERAGE         62                        58      4       61

PRECIPITATION (IN)
  TODAY            0.62         MM      MM   0.09   0.53     0.19
  MONTH TO DATE    3.27                      3.26   0.01     2.51
  SINCE JUN 1     11.13                     14.61  -3.48    10.92
  SINCE JAN 1     25.78                     30.21  -4.43    24.14

DEGREE DAYS
 HEATING
  TODAY            3                         8     -5        4
  MONTH TO DATE   20                        98    -78       32
  SINCE SEP 1     20                        96    -76       32
  SINCE JUL 1     20                       106    -86       45

 COOLING
  TODAY            0                         1     -1        0
  MONTH TO DATE  184                        66    118      145
  SINCE SEP 1    184                        66    118      145
  SINCE JAN 1   1312                       688    624      864
..................................................................


WIND (MPH)
  HIGHEST WIND SPEED    14   HIGHEST WIND DIRECTION     E (80)
  HIGHEST GUST SPEED    21   HIGHEST GUST DIRECTION    SE (120)
  AVERAGE WIND SPEED     7.3


SKY COVER
  POSSIBLE SUNSHINE  MM
  AVERAGE SKY COVER 0.9


WEATHER CONDITIONS
 THE FOLLOWING WEATHER WAS RECORDED TODAY.
  THUNDERSTORM
  HEAVY RAIN
  RAIN
  LIGHT RAIN
  FOG


RELATIVE HUMIDITY (PERCENT)
 HIGHEST   100           200 PM
 LOWEST     84          1000 AM
 AVERAGE    92

..........................................................


THE NEW PHILADELPHIA OH CLIMATE NORMALS FOR TOMORROW
                         NORMAL    RECORD    YEAR
 MAXIMUM TEMPERATURE (F)   70        87      1986
 MINIMUM TEMPERATURE (F)   46        31      1963


SUNRISE AND SUNSET
SEPTEMBER 30 2016.....SUNRISE   722 AM EDT   SUNSET   709 PM EDT
OCTOBER  1 2016.......SUNRISE   723 AM EDT   SUNSET   707 PM EDT


-  INDICATES NEGATIVE NUMBERS.
R  INDICATES RECORD WAS SET OR TIED.
MM INDICATES DATA IS MISSING.
T  INDICATES TRACE AMOUNT.




$$
