000
CDUS41 KPBZ 270701
CLIPHD


CLIMATE REPORT
NATIONAL WEATHER SERVICE PITTSBURGH PA
301 AM EDT WED JUL 27 2016


...................................

...THE NEW PHILADELPHIA OH CLIMATE SUMMARY FOR JULY 26 2016...

CLIMATE NORMAL PERIOD 1981 TO 2010
CLIMATE RECORD PERIOD 1946 TO 2016


WEATHER ITEM   OBSERVED TIME   RECORD YEAR NORMAL DEPARTURE LAST
                VALUE   (LST)  VALUE       VALUE  FROM      YEAR
                                                  NORMAL
..................................................................
TEMPERATURE (F)
 YESTERDAY
  MAXIMUM         95R   239 PM  93    2005  84     11       84
  MINIMUM         68            51    1965  62      6       64
  AVERAGE         82                        73      9       74

PRECIPITATION (IN)
  YESTERDAY        0.00         MM      MM   0.15  -0.15     0.07
  MONTH TO DATE    1.17                      3.29  -2.12     3.17
  SINCE JUN 1      2.34                      7.02  -4.68     8.25
  SINCE JAN 1     16.99                     22.62  -5.63    21.47

DEGREE DAYS
 HEATING
  YESTERDAY        0                         0      0        0
  MONTH TO DATE    0                         0      0        0
  SINCE JUN 1      7                        35    -28       23
  SINCE JUL 1      0                         0      0        0

 COOLING
  YESTERDAY       17                         8      9        9
  MONTH TO DATE  326                       199    127      131
  SINCE JUN 1    596                       342    254      357
  SINCE JAN 1    675                       385    290      518
..................................................................


WIND (MPH)
  HIGHEST WIND SPEED    13   HIGHEST WIND DIRECTION    NW (320)
  HIGHEST GUST SPEED    19   HIGHEST GUST DIRECTION    NW (320)
  AVERAGE WIND SPEED     2.8


SKY COVER
  POSSIBLE SUNSHINE  MM
  AVERAGE SKY COVER 0.1


WEATHER CONDITIONS
 THE FOLLOWING WEATHER WAS RECORDED YESTERDAY.
  NO SIGNIFICANT WEATHER WAS OBSERVED.


RELATIVE HUMIDITY (PERCENT)
 HIGHEST    84           200 AM
 LOWEST     33           200 PM
 AVERAGE    59

..........................................................


THE NEW PHILADELPHIA OH CLIMATE NORMALS FOR TODAY
                         NORMAL    RECORD    YEAR
 MAXIMUM TEMPERATURE (F)   84        93      1993
 MINIMUM TEMPERATURE (F)   62        45      1962


SUNRISE AND SUNSET
JULY 27 2016..........SUNRISE   619 AM EDT   SUNSET   845 PM EDT
JULY 28 2016..........SUNRISE   620 AM EDT   SUNSET   844 PM EDT


-  INDICATES NEGATIVE NUMBERS.
R  INDICATES RECORD WAS SET OR TIED.
MM INDICATES DATA IS MISSING.
T  INDICATES TRACE AMOUNT.




$$
