000
CDUS41 KPBZ 242224
CLIPHD


CLIMATE REPORT
NATIONAL WEATHER SERVICE PITTSBURGH PA
516 PM EST SAT FEB 24 2018


...................................

...THE NEW PHILADELPHIA OH CLIMATE SUMMARY FOR FEBRUARY 24 2018...
VALID TODAY AS OF 0500 PM LOCAL TIME.

CLIMATE NORMAL PERIOD 1981 TO 2010
CLIMATE RECORD PERIOD 1948 TO 2018


WEATHER ITEM   OBSERVED TIME   RECORD YEAR NORMAL DEPARTURE LAST
                VALUE   (LST)  VALUE       VALUE  FROM      YEAR
                                                  NORMAL
..................................................................
TEMPERATURE (F)
 TODAY
  MAXIMUM         55   1216 AM  77    2017  43     12       77
  MINIMUM         45   1037 AM -15    2015  23     22       53
  AVERAGE         50                        33     17       65

PRECIPITATION (IN)
  TODAY            0.23          1.91 1975   0.09   0.14     0.00
  MONTH TO DATE    4.80                      2.00   2.80     1.23
  SINCE JUN 1     27.53                     27.90  -0.37    25.37
  SINCE JAN 1      7.01                      4.60   2.41     4.79

DEGREE DAYS
 HEATING
  TODAY           15                        32    -17        0
  MONTH TO DATE  691                       811   -120      577
  SINCE DEC 1   3015                      2925     90     2534
  SINCE JUL 1   4017                      4083    -66     3401

 COOLING
  TODAY            0                         0      0        0
  MONTH TO DATE    5                         0      5        0
  SINCE DEC 1      5                         0      5        0
  SINCE JAN 1      5                         0      5        0
..................................................................


WIND (MPH)
  HIGHEST WIND SPEED    14   HIGHEST WIND DIRECTION     E (100)
  HIGHEST GUST SPEED    18   HIGHEST GUST DIRECTION     E (80)
  AVERAGE WIND SPEED     5.8


SKY COVER
  POSSIBLE SUNSHINE  MM
  AVERAGE SKY COVER 1.0


WEATHER CONDITIONS
 THE FOLLOWING WEATHER WAS RECORDED TODAY.
  RAIN
  LIGHT RAIN
  FOG


RELATIVE HUMIDITY (PERCENT)
 HIGHEST    93          1100 AM
 LOWEST     80           400 AM
 AVERAGE    87

..........................................................


THE NEW PHILADELPHIA OH CLIMATE NORMALS FOR TOMORROW
                         NORMAL    RECORD    YEAR
 MAXIMUM TEMPERATURE (F)   44        73      2000
 MINIMUM TEMPERATURE (F)   24        -2      1993


SUNRISE AND SUNSET
FEBRUARY 24 2018......SUNRISE   707 AM EST   SUNSET   611 PM EST
FEBRUARY 25 2018......SUNRISE   705 AM EST   SUNSET   613 PM EST


-  INDICATES NEGATIVE NUMBERS.
R  INDICATES RECORD WAS SET OR TIED.
MM INDICATES DATA IS MISSING.
T  INDICATES TRACE AMOUNT.




$$
