000
CDUS41 KPBZ 060830
CLIPHD


CLIMATE REPORT
NATIONAL WEATHER SERVICE PITTSBURGH PA
330 AM EST SAT FEB 6 2016


...................................

...THE NEW PHILADELPHIA OH CLIMATE SUMMARY FOR FEBRUARY 5 2016...

CLIMATE NORMAL PERIOD 1981 TO 2010
CLIMATE RECORD PERIOD 1946 TO 2016


WEATHER ITEM   OBSERVED TIME   RECORD YEAR NORMAL DEPARTURE LAST
                VALUE   (LST)  VALUE       VALUE  FROM      YEAR
                                                  NORMAL
..................................................................
TEMPERATURE (F)
 YESTERDAY
  MAXIMUM         38    429 PM  65    1991  39     -1       26
  MINIMUM         21           -10    1985  21      0        1
  AVERAGE         30                        30      0       14

PRECIPITATION (IN)
  YESTERDAY        0.00         MM      MM   0.08  -0.08     0.01
  MONTH TO DATE    0.89                      0.37   0.52     0.66
  SINCE JUN 1     20.01                     26.27  -6.26    27.19
  SINCE JAN 1      1.93                      2.97  -1.04     2.46

DEGREE DAYS
 HEATING
  YESTERDAY       35                        35      0       51
  MONTH TO DATE  131                       175    -44      199
  SINCE DEC 1   1942                      2289   -347     2294
  SINCE JUL 1   2838                      3447   -609     3528

 COOLING
  YESTERDAY        0                         0      0        0
  MONTH TO DATE    0                         0      0        0
  SINCE DEC 1      0                         0      0        0
  SINCE JAN 1      0                         0      0        0
..................................................................


WIND (MPH)
  HIGHEST WIND SPEED    14   HIGHEST WIND DIRECTION    NW (320)
  HIGHEST GUST SPEED    19   HIGHEST GUST DIRECTION    NW (330)
  AVERAGE WIND SPEED     4.2


SKY COVER
  POSSIBLE SUNSHINE  MM
  AVERAGE SKY COVER 0.3


WEATHER CONDITIONS
 THE FOLLOWING WEATHER WAS RECORDED YESTERDAY.
  NO SIGNIFICANT WEATHER WAS OBSERVED.


RELATIVE HUMIDITY (PERCENT)
 HIGHEST    77           700 AM
 LOWEST     44           400 PM
 AVERAGE    61

..........................................................


THE NEW PHILADELPHIA OH CLIMATE NORMALS FOR TODAY
                         NORMAL    RECORD    YEAR
 MAXIMUM TEMPERATURE (F)   39        56      1991
 MINIMUM TEMPERATURE (F)   21        -7      1979


SUNRISE AND SUNSET
FEBRUARY  6 2016......SUNRISE   731 AM EST   SUNSET   549 PM EST
FEBRUARY  7 2016......SUNRISE   729 AM EST   SUNSET   551 PM EST


-  INDICATES NEGATIVE NUMBERS.
R  INDICATES RECORD WAS SET OR TIED.
MM INDICATES DATA IS MISSING.
T  INDICATES TRACE AMOUNT.




$$
