000
CDUS41 KPBZ 312119
CLIPHD


CLIMATE REPORT
NATIONAL WEATHER SERVICE PITTSBURGH PA
516 PM EDT TUE MAY 31 2016


...................................

...THE NEW PHILADELPHIA OH CLIMATE SUMMARY FOR MAY 31 2016...
VALID TODAY AS OF 0500 PM LOCAL TIME.

CLIMATE NORMAL PERIOD 1981 TO 2010
CLIMATE RECORD PERIOD 1946 TO 2016


WEATHER ITEM   OBSERVED TIME   RECORD YEAR NORMAL DEPARTURE LAST
                VALUE   (LST)  VALUE       VALUE  FROM      YEAR
                                                  NORMAL
..................................................................
TEMPERATURE (F)
 TODAY
  MAXIMUM         90R   244 PM  90    1988  76     14       82
  MINIMUM         60    541 AM  36    1990  53      7       51
  AVERAGE         75                        64     11       67

PRECIPITATION (IN)
  TODAY            0.00         MM      MM   0.15  -0.15     0.14
  MONTH TO DATE    3.13                      4.17  -1.04     2.97
  SINCE JUN 1     32.73                     38.90  -6.17    37.95
  SINCE JAN 1     14.65                     15.60  -0.95    13.22

DEGREE DAYS
 HEATING
  TODAY            0                         3     -3        0
  MONTH TO DATE  173                       194    -21       87
  SINCE MAR 1   1197                      1402   -205     1279
  SINCE JUL 1   4811                      5609   -798     5897

 COOLING
  TODAY           10                         3      7        2
  MONTH TO DATE   79                        36     43      158
  SINCE MAR 1     79                        43     36      161
  SINCE JAN 1     79                        43     36      161
..................................................................


WIND (MPH)
  HIGHEST WIND SPEED    10   HIGHEST WIND DIRECTION    NW (300)
  HIGHEST GUST SPEED    15   HIGHEST GUST DIRECTION     W (270)
  AVERAGE WIND SPEED     2.2


SKY COVER
  POSSIBLE SUNSHINE  MM
  AVERAGE SKY COVER 0.1


WEATHER CONDITIONS
 THE FOLLOWING WEATHER WAS RECORDED TODAY.
  NO SIGNIFICANT WEATHER WAS OBSERVED.


RELATIVE HUMIDITY (PERCENT)
 HIGHEST    90           400 AM
 LOWEST     24           300 PM
 AVERAGE    57

..........................................................


THE NEW PHILADELPHIA OH CLIMATE NORMALS FOR TOMORROW
                         NORMAL    RECORD    YEAR
 MAXIMUM TEMPERATURE (F)   77        90      1977
 MINIMUM TEMPERATURE (F)   53        38      1990


SUNRISE AND SUNSET
MAY 31 2016...........SUNRISE   558 AM EDT   SUNSET   850 PM EDT
JUNE  1 2016..........SUNRISE   557 AM EDT   SUNSET   850 PM EDT


-  INDICATES NEGATIVE NUMBERS.
R  INDICATES RECORD WAS SET OR TIED.
MM INDICATES DATA IS MISSING.
T  INDICATES TRACE AMOUNT.




$$
