000
CDUS41 KPBZ 010702
CLIPHD


CLIMATE REPORT
NATIONAL WEATHER SERVICE PITTSBURGH PA
301 AM EDT SAT AUG 1 2015


...................................

...THE NEW PHILADELPHIA OH CLIMATE SUMMARY FOR JULY 31 2015...

CLIMATE NORMAL PERIOD 1981 TO 2010
CLIMATE RECORD PERIOD 1946 TO 2015


WEATHER ITEM   OBSERVED TIME   RECORD YEAR NORMAL DEPARTURE LAST
                VALUE   (LST)  VALUE       VALUE  FROM      YEAR
                                                  NORMAL
..................................................................
TEMPERATURE (F)
 YESTERDAY
  MAXIMUM         84    447 PM  92    1983  84      0       78
  MINIMUM         57            49    1968  62     -5       57
  AVERAGE         71                        72     -1       68

PRECIPITATION (IN)
  YESTERDAY        0.00         MM      MM   0.15  -0.15     0.00
  MONTH TO DATE    3.17                      4.03  -0.86     4.88
  SINCE JUN 1      8.25                      7.76   0.49     9.75
  SINCE JAN 1     21.47                     23.36  -1.89    24.93

DEGREE DAYS
 HEATING
  YESTERDAY        0                         0      0        0
  MONTH TO DATE    0                         0      0       19
  SINCE JUN 1     23                        38    -15       29
  SINCE JUL 1      0                         3     -3       19

 COOLING
  YESTERDAY        6                         8     -2        3
  MONTH TO DATE  180                       234    -54      152
  SINCE JUN 1    406                       377     29      329
  SINCE JAN 1    567                       420    147      395
..................................................................


WIND (MPH)
  HIGHEST WIND SPEED    14   HIGHEST WIND DIRECTION     W (290)
  HIGHEST GUST SPEED    21   HIGHEST GUST DIRECTION    SW (230)
  AVERAGE WIND SPEED     4.1


SKY COVER
  POSSIBLE SUNSHINE  MM
  AVERAGE SKY COVER 0.2


WEATHER CONDITIONS
 THE FOLLOWING WEATHER WAS RECORDED YESTERDAY.
  FOG


RELATIVE HUMIDITY (PERCENT)
 HIGHEST   100          1200 AM
 LOWEST     43           500 PM
 AVERAGE    72

..........................................................


THE NEW PHILADELPHIA OH CLIMATE NORMALS FOR TODAY
                         NORMAL    RECORD    YEAR
 MAXIMUM TEMPERATURE (F)   84        94      1975
 MINIMUM TEMPERATURE (F)   61        49      1992


SUNRISE AND SUNSET
AUGUST  1 2015........SUNRISE   623 AM EDT   SUNSET   841 PM EDT
AUGUST  2 2015........SUNRISE   624 AM EDT   SUNSET   840 PM EDT


-  INDICATES NEGATIVE NUMBERS.
R  INDICATES RECORD WAS SET OR TIED.
MM INDICATES DATA IS MISSING.
T  INDICATES TRACE AMOUNT.




$$
