000
CDUS41 KPHI 292128
CLIPHL


CLIMATE REPORT
NATIONAL WEATHER SERVICE MOUNT HOLLY NJ
528 PM EDT SUN MAR 29 2015


...................................

...THE PHILADELPHIA PA CLIMATE SUMMARY FOR MARCH 29 2015...
VALID TODAY AS OF 0500 PM LOCAL TIME.

CLIMATE NORMAL PERIOD 1981 TO 2010
CLIMATE RECORD PERIOD 1872 TO 2015


WEATHER ITEM   OBSERVED TIME   RECORD YEAR NORMAL DEPARTURE LAST
                VALUE   (LST)  VALUE       VALUE  FROM      YEAR
                                                  NORMAL
..................................................................
TEMPERATURE (F)
 TODAY
  MAXIMUM         45    359 PM  87    1945  57    -12       55
  MINIMUM         26    611 AM  14    1923  38    -12       45
  AVERAGE         36                        48    -12       50

PRECIPITATION (IN)
  TODAY            0.00          1.72 2014   0.13  -0.13     1.72
  MONTH TO DATE    5.43                      3.53   1.90     3.32
  SINCE MAR 1      5.43                      3.53   1.90     3.32
  SINCE JAN 1     12.31                      9.21   3.10    11.99

SNOWFALL (IN)
  TODAY            0.0           1.9  1942   0.0    0.0      0.0
  MONTH TO DATE   11.9                       2.8    9.1      8.5
  SINCE MAR 1     11.9                       2.8    9.1      8.5
  SINCE JUL 1     26.9                      21.8    5.1     68.0
  SNOW DEPTH       0

DEGREE DAYS
 HEATING
  TODAY           29                        17     12       15
  MONTH TO DATE  757                       633    124      764
  SINCE MAR 1    757                       633    124      764
  SINCE JUL 1   4410                      4115    295     4420

 COOLING
  TODAY            0                         0      0        0
  MONTH TO DATE    0                         0      0        0
  SINCE MAR 1      0                         0      0        0
  SINCE JAN 1      0                         0      0        0
..................................................................


WIND (MPH)
  HIGHEST WIND SPEED    21   HIGHEST WIND DIRECTION    NW (330)
  HIGHEST GUST SPEED    24   HIGHEST GUST DIRECTION    NW (320)
  AVERAGE WIND SPEED    12.1


SKY COVER
  POSSIBLE SUNSHINE  MM
  AVERAGE SKY COVER 0.2


WEATHER CONDITIONS
 THE FOLLOWING WEATHER WAS RECORDED TODAY.
  NO SIGNIFICANT WEATHER WAS OBSERVED.


RELATIVE HUMIDITY (PERCENT)
 HIGHEST    39           700 AM
 LOWEST     19           300 PM
 AVERAGE    29

..........................................................


THE PHILADELPHIA PA CLIMATE NORMALS FOR TOMORROW
                         NORMAL    RECORD    YEAR
 MAXIMUM TEMPERATURE (F)   58        86      1998
 MINIMUM TEMPERATURE (F)   39        18      1887


SUNRISE AND SUNSET
MARCH 29 2015.........SUNRISE   650 AM EDT   SUNSET   722 PM EDT
MARCH 30 2015.........SUNRISE   649 AM EDT   SUNSET   723 PM EDT


-  INDICATES NEGATIVE NUMBERS.
R  INDICATES RECORD WAS SET OR TIED.
MM INDICATES DATA IS MISSING.
T  INDICATES TRACE AMOUNT.




$$
