000
CDUS41 KPHI 160632
CLIPHL


CLIMATE REPORT
NATIONAL WEATHER SERVICE MOUNT HOLLY NJ
232 AM EDT TUE SEP 16 2014


...................................

...THE PHILADELPHIA PA CLIMATE SUMMARY FOR SEPTEMBER 15 2014...

CLIMATE NORMAL PERIOD 1981 TO 2010
CLIMATE RECORD PERIOD 1872 TO 2014


WEATHER ITEM   OBSERVED TIME   RECORD YEAR NORMAL DEPARTURE LAST
                VALUE   (LST)  VALUE       VALUE  FROM      YEAR
                                                  NORMAL
..................................................................
TEMPERATURE (F)
 YESTERDAY
  MAXIMUM         72    446 PM  95    1927  78     -6       74
  MINIMUM         53    553 AM  45    1895  61     -8       50
  AVERAGE         63                        70     -7       62

PRECIPITATION (IN)
  YESTERDAY        0.00          2.74 1904   0.13  -0.13     0.00
  MONTH TO DATE    0.56                      1.80  -1.24     2.09
  SINCE SEP 1      0.56                      1.80  -1.24     2.09
  SINCE JAN 1     36.37                     29.82   6.55    44.33

SNOWFALL (IN)
  YESTERDAY        0.0           0.0  1870   0.0    0.0      0.0
  MONTH TO DATE    0.0                       0.0    0.0      0.0
  SINCE SEP 1      0.0                       0.0    0.0      0.0
  SINCE JUL 1      0.0                       0.0    0.0      0.0
  SNOW DEPTH       0

DEGREE DAYS
 HEATING
  YESTERDAY        2                         1      1        3
  MONTH TO DATE    6                         4      2        8
  SINCE SEP 1      6                         4      2        8
  SINCE JUL 1      6                         5      1        8

 COOLING
  YESTERDAY        0                         5     -5        0
  MONTH TO DATE  147                       110     37      121
  SINCE SEP 1    147                       110     37      121
  SINCE JAN 1   1245                      1227     18     1337
..................................................................


WIND (MPH)
  HIGHEST WIND SPEED    12   HIGHEST WIND DIRECTION     S (170)
  HIGHEST GUST SPEED    14   HIGHEST GUST DIRECTION     S (170)
  AVERAGE WIND SPEED     5.2


SKY COVER
  POSSIBLE SUNSHINE  MM
  AVERAGE SKY COVER 0.3


WEATHER CONDITIONS
 THE FOLLOWING WEATHER WAS RECORDED YESTERDAY.
  NO SIGNIFICANT WEATHER WAS OBSERVED.


RELATIVE HUMIDITY (PERCENT)
 HIGHEST    77           300 AM
 LOWEST     38           200 PM
 AVERAGE    58

..........................................................


THE PHILADELPHIA PA CLIMATE NORMALS FOR TODAY
                         NORMAL    RECORD    YEAR
 MAXIMUM TEMPERATURE (F)   78        94      1991
 MINIMUM TEMPERATURE (F)   60        45      1984


SUNRISE AND SUNSET
SEPTEMBER 16 2014.....SUNRISE   643 AM EDT   SUNSET   708 PM EDT
SEPTEMBER 17 2014.....SUNRISE   644 AM EDT   SUNSET   706 PM EDT


-  INDICATES NEGATIVE NUMBERS.
R  INDICATES RECORD WAS SET OR TIED.
MM INDICATES DATA IS MISSING.
T  INDICATES TRACE AMOUNT.




$$
