000
CDUS41 KPHI 312127
CLIPHL


CLIMATE REPORT
NATIONAL WEATHER SERVICE MOUNT HOLLY NJ
527 PM EDT TUE MAY 31 2016


...................................

...THE PHILADELPHIA PA CLIMATE SUMMARY FOR MAY 31 2016...
VALID TODAY AS OF 0500 PM LOCAL TIME.

CLIMATE NORMAL PERIOD 1981 TO 2010
CLIMATE RECORD PERIOD 1872 TO 2016


WEATHER ITEM   OBSERVED TIME   RECORD YEAR NORMAL DEPARTURE LAST
                VALUE   (LST)  VALUE       VALUE  FROM      YEAR
                                                  NORMAL
..................................................................
TEMPERATURE (F)
 TODAY
  MAXIMUM         88    339 PM  97    1991  78     10       92
  MINIMUM         70    611 AM  42    1965  59     11       70
  AVERAGE         79                        69     10       81

PRECIPITATION (IN)
  TODAY            0.00          1.65 1993   0.13  -0.13     0.00
  MONTH TO DATE    6.65                      3.71   2.94     1.19
  SINCE MAR 1     10.41                     11.06  -0.65    10.29
  SINCE JAN 1     17.40                     16.74   0.66    17.17

SNOWFALL (IN)
  TODAY            0.0           0.0  1870   0.0    0.0      0.0
  MONTH TO DATE    0.0                       0.0    0.0      0.0
  SINCE MAR 1      1.3                       3.4   -2.1     12.0
  SINCE JUL 1     27.5                      22.4    5.1     27.0
  SNOW DEPTH       0

DEGREE DAYS
 HEATING
  TODAY            0                         1     -1        0
  MONTH TO DATE  145                       111     34       32
  SINCE MAR 1    901                      1120   -219     1111
  SINCE JUL 1   3587                      4602  -1015     4764

 COOLING
  TODAY           14                         5      9       16
  MONTH TO DATE   91                        78     13      196
  SINCE MAR 1    114                        91     23      199
  SINCE JAN 1    114                        91     23      199
..................................................................


WIND (MPH)
  HIGHEST WIND SPEED    17   HIGHEST WIND DIRECTION     N (20)
  HIGHEST GUST SPEED    22   HIGHEST GUST DIRECTION     N (10)
  AVERAGE WIND SPEED     6.7


SKY COVER
  POSSIBLE SUNSHINE  MM
  AVERAGE SKY COVER 0.6


WEATHER CONDITIONS
 THE FOLLOWING WEATHER WAS RECORDED TODAY.
  NO SIGNIFICANT WEATHER WAS OBSERVED.


RELATIVE HUMIDITY (PERCENT)
 HIGHEST    90           600 AM
 LOWEST     26           400 PM
 AVERAGE    58

..........................................................


THE PHILADELPHIA PA CLIMATE NORMALS FOR TOMORROW
                         NORMAL    RECORD    YEAR
 MAXIMUM TEMPERATURE (F)   79        97      1895
 MINIMUM TEMPERATURE (F)   59        44      1984
                                             1967
                                             1945


SUNRISE AND SUNSET
MAY 31 2016...........SUNRISE   535 AM EDT   SUNSET   823 PM EDT
JUNE  1 2016..........SUNRISE   534 AM EDT   SUNSET   824 PM EDT


-  INDICATES NEGATIVE NUMBERS.
R  INDICATES RECORD WAS SET OR TIED.
MM INDICATES DATA IS MISSING.
T  INDICATES TRACE AMOUNT.




$$
