000
CDUS41 KPHI 242128
CLIPHL


CLIMATE REPORT
NATIONAL WEATHER SERVICE MOUNT HOLLY NJ
527 PM EDT SUN SEP 24 2017


...................................

...THE PHILADELPHIA PA CLIMATE SUMMARY FOR SEPTEMBER 24 2017...
VALID TODAY AS OF 0500 PM LOCAL TIME.

CLIMATE NORMAL PERIOD 1981 TO 2010
CLIMATE RECORD PERIOD 1872 TO 2017


WEATHER ITEM   OBSERVED TIME   RECORD YEAR NORMAL DEPARTURE LAST
                VALUE   (LST)  VALUE       VALUE  FROM      YEAR
                                                  NORMAL
..................................................................
TEMPERATURE (F)
 TODAY
  MAXIMUM         92    232 PM  95    1970  75     17       73
  MINIMUM         69    521 AM  40    1974  57     12       59
                                      1963
  AVERAGE         81                        66     15       66

PRECIPITATION (IN)
  TODAY            0.00          2.08 1912   0.14  -0.14     0.00
  MONTH TO DATE    3.86                      2.98   0.88     1.76
  SINCE SEP 1      3.86                      2.98   0.88     1.76
  SINCE JAN 1     35.07                     31.00   4.07    26.61

SNOWFALL (IN)
  TODAY            0.0           0.0    MM   0.0    0.0      0.0
  MONTH TO DATE    0.0                       0.0    0.0      0.0
  SINCE SEP 1      0.0                       0.0    0.0      0.0
  SINCE JUL 1      0.0                       0.0    0.0      0.0
  SNOW DEPTH       0

DEGREE DAYS
 HEATING
  TODAY            0                         2     -2        0
  MONTH TO DATE    7                        17    -10        0
  SINCE SEP 1      7                        17    -10        0
  SINCE JUL 1      7                        18    -11        0

 COOLING
  TODAY           16                         3     13        1
  MONTH TO DATE  169                       147     22      269
  SINCE SEP 1    169                       147     22      269
  SINCE JAN 1   1359                      1264     95     1681
..................................................................


WIND (MPH)
  HIGHEST WIND SPEED    13   HIGHEST WIND DIRECTION     E (90)
  HIGHEST GUST SPEED    19   HIGHEST GUST DIRECTION     N (360)
  AVERAGE WIND SPEED     6.0


SKY COVER
  POSSIBLE SUNSHINE  MM
  AVERAGE SKY COVER 0.1


WEATHER CONDITIONS
 THE FOLLOWING WEATHER WAS RECORDED TODAY.
  NO SIGNIFICANT WEATHER WAS OBSERVED.


RELATIVE HUMIDITY (PERCENT)
 HIGHEST    73           300 AM
 LOWEST     41           100 PM
 AVERAGE    57

..........................................................


THE PHILADELPHIA PA CLIMATE NORMALS FOR TOMORROW
                         NORMAL    RECORD    YEAR
 MAXIMUM TEMPERATURE (F)   75        92      1970
 MINIMUM TEMPERATURE (F)   57        35      1963


SUNRISE AND SUNSET
SEPTEMBER 24 2017.....SUNRISE   651 AM EDT   SUNSET   654 PM EDT
SEPTEMBER 25 2017.....SUNRISE   652 AM EDT   SUNSET   653 PM EDT


-  INDICATES NEGATIVE NUMBERS.
R  INDICATES RECORD WAS SET OR TIED.
MM INDICATES DATA IS MISSING.
T  INDICATES TRACE AMOUNT.




$$
