000
CDUS43 KUNR 240839
CLIPHP


CLIMATE REPORT
NATIONAL WEATHER SERVICE RAPID CITY SD
136 AM MST FRI NOV 24 2017


...................................

...THE PHILIP SD CLIMATE SUMMARY FOR NOVEMBER 23 2017...

CLIMATE NORMAL PERIOD 1981 TO 2010
CLIMATE RECORD PERIOD 9999 TO 9999


WEATHER ITEM   OBSERVED TIME   NORMAL DEPARTURE LAST
                VALUE   (LST)  VALUE  FROM      YEAR
                                      NORMAL
......................................................
TEMPERATURE (F)
 YESTERDAY
  MAXIMUM         76    148 PM  43     33       37
  MINIMUM         38    120 AM  17     21       22
  AVERAGE         57            30     27       30

PRECIPITATION (IN)
  YESTERDAY        0.00          0.01  -0.01     0.00
  MONTH TO DATE    0.28          0.52  -0.24     0.01
  SINCE SEP 1      2.73          3.44  -0.71     0.69
  SINCE JAN 1     10.59         16.82  -6.23    12.70

DEGREE DAYS
 HEATING
  YESTERDAY        8            35    -27       35
  MONTH TO DATE  641           673    -32      454
  SINCE SEP 1   1297          1351    -54      896
  SINCE JUL 1   1303          1376    -73      915

 COOLING
  YESTERDAY        0             0      0        0
  MONTH TO DATE    0             0      0        0
  SINCE SEP 1    115            83     32       78
  SINCE JAN 1    911           818     93      908
......................................................


WIND (MPH)
  HIGHEST WIND SPEED    17   HIGHEST WIND DIRECTION    SW (240)
  HIGHEST GUST SPEED    22   HIGHEST GUST DIRECTION     W (250)
  AVERAGE WIND SPEED    10.9


SKY COVER
  AVERAGE SKY COVER 0.0


WEATHER CONDITIONS
 THE FOLLOWING WEATHER WAS RECORDED YESTERDAY.
  NO SIGNIFICANT WEATHER WAS OBSERVED.


RELATIVE HUMIDITY (PERCENT)
 HIGHEST    92           100 AM
 LOWEST     27           200 PM
 AVERAGE    60

..........................................................




SUNRISE AND SUNSET
NOVEMBER 24 2017......SUNRISE   653 AM MST   SUNSET   413 PM MST
NOVEMBER 25 2017......SUNRISE   655 AM MST   SUNSET   412 PM MST


-  INDICATES NEGATIVE NUMBERS.
R  INDICATES RECORD WAS SET OR TIED.
MM INDICATES DATA IS MISSING.
T  INDICATES TRACE AMOUNT.




$$
