000
CDUS43 KUNR 010832
CLIPHP


CLIMATE REPORT
NATIONAL WEATHER SERVICE RAPID CITY SD
231 AM MDT SAT OCT 1 2016


...................................

...THE PHILIP SD CLIMATE SUMMARY FOR SEPTEMBER 30 2016...

CLIMATE NORMAL PERIOD 1981 TO 2010
CLIMATE RECORD PERIOD 9999 TO 9999


WEATHER ITEM   OBSERVED TIME   NORMAL DEPARTURE LAST
                VALUE   (LST)  VALUE  FROM      YEAR
                                      NORMAL
......................................................
TEMPERATURE (F)
 YESTERDAY
  MAXIMUM         81    206 PM  71     10       72
  MINIMUM         48    448 AM  41      7       53
  AVERAGE         65            56      9       63

PRECIPITATION (IN)
  YESTERDAY        0.00          0.05  -0.05     0.00
  MONTH TO DATE    0.23          1.49  -1.26     0.50
  SINCE SEP 1      0.23          1.49  -1.26     0.50
  SINCE JAN 1     12.24         14.87  -2.63    16.83

DEGREE DAYS
 HEATING
  YESTERDAY        0            10    -10        2
  MONTH TO DATE   92           161    -69       49
  SINCE SEP 1     92           161    -69       49
  SINCE JUL 1    111           186    -75       81

 COOLING
  YESTERDAY        0             1     -1        0
  MONTH TO DATE   62            79    -17      115
  SINCE SEP 1     62            79    -17      115
  SINCE JAN 1    892           814     78      736
......................................................


WIND (MPH)
  HIGHEST WIND SPEED    26   HIGHEST WIND DIRECTION     S (170)
  HIGHEST GUST SPEED    32   HIGHEST GUST DIRECTION     S (170)
  AVERAGE WIND SPEED    12.3


SKY COVER
  AVERAGE SKY COVER 0.0


WEATHER CONDITIONS
 THE FOLLOWING WEATHER WAS RECORDED YESTERDAY.
  NO SIGNIFICANT WEATHER WAS OBSERVED.


RELATIVE HUMIDITY (PERCENT)
 HIGHEST    80           400 AM
 LOWEST     33           200 PM
 AVERAGE    57

..........................................................




SUNRISE AND SUNSET
OCTOBER  1 2016.......SUNRISE   645 AM MDT   SUNSET   626 PM MDT
OCTOBER  2 2016.......SUNRISE   646 AM MDT   SUNSET   624 PM MDT


-  INDICATES NEGATIVE NUMBERS.
R  INDICATES RECORD WAS SET OR TIED.
MM INDICATES DATA IS MISSING.
T  INDICATES TRACE AMOUNT.




$$
