000
CDUS43 KUNR 030835
CLIPHP


CLIMATE REPORT
NATIONAL WEATHER SERVICE RAPID CITY SD
235 AM MDT TUE MAY 3 2016


...................................

...THE PHILIP SD CLIMATE SUMMARY FOR MAY 2 2016...

CLIMATE NORMAL PERIOD 1981 TO 2010
CLIMATE RECORD PERIOD 9999 TO 9999


WEATHER ITEM   OBSERVED TIME   NORMAL DEPARTURE LAST
                VALUE   (LST)  VALUE  FROM      YEAR
                                      NORMAL
......................................................
TEMPERATURE (F)
 YESTERDAY
  MAXIMUM         67   1229 PM  66      1       90
  MINIMUM         33    341 AM  39     -6       43
  AVERAGE         50            52     -2       67

PRECIPITATION (IN)
  YESTERDAY        0.07          0.10  -0.03     0.00
  MONTH TO DATE    0.07          0.19  -0.12     0.00
  SINCE MAR 1      4.74          3.30   1.44     0.43
  SINCE JAN 1      5.42          4.08   1.34     0.54

DEGREE DAYS
 HEATING
  YESTERDAY       15            13      2        0
  MONTH TO DATE   34            26      8        8
  SINCE MAR 1   1273          1528   -255     1239
  SINCE JUL 1   6085          6893   -808     6379

 COOLING
  YESTERDAY        0             0      0        2
  MONTH TO DATE    0             0      0        2
  SINCE MAR 1      1             3     -2        5
  SINCE JAN 1      1             3     -2        5
......................................................


WIND (MPH)
  HIGHEST WIND SPEED    29   HIGHEST WIND DIRECTION    NE (30)
  HIGHEST GUST SPEED    36   HIGHEST GUST DIRECTION     N (20)
  AVERAGE WIND SPEED     7.3


SKY COVER
  AVERAGE SKY COVER 0.3


WEATHER CONDITIONS
 THE FOLLOWING WEATHER WAS RECORDED YESTERDAY.
  LIGHT RAIN
  FOG
  FOG W/VISIBILITY <= 1/4 MILE


RELATIVE HUMIDITY (PERCENT)
 HIGHEST   100           900 PM
 LOWEST     30           100 PM
 AVERAGE    65

..........................................................




SUNRISE AND SUNSET
MAY  3 2016...........SUNRISE   534 AM MDT   SUNSET   753 PM MDT
MAY  4 2016...........SUNRISE   533 AM MDT   SUNSET   754 PM MDT


-  INDICATES NEGATIVE NUMBERS.
R  INDICATES RECORD WAS SET OR TIED.
MM INDICATES DATA IS MISSING.
T  INDICATES TRACE AMOUNT.




$$
