000
CDUS43 KUNR 280836
CLIPHP


CLIMATE REPORT
NATIONAL WEATHER SERVICE RAPID CITY SD
236 AM MDT SUN MAY 28 2017


...................................

...THE PHILIP SD CLIMATE SUMMARY FOR MAY 27 2017...

CLIMATE NORMAL PERIOD 1981 TO 2010
CLIMATE RECORD PERIOD 9999 TO 9999


WEATHER ITEM   OBSERVED TIME   NORMAL DEPARTURE LAST
                VALUE   (LST)  VALUE  FROM      YEAR
                                      NORMAL
......................................................
TEMPERATURE (F)
 YESTERDAY
  MAXIMUM         77    321 PM  74      3       69
  MINIMUM         50   1159 PM  48      2       48
  AVERAGE         64            61      3       59

PRECIPITATION (IN)
  YESTERDAY        0.14          0.10   0.04      T
  MONTH TO DATE    1.19          2.64  -1.45     1.34
  SINCE MAR 1      3.75          5.75  -2.00     6.01
  SINCE JAN 1      4.82          6.53  -1.71     6.69

DEGREE DAYS
 HEATING
  YESTERDAY        1             5     -4        6
  MONTH TO DATE  231           248    -17      251
  SINCE MAR 1   1563          1750   -187     1490
  SINCE JUL 1   6623          7115   -492     6302

 COOLING
  YESTERDAY        0             1     -1        0
  MONTH TO DATE   13            22     -9       10
  SINCE MAR 1     13            25    -12       11
  SINCE JAN 1     13            25    -12       11
......................................................


WIND (MPH)
  HIGHEST WIND SPEED    32   HIGHEST WIND DIRECTION    NW (330)
  HIGHEST GUST SPEED    48   HIGHEST GUST DIRECTION    NW (320)
  AVERAGE WIND SPEED     9.5


SKY COVER
  AVERAGE SKY COVER 0.4


WEATHER CONDITIONS
 THE FOLLOWING WEATHER WAS RECORDED YESTERDAY.
  RAIN
  LIGHT RAIN
  FOG


RELATIVE HUMIDITY (PERCENT)
 HIGHEST   100           300 AM
 LOWEST     23           400 PM
 AVERAGE    62

..........................................................




SUNRISE AND SUNSET
MAY 28 2017...........SUNRISE   509 AM MDT   SUNSET   819 PM MDT
MAY 29 2017...........SUNRISE   508 AM MDT   SUNSET   820 PM MDT


-  INDICATES NEGATIVE NUMBERS.
R  INDICATES RECORD WAS SET OR TIED.
MM INDICATES DATA IS MISSING.
T  INDICATES TRACE AMOUNT.




$$
