000
CDUS43 KUNR 020832
CLIPHP


CLIMATE REPORT
NATIONAL WEATHER SERVICE RAPID CITY SD
232 AM MDT THU OCT 2 2014


...................................

...THE PHILIP SD CLIMATE SUMMARY FOR OCTOBER 1 2014...

CLIMATE NORMAL PERIOD 1981 TO 2010
CLIMATE RECORD PERIOD 9999 TO 9999


WEATHER ITEM   OBSERVED TIME   NORMAL DEPARTURE LAST
                VALUE   (LST)  VALUE  FROM      YEAR
                                      NORMAL
......................................................
TEMPERATURE (F)
 YESTERDAY
  MAXIMUM         66   1203 PM  70     -4       74
  MINIMUM         48    600 AM  40      8       40
  AVERAGE         57            55      2       57

PRECIPITATION (IN)
  YESTERDAY        T             0.05  -0.05     0.00
  MONTH TO DATE    T             0.05  -0.05     0.00
  SINCE SEP 1      2.27          1.54   0.73     0.58
  SINCE JAN 1     15.70         14.92   0.78    10.99

DEGREE DAYS
 HEATING
  YESTERDAY        8            10     -2        8
  MONTH TO DATE    8            10     -2        8
  SINCE SEP 1    180           171      9       68
  SINCE JUL 1    199           196      3       71

 COOLING
  YESTERDAY        0             0      0        0
  MONTH TO DATE    0             0      0        0
  SINCE SEP 1     70            79     -9      182
  SINCE JAN 1    649           814   -165      945
......................................................


WIND (MPH)
  HIGHEST WIND SPEED    21   HIGHEST WIND DIRECTION     N (340)
  HIGHEST GUST SPEED    27   HIGHEST GUST DIRECTION    NW (330)
  AVERAGE WIND SPEED     9.1


SKY COVER
  AVERAGE SKY COVER 0.6


WEATHER CONDITIONS
 THE FOLLOWING WEATHER WAS RECORDED YESTERDAY.
  LIGHT RAIN


RELATIVE HUMIDITY (PERCENT)
 HIGHEST    93          1200 AM
 LOWEST     52          1200 PM
 AVERAGE    73

..........................................................




SUNRISE AND SUNSET
OCTOBER  2 2014.......SUNRISE   645 AM MDT   SUNSET   625 PM MDT
OCTOBER  3 2014.......SUNRISE   646 AM MDT   SUNSET   624 PM MDT


-  INDICATES NEGATIVE NUMBERS.
R  INDICATES RECORD WAS SET OR TIED.
MM INDICATES DATA IS MISSING.
T  INDICATES TRACE AMOUNT.




$$
