000
CDUS43 KUNR 230838
CLIPHP


CLIMATE REPORT
NATIONAL WEATHER SERVICE RAPID CITY SD
237 AM MDT THU MAR 23 2017


...................................

...THE PHILIP SD CLIMATE SUMMARY FOR MARCH 22 2017...

CLIMATE NORMAL PERIOD 1981 TO 2010
CLIMATE RECORD PERIOD 9999 TO 9999


WEATHER ITEM   OBSERVED TIME   NORMAL DEPARTURE LAST
                VALUE   (LST)  VALUE  FROM      YEAR
                                      NORMAL
......................................................
TEMPERATURE (F)
 YESTERDAY
  MAXIMUM         69    423 PM  50     19       53
  MINIMUM         29    232 AM  24      5       31
  AVERAGE         49            37     12       42

PRECIPITATION (IN)
  YESTERDAY        T             0.04  -0.04     0.01
  MONTH TO DATE    0.28          0.91  -0.63     0.12
  SINCE MAR 1      0.28          0.91  -0.63     0.12
  SINCE JAN 1      1.35          1.69  -0.34     0.80

DEGREE DAYS
 HEATING
  YESTERDAY       16            28    -12       23
  MONTH TO DATE  635           703    -68      501
  SINCE MAR 1    635           703    -68      501
  SINCE JUL 1   5695          6068   -373     5313

 COOLING
  YESTERDAY        0             0      0        0
  MONTH TO DATE    0             0      0        0
  SINCE MAR 1      0             0      0        0
  SINCE JAN 1      0             0      0        0
......................................................


WIND (MPH)
  HIGHEST WIND SPEED    30   HIGHEST WIND DIRECTION     S (170)
  HIGHEST GUST SPEED    37   HIGHEST GUST DIRECTION     S (180)
  AVERAGE WIND SPEED    15.0


SKY COVER
  AVERAGE SKY COVER 0.3


WEATHER CONDITIONS
 THE FOLLOWING WEATHER WAS RECORDED YESTERDAY.
  NO SIGNIFICANT WEATHER WAS OBSERVED.


RELATIVE HUMIDITY (PERCENT)
 HIGHEST    92           100 AM
 LOWEST     34           100 PM
 AVERAGE    63

..........................................................




SUNRISE AND SUNSET
MARCH 23 2017.........SUNRISE   644 AM MDT   SUNSET   703 PM MDT
MARCH 24 2017.........SUNRISE   642 AM MDT   SUNSET   704 PM MDT


-  INDICATES NEGATIVE NUMBERS.
R  INDICATES RECORD WAS SET OR TIED.
MM INDICATES DATA IS MISSING.
T  INDICATES TRACE AMOUNT.




$$
