000
CDUS43 KUNR 230843
CLIPHP


CLIMATE REPORT
NATIONAL WEATHER SERVICE RAPID CITY SD
239 AM MDT SAT MAY 23 2015


...................................

...THE PHILIP SD CLIMATE SUMMARY FOR MAY 22 2015...

CLIMATE NORMAL PERIOD 1981 TO 2010
CLIMATE RECORD PERIOD 9999 TO 9999


WEATHER ITEM   OBSERVED TIME   NORMAL DEPARTURE LAST
                VALUE   (LST)  VALUE  FROM      YEAR
                                      NORMAL
......................................................
TEMPERATURE (F)
 YESTERDAY
  MAXIMUM         68   1145 AM  72     -4       81
  MINIMUM         41    417 AM  46     -5       47
  AVERAGE         55            59     -4       64

PRECIPITATION (IN)
  YESTERDAY        0.00          0.10  -0.10     0.00
  MONTH TO DATE    5.43          2.15   3.28     1.90
  SINCE MAR 1      5.86          5.26   0.60     3.86
  SINCE JAN 1      5.97          6.04  -0.07     4.34

DEGREE DAYS
 HEATING
  YESTERDAY       10             7      3        1
  MONTH TO DATE  239           220     19      305
  SINCE MAR 1   1470          1722   -252     1864
  SINCE JUL 1   6610          7087   -477     7467

 COOLING
  YESTERDAY        0             1     -1        0
  MONTH TO DATE    2            17    -15        1
  SINCE MAR 1      5            20    -15        1
  SINCE JAN 1      5            20    -15        1
......................................................


WIND (MPH)
  HIGHEST WIND SPEED    26   HIGHEST WIND DIRECTION     S (160)
  HIGHEST GUST SPEED    31   HIGHEST GUST DIRECTION    SE (150)
  AVERAGE WIND SPEED    11.5


SKY COVER
  AVERAGE SKY COVER 0.5


WEATHER CONDITIONS
 THE FOLLOWING WEATHER WAS RECORDED YESTERDAY.
  NO SIGNIFICANT WEATHER WAS OBSERVED.


RELATIVE HUMIDITY (PERCENT)
 HIGHEST    82           500 AM
 LOWEST     32          1100 AM
 AVERAGE    57

..........................................................




SUNRISE AND SUNSET
MAY 23 2015...........SUNRISE   513 AM MDT   SUNSET   814 PM MDT
MAY 24 2015...........SUNRISE   512 AM MDT   SUNSET   815 PM MDT


-  INDICATES NEGATIVE NUMBERS.
R  INDICATES RECORD WAS SET OR TIED.
MM INDICATES DATA IS MISSING.
T  INDICATES TRACE AMOUNT.




$$
