000
CDUS43 KUNR 260838
CLIPHP


CLIMATE REPORT
NATIONAL WEATHER SERVICE RAPID CITY SD
138 AM MST MON JAN 26 2015


...................................

...THE PHILIP SD CLIMATE SUMMARY FOR JANUARY 25 2015...

CLIMATE NORMAL PERIOD 1981 TO 2010
CLIMATE RECORD PERIOD 9999 TO 9999


WEATHER ITEM   OBSERVED TIME   NORMAL DEPARTURE LAST
                VALUE   (LST)  VALUE  FROM      YEAR
                                      NORMAL
......................................................
TEMPERATURE (F)
 YESTERDAY
  MAXIMUM         49    218 PM  35     14       56
  MINIMUM         32    622 AM  10     22       37
  AVERAGE         41            23     18       47

PRECIPITATION (IN)
  YESTERDAY        0.00          0.01  -0.01      T
  MONTH TO DATE    0.01          0.25  -0.24     0.11
  SINCE DEC 1      0.31          0.68  -0.37     1.13
  SINCE JAN 1      0.01          0.25  -0.24     0.11

DEGREE DAYS
 HEATING
  YESTERDAY       24            42    -18       18
  MONTH TO DATE 1042          1079    -37      965
  SINCE DEC 1   2233          2379   -146     2477
  SINCE JUL 1   3888          4014   -126     3988

 COOLING
  YESTERDAY        0             0      0        0
  MONTH TO DATE    0             0      0        0
  SINCE DEC 1      0             0      0        0
  SINCE JAN 1      0             0      0        0
......................................................


WIND (MPH)
  HIGHEST WIND SPEED    23   HIGHEST WIND DIRECTION    NW (330)
  HIGHEST GUST SPEED    27   HIGHEST GUST DIRECTION    NW (310)
  AVERAGE WIND SPEED    10.3


SKY COVER
  AVERAGE SKY COVER 0.2


WEATHER CONDITIONS
 THE FOLLOWING WEATHER WAS RECORDED YESTERDAY.
  NO SIGNIFICANT WEATHER WAS OBSERVED.


RELATIVE HUMIDITY (PERCENT)
 HIGHEST    82           300 AM
 LOWEST     38           400 PM
 AVERAGE    60

..........................................................




SUNRISE AND SUNSET
JANUARY 26 2015.......SUNRISE   710 AM MST   SUNSET   448 PM MST
JANUARY 27 2015.......SUNRISE   709 AM MST   SUNSET   449 PM MST


-  INDICATES NEGATIVE NUMBERS.
R  INDICATES RECORD WAS SET OR TIED.
MM INDICATES DATA IS MISSING.
T  INDICATES TRACE AMOUNT.




$$
