000
CDUS45 KPSR 010831
CLIPHX

CLIMATE REPORT
NATIONAL WEATHER SERVICE PHOENIX AZ
130 AM MST SAT AUG 1 2015


...................................

...THE PHOENIX AZ CLIMATE SUMMARY FOR JULY 31 2015...

CLIMATE NORMAL PERIOD 1981 TO 2010
CLIMATE RECORD PERIOD 1895 TO 2015


WEATHER ITEM   OBSERVED TIME   RECORD YEAR NORMAL DEPARTURE LAST
                VALUE   (LST)  VALUE       VALUE  FROM      YEAR
                                                  NORMAL
..................................................................
TEMPERATURE (F)
 YESTERDAY
  MAXIMUM        110    300 PM 115    1996 105      5      109
                                      1986
                                      1972
  MINIMUM         78    541 PM  70    1921  84     -6       87
                                      1915
  AVERAGE         94                        94      0       98

PRECIPITATION (IN)
  YESTERDAY        0.72          1.33 2010   0.04   0.68      T
  MONTH TO DATE    1.13                      1.05   0.08     0.06
  SINCE OCT 1      4.92                      6.39  -1.47     3.87
  SINCE JAN 1      3.88                      4.28  -0.40     1.05

SNOWFALL (IN)
  YESTERDAY        0.0
  MONTH TO DATE    0.0
  SINCE JAN 1      0.0
  SINCE JUL 1      0.0
  SNOW DEPTH       0

DEGREE DAYS
 HEATING
  YESTERDAY        0                         0      0        0
  MONTH TO DATE    0                         0      0        0
  SINCE JUN 1      0                         0      0        0
  SINCE JUL 1      0                         0      0        0

 COOLING
  YESTERDAY       29                        29      0       33
  MONTH TO DATE  926                       924      2      984
  SINCE JUN 1   1802                      1698    104     1839
  SINCE JAN 1   2827                      2584    243     2914
..................................................................


WIND (MPH)
  HIGHEST WIND SPEED    29   HIGHEST WIND DIRECTION    NE (50)
  HIGHEST GUST SPEED    36   HIGHEST GUST DIRECTION    NE (50)
  AVERAGE WIND SPEED     8.5


SKY COVER
  AVERAGE SKY COVER 0.8


WEATHER CONDITIONS
 THE FOLLOWING WEATHER WAS RECORDED YESTERDAY.
  THUNDERSTORM
  HEAVY RAIN
  RAIN
  LIGHT RAIN
  HAZE


RELATIVE HUMIDITY (PERCENT)
 HIGHEST    79           600 PM
 LOWEST     18           300 PM
 AVERAGE    49

..........................................................


THE PHOENIX AZ CLIMATE NORMALS FOR TODAY
                         NORMAL    RECORD    YEAR
 MAXIMUM TEMPERATURE (F)  105       116      1972
 MINIMUM TEMPERATURE (F)   84        68      1950
                                             1906


SUNRISE AND SUNSET
AUGUST  1 2015........SUNRISE   541 AM MST   SUNSET   728 PM MST
AUGUST  2 2015........SUNRISE   541 AM MST   SUNSET   727 PM MST


-  INDICATES NEGATIVE NUMBERS.
R  INDICATES RECORD WAS SET OR TIED.
MM INDICATES DATA IS MISSING.
T  INDICATES TRACE AMOUNT.

&&
.....................................................................

DEW POINT
  HIGHEST DEW POINT    72
   LOWEST DEW POINT    56
  AVERAGE DEW POINT    63
.....................................................................

$$
