000
CDUS45 KPSR 260816
CLIPHX

CLIMATE REPORT
NATIONAL WEATHER SERVICE PHOENIX AZ
115 AM MST TUE JUL 26 2016


...................................

...THE PHOENIX AZ CLIMATE SUMMARY FOR JULY 25 2016...

CLIMATE NORMAL PERIOD 1981 TO 2010
CLIMATE RECORD PERIOD 1895 TO 2016


WEATHER ITEM   OBSERVED TIME   RECORD YEAR NORMAL DEPARTURE LAST
                VALUE   (LST)  VALUE       VALUE  FROM      YEAR
                                                  NORMAL
..................................................................
TEMPERATURE (F)
 YESTERDAY
  MAXIMUM        107    616 PM 115    1943 106      1      109
  MINIMUM         88    529 AM  67    1897  84      4       88
  AVERAGE         98                        95      3       99

PRECIPITATION (IN)
  YESTERDAY        0.00          1.10 1907   0.05  -0.05     0.00
  MONTH TO DATE    0.36                      0.80  -0.44     0.41
  SINCE OCT 1      3.41                      6.14  -2.73     4.20
  SINCE JAN 1      2.24                      4.03  -1.79     3.16

SNOWFALL (IN)
  YESTERDAY        0.0
  MONTH TO DATE    0.0
  SINCE JAN 1      0.0
  SINCE JUL 1      0.0
  SNOW DEPTH       0

DEGREE DAYS
 HEATING
  YESTERDAY        0                         0      0        0
  MONTH TO DATE    0                         0      0        0
  SINCE JUN 1      0                         0      0        0
  SINCE JUL 1      0                         0      0        0

 COOLING
  YESTERDAY       33                        30      3       34
  MONTH TO DATE  813                       747     66      742
  SINCE JUN 1   1713                      1521    192     1618
  SINCE JAN 1   2720                      2407    313     2643
..................................................................


WIND (MPH)
  HIGHEST WIND SPEED    21   HIGHEST WIND DIRECTION     N (360)
  HIGHEST GUST SPEED    27   HIGHEST GUST DIRECTION    NW (300)
  AVERAGE WIND SPEED     8.4


SKY COVER
  AVERAGE SKY COVER 0.4


WEATHER CONDITIONS
 THE FOLLOWING WEATHER WAS RECORDED YESTERDAY.
  NO SIGNIFICANT WEATHER WAS OBSERVED.


RELATIVE HUMIDITY (PERCENT)
 HIGHEST    41           400 AM
 LOWEST     19           500 PM
 AVERAGE    30

..........................................................


THE PHOENIX AZ CLIMATE NORMALS FOR TODAY
                         NORMAL    RECORD    YEAR
 MAXIMUM TEMPERATURE (F)  105       116      1995
 MINIMUM TEMPERATURE (F)   84        65      1952


SUNRISE AND SUNSET
JULY 26 2016..........SUNRISE   537 AM MST   SUNSET   732 PM MST
JULY 27 2016..........SUNRISE   538 AM MST   SUNSET   731 PM MST


-  INDICATES NEGATIVE NUMBERS.
R  INDICATES RECORD WAS SET OR TIED.
MM INDICATES DATA IS MISSING.
T  INDICATES TRACE AMOUNT.

&&
.....................................................................

DEW POINT
  HIGHEST DEW POINT    64
   LOWEST DEW POINT    52
  AVERAGE DEW POINT    59
.....................................................................

$$
