000
CDUS45 KPSR 280015
CLIPHX

CLIMATE REPORT
NATIONAL WEATHER SERVICE PHOENIX AZ
515 PM MST FRI MAR 27 2015


...................................

...THE PHOENIX AZ CLIMATE SUMMARY FOR MARCH 27 2015...
VALID TODAY AS OF 0500 PM LOCAL TIME.

CLIMATE NORMAL PERIOD 1981 TO 2010
CLIMATE RECORD PERIOD 1895 TO 2015


WEATHER ITEM   OBSERVED TIME   RECORD YEAR NORMAL DEPARTURE LAST
                VALUE   (LST)  VALUE       VALUE  FROM      YEAR
                                                  NORMAL
..................................................................
TEMPERATURE (F)
 TODAY
  MAXIMUM         95    342 PM  98    1986  80     15       74
  MINIMUM         63    639 AM  33    1898  55      8       56
  AVERAGE         79                        68     11       65

PRECIPITATION (IN)
  TODAY            0.00          0.65 1992   0.02  -0.02     0.00
  MONTH TO DATE    0.33                      0.91  -0.58     0.99
  SINCE OCT 1      2.19                      4.85  -2.66     3.81
  SINCE JAN 1      1.15                      2.74  -1.59     0.99

SNOWFALL (IN)
  TODAY            0.0
  MONTH TO DATE    0.0
  SINCE JAN 1      0.0
  SINCE JUL 1      0.0
  SNOW DEPTH       0

DEGREE DAYS
 HEATING
  TODAY            0                         2     -2        0
  MONTH TO DATE   25                        76    -51        7
  SINCE MAR 1     25                        76    -51        7
  SINCE JUL 1    520                       909   -389      541

 COOLING
  TODAY           14                         4     10        0
  MONTH TO DATE  189                        69    120      114
  SINCE MAR 1    189                        69    120      114
  SINCE JAN 1    237                        86    151      176
..................................................................


WIND (MPH)
  HIGHEST WIND SPEED    13   HIGHEST WIND DIRECTION     E (90)
  HIGHEST GUST SPEED    16   HIGHEST GUST DIRECTION     E (90)
  AVERAGE WIND SPEED     5.4


SKY COVER
  AVERAGE SKY COVER 0.0


WEATHER CONDITIONS
 THE FOLLOWING WEATHER WAS RECORDED TODAY.
  NO SIGNIFICANT WEATHER WAS OBSERVED.


RELATIVE HUMIDITY (PERCENT)
 HIGHEST    28           100 AM
 LOWEST      6           400 PM
 AVERAGE    17

..........................................................


THE PHOENIX AZ CLIMATE NORMALS FOR TOMORROW
                         NORMAL    RECORD    YEAR
 MAXIMUM TEMPERATURE (F)   80        95      1986
 MINIMUM TEMPERATURE (F)   56        34      1898


SUNRISE AND SUNSET
MARCH 27 2015.........SUNRISE   623 AM MST   SUNSET   645 PM MST
MARCH 28 2015.........SUNRISE   621 AM MST   SUNSET   645 PM MST


-  INDICATES NEGATIVE NUMBERS.
R  INDICATES RECORD WAS SET OR TIED.
MM INDICATES DATA IS MISSING.
T  INDICATES TRACE AMOUNT.

$$
