000
CDUS45 KPSR 250012
CLIPHX

CLIMATE REPORT
NATIONAL WEATHER SERVICE PHOENIX AZ
512 PM MST THU APR 24 2014


...................................

...THE PHOENIX AZ CLIMATE SUMMARY FOR APRIL 24 2014...
VALID TODAY AS OF 0500 PM LOCAL TIME.

CLIMATE NORMAL PERIOD 1981 TO 2010
CLIMATE RECORD PERIOD 1895 TO 2014


WEATHER ITEM   OBSERVED TIME   RECORD YEAR NORMAL DEPARTURE LAST
                VALUE   (LST)  VALUE       VALUE  FROM      YEAR
                                                  NORMAL
..................................................................
TEMPERATURE (F)
 TODAY
  MAXIMUM         91    436 PM  99    1987  88      3       90
                                      1949
                                      1898
  MINIMUM         62    615 AM  41    1923  63     -1       64
  AVERAGE         77                        75      2       77

PRECIPITATION (IN)
  TODAY            0.00          0.17 1990   0.00   0.00     0.00
  MONTH TO DATE    T                         0.25  -0.25     0.06
  SINCE OCT 1      3.81                      5.18  -1.37     3.53
  SINCE JAN 1      0.99                      3.07  -2.08     2.61

SNOWFALL (IN)
  TODAY            0.0
  MONTH TO DATE    0.0
  SINCE JAN 1      0.0
  SINCE JUL 1      0.0
  SNOW DEPTH       0

DEGREE DAYS
 HEATING
  TODAY            0                         0      0        0
  MONTH TO DATE    5                        17    -12        0
  SINCE MAR 1     12                        98    -86       34
  SINCE JUL 1    546                       931   -385      881

 COOLING
  TODAY           12                        11      1       12
  MONTH TO DATE  252                       182     70      211
  SINCE MAR 1    389                       269    120      391
  SINCE JAN 1    451                       286    165      399
..................................................................


WIND (MPH)
  HIGHEST WIND SPEED    13   HIGHEST WIND DIRECTION     W (280)
  HIGHEST GUST SPEED    19   HIGHEST GUST DIRECTION    NW (300)
  AVERAGE WIND SPEED     6.0


SKY COVER
  AVERAGE SKY COVER 0.3


WEATHER CONDITIONS
 THE FOLLOWING WEATHER WAS RECORDED TODAY.
  NO SIGNIFICANT WEATHER WAS OBSERVED.


RELATIVE HUMIDITY (PERCENT)
 HIGHEST    24           500 AM
 LOWEST      5           300 PM
 AVERAGE    15

..........................................................


THE PHOENIX AZ CLIMATE NORMALS FOR TOMORROW
                         NORMAL    RECORD    YEAR
 MAXIMUM TEMPERATURE (F)   88       102      1898
 MINIMUM TEMPERATURE (F)   63        41      1964


SUNRISE AND SUNSET
APRIL 24 2014.........SUNRISE   547 AM MST   SUNSET   706 PM MST
APRIL 25 2014.........SUNRISE   546 AM MST   SUNSET   706 PM MST


-  INDICATES NEGATIVE NUMBERS.
R  INDICATES RECORD WAS SET OR TIED.
MM INDICATES DATA IS MISSING.
T  INDICATES TRACE AMOUNT.

$$
