000
CDUS45 KPSR 260812
CLIPHX

CLIMATE REPORT
NATIONAL WEATHER SERVICE PHOENIX AZ
111 AM MST MON JAN 26 2015


...................................

...THE PHOENIX AZ CLIMATE SUMMARY FOR JANUARY 25 2015...

CLIMATE NORMAL PERIOD 1981 TO 2010
CLIMATE RECORD PERIOD 1895 TO 2015


WEATHER ITEM   OBSERVED TIME   RECORD YEAR NORMAL DEPARTURE LAST
                VALUE   (LST)  VALUE       VALUE  FROM      YEAR
                                                  NORMAL
..................................................................
TEMPERATURE (F)
 YESTERDAY
  MAXIMUM         78    300 PM  83    1951  68     10       75
  MINIMUM         48    523 AM  23    1898  46      2       58
  AVERAGE         63                        57      6       67

PRECIPITATION (IN)
  YESTERDAY        0.00          0.71 1918   0.03  -0.03     0.00
  MONTH TO DATE    0.14                      0.74  -0.60     0.00
  SINCE OCT 1      1.18                      2.85  -1.67     2.82
  SINCE JAN 1      0.14                      0.74  -0.60     0.00

SNOWFALL (IN)
  YESTERDAY        0.0
  MONTH TO DATE    0.0
  SINCE JAN 1      0.0
  SINCE JUL 1      0.0
  SNOW DEPTH       0

DEGREE DAYS
 HEATING
  YESTERDAY        2                         8     -6        0
  MONTH TO DATE  168                       223    -55      138
  SINCE DEC 1    396                       521   -125      400
  SINCE JUL 1    450                       624   -174      455

 COOLING
  YESTERDAY        0                         0      0        2
  MONTH TO DATE    0                         0      0        3
  SINCE DEC 1     10                         1      9        3
  SINCE JAN 1      0                         0      0        3
..................................................................


WIND (MPH)
  HIGHEST WIND SPEED    16   HIGHEST WIND DIRECTION     E (80)
  HIGHEST GUST SPEED    19   HIGHEST GUST DIRECTION     E (70)
  AVERAGE WIND SPEED     3.7


SKY COVER
  AVERAGE SKY COVER 0.5


WEATHER CONDITIONS
 THE FOLLOWING WEATHER WAS RECORDED YESTERDAY.
  NO SIGNIFICANT WEATHER WAS OBSERVED.


RELATIVE HUMIDITY (PERCENT)
 HIGHEST    41          1000 PM
 LOWEST     13           400 PM
 AVERAGE    27

..........................................................


THE PHOENIX AZ CLIMATE NORMALS FOR TODAY
                         NORMAL    RECORD    YEAR
 MAXIMUM TEMPERATURE (F)   68        81      1987
 MINIMUM TEMPERATURE (F)   46        26      1937
                                             1898


SUNRISE AND SUNSET
JANUARY 26 2015.......SUNRISE   728 AM MST   SUNSET   554 PM MST
JANUARY 27 2015.......SUNRISE   727 AM MST   SUNSET   555 PM MST


-  INDICATES NEGATIVE NUMBERS.
R  INDICATES RECORD WAS SET OR TIED.
MM INDICATES DATA IS MISSING.
T  INDICATES TRACE AMOUNT.

&&
.....................................................................

DEW POINT
  HIGHEST DEW POINT    32
   LOWEST DEW POINT    20
  AVERAGE DEW POINT    25
.....................................................................

$$
