000
CDUS45 KPSR 200803
CLIPHX

CLIMATE REPORT
NATIONAL WEATHER SERVICE PHOENIX AZ
102 AM MST MON NOV 20 2017

...................................

...THE PHOENIX AZ CLIMATE SUMMARY FOR NOVEMBER 19 2017...

CLIMATE NORMAL PERIOD 1981 TO 2010
CLIMATE RECORD PERIOD 1895 TO 2017


WEATHER ITEM   OBSERVED TIME   RECORD YEAR NORMAL DEPARTURE LAST
                VALUE   (LST)  VALUE       VALUE  FROM      YEAR
                                                  NORMAL
..................................................................
TEMPERATURE (F)
 YESTERDAY
  MAXIMUM         82    413 PM  88    2007  74      8       83
                                      2006
                                      1897
  MINIMUM         52    732 AM  30    1921  51      1       54
  AVERAGE         67                        62      5       69

PRECIPITATION (IN)
  YESTERDAY        0.00          0.65 1900   0.02  -0.02     0.00
  MONTH TO DATE    T                         0.36  -0.36     0.35
  SINCE OCT 1      T                         0.94  -0.94     0.55
  SINCE JAN 1      4.73                      6.86  -2.13     4.91

SNOWFALL (IN)
  YESTERDAY        0.0
  MONTH TO DATE    0.0
  SINCE JAN 1      0.0
  SINCE JUL 1      0.0
  SNOW DEPTH       0

DEGREE DAYS
 HEATING
  YESTERDAY        0                         4     -4        0
  MONTH TO DATE    0                        38    -38        4
  SINCE SEP 1      0                        44    -44        4
  SINCE JUL 1      0                        44    -44        4

 COOLING
  YESTERDAY        2                         1      1        4
  MONTH TO DATE  140                        63     77      131
  SINCE SEP 1   1324                      1130    194     1288
  SINCE JAN 1   5141                      4599    542     5040
..................................................................


WIND (MPH)
  HIGHEST WIND SPEED    16   HIGHEST WIND DIRECTION     E (70)
  HIGHEST GUST SPEED    20   HIGHEST GUST DIRECTION    NE (60)
  AVERAGE WIND SPEED     4.2


SKY COVER
  AVERAGE SKY COVER 0.2


WEATHER CONDITIONS
 THE FOLLOWING WEATHER WAS RECORDED YESTERDAY.
  NO SIGNIFICANT WEATHER WAS OBSERVED.


RELATIVE HUMIDITY (PERCENT)
 HIGHEST    32           500 AM
 LOWEST     10           300 PM
 AVERAGE    21

..........................................................


THE PHOENIX AZ CLIMATE NORMALS FOR TODAY
                         NORMAL    RECORD    YEAR
 MAXIMUM TEMPERATURE (F)   73        89      2006
 MINIMUM TEMPERATURE (F)   51        31      1956


SUNRISE AND SUNSET
NOVEMBER 20 2017......SUNRISE   704 AM MST   SUNSET   523 PM MST
NOVEMBER 21 2017......SUNRISE   705 AM MST   SUNSET   522 PM MST


-  INDICATES NEGATIVE NUMBERS.
R  INDICATES RECORD WAS SET OR TIED.
MM INDICATES DATA IS MISSING.
T  INDICATES TRACE AMOUNT.

&&
.....................................................................

DEW POINT
  HIGHEST DEW POINT    31
   LOWEST DEW POINT    19
  AVERAGE DEW POINT    23
.....................................................................

$$
