000
CDUS45 KPSR 230012
CLIPHX

CLIMATE REPORT
NATIONAL WEATHER SERVICE PHOENIX AZ
512 PM MST MON SEP 22 2014


...................................

...THE PHOENIX AZ CLIMATE SUMMARY FOR SEPTEMBER 22 2014...
VALID TODAY AS OF 0500 PM LOCAL TIME.

CLIMATE NORMAL PERIOD 1981 TO 2010
CLIMATE RECORD PERIOD 1895 TO 2014


WEATHER ITEM   OBSERVED TIME   RECORD YEAR NORMAL DEPARTURE LAST
                VALUE   (LST)  VALUE       VALUE  FROM      YEAR
                                                  NORMAL
..................................................................
TEMPERATURE (F)
 TODAY
  MAXIMUM        101    348 PM 109    1989  98      3       91
  MINIMUM         80    637 AM  47    1895  75      5       73
  AVERAGE         91                        86      5       82

PRECIPITATION (IN)
  TODAY            0.00          0.41 1987   0.02  -0.02     0.00
  MONTH TO DATE    3.45                      0.49   2.96     0.86
  SINCE OCT 1      8.49                      7.88   0.61     6.52
  SINCE JAN 1      5.67                      5.77  -0.10     5.60

SNOWFALL (IN)
  TODAY            0.0
  MONTH TO DATE    0.0
  SINCE JAN 1      0.0
  SINCE JUL 1      0.0
  SNOW DEPTH       0

DEGREE DAYS
 HEATING
  TODAY            0                         0      0        0
  MONTH TO DATE    0                         0      0        0
  SINCE SEP 1      0                         0      0        0
  SINCE JUL 1      0                         0      0        0

 COOLING
  TODAY           26                        21      5       17
  MONTH TO DATE  566                       545     21      584
  SINCE SEP 1    566                       545     21      584
  SINCE JAN 1   4311                      4014    297     4472
..................................................................


WIND (MPH)
  HIGHEST WIND SPEED    15   HIGHEST WIND DIRECTION     W (260)
  HIGHEST GUST SPEED    18   HIGHEST GUST DIRECTION     W (270)
  AVERAGE WIND SPEED     5.4


SKY COVER
  AVERAGE SKY COVER 0.3


WEATHER CONDITIONS
 THE FOLLOWING WEATHER WAS RECORDED TODAY.
  NO SIGNIFICANT WEATHER WAS OBSERVED.


RELATIVE HUMIDITY (PERCENT)
 HIGHEST    49           700 AM
 LOWEST     19           400 PM
 AVERAGE    34

..........................................................


THE PHOENIX AZ CLIMATE NORMALS FOR TOMORROW
                         NORMAL    RECORD    YEAR
 MAXIMUM TEMPERATURE (F)   98       108      2011
                                             2002
                                             2001
 MINIMUM TEMPERATURE (F)   75        54      1968
                                             1965


SUNRISE AND SUNSET
SEPTEMBER 22 2014.....SUNRISE   616 AM MST   SUNSET   625 PM MST
SEPTEMBER 23 2014.....SUNRISE   617 AM MST   SUNSET   623 PM MST


-  INDICATES NEGATIVE NUMBERS.
R  INDICATES RECORD WAS SET OR TIED.
MM INDICATES DATA IS MISSING.
T  INDICATES TRACE AMOUNT.

$$
