000
CDUS45 KPSR 200821
CLIPHX

CLIMATE REPORT
NATIONAL WEATHER SERVICE PHOENIX AZ
120 AM MST THU JUL 20 2017


...................................

...THE PHOENIX AZ CLIMATE SUMMARY FOR JULY 19 2017...

CLIMATE NORMAL PERIOD 1981 TO 2010
CLIMATE RECORD PERIOD 1895 TO 2017


WEATHER ITEM   OBSERVED TIME   RECORD YEAR NORMAL DEPARTURE LAST
                VALUE   (LST)  VALUE       VALUE  FROM      YEAR
                                                  NORMAL
..................................................................
TEMPERATURE (F)
 YESTERDAY
  MAXIMUM        102    135 PM 116    1989 106     -4      107
  MINIMUM         82    443 AM  68    1913  84     -2       84
                                      1899
  AVERAGE         92                        95     -3       96

PRECIPITATION (IN)
  YESTERDAY        0.00          0.80 1913   0.04  -0.04     0.00
  MONTH TO DATE    0.46                      0.54  -0.08     0.36
  SINCE OCT 1      4.70                      5.88  -1.18     3.41
  SINCE JAN 1      2.87                      3.77  -0.90     2.24

SNOWFALL (IN)
  YESTERDAY        0.0
  MONTH TO DATE    0.0
  SINCE JAN 1      0.0
  SINCE JUL 1      0.0
  SNOW DEPTH       0

DEGREE DAYS
 HEATING
  YESTERDAY        0                         0      0        0
  MONTH TO DATE    0                         0      0        0
  SINCE JUN 1      0                         0      0        0
  SINCE JUL 1      0                         0      0        0

 COOLING
  YESTERDAY       27                        30     -3       31
  MONTH TO DATE  605                       567     38      606
  SINCE JUN 1   1504                      1341    163     1506
  SINCE JAN 1   2578                      2227    351     2513
..................................................................


WIND (MPH)
  HIGHEST WIND SPEED    25   HIGHEST WIND DIRECTION     W (270)
  HIGHEST GUST SPEED    31   HIGHEST GUST DIRECTION     W (250)
  AVERAGE WIND SPEED     8.3


SKY COVER
  AVERAGE SKY COVER 0.7


WEATHER CONDITIONS
 THE FOLLOWING WEATHER WAS RECORDED YESTERDAY.
  NO SIGNIFICANT WEATHER WAS OBSERVED.


RELATIVE HUMIDITY (PERCENT)
 HIGHEST    61           500 AM
 LOWEST     29           500 PM
 AVERAGE    45

..........................................................


THE PHOENIX AZ CLIMATE NORMALS FOR TODAY
                         NORMAL    RECORD    YEAR
 MAXIMUM TEMPERATURE (F)  106       114      1978
 MINIMUM TEMPERATURE (F)   84        67      1900


SUNRISE AND SUNSET
JULY 20 2017..........SUNRISE   533 AM MST   SUNSET   736 PM MST
JULY 21 2017..........SUNRISE   533 AM MST   SUNSET   735 PM MST


-  INDICATES NEGATIVE NUMBERS.
R  INDICATES RECORD WAS SET OR TIED.
MM INDICATES DATA IS MISSING.
T  INDICATES TRACE AMOUNT.

&&
.....................................................................

DEW POINT
  HIGHEST DEW POINT    70
   LOWEST DEW POINT    60
  AVERAGE DEW POINT    66
.....................................................................

$$
