000
CDUS45 KPSR 260014
CLIPHX

CLIMATE REPORT
NATIONAL WEATHER SERVICE PHOENIX AZ
514 PM MST THU MAY 25 2017


...................................

...THE PHOENIX AZ CLIMATE SUMMARY FOR MAY 25 2017...
VALID TODAY AS OF 0500 PM LOCAL TIME.

CLIMATE NORMAL PERIOD 1981 TO 2010
CLIMATE RECORD PERIOD 1895 TO 2017


WEATHER ITEM   OBSERVED TIME   RECORD YEAR NORMAL DEPARTURE LAST
                VALUE   (LST)  VALUE       VALUE  FROM      YEAR
                                                  NORMAL
..................................................................
TEMPERATURE (F)
 TODAY
  MAXIMUM        102    329 PM 108    2001  98      4       91
  MINIMUM         79    544 AM  48    1965  72      7       66
  AVERAGE         91                        85      6       79

PRECIPITATION (IN)
  TODAY            0.00          0.05 1992   0.00   0.00     0.00
  MONTH TO DATE    0.01                      0.09  -0.08     0.05
  SINCE OCT 1      4.24                      5.30  -1.06     3.04
  SINCE JAN 1      2.41                      3.19  -0.78     1.87

SNOWFALL (IN)
  TODAY            0.0
  MONTH TO DATE    0.0
  SINCE JAN 1      0.0
  SINCE JUL 1      0.0
  SNOW DEPTH       0

DEGREE DAYS
 HEATING
  TODAY            0                         0      0        0
  MONTH TO DATE    0                         0      0        0
  SINCE MAR 1     25                       101    -76       16
  SINCE JUL 1    693                       934   -241      829

 COOLING
  TODAY           26                        20      6       14
  MONTH TO DATE  398                       407     -9      369
  SINCE MAR 1    922                       745    177      794
  SINCE JAN 1    942                       762    180      907
..................................................................


WIND (MPH)
  HIGHEST WIND SPEED    23   HIGHEST WIND DIRECTION    SW (240)
  HIGHEST GUST SPEED    30   HIGHEST GUST DIRECTION     W (260)
  AVERAGE WIND SPEED     8.3


SKY COVER
  AVERAGE SKY COVER 0.6


WEATHER CONDITIONS
 THE FOLLOWING WEATHER WAS RECORDED TODAY.
  NO SIGNIFICANT WEATHER WAS OBSERVED.


RELATIVE HUMIDITY (PERCENT)
 HIGHEST    16           500 AM
 LOWEST      4           100 PM
 AVERAGE    10

..........................................................


THE PHOENIX AZ CLIMATE NORMALS FOR TOMORROW
                         NORMAL    RECORD    YEAR
 MAXIMUM TEMPERATURE (F)   98       112      1951
 MINIMUM TEMPERATURE (F)   72        48      1916


SUNRISE AND SUNSET
MAY 25 2017...........SUNRISE   522 AM MST   SUNSET   729 PM MST
MAY 26 2017...........SUNRISE   521 AM MST   SUNSET   729 PM MST


-  INDICATES NEGATIVE NUMBERS.
R  INDICATES RECORD WAS SET OR TIED.
MM INDICATES DATA IS MISSING.
T  INDICATES TRACE AMOUNT.

$$
