984
CDUS43 KILX 100632
CLIPIA


CLIMATE REPORT
NATIONAL WEATHER SERVICE LINCOLN IL
1231 AM CST WED FEB 10 2016


...................................

...THE PEORIA IL CLIMATE SUMMARY FOR FEBRUARY 9 2016...

CLIMATE NORMAL PERIOD 1981 TO 2010
CLIMATE RECORD PERIOD 1883 TO 2016


WEATHER ITEM   OBSERVED TIME   RECORD YEAR NORMAL DEPARTURE LAST
                VALUE   (LST)  VALUE       VALUE  FROM      YEAR
                                                  NORMAL
..................................................................
TEMPERATURE (F)
 YESTERDAY
  MAXIMUM         20    242 PM  65    1943  36    -16       30
  MINIMUM         12   1159 PM -22    1899  20     -8       22
  AVERAGE         16                        28    -12       26

PRECIPITATION (IN)
  YESTERDAY        0.02          1.81 1939   0.06  -0.04     0.00
  MONTH TO DATE    0.41                      0.49  -0.08     1.24
  SINCE DEC 1      7.48                      4.69   2.79     4.69
  SINCE JAN 1      1.17                      2.27  -1.10     3.46

SNOWFALL (IN)
  YESTERDAY        0.3           4.8  1942   0.3    0.0      0.0
  MONTH TO DATE    0.7                       2.2   -1.5      9.3
  SINCE DEC 1      8.4                      16.2   -7.8     19.5
  SINCE JUL 1     13.0                      17.3   -4.3     20.8
  SNOW DEPTH       1

DEGREE DAYS
 HEATING
  YESTERDAY       49                        37     12       39
  MONTH TO DATE  301                       345    -44      371
  SINCE DEC 1   2214                      2718   -504     2545
  SINCE JUL 1   2971                      3866   -895     3786

 COOLING
  YESTERDAY        0                         0      0        0
  MONTH TO DATE    0                         0      0        0
  SINCE DEC 1      0                         0      0        0
  SINCE JAN 1      0                         0      0        0
..................................................................


WIND (MPH)
  HIGHEST WIND SPEED    22   HIGHEST WIND DIRECTION    NW (300)
  HIGHEST GUST SPEED    30   HIGHEST GUST DIRECTION    NW (300)
  AVERAGE WIND SPEED    11.5


SKY COVER
  POSSIBLE SUNSHINE  MM
  AVERAGE SKY COVER 1.0


WEATHER CONDITIONS
 THE FOLLOWING WEATHER WAS RECORDED YESTERDAY.
  LIGHT SNOW
  HAZE


RELATIVE HUMIDITY (PERCENT)
 HIGHEST    80           400 AM
 LOWEST     61          1100 AM
 AVERAGE    71

..........................................................


THE PEORIA IL CLIMATE NORMALS FOR TODAY
                         NORMAL    RECORD    YEAR
 MAXIMUM TEMPERATURE (F)   36        74      1932
 MINIMUM TEMPERATURE (F)   20       -17      1885


SUNRISE AND SUNSET
FEBRUARY 10 2016......SUNRISE   659 AM CST   SUNSET   527 PM CST
FEBRUARY 11 2016......SUNRISE   658 AM CST   SUNSET   528 PM CST


-  INDICATES NEGATIVE NUMBERS.
R  INDICATES RECORD WAS SET OR TIED.
MM INDICATES DATA IS MISSING.
T  INDICATES TRACE AMOUNT.




$$
