000
CDUS43 KILX 272140
CLIPIA


CLIMATE REPORT
NATIONAL WEATHER SERVICE LINCOLN IL
439 PM CDT TUE SEP 27 2016


...................................

...THE PEORIA IL CLIMATE SUMMARY FOR SEPTEMBER 27 2016...
VALID TODAY AS OF 0400 PM LOCAL TIME.

CLIMATE NORMAL PERIOD 1981 TO 2010
CLIMATE RECORD PERIOD 1883 TO 2016


WEATHER ITEM   OBSERVED TIME   RECORD YEAR NORMAL DEPARTURE LAST
                VALUE   (LST)  VALUE       VALUE  FROM      YEAR
                                                  NORMAL
..................................................................
TEMPERATURE (F)
 TODAY
  MAXIMUM         75    259 PM  90    1891  72      3       79
  MINIMUM         50    609 AM  32    1942  50      0       67
  AVERAGE         63                        61      2       73

PRECIPITATION (IN)
  TODAY            0.00          1.99 1936   0.10  -0.10     0.00
  MONTH TO DATE    3.86                      2.87   0.99     3.24
  SINCE SEP 1      3.86                      2.87   0.99     3.24
  SINCE JAN 1     28.87                     27.82   1.05    35.48

SNOWFALL (IN)
  TODAY            0.0           0.0    MM   0.0    0.0      0.0
  MONTH TO DATE    0.0                       0.0    0.0      0.0
  SINCE SEP 1      0.0                       0.0    0.0      0.0
  SINCE JUL 1      0.0                       0.0    0.0      0.0
  SNOW DEPTH       0

DEGREE DAYS
 HEATING
  TODAY            2                         6     -4        0
  MONTH TO DATE    4                        66    -62       11
  SINCE SEP 1      4                        66    -62       11
  SINCE JUL 1      8                        72    -64       16

 COOLING
  TODAY            0                         2     -2        8
  MONTH TO DATE  212                       112    100      266
  SINCE SEP 1    212                       112    100      266
  SINCE JAN 1   1369                      1019    350     1378
..................................................................


WIND (MPH)
  HIGHEST WIND SPEED    23   HIGHEST WIND DIRECTION     W (270)
  HIGHEST GUST SPEED    29   HIGHEST GUST DIRECTION     W (280)
  AVERAGE WIND SPEED    10.1


SKY COVER
  POSSIBLE SUNSHINE  MM
  AVERAGE SKY COVER 0.0


WEATHER CONDITIONS
 THE FOLLOWING WEATHER WAS RECORDED TODAY.
  NO SIGNIFICANT WEATHER WAS OBSERVED.


RELATIVE HUMIDITY (PERCENT)
 HIGHEST    86           600 AM
 LOWEST     20           200 PM
 AVERAGE    53

..........................................................


THE PEORIA IL CLIMATE NORMALS FOR TOMORROW
                         NORMAL    RECORD    YEAR
 MAXIMUM TEMPERATURE (F)   72        92      1939
 MINIMUM TEMPERATURE (F)   50        26      1942


SUNRISE AND SUNSET
SEPTEMBER 27 2016.....SUNRISE   652 AM CDT   SUNSET   647 PM CDT
SEPTEMBER 28 2016.....SUNRISE   653 AM CDT   SUNSET   645 PM CDT


-  INDICATES NEGATIVE NUMBERS.
R  INDICATES RECORD WAS SET OR TIED.
MM INDICATES DATA IS MISSING.
T  INDICATES TRACE AMOUNT.




$$
