000
CDUS43 KILX 232255
CLIPIA


CLIMATE REPORT
NATIONAL WEATHER SERVICE LINCOLN IL
444 PM CST THU NOV 23 2017


...................................

...THE PEORIA IL CLIMATE SUMMARY FOR NOVEMBER 23 2017...
VALID TODAY AS OF 0400 PM LOCAL TIME.

CLIMATE NORMAL PERIOD 1981 TO 2010
CLIMATE RECORD PERIOD 1883 TO 2017


WEATHER ITEM   OBSERVED TIME   RECORD YEAR NORMAL DEPARTURE LAST
                VALUE   (LST)  VALUE       VALUE  FROM      YEAR
                                                  NORMAL
..................................................................
TEMPERATURE (F)
 TODAY
  MAXIMUM         50    312 PM  71    1931  46      4       47
  MINIMUM         31    718 AM  -1    1950  30      1       41
  AVERAGE         41                        38      3       44

PRECIPITATION (IN)
  TODAY            0.00          0.85 1983   0.10  -0.10     0.02
  MONTH TO DATE    1.58                      2.41  -0.83     1.61
  SINCE SEP 1      7.41                      8.40  -0.99    10.10
  SINCE JAN 1     33.14                     33.35  -0.21    35.11

SNOWFALL (IN)
  TODAY            0.0           1.1  1956   0.0    0.0      0.0
  MONTH TO DATE    T                         0.5   -0.5      0.0
  SINCE SEP 1      T                         0.5   -0.5      0.0
  SINCE JUL 1      T                         0.5   -0.5      0.0
  SNOW DEPTH       0

DEGREE DAYS
 HEATING
  TODAY           24                        27     -3       21
  MONTH TO DATE  573                       497     76      348
  SINCE SEP 1    856                       937    -81      566
  SINCE JUL 1    856                       943    -87      570

 COOLING
  TODAY            0                         0      0        0
  MONTH TO DATE    0                         0      0        5
  SINCE SEP 1    231                       132     99      266
  SINCE JAN 1   1157                      1039    118     1423
..................................................................


WIND (MPH)
  HIGHEST WIND SPEED    16   HIGHEST WIND DIRECTION     S (200)
  HIGHEST GUST SPEED    22   HIGHEST GUST DIRECTION    SW (220)
  AVERAGE WIND SPEED     8.8


SKY COVER
  POSSIBLE SUNSHINE  MM
  AVERAGE SKY COVER 0.4


WEATHER CONDITIONS
 THE FOLLOWING WEATHER WAS RECORDED TODAY.
  NO SIGNIFICANT WEATHER WAS OBSERVED.


RELATIVE HUMIDITY (PERCENT)
 HIGHEST    69           700 AM
 LOWEST     41          1200 PM
 AVERAGE    55

..........................................................


THE PEORIA IL CLIMATE NORMALS FOR TOMORROW
                         NORMAL    RECORD    YEAR
 MAXIMUM TEMPERATURE (F)   46        66      1931
 MINIMUM TEMPERATURE (F)   29        -1      1950


SUNRISE AND SUNSET
NOVEMBER 23 2017......SUNRISE   655 AM CST   SUNSET   435 PM CST
NOVEMBER 24 2017......SUNRISE   656 AM CST   SUNSET   435 PM CST


-  INDICATES NEGATIVE NUMBERS.
R  INDICATES RECORD WAS SET OR TIED.
MM INDICATES DATA IS MISSING.
T  INDICATES TRACE AMOUNT.




$$
