000
CDUS43 KILX 170634
CLIPIA

CLIMATE REPORT
NATIONAL WEATHER SERVICE LINCOLN IL
133 AM CDT THU APR 17 2014

...................................

...THE PEORIA IL CLIMATE SUMMARY FOR APRIL 16 2014...

CLIMATE NORMAL PERIOD 1981 TO 2010
CLIMATE RECORD PERIOD 1883 TO 2014

WEATHER ITEM   OBSERVED TIME   RECORD YEAR NORMAL DEPARTURE LAST
                VALUE   (LST)  VALUE       VALUE  FROM      YEAR
                                                  NORMAL
..................................................................
TEMPERATURE (F)
 YESTERDAY
  MAXIMUM         57    313 PM  88    2002  63     -6       54
                                      1896
  MINIMUM         33    449 AM  24    1962  42     -9       42
  AVERAGE         45                        53     -8       48

PRECIPITATION (IN)
  YESTERDAY        0.00          3.05 1982   0.13  -0.13     0.29
  MONTH TO DATE    2.66                      1.87   0.79     3.28
  SINCE MAR 1      4.60                      4.67  -0.07     5.91
  SINCE JAN 1      9.47                      8.24   1.23    12.64

SNOWFALL (IN)
  YESTERDAY        0.0           0.4  1961   0.0    0.0      0.0
  MONTH TO DATE    0.3                       0.5   -0.2      0.0
  SINCE MAR 1      7.4                       3.2    4.2     10.8
  SINCE JUL 1     57.6                      24.5   33.1     22.7
  SNOW DEPTH       0

DEGREE DAYS
 HEATING
  YESTERDAY       20                        13      7       17
  MONTH TO DATE  252                       248      4      256
  SINCE MAR 1   1186                      1004    182     1208
  SINCE JUL 1   6365                      5520    845     5501

 COOLING
  YESTERDAY        0                         0      0        0
  MONTH TO DATE    4                         0      4        1
  SINCE MAR 1      4                         1      3        1
  SINCE JAN 1      4                         1      3        1
..................................................................

WIND (MPH)
  HIGHEST WIND SPEED    31   HIGHEST WIND DIRECTION     S (180)
  HIGHEST GUST SPEED    41   HIGHEST GUST DIRECTION     S (180)
  AVERAGE WIND SPEED    17.3

SKY COVER
  POSSIBLE SUNSHINE  MM
  AVERAGE SKY COVER 0.0

WEATHER CONDITIONS
 THE FOLLOWING WEATHER WAS RECORDED YESTERDAY.
  NO SIGNIFICANT WEATHER WAS OBSERVED.

RELATIVE HUMIDITY (PERCENT)
 HIGHEST    64           500 AM
 LOWEST     30           500 PM
 AVERAGE    47

..........................................................

THE PEORIA IL CLIMATE NORMALS FOR TODAY
                         NORMAL    RECORD    YEAR
 MAXIMUM TEMPERATURE (F)   64        88      1894
 MINIMUM TEMPERATURE (F)   42        24      1907

SUNRISE AND SUNSET
APRIL 17 2014.........SUNRISE   617 AM CDT   SUNSET   740 PM CDT
APRIL 18 2014.........SUNRISE   616 AM CDT   SUNSET   741 PM CDT

-  INDICATES NEGATIVE NUMBERS.
R  INDICATES RECORD WAS SET OR TIED.
MM INDICATES DATA IS MISSING.
T  INDICATES TRACE AMOUNT.

$$
GEELHART
