536
CDUS43 KILX 282149
CLIPIA


CLIMATE REPORT
NATIONAL WEATHER SERVICE LINCOLN IL
448 PM CDT SUN MAY 28 2017


...................................

...THE PEORIA IL CLIMATE SUMMARY FOR MAY 28 2017...
VALID TODAY AS OF 0400 PM LOCAL TIME.

CLIMATE NORMAL PERIOD 1981 TO 2010
CLIMATE RECORD PERIOD 1883 TO 2017


WEATHER ITEM   OBSERVED TIME   RECORD YEAR NORMAL DEPARTURE LAST
                VALUE   (LST)  VALUE       VALUE  FROM      YEAR
                                                  NORMAL
..................................................................
TEMPERATURE (F)
 TODAY
  MAXIMUM         79    231 PM  94    2006  77      2       85
  MINIMUM         62    505 AM  36    1907  55      7       65
  AVERAGE         71                        66      5       75

PRECIPITATION (IN)
  TODAY            0.00          4.50 1915   0.13  -0.13     0.04
  MONTH TO DATE    3.62                      3.95  -0.33     2.82
  SINCE MAR 1     15.83                     10.38   5.45     7.69
  SINCE JAN 1     18.49                     13.95   4.54     9.07

SNOWFALL (IN)
  TODAY            0.0           0.0    MM   0.0    0.0      0.0
  MONTH TO DATE    0.0                       0.0    0.0      0.0
  SINCE MAR 1      4.2                       3.3    0.9      0.2
  SINCE JUL 1     13.9                      24.6  -10.7     15.3
  SNOW DEPTH       0

DEGREE DAYS
 HEATING
  TODAY            0                         2     -2        0
  MONTH TO DATE  149                       141      8      147
  SINCE MAR 1   1093                      1290   -197     1058
  SINCE JUL 1   4700                      5806  -1106     4641

 COOLING
  TODAY            6                         4      2       10
  MONTH TO DATE   61                        55      6       61
  SINCE MAR 1     79                        69     10       79
  SINCE JAN 1     79                        69     10       79
..................................................................


WIND (MPH)
  HIGHEST WIND SPEED    15   HIGHEST WIND DIRECTION     W (290)
  HIGHEST GUST SPEED    23   HIGHEST GUST DIRECTION     W (280)
  AVERAGE WIND SPEED     5.7


SKY COVER
  POSSIBLE SUNSHINE  MM
  AVERAGE SKY COVER 0.3


WEATHER CONDITIONS
 THE FOLLOWING WEATHER WAS RECORDED TODAY.
  FOG


RELATIVE HUMIDITY (PERCENT)
 HIGHEST   100           400 AM
 LOWEST     43           300 PM
 AVERAGE    72

..........................................................


THE PEORIA IL CLIMATE NORMALS FOR TOMORROW
                         NORMAL    RECORD    YEAR
 MAXIMUM TEMPERATURE (F)   77        99      1934
 MINIMUM TEMPERATURE (F)   56        33      1965


SUNRISE AND SUNSET
MAY 28 2017...........SUNRISE   532 AM CDT   SUNSET   821 PM CDT
MAY 29 2017...........SUNRISE   531 AM CDT   SUNSET   822 PM CDT


-  INDICATES NEGATIVE NUMBERS.
R  INDICATES RECORD WAS SET OR TIED.
MM INDICATES DATA IS MISSING.
T  INDICATES TRACE AMOUNT.




$$
