000
CDUS43 KILX 242239
CLIPIA


CLIMATE REPORT
NATIONAL WEATHER SERVICE LINCOLN IL
429 PM CST WED DEC 24 2014


...................................

...THE PEORIA IL CLIMATE SUMMARY FOR DECEMBER 24 2014...
VALID TODAY AS OF 0400 PM LOCAL TIME.

CLIMATE NORMAL PERIOD 1981 TO 2010
CLIMATE RECORD PERIOD 1883 TO 2014


WEATHER ITEM   OBSERVED TIME   RECORD YEAR NORMAL DEPARTURE LAST
                VALUE   (LST)  VALUE       VALUE  FROM      YEAR
                                                  NORMAL
..................................................................
TEMPERATURE (F)
 TODAY
  MAXIMUM         39   1246 PM  65    1889  34      5       20
  MINIMUM         36    638 AM -18    1983  19     17       -2
  AVERAGE         38                        26     12        9

PRECIPITATION (IN)
  TODAY            T             2.52 1965   0.07  -0.07     0.00
  MONTH TO DATE    1.22                      1.95  -0.73     1.47
  SINCE DEC 1      1.22                      1.95  -0.73     1.47
  SINCE JAN 1     39.76                     36.02   3.74    43.54

SNOWFALL (IN)
  TODAY           MM             7.6  2010   0.3   MM        0.0
  MONTH TO DATE    T                         5.4   -5.4      7.9
  SINCE DEC 1      T                         5.4   -5.4      7.9
  SINCE JUL 1      1.3                       6.5   -5.2      8.5
  SNOW DEPTH       0

DEGREE DAYS
 HEATING
  TODAY           27                        39    -12       56
  MONTH TO DATE  733                       855   -122      963
  SINCE DEC 1    733                       855   -122      963
  SINCE JUL 1   1974                      2003    -29     2145

 COOLING
  TODAY            0                         0      0        0
  MONTH TO DATE    0                         0      0        0
  SINCE DEC 1      0                         0      0        0
  SINCE JAN 1   1156                      1039    117     1174
..................................................................


WIND (MPH)
  HIGHEST WIND SPEED    13   HIGHEST WIND DIRECTION     W (280)
  HIGHEST GUST SPEED    18   HIGHEST GUST DIRECTION     W (280)
  AVERAGE WIND SPEED     4.5


SKY COVER
  POSSIBLE SUNSHINE  MM
  AVERAGE SKY COVER 1.0


WEATHER CONDITIONS
 THE FOLLOWING WEATHER WAS RECORDED TODAY.
  LIGHT RAIN
  FOG
  HAZE


RELATIVE HUMIDITY (PERCENT)
 HIGHEST    92           600 AM
 LOWEST     76           100 AM
 AVERAGE    84

..........................................................


THE PEORIA IL CLIMATE NORMALS FOR TOMORROW
                         NORMAL    RECORD    YEAR
 MAXIMUM TEMPERATURE (F)   34        62      1936
 MINIMUM TEMPERATURE (F)   19       -14      1983


SUNRISE AND SUNSET
DECEMBER 24 2014......SUNRISE   720 AM CST   SUNSET   436 PM CST
DECEMBER 25 2014......SUNRISE   721 AM CST   SUNSET   437 PM CST


-  INDICATES NEGATIVE NUMBERS.
R  INDICATES RECORD WAS SET OR TIED.
MM INDICATES DATA IS MISSING.
T  INDICATES TRACE AMOUNT.




$$
