000
CDUS43 KILX 250628
CLIPIA


CLIMATE REPORT
NATIONAL WEATHER SERVICE LINCOLN IL
128 AM CDT MON SEP 25 2017


...................................

...THE PEORIA IL CLIMATE SUMMARY FOR SEPTEMBER 24 2017...

CLIMATE NORMAL PERIOD 1981 TO 2010
CLIMATE RECORD PERIOD 1883 TO 2017


WEATHER ITEM   OBSERVED TIME   RECORD YEAR NORMAL DEPARTURE LAST
                VALUE   (LST)  VALUE       VALUE  FROM      YEAR
                                                  NORMAL
..................................................................
TEMPERATURE (F)
 YESTERDAY
  MAXIMUM         91    352 PM  92    2007  74     17       87
                                      1933
                                      1891
  MINIMUM         65    559 AM  33    1989  51     14       67
  AVERAGE         78                        62     16       77

PRECIPITATION (IN)
  YESTERDAY        0.00          1.90 1902   0.10  -0.10     0.00
  MONTH TO DATE    0.54                      2.57  -2.03     3.86
  SINCE SEP 1      0.54                      2.57  -2.03     3.86
  SINCE JAN 1     26.27                     27.52  -1.25    28.87

SNOWFALL (IN)
  YESTERDAY        0.0           0.0    MM   0.0    0.0      0.0
  MONTH TO DATE    0.0                       0.0    0.0      0.0
  SINCE SEP 1      0.0                       0.0    0.0      0.0
  SINCE JUL 1      0.0                       0.0    0.0      0.0
  SNOW DEPTH       0

DEGREE DAYS
 HEATING
  YESTERDAY        0                         5     -5        0
  MONTH TO DATE   21                        50    -29        0
  SINCE SEP 1     21                        50    -29        0
  SINCE JUL 1     21                        56    -35        4

 COOLING
  YESTERDAY       13                         2     11       12
  MONTH TO DATE  154                       106     48      202
  SINCE SEP 1    154                       106     48      202
  SINCE JAN 1   1080                      1013     67     1359
..................................................................


WIND (MPH)
  HIGHEST WIND SPEED    13   HIGHEST WIND DIRECTION     S (160)
  HIGHEST GUST SPEED    20   HIGHEST GUST DIRECTION     S (180)
  AVERAGE WIND SPEED     4.4


SKY COVER
  POSSIBLE SUNSHINE  MM
  AVERAGE SKY COVER 0.0


WEATHER CONDITIONS
 THE FOLLOWING WEATHER WAS RECORDED YESTERDAY.
  NO SIGNIFICANT WEATHER WAS OBSERVED.


RELATIVE HUMIDITY (PERCENT)
 HIGHEST    87           500 AM
 LOWEST     37           400 PM
 AVERAGE    62

..........................................................


THE PEORIA IL CLIMATE NORMALS FOR TODAY
                         NORMAL    RECORD    YEAR
 MAXIMUM TEMPERATURE (F)   73        92      1891
 MINIMUM TEMPERATURE (F)   51        33      1907


SUNRISE AND SUNSET
SEPTEMBER 25 2017.....SUNRISE   649 AM CDT   SUNSET   650 PM CDT
SEPTEMBER 26 2017.....SUNRISE   650 AM CDT   SUNSET   649 PM CDT


-  INDICATES NEGATIVE NUMBERS.
R  INDICATES RECORD WAS SET OR TIED.
MM INDICATES DATA IS MISSING.
T  INDICATES TRACE AMOUNT.




$$
