000
CDUS43 KILX 190659
CLIPIA


CLIMATE REPORT
NATIONAL WEATHER SERVICE LINCOLN IL
1258 AM CST THU JAN 19 2017


...................................

...THE PEORIA IL CLIMATE SUMMARY FOR JANUARY 18 2017...

CLIMATE NORMAL PERIOD 1981 TO 2010
CLIMATE RECORD PERIOD 1883 TO 2017


WEATHER ITEM   OBSERVED TIME   RECORD YEAR NORMAL DEPARTURE LAST
                VALUE   (LST)  VALUE       VALUE  FROM      YEAR
                                                  NORMAL
..................................................................
TEMPERATURE (F)
 YESTERDAY
  MAXIMUM         40    337 PM  59    1951  33      7       10
                                      1933
  MINIMUM         31    828 PM -19    1930  17     14       -3
  AVERAGE         36                        25     11        4

PRECIPITATION (IN)
  YESTERDAY        0.00          1.01 1949   0.05  -0.05     0.00
  MONTH TO DATE    1.45                      1.10   0.35     0.54
  SINCE DEC 1      2.67                      3.52  -0.85     6.85
  SINCE JAN 1      1.45                      1.10   0.35     0.54

SNOWFALL (IN)
  YESTERDAY        0.0           9.0  1918   0.2   -0.2      0.0
  MONTH TO DATE    0.4                       4.0   -3.6      3.4
  SINCE DEC 1      5.9                      11.1   -5.2      5.9
  SINCE JUL 1      5.9                      12.2   -6.3     10.5
  SNOW DEPTH       0

DEGREE DAYS
 HEATING
  YESTERDAY       29                        40    -11       61
  MONTH TO DATE  690                       720    -30      718
  SINCE DEC 1   1818                      1850    -32     1449
  SINCE JUL 1   2556                      2998   -442     2206

 COOLING
  YESTERDAY        0                         0      0        0
  MONTH TO DATE    0                         0      0        0
  SINCE DEC 1      0                         0      0        0
  SINCE JAN 1      0                         0      0        0
..................................................................


WIND (MPH)
  HIGHEST WIND SPEED    15   HIGHEST WIND DIRECTION    SW (210)
  HIGHEST GUST SPEED    18   HIGHEST GUST DIRECTION    SW (240)
  AVERAGE WIND SPEED     6.3


SKY COVER
  POSSIBLE SUNSHINE  MM
  AVERAGE SKY COVER 0.7


WEATHER CONDITIONS
 THE FOLLOWING WEATHER WAS RECORDED YESTERDAY.
  FOG


RELATIVE HUMIDITY (PERCENT)
 HIGHEST   100           400 AM
 LOWEST     76          1000 AM
 AVERAGE    88

..........................................................


THE PEORIA IL CLIMATE NORMALS FOR TODAY
                         NORMAL    RECORD    YEAR
 MAXIMUM TEMPERATURE (F)   33        63      1952
 MINIMUM TEMPERATURE (F)   17       -21      1994


SUNRISE AND SUNSET
JANUARY 19 2017.......SUNRISE   718 AM CST   SUNSET   501 PM CST
JANUARY 20 2017.......SUNRISE   718 AM CST   SUNSET   502 PM CST


-  INDICATES NEGATIVE NUMBERS.
R  INDICATES RECORD WAS SET OR TIED.
MM INDICATES DATA IS MISSING.
T  INDICATES TRACE AMOUNT.




$$
