000
CDUS43 KILX 300651
CLIPIA


CLIMATE REPORT
NATIONAL WEATHER SERVICE LINCOLN IL
150 AM CDT THU JUL 30 2015


...................................

...THE PEORIA IL CLIMATE SUMMARY FOR JULY 29 2015...

CLIMATE NORMAL PERIOD 1981 TO 2010
CLIMATE RECORD PERIOD 1883 TO 2015


WEATHER ITEM   OBSERVED TIME   RECORD YEAR NORMAL DEPARTURE LAST
                VALUE   (LST)  VALUE       VALUE  FROM      YEAR
                                                  NORMAL
..................................................................
TEMPERATURE (F)
 YESTERDAY
  MAXIMUM         87    312 PM 104    1887  85      2       82
  MINIMUM         70   1159 PM  50    1971  65      5       58
  AVERAGE         79                        75      4       70

PRECIPITATION (IN)
  YESTERDAY        0.43          1.20 1983   0.12   0.31     0.00
  MONTH TO DATE    5.84                      3.61   2.23     1.49
  SINCE JUN 1     17.44                      7.14  10.30    11.16
  SINCE JAN 1     30.21                     21.47   8.74    23.14

SNOWFALL (IN)
  YESTERDAY        0.0           0.0    MM   0.0    0.0      0.0
  MONTH TO DATE    0.0                       0.0    0.0      0.0
  SINCE JUN 1      0.0                       0.0    0.0      0.0
  SINCE JUL 1      0.0                       0.0    0.0      0.0
  SNOW DEPTH       0

DEGREE DAYS
 HEATING
  YESTERDAY        0                         0      0        0
  MONTH TO DATE    5                         0      5        2
  SINCE JUN 1     12                        18     -6        2
  SINCE JUL 1      5                         0      5        2

 COOLING
  YESTERDAY       14                        10      4        5
  MONTH TO DATE  339                       309     30      217
  SINCE JUN 1    627                       531     96      509
  SINCE JAN 1    781                       612    169      667
..................................................................


WIND (MPH)
  HIGHEST WIND SPEED    16   HIGHEST WIND DIRECTION     N (350)
  HIGHEST GUST SPEED    25   HIGHEST GUST DIRECTION     N (350)
  AVERAGE WIND SPEED     5.8


SKY COVER
  POSSIBLE SUNSHINE  MM
  AVERAGE SKY COVER 0.3


WEATHER CONDITIONS
 THE FOLLOWING WEATHER WAS RECORDED YESTERDAY.
  THUNDERSTORM
  HEAVY RAIN
  RAIN
  LIGHT RAIN
  FOG


RELATIVE HUMIDITY (PERCENT)
 HIGHEST    94           400 AM
 LOWEST     35           300 PM
 AVERAGE    65

..........................................................


THE PEORIA IL CLIMATE NORMALS FOR TODAY
                         NORMAL    RECORD    YEAR
 MAXIMUM TEMPERATURE (F)   85       104      1885
 MINIMUM TEMPERATURE (F)   65        48      1971


SUNRISE AND SUNSET
JULY 30 2015..........SUNRISE   553 AM CDT   SUNSET   816 PM CDT
JULY 31 2015..........SUNRISE   554 AM CDT   SUNSET   815 PM CDT


-  INDICATES NEGATIVE NUMBERS.
R  INDICATES RECORD WAS SET OR TIED.
MM INDICATES DATA IS MISSING.
T  INDICATES TRACE AMOUNT.




$$
