000
CDUS45 KPIH 270732
CLIPIH


CLIMATE REPORT
NATIONAL WEATHER SERVICE POCATELLO ID
130 AM MDT TUE JUN 27 2017


...................................

...THE POCATELLO ID CLIMATE SUMMARY FOR JUNE 26 2017...

CLIMATE NORMAL PERIOD 1981 TO 2010
CLIMATE RECORD PERIOD 1939 TO 2017


WEATHER ITEM   OBSERVED TIME   RECORD YEAR NORMAL DEPARTURE LAST
                VALUE   (LST)  VALUE       VALUE  FROM      YEAR
                                                  NORMAL
..................................................................
TEMPERATURE (F)
 YESTERDAY
  MAXIMUM         96    408 PM  99    2002  82     14       89
  MINIMUM         48    522 AM  35    1999  49     -1       39
                                      1976
  AVERAGE         72                        65      7       64

PRECIPITATION (IN)
  YESTERDAY        T             0.70 1965   0.02  -0.02     0.00
  MONTH TO DATE    1.14                      0.91   0.23     0.02
  SINCE OCT 1     17.61                      9.96   7.65    10.73
  SINCE JAN 1     11.05                      6.74   4.31     7.16

SNOWFALL (IN)
  YESTERDAY        0.0
  MONTH TO DATE    0.0
  SINCE JUN 1      0.0
  SINCE JUL 1     87.6
  SNOW DEPTH       0

DEGREE DAYS
 HEATING
  YESTERDAY        0                         2     -2        1
  MONTH TO DATE   83                       123    -40       43
  SINCE JUN 1     83                       123    -40       43
  SINCE JUL 1   6944                      7170   -226     6392

 COOLING
  YESTERDAY        7                         3      4        0
  MONTH TO DATE   54                        35     19       61
  SINCE JUN 1     54                        35     19       61
  SINCE JAN 1     56                        40     16       61
..................................................................


WIND (MPH)
  HIGHEST WIND SPEED    51   HIGHEST WIND DIRECTION     W (260)
  HIGHEST GUST SPEED    61   HIGHEST GUST DIRECTION     W (260)
  AVERAGE WIND SPEED     7.9


SKY COVER
  POSSIBLE SUNSHINE  MM
  AVERAGE SKY COVER 0.1


WEATHER CONDITIONS
 THE FOLLOWING WEATHER WAS RECORDED YESTERDAY.
  LIGHT RAIN
  HAZE


RELATIVE HUMIDITY (PERCENT)
 HIGHEST    86           300 AM
 LOWEST     15           400 PM
 AVERAGE    51

..........................................................


THE POCATELLO ID CLIMATE NORMALS FOR TODAY
                         NORMAL    RECORD    YEAR
 MAXIMUM TEMPERATURE (F)   82        98      2015
 MINIMUM TEMPERATURE (F)   49        36      2011
                                             1949


SUNRISE AND SUNSET
JUNE 27 2017..........SUNRISE   554 AM MDT   SUNSET   913 PM MDT
JUNE 28 2017..........SUNRISE   554 AM MDT   SUNSET   913 PM MDT


-  INDICATES NEGATIVE NUMBERS.
R  INDICATES RECORD WAS SET OR TIED.
MM INDICATES DATA IS MISSING.
T  INDICATES TRACE AMOUNT.




$$
