000
CDUS45 KPIH 250735
CLIPIH


CLIMATE REPORT
NATIONAL WEATHER SERVICE POCATELLO ID
132 AM MDT WED MAY 25 2016


...................................

...THE POCATELLO ID CLIMATE SUMMARY FOR MAY 24 2016...

CLIMATE NORMAL PERIOD 1981 TO 2010
CLIMATE RECORD PERIOD 1939 TO 2016


WEATHER ITEM   OBSERVED TIME   RECORD YEAR NORMAL DEPARTURE LAST
                VALUE   (LST)  VALUE       VALUE  FROM      YEAR
                                                  NORMAL
..................................................................
TEMPERATURE (F)
 YESTERDAY
  MAXIMUM         66    340 PM  89    2003  70     -4       66
  MINIMUM         35    508 AM  30    1960  42     -7       42
  AVERAGE         51                        56     -5       54

PRECIPITATION (IN)
  YESTERDAY        0.07          0.60 2009   0.05   0.02     0.03
  MONTH TO DATE    1.26                      1.13   0.13     2.22
  SINCE OCT 1     10.69                      8.72   1.97     6.37
  SINCE JAN 1      7.12                      5.50   1.62     3.98

SNOWFALL (IN)
  YESTERDAY        0.0
  MONTH TO DATE    0.0
  SINCE MAR 1      5.3
  SINCE JUL 1     33.5
  SNOW DEPTH       0

DEGREE DAYS
 HEATING
  YESTERDAY       14                         9      5       11
  MONTH TO DATE  269                       294    -25      247
  SINCE MAR 1   1442                      1715   -273     1437
  SINCE JUL 1   6284                      6988   -704     5778

 COOLING
  YESTERDAY        0                         0      0        0
  MONTH TO DATE    0                         0      0        0
  SINCE MAR 1      0                         0      0        0
  SINCE JAN 1      0                         0      0        0
..................................................................


WIND (MPH)
  HIGHEST WIND SPEED    28   HIGHEST WIND DIRECTION     S (190)
  HIGHEST GUST SPEED    34   HIGHEST GUST DIRECTION     S (190)
  AVERAGE WIND SPEED     8.5


SKY COVER
  POSSIBLE SUNSHINE  MM
  AVERAGE SKY COVER 0.5


WEATHER CONDITIONS
 THE FOLLOWING WEATHER WAS RECORDED YESTERDAY.
  THUNDERSTORM
  LIGHT RAIN


RELATIVE HUMIDITY (PERCENT)
 HIGHEST    92           500 AM
 LOWEST     39           100 PM
 AVERAGE    66

..........................................................


THE POCATELLO ID CLIMATE NORMALS FOR TODAY
                         NORMAL    RECORD    YEAR
 MAXIMUM TEMPERATURE (F)   71        91      2001
 MINIMUM TEMPERATURE (F)   42        27      1975


SUNRISE AND SUNSET
MAY 25 2016...........SUNRISE   558 AM MDT   SUNSET   857 PM MDT
MAY 26 2016...........SUNRISE   557 AM MDT   SUNSET   858 PM MDT


-  INDICATES NEGATIVE NUMBERS.
R  INDICATES RECORD WAS SET OR TIED.
MM INDICATES DATA IS MISSING.
T  INDICATES TRACE AMOUNT.




$$
