000
CDUS45 KPIH 240733
CLIPIH


CLIMATE REPORT
NATIONAL WEATHER SERVICE POCATELLO ID
1232 AM MST FRI NOV 24 2017


...................................

...THE POCATELLO ID CLIMATE SUMMARY FOR NOVEMBER 23 2017...

CLIMATE NORMAL PERIOD 1981 TO 2010
CLIMATE RECORD PERIOD 1939 TO 2017


WEATHER ITEM   OBSERVED TIME   RECORD YEAR NORMAL DEPARTURE LAST
                VALUE   (LST)  VALUE       VALUE  FROM      YEAR
                                                  NORMAL
..................................................................
TEMPERATURE (F)
 YESTERDAY
  MAXIMUM         67R   122 PM  58    2011  40     27       49
                                      1998
  MINIMUM         31    340 AM  -5    1985  21     10       27
  AVERAGE         49                        31     18       38

PRECIPITATION (IN)
  YESTERDAY        0.02          0.64 1988   0.04  -0.02     0.08
  MONTH TO DATE    0.96                      0.82   0.14     0.18
  SINCE OCT 1      1.45                      1.69  -0.24     3.41
  SINCE JAN 1     15.95                     10.60   5.35    13.09

SNOWFALL (IN)
  YESTERDAY        0.0
  MONTH TO DATE    0.4
  SINCE SEP 1      0.5
  SINCE JUL 1      0.5
  SNOW DEPTH       0

DEGREE DAYS
 HEATING
  YESTERDAY       16                        34    -18       27
  MONTH TO DATE  566                       668   -102      506
  SINCE SEP 1   1452                      1429     23     1172
  SINCE JUL 1   1456                      1475    -19     1210

 COOLING
  YESTERDAY        0                         0      0        0
  MONTH TO DATE    0                         0      0        0
  SINCE SEP 1     66                        22     44       17
  SINCE JAN 1    575                       392    183      416
..................................................................


WIND (MPH)
  HIGHEST WIND SPEED    25   HIGHEST WIND DIRECTION    SW (240)
  HIGHEST GUST SPEED    33   HIGHEST GUST DIRECTION    SW (230)
  AVERAGE WIND SPEED    10.6


SKY COVER
  POSSIBLE SUNSHINE  MM
  AVERAGE SKY COVER 0.4


WEATHER CONDITIONS
 THE FOLLOWING WEATHER WAS RECORDED YESTERDAY.
  LIGHT RAIN
  FOG
  FOG W/VISIBILITY <= 1/4 MILE


RELATIVE HUMIDITY (PERCENT)
 HIGHEST   100           100 AM
 LOWEST     40           200 PM
 AVERAGE    70

..........................................................


THE POCATELLO ID CLIMATE NORMALS FOR TODAY
                         NORMAL    RECORD    YEAR
 MAXIMUM TEMPERATURE (F)   40        64      1995
 MINIMUM TEMPERATURE (F)   21        -7      1993


SUNRISE AND SUNSET
NOVEMBER 24 2017......SUNRISE   734 AM MST   SUNSET   500 PM MST
NOVEMBER 25 2017......SUNRISE   735 AM MST   SUNSET   459 PM MST


-  INDICATES NEGATIVE NUMBERS.
R  INDICATES RECORD WAS SET OR TIED.
MM INDICATES DATA IS MISSING.
T  INDICATES TRACE AMOUNT.




$$
