665
CDUS43 KABR 250917
CLIPIR


CLIMATE REPORT
NATIONAL WEATHER SERVICE ABERDEEN SD
416 AM CDT TUE APR 25 2017


...................................

...THE PIERRE SD CLIMATE SUMMARY FOR APRIL 24 2017...

CLIMATE NORMAL PERIOD 1981 TO 2010
CLIMATE RECORD PERIOD 1892 TO 2017


WEATHER ITEM   OBSERVED TIME   RECORD YEAR NORMAL DEPARTURE LAST
                VALUE   (LST)  VALUE       VALUE  FROM      YEAR
                                                  NORMAL
..................................................................
TEMPERATURE (F)
 YESTERDAY
  MAXIMUM         54    432 PM  93    1962  64    -10       77
  MINIMUM         37   1032 PM  25    1934  37      0       47
  AVERAGE         46                        50     -4       62

PRECIPITATION (IN)
  YESTERDAY        0.01          1.03 1990   0.08  -0.07     0.09
  MONTH TO DATE    1.74                      1.36   0.38     2.71
  SINCE MAR 1      2.08                      2.59  -0.51     4.03
  SINCE JAN 1      3.31                      3.60  -0.29     5.03

SNOWFALL (IN)
  YESTERDAY        0.0           T    2013   0.1   -0.1      0.0
                                      2009
                                      2006
  MONTH TO DATE    T                         3.7   -3.7       T
  SINCE OCT 1     32.6                      31.5    1.1     28.7
  SINCE JUL 1     32.6                      31.5    1.1     28.7
  SNOW DEPTH       0

DEGREE DAYS
 HEATING
  YESTERDAY       19                        15      4        3
  MONTH TO DATE  373                       465    -92      382
  SINCE MAR 1   1243                      1412   -169     1138
  SINCE JUL 1   6399                      6910   -511     5972

 COOLING
  YESTERDAY        0                         0      0        0
  MONTH TO DATE    1                         0      1        6
  SINCE MAR 1      1                         0      1        6
  SINCE JAN 1      1                         0      1        6
..................................................................


WIND (MPH)
  RESULTANT WIND SPEED  12   RESULTANT WIND DIRECTION   N (340)
  HIGHEST WIND SPEED    23   HIGHEST WIND DIRECTION    NW (320)
  HIGHEST GUST SPEED    30   HIGHEST GUST DIRECTION    NW (300)
  AVERAGE WIND SPEED    13.8




RELATIVE HUMIDITY (PERCENT)
 HIGHEST    86           700 AM
 LOWEST     59           400 PM
 AVERAGE    73

..........................................................


THE PIERRE SD CLIMATE NORMALS FOR TODAY
                         NORMAL    RECORD    YEAR
 MAXIMUM TEMPERATURE (F)   64        94      1962
 MINIMUM TEMPERATURE (F)   38        22      2013


SUNRISE AND SUNSET
APRIL 25 2017.........SUNRISE   640 AM CDT   SUNSET   838 PM CDT
APRIL 26 2017.........SUNRISE   639 AM CDT   SUNSET   840 PM CDT


-  INDICATES NEGATIVE NUMBERS.
R  INDICATES RECORD WAS SET OR TIED.
MM INDICATES DATA IS MISSING.
T  INDICATES TRACE AMOUNT.




$$
