000
CDUS43 KABR 062328
CLIPIR


CLIMATE REPORT
NATIONAL WEATHER SERVICE ABERDEEN SD
528 PM CST FRI MAR 6 2015


...................................

...THE PIERRE SD CLIMATE SUMMARY FOR MARCH 6 2015...
VALID TODAY AS OF 0500 PM LOCAL TIME.

CLIMATE NORMAL PERIOD 1981 TO 2010
CLIMATE RECORD PERIOD 1892 TO 2015


WEATHER ITEM   OBSERVED TIME   RECORD YEAR NORMAL DEPARTURE LAST
                VALUE   (LST)  VALUE       VALUE  FROM      YEAR
                                                  NORMAL
..................................................................
TEMPERATURE (F)
 TODAY
  MAXIMUM         54    444 PM  71    2000  41     13       49
                                      1937
  MINIMUM         23   1259 AM -10    1996  20      3       25
  AVERAGE         39                        31      8       37

PRECIPITATION (IN)
  TODAY            0.00          0.73 1908   0.03  -0.03     0.00
  MONTH TO DATE    0.18                      0.18   0.00     0.21
  SINCE MAR 1      0.18                      0.18   0.00     0.21
  SINCE JAN 1      0.53                      1.19  -0.66     0.78

SNOWFALL (IN)
  TODAY            0.0
  MONTH TO DATE    1.8
  SINCE OCT 1     24.1
  SINCE JUL 1     24.1
  SNOW DEPTH       0

DEGREE DAYS
 HEATING
  TODAY           26                        34     -8       28
  MONTH TO DATE  268                       212     56      341
  SINCE MAR 1    268                       212     56      341
  SINCE JUL 1   5777                      5710     67     6336

 COOLING
  TODAY            0                         0      0        0
  MONTH TO DATE    0                         0      0        0
  SINCE MAR 1      0                         0      0        0
  SINCE JAN 1      0                         0      0        0
..................................................................


WIND (MPH)
  HIGHEST GUST SPEED    17   HIGHEST GUST DIRECTION    SW (240)




..........................................................


THE PIERRE SD CLIMATE NORMALS FOR TOMORROW
                         NORMAL    RECORD    YEAR
 MAXIMUM TEMPERATURE (F)   42        69      2006
 MINIMUM TEMPERATURE (F)   20       -15      1996


SUNRISE AND SUNSET
MARCH  6 2015.........SUNRISE   710 AM CST   SUNSET   635 PM CST
MARCH  7 2015.........SUNRISE   708 AM CST   SUNSET   637 PM CST


-  INDICATES NEGATIVE NUMBERS.
R  INDICATES RECORD WAS SET OR TIED.
MM INDICATES DATA IS MISSING.
T  INDICATES TRACE AMOUNT.




$$
