000
CDUS43 KABR 231033
CLIPIR


CLIMATE REPORT
NATIONAL WEATHER SERVICE ABERDEEN SD
532 AM CDT WED JUL 23 2014


...................................

...THE PIERRE SD CLIMATE SUMMARY FOR JULY 22 2014...

CLIMATE NORMAL PERIOD 1981 TO 2010
CLIMATE RECORD PERIOD 1892 TO 2014


WEATHER ITEM   OBSERVED TIME   RECORD YEAR NORMAL DEPARTURE LAST
                VALUE   (LST)  VALUE       VALUE  FROM      YEAR
                                                  NORMAL
..................................................................
TEMPERATURE (F)
 YESTERDAY
  MAXIMUM         89    430 PM 108    1941  90     -1       85
  MINIMUM         64    516 AM  49    1961  63      1       63
  AVERAGE         77                        76      1       74

PRECIPITATION (IN)
  YESTERDAY        0.01          1.08 1975   0.09  -0.08      T
  MONTH TO DATE    0.32                      1.85  -1.53     2.41
  SINCE JUN 1      4.71                      5.42  -0.71     5.37
  SINCE JAN 1     12.64                     12.62   0.02    14.23

DEGREE DAYS
 HEATING
  YESTERDAY        0                         0      0        0
  MONTH TO DATE   19                         0     19        0
  SINCE JUN 1     86                        53     33       60
  SINCE JUL 1     19                         0     19        0

 COOLING
  YESTERDAY       12                        11      1        9
  MONTH TO DATE  156                       223    -67      234
  SINCE JUN 1    215                       357   -142      353
  SINCE JAN 1    263                       389   -126      375
..................................................................


WIND (MPH)
  RESULTANT WIND SPEED   5   RESULTANT WIND DIRECTION  NE (50)
  HIGHEST WIND SPEED    26   HIGHEST WIND DIRECTION     W (290)
  HIGHEST GUST SPEED    32   HIGHEST GUST DIRECTION    NW (310)
  AVERAGE WIND SPEED    10.4




RELATIVE HUMIDITY (PERCENT)
 HIGHEST    93           400 AM
 LOWEST     36           300 PM
 AVERAGE    65

..........................................................


THE PIERRE SD CLIMATE NORMALS FOR TODAY
                         NORMAL    RECORD    YEAR
 MAXIMUM TEMPERATURE (F)   90       115      1940
 MINIMUM TEMPERATURE (F)   63        49      2004


SUNRISE AND SUNSET
JULY 23 2014..........SUNRISE   619 AM CDT   SUNSET   916 PM CDT
JULY 24 2014..........SUNRISE   620 AM CDT   SUNSET   915 PM CDT


-  INDICATES NEGATIVE NUMBERS.
R  INDICATES RECORD WAS SET OR TIED.
MM INDICATES DATA IS MISSING.
T  INDICATES TRACE AMOUNT.




$$
