000
CDUS43 KABR 171028
CLIPIR


CLIMATE REPORT
NATIONAL WEATHER SERVICE ABERDEEN SD
528 AM CDT WED SEP 17 2014


...................................

...THE PIERRE SD CLIMATE SUMMARY FOR SEPTEMBER 16 2014...

CLIMATE NORMAL PERIOD 1981 TO 2010
CLIMATE RECORD PERIOD 1892 TO 2014


WEATHER ITEM   OBSERVED TIME   RECORD YEAR NORMAL DEPARTURE LAST
                VALUE   (LST)  VALUE       VALUE  FROM      YEAR
                                                  NORMAL
..................................................................
TEMPERATURE (F)
 YESTERDAY
  MAXIMUM         78    454 PM  98    2000  76      2       72
  MINIMUM         46    557 AM  35    1971  49     -3       42
  AVERAGE         62                        63     -1       57

PRECIPITATION (IN)
  YESTERDAY        0.00          2.03 1975   0.06  -0.06     0.00
  MONTH TO DATE    0.52                      0.97  -0.45     0.07
  SINCE SEP 1      0.52                      0.97  -0.45     0.07
  SINCE JAN 1     16.74                     16.15   0.59    16.99

DEGREE DAYS
 HEATING
  YESTERDAY        3                         5     -2        8
  MONTH TO DATE  110                        49     61       16
  SINCE SEP 1    110                        49     61       16
  SINCE JUL 1    138                        69     69       25

 COOLING
  YESTERDAY        0                         3     -3        0
  MONTH TO DATE   34                        69    -35      126
  SINCE SEP 1     34                        69    -35      126
  SINCE JAN 1    570                       846   -276      812
..................................................................


WIND (MPH)
  RESULTANT WIND SPEED   5   RESULTANT WIND DIRECTION  SE (130)
  HIGHEST WIND SPEED    16   HIGHEST WIND DIRECTION    SE (130)
  HIGHEST GUST SPEED    20   HIGHEST GUST DIRECTION    SE (140)
  AVERAGE WIND SPEED     5.4




RELATIVE HUMIDITY (PERCENT)
 HIGHEST    83          1100 PM
 LOWEST     39           500 PM
 AVERAGE    61

..........................................................


THE PIERRE SD CLIMATE NORMALS FOR TODAY
                         NORMAL    RECORD    YEAR
 MAXIMUM TEMPERATURE (F)   76       104      2000
 MINIMUM TEMPERATURE (F)   49        34      1981


SUNRISE AND SUNSET
SEPTEMBER 17 2014.....SUNRISE   722 AM CDT   SUNSET   748 PM CDT
SEPTEMBER 18 2014.....SUNRISE   724 AM CDT   SUNSET   746 PM CDT


-  INDICATES NEGATIVE NUMBERS.
R  INDICATES RECORD WAS SET OR TIED.
MM INDICATES DATA IS MISSING.
T  INDICATES TRACE AMOUNT.




$$
