000
CDUS43 KABR 242334
CLIPIR


CLIMATE REPORT
NATIONAL WEATHER SERVICE ABERDEEN SD
534 PM CST FRI NOV 24 2017


...................................

...THE PIERRE SD CLIMATE SUMMARY FOR NOVEMBER 24 2017...
VALID TODAY AS OF 0500 PM LOCAL TIME.

CLIMATE NORMAL PERIOD 1981 TO 2010
CLIMATE RECORD PERIOD 1892 TO 2017


WEATHER ITEM   OBSERVED TIME   RECORD YEAR NORMAL DEPARTURE LAST
                VALUE   (LST)  VALUE       VALUE  FROM      YEAR
                                                  NORMAL
..................................................................
TEMPERATURE (F)
 TODAY
  MAXIMUM         57    308 PM  70    1990  39     18       36
  MINIMUM         45    624 AM  -9    2003  19     26       26
  AVERAGE         51                        29     22       31

PRECIPITATION (IN)
  TODAY            T             0.42 1993   0.02  -0.02      T
  MONTH TO DATE    0.05                      0.64  -0.59     0.20
  SINCE SEP 1      3.02                      4.16  -1.14     2.25
  SINCE JAN 1     13.46                     19.34  -5.88    17.97

SNOWFALL (IN)
  TODAY            0.0
  MONTH TO DATE    T
  SINCE OCT 1      T
  SINCE JUL 1      T
  SNOW DEPTH       0

DEGREE DAYS
 HEATING
  TODAY           14                        36    -22       34
  MONTH TO DATE  709                       714     -5      471
  SINCE SEP 1   1303                      1375    -72      922
  SINCE JUL 1   1308                      1395    -87      942
..................................................................


WIND (MPH)
  HIGHEST GUST SPEED    42   HIGHEST GUST DIRECTION    NW (320)




..........................................................


THE PIERRE SD CLIMATE NORMALS FOR TOMORROW
                         NORMAL    RECORD    YEAR
 MAXIMUM TEMPERATURE (F)   39        77      1960
 MINIMUM TEMPERATURE (F)   19       -10      1977


SUNRISE AND SUNSET
NOVEMBER 24 2017......SUNRISE   749 AM CST   SUNSET   506 PM CST
NOVEMBER 25 2017......SUNRISE   750 AM CST   SUNSET   506 PM CST


-  INDICATES NEGATIVE NUMBERS.
R  INDICATES RECORD WAS SET OR TIED.
MM INDICATES DATA IS MISSING.
T  INDICATES TRACE AMOUNT.




$$
