000
CDUS43 KABR 290910
CLIPIR


CLIMATE REPORT
NATIONAL WEATHER SERVICE ABERDEEN SD
409 AM CDT MON MAY 29 2017


...................................

...THE PIERRE SD CLIMATE SUMMARY FOR MAY 28 2017...

CLIMATE NORMAL PERIOD 1981 TO 2010
CLIMATE RECORD PERIOD 1892 TO 2017


WEATHER ITEM   OBSERVED TIME   RECORD YEAR NORMAL DEPARTURE LAST
                VALUE   (LST)  VALUE       VALUE  FROM      YEAR
                                                  NORMAL
..................................................................
TEMPERATURE (F)
 YESTERDAY
  MAXIMUM         80    301 PM 105    1934  73      7       75
  MINIMUM         47   1110 PM  29    1965  50     -3       53
  AVERAGE         64                        62      2       64

PRECIPITATION (IN)
  YESTERDAY        T             2.43 1991   0.11  -0.11      T
  MONTH TO DATE    1.10                      2.80  -1.70     1.17
  SINCE MAR 1      3.22                      5.84  -2.62     6.41
  SINCE JAN 1      4.45                      6.85  -2.40     7.41

DEGREE DAYS
 HEATING
  YESTERDAY        1                         5     -4        1
  MONTH TO DATE  209                       234    -25      224
  SINCE MAR 1   1606                      1726   -120     1489
  SINCE JUL 1   6762                      7224   -462     6323

 COOLING
  YESTERDAY        0                         1     -1        0
  MONTH TO DATE   20                        26     -6       12
  SINCE MAR 1     21                        30     -9       18
  SINCE JAN 1     21                        30     -9       18
..................................................................


WIND (MPH)
  RESULTANT WIND SPEED  14   RESULTANT WIND DIRECTION  NW (300)
  HIGHEST WIND SPEED    43   HIGHEST WIND DIRECTION    NW (330)
  HIGHEST GUST SPEED    52   HIGHEST GUST DIRECTION     N (340)
  AVERAGE WIND SPEED    15.0




RELATIVE HUMIDITY (PERCENT)
 HIGHEST    66           100 AM
 LOWEST     21           200 PM
 AVERAGE    44

..........................................................


THE PIERRE SD CLIMATE NORMALS FOR TODAY
                         NORMAL    RECORD    YEAR
 MAXIMUM TEMPERATURE (F)   74       101      1934
 MINIMUM TEMPERATURE (F)   50        24      1947


SUNRISE AND SUNSET
MAY 29 2017...........SUNRISE   602 AM CDT   SUNSET   916 PM CDT
MAY 30 2017...........SUNRISE   601 AM CDT   SUNSET   917 PM CDT


-  INDICATES NEGATIVE NUMBERS.
R  INDICATES RECORD WAS SET OR TIED.
MM INDICATES DATA IS MISSING.
T  INDICATES TRACE AMOUNT.




$$
