000
CDUS43 KABR 241038
CLIPIR


CLIMATE REPORT
NATIONAL WEATHER SERVICE ABERDEEN SD
537 AM CDT WED AUG 24 2016


...................................

...THE PIERRE SD CLIMATE SUMMARY FOR AUGUST 23 2016...

CLIMATE NORMAL PERIOD 1981 TO 2010
CLIMATE RECORD PERIOD 1892 TO 2016


WEATHER ITEM   OBSERVED TIME   RECORD YEAR NORMAL DEPARTURE LAST
                VALUE   (LST)  VALUE       VALUE  FROM      YEAR
                                                  NORMAL
..................................................................
TEMPERATURE (F)
 YESTERDAY
  MAXIMUM         86    345 PM 110    1936  86      0       73
  MINIMUM         56   1141 PM  43    1942  59     -3       49
  AVERAGE         71                        72     -1       61

PRECIPITATION (IN)
  YESTERDAY        0.00          0.69 1982   0.04  -0.04     0.00
  MONTH TO DATE    1.91                      1.40   0.51     2.22
  SINCE JUN 1      8.05                      7.58   0.47    10.53
  SINCE JAN 1     15.49                     14.78   0.71    17.88

DEGREE DAYS
 HEATING
  YESTERDAY        0                         1     -1        4
  MONTH TO DATE    3                         3      0       16
  SINCE JUN 1     19                        62    -43       23
  SINCE JUL 1      7                         9     -2       18

 COOLING
  YESTERDAY        6                         8     -2        0
  MONTH TO DATE  213                       227    -14      208
  SINCE JUN 1    791                       688    103      637
  SINCE JAN 1    814                       720     94      651
..................................................................


WIND (MPH)
  RESULTANT WIND SPEED   3   RESULTANT WIND DIRECTION  NW (300)
  HIGHEST WIND SPEED    28   HIGHEST WIND DIRECTION     N (350)
  HIGHEST GUST SPEED    37   HIGHEST GUST DIRECTION     N (350)
  AVERAGE WIND SPEED    15.0




RELATIVE HUMIDITY (PERCENT)
 HIGHEST    66           500 AM
 LOWEST     28           600 PM
 AVERAGE    47

..........................................................


THE PIERRE SD CLIMATE NORMALS FOR TODAY
                         NORMAL    RECORD    YEAR
 MAXIMUM TEMPERATURE (F)   86       107      2000
 MINIMUM TEMPERATURE (F)   58        42      1934


SUNRISE AND SUNSET
AUGUST 24 2016........SUNRISE   655 AM CDT   SUNSET   831 PM CDT
AUGUST 25 2016........SUNRISE   656 AM CDT   SUNSET   829 PM CDT


-  INDICATES NEGATIVE NUMBERS.
R  INDICATES RECORD WAS SET OR TIED.
MM INDICATES DATA IS MISSING.
T  INDICATES TRACE AMOUNT.




$$
