000
CDUS43 KABR 272231
CLIPIR


CLIMATE REPORT
NATIONAL WEATHER SERVICE ABERDEEN SD
530 PM CDT TUE SEP 27 2016


...................................

...THE PIERRE SD CLIMATE SUMMARY FOR SEPTEMBER 27 2016...
VALID TODAY AS OF 0500 PM LOCAL TIME.

CLIMATE NORMAL PERIOD 1981 TO 2010
CLIMATE RECORD PERIOD 1892 TO 2016


WEATHER ITEM   OBSERVED TIME   RECORD YEAR NORMAL DEPARTURE LAST
                VALUE   (LST)  VALUE       VALUE  FROM      YEAR
                                                  NORMAL
..................................................................
TEMPERATURE (F)
 TODAY
  MAXIMUM         81    359 PM  98    1956  71     10       84
  MINIMUM         43    654 AM  26    1951  44     -1       59
  AVERAGE         62                        57      5       72

PRECIPITATION (IN)
  TODAY            0.00          0.59 2013   0.06  -0.06     0.00
  MONTH TO DATE    1.23                      1.67  -0.44     1.05
  SINCE SEP 1      1.23                      1.67  -0.44     1.05
  SINCE JAN 1     16.95                     16.85   0.10    19.20

DEGREE DAYS
 HEATING
  TODAY            3                         9     -6        0
  MONTH TO DATE   72                       123    -51       49
  SINCE SEP 1     72                       123    -51       49
  SINCE JUL 1     92                       143    -51       74

 COOLING
  TODAY            0                         1     -1        7
  MONTH TO DATE   80                        85     -5      121
  SINCE SEP 1     80                        85     -5      121
  SINCE JAN 1    944                       862     82      831
..................................................................


WIND (MPH)
  HIGHEST GUST SPEED    26   HIGHEST GUST DIRECTION    NW (320)




..........................................................


THE PIERRE SD CLIMATE NORMALS FOR TOMORROW
                         NORMAL    RECORD    YEAR
 MAXIMUM TEMPERATURE (F)   70        93      2011
 MINIMUM TEMPERATURE (F)   44        21      1951


SUNRISE AND SUNSET
SEPTEMBER 27 2016.....SUNRISE   735 AM CDT   SUNSET   728 PM CDT
SEPTEMBER 28 2016.....SUNRISE   736 AM CDT   SUNSET   726 PM CDT


-  INDICATES NEGATIVE NUMBERS.
R  INDICATES RECORD WAS SET OR TIED.
MM INDICATES DATA IS MISSING.
T  INDICATES TRACE AMOUNT.




$$
