000
CDUS43 KABR 181535
CLIPIR


CLIMATE REPORT
NATIONAL WEATHER SERVICE ABERDEEN SD
935 AM CST THU DEC 18 2014


...................................

...THE PIERRE SD CLIMATE SUMMARY FOR DECEMBER 17 2014...

CLIMATE NORMAL PERIOD 1981 TO 2010
CLIMATE RECORD PERIOD 1892 TO 2014


WEATHER ITEM   OBSERVED TIME   RECORD YEAR NORMAL DEPARTURE LAST
                VALUE   (LST)  VALUE       VALUE  FROM      YEAR
                                                  NORMAL
..................................................................
TEMPERATURE (F)
 YESTERDAY
  MAXIMUM         18   1159 PM  62    1939  31    -13       35
  MINIMUM         16    901 AM -22    1951  11      5       24
  AVERAGE         17                        21     -4       30

PRECIPITATION (IN)
  YESTERDAY        T             0.35 1908   0.02  -0.02     0.00
  MONTH TO DATE    0.35                      0.31   0.04     0.65
  SINCE DEC 1      0.35                      0.31   0.04     0.65
  SINCE JAN 1     18.30                     19.77  -1.47    23.73

SNOWFALL (IN)
  YESTERDAY        0.0           3.8  1908   0.1   -0.1      0.0
  MONTH TO DATE    4.0                       2.8    1.2      5.8
  SINCE OCT 1     13.2                       9.1    4.1      7.8
  SINCE JUL 1     13.2                       9.1    4.1      7.8
  SNOW DEPTH       4

DEGREE DAYS
 HEATING
  YESTERDAY       48                        44      4       35
  MONTH TO DATE  612                       712   -100      874
  SINCE DEC 1    612                       712   -100      874
  SINCE JUL 1   2334                      2332      2     2493

 COOLING
  YESTERDAY        0                         0      0        0
  MONTH TO DATE    0                         0      0        0
  SINCE DEC 1      0                         0      0        0
  SINCE JAN 1    622                       868   -246      853
..................................................................


WIND (MPH)
  RESULTANT WIND SPEED  11   RESULTANT WIND DIRECTION  SE (120)
  HIGHEST WIND SPEED    18   HIGHEST WIND DIRECTION    SE (130)
  HIGHEST GUST SPEED    22   HIGHEST GUST DIRECTION    SE (130)
  AVERAGE WIND SPEED    11.8




RELATIVE HUMIDITY (PERCENT)
 HIGHEST    92           900 AM
 LOWEST     80          1200 AM
 AVERAGE    86

..........................................................


THE PIERRE SD CLIMATE NORMALS FOR TODAY
                         NORMAL    RECORD    YEAR
 MAXIMUM TEMPERATURE (F)   30        63      1939
 MINIMUM TEMPERATURE (F)   11       -21      1951


SUNRISE AND SUNSET
DECEMBER 18 2014......SUNRISE   812 AM CST   SUNSET   503 PM CST
DECEMBER 19 2014......SUNRISE   813 AM CST   SUNSET   504 PM CST


-  INDICATES NEGATIVE NUMBERS.
R  INDICATES RECORD WAS SET OR TIED.
MM INDICATES DATA IS MISSING.
T  INDICATES TRACE AMOUNT.




$$
