000
CDUS43 KABR 302230
CLIPIR


CLIMATE REPORT
NATIONAL WEATHER SERVICE ABERDEEN SD
528 PM CDT SAT AUG 30 2014


...................................

...THE PIERRE SD CLIMATE SUMMARY FOR AUGUST 30 2014...
VALID TODAY AS OF 0500 PM LOCAL TIME.

CLIMATE NORMAL PERIOD 1981 TO 2010
CLIMATE RECORD PERIOD 1892 TO 2014


WEATHER ITEM   OBSERVED TIME   RECORD YEAR NORMAL DEPARTURE LAST
                VALUE   (LST)  VALUE       VALUE  FROM      YEAR
                                                  NORMAL
..................................................................
TEMPERATURE (F)
 TODAY
  MAXIMUM         80    359 PM 107    2000  84     -4       92
  MINIMUM         50    633 AM  42    2003  56     -6       63
                                      1892
  AVERAGE         65                        70     -5       78

PRECIPITATION (IN)
  TODAY            0.00          1.75 1912   0.05  -0.05     0.00
  MONTH TO DATE    2.98                      1.75   1.23     2.52
  SINCE JUN 1      8.24                      7.93   0.31     8.06
  SINCE JAN 1     16.17                     15.13   1.04    16.92

DEGREE DAYS
 COOLING
  TODAY            0                         7     -7       13
  MONTH TO DATE  198                       278    -80      269
  SINCE JUN 1    487                       739   -252      654
  SINCE JAN 1    535                       771   -236      676
..................................................................


WIND (MPH)
  HIGHEST GUST SPEED    26   HIGHEST GUST DIRECTION    SE (120)




..........................................................


THE PIERRE SD CLIMATE NORMALS FOR TOMORROW
                         NORMAL    RECORD    YEAR
 MAXIMUM TEMPERATURE (F)   84       103      1960
 MINIMUM TEMPERATURE (F)   56        39      1974


SUNRISE AND SUNSET
AUGUST 30 2014........SUNRISE   702 AM CDT   SUNSET   821 PM CDT
AUGUST 31 2014........SUNRISE   703 AM CDT   SUNSET   819 PM CDT


-  INDICATES NEGATIVE NUMBERS.
R  INDICATES RECORD WAS SET OR TIED.
MM INDICATES DATA IS MISSING.
T  INDICATES TRACE AMOUNT.




$$
