003
CDUS43 KABR 231740
CLIPIR


CLIMATE REPORT
NATIONAL WEATHER SERVICE ABERDEEN SD
1139 AM CST FRI FEB 23 2018


...................................

...THE PIERRE SD CLIMATE SUMMARY FOR FEBRUARY 22 2018...

CLIMATE NORMAL PERIOD 1981 TO 2010
CLIMATE RECORD PERIOD 1892 TO 2018


WEATHER ITEM   OBSERVED TIME   RECORD YEAR NORMAL DEPARTURE LAST
                VALUE   (LST)  VALUE       VALUE  FROM      YEAR
                                                  NORMAL
..................................................................
TEMPERATURE (F)
 YESTERDAY
  MAXIMUM         22    507 PM  69    2000  37    -15       55
  MINIMUM          2    545 AM -18    1962  16    -14       32
  AVERAGE         12                        26    -14       44

PRECIPITATION (IN)
  YESTERDAY        0.21          0.32 1994   0.03   0.18      T
  MONTH TO DATE    1.35                      0.43   0.92     0.16
  SINCE DEC 1      1.90                      1.40   0.50     2.81
  SINCE JAN 1      1.43                      0.85   0.58     1.11

SNOWFALL (IN)
  YESTERDAY        2.0          10.8  1942   0.3    1.7      0.0
  MONTH TO DATE   15.2                       4.4   10.8      0.2
  SINCE OCT 1     19.6                      20.3   -0.7     27.1
  SINCE JUL 1     19.6                      20.3   -0.7     27.1
  SNOW DEPTH       8

DEGREE DAYS
 HEATING
  YESTERDAY       53                        39     14       21
  MONTH TO DATE 1223                       914    309      756
  SINCE DEC 1   3909                      3654    255     3807
  SINCE JUL 1   5366                      5274     92     4944

 COOLING
  YESTERDAY        0                         0      0        0
  MONTH TO DATE    0                         0      0        0
  SINCE DEC 1      0                         0      0        0
  SINCE JAN 1      0                         0      0        0
..................................................................


WIND (MPH)
  RESULTANT WIND SPEED  10   RESULTANT WIND DIRECTION  SE (120)
  HIGHEST WIND SPEED    18   HIGHEST WIND DIRECTION    SE (150)
  HIGHEST GUST SPEED    21   HIGHEST GUST DIRECTION    SE (150)
  AVERAGE WIND SPEED     9.3




RELATIVE HUMIDITY (PERCENT)
 HIGHEST   100           800 PM
 LOWEST     70          1200 AM
 AVERAGE    85

..........................................................


THE PIERRE SD CLIMATE NORMALS FOR TODAY
                         NORMAL    RECORD    YEAR
 MAXIMUM TEMPERATURE (F)   37        68      1976
 MINIMUM TEMPERATURE (F)   16       -20      1965


SUNRISE AND SUNSET
FEBRUARY 23 2018......SUNRISE   728 AM CST   SUNSET   621 PM CST
FEBRUARY 24 2018......SUNRISE   727 AM CST   SUNSET   623 PM CST


-  INDICATES NEGATIVE NUMBERS.
R  INDICATES RECORD WAS SET OR TIED.
MM INDICATES DATA IS MISSING.
T  INDICATES TRACE AMOUNT.




$$
