000
CDUS43 KABR 202329
CLIPIR


CLIMATE REPORT
NATIONAL WEATHER SERVICE ABERDEEN SD
527 PM CST THU NOV 20 2014


...................................

...THE PIERRE SD CLIMATE SUMMARY FOR NOVEMBER 20 2014...
VALID TODAY AS OF 0500 PM LOCAL TIME.

CLIMATE NORMAL PERIOD 1981 TO 2010
CLIMATE RECORD PERIOD 1892 TO 2014


WEATHER ITEM   OBSERVED TIME   RECORD YEAR NORMAL DEPARTURE LAST
                VALUE   (LST)  VALUE       VALUE  FROM      YEAR
                                                  NORMAL
..................................................................
TEMPERATURE (F)
 TODAY
  MAXIMUM         23    416 PM  73    1962  41    -18       43
  MINIMUM         13    230 AM  -7    1937  21     -8       20
  AVERAGE         18                        31    -13       32

PRECIPITATION (IN)
  TODAY            0.00          0.32 1930   0.02  -0.02     0.00
  MONTH TO DATE    0.80                      0.55   0.25     0.24
  SINCE SEP 1      1.71                      4.07  -2.36     6.16
  SINCE JAN 1     17.93                     19.25  -1.32    23.08

SNOWFALL (IN)
  TODAY            0.0
  MONTH TO DATE    9.0
  SINCE OCT 1      9.0
  SINCE JUL 1      9.0
  SNOW DEPTH       5

DEGREE DAYS
 HEATING
  TODAY           47                        34     13       33
  MONTH TO DATE  744                       574    170      543
  SINCE SEP 1   1293                      1235     58     1212
  SINCE JUL 1   1321                      1255     66     1221
..................................................................


WIND (MPH)
  HIGHEST GUST SPEED    16   HIGHEST GUST DIRECTION    SE (140)




..........................................................


THE PIERRE SD CLIMATE NORMALS FOR TOMORROW
                         NORMAL    RECORD    YEAR
 MAXIMUM TEMPERATURE (F)   41        74      1966
 MINIMUM TEMPERATURE (F)   21        -5      1964


SUNRISE AND SUNSET
NOVEMBER 20 2014......SUNRISE   744 AM CST   SUNSET   509 PM CST
NOVEMBER 21 2014......SUNRISE   745 AM CST   SUNSET   509 PM CST


-  INDICATES NEGATIVE NUMBERS.
R  INDICATES RECORD WAS SET OR TIED.
MM INDICATES DATA IS MISSING.
T  INDICATES TRACE AMOUNT.




$$
