000
CDUS41 KPBZ 082215
CLIPIT

CLIMATE REPORT
NATIONAL WEATHER SERVICE PITTSBURGH PA
514 PM EST THU DEC 8 2016

...................................

...THE PITTSBURGH PA CLIMATE SUMMARY FOR DECEMBER 8 2016...
VALID TODAY AS OF 0500 PM LOCAL TIME.

CLIMATE NORMAL PERIOD 1981 TO 2010
CLIMATE RECORD PERIOD 1871 TO 2016

WEATHER ITEM   OBSERVED TIME   RECORD YEAR NORMAL DEPARTURE LAST
                VALUE   (LST)  VALUE       VALUE  FROM      YEAR
                                                  NORMAL
..................................................................
TEMPERATURE (F)
 TODAY
  MAXIMUM         35    154 AM  70    1916  42     -7       47
  MINIMUM         28    359 PM  -2    1882  28      0       28
  AVERAGE         32                        34     -2       38

PRECIPITATION (IN)
  TODAY            T             1.51 1978   0.10  -0.10     0.00
  MONTH TO DATE    0.49                      0.78  -0.29     0.38
  SINCE JUN 1     18.45                     21.02  -2.57    23.42
  SINCE JAN 1     32.07                     36.12  -4.05    37.90

SNOWFALL (IN)
  TODAY            T             5.5  1914   0.2   -0.2      0.0
  MONTH TO DATE    T                         1.7   -1.7       T
  SINCE OCT 1      2.1                       4.1   -2.0       T
  SINCE JUL 1      2.1                       4.1   -2.0       T
  SNOW DEPTH       0

DEGREE DAYS
 HEATING
  TODAY           33                        31      2       27
  MONTH TO DATE  217                       234    -17      206
  SINCE DEC 1    217                       234    -17      206
  SINCE JUL 1   1064                      1397   -333     1060

 COOLING
  TODAY            0                         0      0        0
  MONTH TO DATE    0                         0      0        0
  SINCE DEC 1      0                         0      0        0
  SINCE JAN 1   1158                       736    422      979
..................................................................

WIND (MPH)
  HIGHEST WIND SPEED    24   HIGHEST WIND DIRECTION     W (280)
  HIGHEST GUST SPEED    32   HIGHEST GUST DIRECTION     W (290)
  AVERAGE WIND SPEED    10.5


SKY COVER
  POSSIBLE SUNSHINE  MM
  AVERAGE SKY COVER 0.9


WEATHER CONDITIONS
 THE FOLLOWING WEATHER WAS RECORDED TODAY.
  LIGHT SNOW


RELATIVE HUMIDITY (PERCENT)
 HIGHEST    69           400 AM
 LOWEST     56          1200 AM
 AVERAGE    63

..........................................................


THE PITTSBURGH PA CLIMATE NORMALS FOR TOMORROW
                         NORMAL    RECORD    YEAR
 MAXIMUM TEMPERATURE (F)   41        73      1885
 MINIMUM TEMPERATURE (F)   27        -4      1876


SUNRISE AND SUNSET
DECEMBER  8 2016......SUNRISE   732 AM EST   SUNSET   454 PM EST
DECEMBER  9 2016......SUNRISE   733 AM EST   SUNSET   454 PM EST


-  INDICATES NEGATIVE NUMBERS.
R  INDICATES RECORD WAS SET OR TIED.
MM INDICATES DATA IS MISSING.
T  INDICATES TRACE AMOUNT.

&&

SNOW DEPTH IS MEASURED AT 7 AM EST OR 8 AM EDT.

$$
