000
CDUS41 KPBZ 010702
CLIPIT

CLIMATE REPORT
NATIONAL WEATHER SERVICE PITTSBURGH PA
301 AM EDT SAT AUG 1 2015

...................................

...THE PITTSBURGH PA CLIMATE SUMMARY FOR JULY 31 2015...

CLIMATE NORMAL PERIOD 1981 TO 2010
CLIMATE RECORD PERIOD 1871 TO 2015

WEATHER ITEM   OBSERVED TIME   RECORD YEAR NORMAL DEPARTURE LAST
                VALUE   (LST)  VALUE       VALUE  FROM      YEAR
                                                  NORMAL
..................................................................
TEMPERATURE (F)
 YESTERDAY
  MAXIMUM         87    248 PM  96    1975  82      5       78
  MINIMUM         64    552 AM  50    1965  63      1       57
  AVERAGE         76                        72      4       68

PRECIPITATION (IN)
  YESTERDAY        T             2.08 1942   0.12  -0.12     0.00
  MONTH TO DATE    3.61                      3.83  -0.22     5.19
  SINCE JUN 1     10.95                      8.13   2.82     9.24
  SINCE JAN 1     25.43                     23.23   2.20    24.33

SNOWFALL (IN)
  YESTERDAY        0.0           0.0  2002   0.0    0.0      0.0
                                      2001
  MONTH TO DATE    0.0                       0.0    0.0      0.0
  SINCE OCT 1     47.5                      41.9    5.6     63.4
  SINCE JUL 1      0.0                       0.0    0.0      0.0
  SNOW DEPTH       0

DEGREE DAYS
 HEATING
  YESTERDAY        0                         0      0        0
  MONTH TO DATE    0                         0      0       11
  SINCE JUN 1     25                        42    -17       20
  SINCE JUL 1      0                         4     -4       11

 COOLING
  YESTERDAY       11                         8      3        3
  MONTH TO DATE  266                       241     25      188
  SINCE JUN 1    459                       391     68      373
  SINCE JAN 1    593                       443    150      447
..................................................................

WIND (MPH)
  HIGHEST WIND SPEED    17   HIGHEST WIND DIRECTION     W (280)
  HIGHEST GUST SPEED    23   HIGHEST GUST DIRECTION     W (280)
  AVERAGE WIND SPEED     7.0


SKY COVER
  POSSIBLE SUNSHINE  MM
  AVERAGE SKY COVER 0.2


WEATHER CONDITIONS
 THE FOLLOWING WEATHER WAS RECORDED YESTERDAY.
  NO SIGNIFICANT WEATHER WAS OBSERVED.


RELATIVE HUMIDITY (PERCENT)
 HIGHEST    78           500 AM
 LOWEST     32           100 PM
 AVERAGE    55

..........................................................


THE PITTSBURGH PA CLIMATE NORMALS FOR TODAY
                         NORMAL    RECORD    YEAR
 MAXIMUM TEMPERATURE (F)   82        98      1880
 MINIMUM TEMPERATURE (F)   63        52      1992
                                             1976
                                             1960


SUNRISE AND SUNSET
AUGUST  1 2015........SUNRISE   618 AM EDT   SUNSET   836 PM EDT
AUGUST  2 2015........SUNRISE   619 AM EDT   SUNSET   835 PM EDT


-  INDICATES NEGATIVE NUMBERS.
R  INDICATES RECORD WAS SET OR TIED.
MM INDICATES DATA IS MISSING.
T  INDICATES TRACE AMOUNT.

&&

SNOW DEPTH IS MEASURED AT 7 AM EST OR 8 AM EDT.

$$
