000
CDUS41 KPBZ 231220
CLIPIT

CLIMATE REPORT
NATIONAL WEATHER SERVICE PITTSBURGH PA
820 AM EDT THU MAR 23 2017

...................................

...THE PITTSBURGH PA CLIMATE SUMMARY FOR MARCH 23 2017...
VALID AS OF 0800 AM LOCAL TIME.

CLIMATE NORMAL PERIOD 1981 TO 2010
CLIMATE RECORD PERIOD 1871 TO 2017

WEATHER ITEM   OBSERVED TIME   RECORD YEAR NORMAL DEPARTURE LAST
                VALUE   (LST)  VALUE       VALUE  FROM      YEAR
                                                  NORMAL
..................................................................
TEMPERATURE (F)
 TODAY
  MAXIMUM         23   1252 AM  81    2012
                                      1907
  MINIMUM         16    616 AM   9    1885  32    -16       53

PRECIPITATION (IN)
  TODAY            0.00          1.32 1953   0.09  -0.09     0.00
  MONTH TO DATE    2.69                      2.13   0.56     2.07
  SINCE JUN 1     29.08                     30.31  -1.23    33.08
  SINCE JAN 1      7.69                      7.22   0.47     7.00

SNOWFALL (IN)
  TODAY            0.0           5.2  1950   0.2   -0.2      0.0
  MONTH TO DATE    9.7                       6.3    3.4      2.1
  SINCE OCT 1     32.0                      39.1   -7.1     26.5
  SINCE JUL 1     32.0                      39.1   -7.1     26.5
  SNOW DEPTH       0

DEGREE DAYS
 HEATING
  TODAY           45

 COOLING
  TODAY            0
..................................................................


WEATHER CONDITIONS
 THE FOLLOWING WEATHER WAS RECORDED TODAY.
  NO SIGNIFICANT WEATHER WAS OBSERVED.


RELATIVE HUMIDITY (PERCENT)
 HIGHEST    80           500 AM

..........................................................


THE PITTSBURGH PA CLIMATE NORMALS FOR TOMORROW
                         NORMAL    RECORD    YEAR
 MAXIMUM TEMPERATURE (F)   53        83      1910
 MINIMUM TEMPERATURE (F)   33         9      1940


SUNRISE AND SUNSET
MARCH 23 2017.........SUNRISE   719 AM EDT   SUNSET   736 PM EDT
MARCH 24 2017.........SUNRISE   717 AM EDT   SUNSET   737 PM EDT


-  INDICATES NEGATIVE NUMBERS.
R  INDICATES RECORD WAS SET OR TIED.
MM INDICATES DATA IS MISSING.
T  INDICATES TRACE AMOUNT.

&&

SNOW DEPTH IS MEASURED AT 7 AM EST OR 8 AM EDT.

$$
