963
CDUS41 KPBZ 191231
CLIPIT

CLIMATE REPORT
NATIONAL WEATHER SERVICE PITTSBURGH PA
831 AM EDT TUE SEP 19 2017

...................................

...THE PITTSBURGH PA CLIMATE SUMMARY FOR SEPTEMBER 19 2017...
VALID AS OF 0800 AM LOCAL TIME.

CLIMATE NORMAL PERIOD 1981 TO 2010
CLIMATE RECORD PERIOD 1871 TO 2017

WEATHER ITEM   OBSERVED TIME   RECORD YEAR NORMAL DEPARTURE LAST
                VALUE   (LST)  VALUE       VALUE  FROM      YEAR
                                                  NORMAL
..................................................................
TEMPERATURE (F)
 TODAY
  MAXIMUM         67    100 AM  92    1895
  MINIMUM         62    600 AM  31    1959  53      9       62

PRECIPITATION (IN)
  TODAY            0.00          1.07 1896   0.11  -0.11     0.00
  MONTH TO DATE    0.55                      2.05  -1.50     1.14
  SINCE JUN 1     13.38                     13.66  -0.28    10.65
  SINCE JAN 1     32.09                     28.76   3.33    24.27

SNOWFALL (IN)
  TODAY            0.0           0.0  2002   0.0    0.0      0.0
                                      2001
  MONTH TO DATE    0.0                       0.0    0.0      0.0
  SINCE OCT 1     32.0                      41.9   -9.9     29.6
  SINCE JUL 1      0.0                       0.0    0.0      0.0
  SNOW DEPTH       0

DEGREE DAYS
 HEATING
  TODAY            0

 COOLING
  TODAY            0
..................................................................


WEATHER CONDITIONS
 THE FOLLOWING WEATHER WAS RECORDED TODAY.
  FOG


RELATIVE HUMIDITY (PERCENT)
 HIGHEST   100           400 AM

..........................................................


THE PITTSBURGH PA CLIMATE NORMALS FOR TOMORROW
                         NORMAL    RECORD    YEAR
 MAXIMUM TEMPERATURE (F)   73        94      1895
 MINIMUM TEMPERATURE (F)   52        35      1956


SUNRISE AND SUNSET
SEPTEMBER 19 2017.....SUNRISE   706 AM EDT   SUNSET   723 PM EDT
SEPTEMBER 20 2017.....SUNRISE   707 AM EDT   SUNSET   721 PM EDT


-  INDICATES NEGATIVE NUMBERS.
R  INDICATES RECORD WAS SET OR TIED.
MM INDICATES DATA IS MISSING.
T  INDICATES TRACE AMOUNT.

&&

SNOW DEPTH IS MEASURED AT 7 AM EST OR 8 AM EDT.

$$
