523
CDUS41 KPBZ 250700
CLIPIT

CLIMATE REPORT
NATIONAL WEATHER SERVICE PITTSBURGH PA
300 AM EDT THU AUG 25 2016

...................................

...THE PITTSBURGH PA CLIMATE SUMMARY FOR AUGUST 24 2016...

CLIMATE NORMAL PERIOD 1981 TO 2010
CLIMATE RECORD PERIOD 1871 TO 2016

WEATHER ITEM   OBSERVED TIME   RECORD YEAR NORMAL DEPARTURE LAST
                VALUE   (LST)  VALUE       VALUE  FROM      YEAR
                                                  NORMAL
..................................................................
TEMPERATURE (F)
 YESTERDAY
  MAXIMUM         85    421 PM  94    1918  81      4       79
  MINIMUM         60    547 AM  45    1890  61     -1       62
  AVERAGE         73                        71      2       71

PRECIPITATION (IN)
  YESTERDAY        0.00          1.09 1934   0.10  -0.10     0.00
  MONTH TO DATE    2.84                      2.71   0.13     2.19
  SINCE JUN 1      9.06                     10.84  -1.78    13.14
  SINCE JAN 1     22.68                     25.94  -3.26    27.62

SNOWFALL (IN)
  YESTERDAY        0.0           0.0  2002   0.0    0.0      0.0
                                      2001
  MONTH TO DATE    0.0                       0.0    0.0      0.0
  SINCE OCT 1     29.6                      41.9  -12.3     47.5
  SINCE JUL 1      0.0                       0.0    0.0      0.0
  SNOW DEPTH       0

DEGREE DAYS
 HEATING
  YESTERDAY        0                         0      0        0
  MONTH TO DATE    0                         0      0        0
  SINCE JUN 1     15                        42    -27       25
  SINCE JUL 1      1                         4     -3        0

 COOLING
  YESTERDAY        8                         6      2        6
  MONTH TO DATE  266                       168     98      180
  SINCE JUN 1    821                       559    262      639
  SINCE JAN 1    891                       611    280      773
..................................................................

WIND (MPH)
  HIGHEST WIND SPEED    17   HIGHEST WIND DIRECTION     S (190)
  HIGHEST GUST SPEED    22   HIGHEST GUST DIRECTION     S (200)
  AVERAGE WIND SPEED     5.5


SKY COVER
  POSSIBLE SUNSHINE  MM
  AVERAGE SKY COVER 0.5


WEATHER CONDITIONS
 THE FOLLOWING WEATHER WAS RECORDED YESTERDAY.
  NO SIGNIFICANT WEATHER WAS OBSERVED.


RELATIVE HUMIDITY (PERCENT)
 HIGHEST    90          1200 AM
 LOWEST     40           300 PM
 AVERAGE    65

..........................................................


THE PITTSBURGH PA CLIMATE NORMALS FOR TODAY
                         NORMAL    RECORD    YEAR
 MAXIMUM TEMPERATURE (F)   81        94      1993
                                             1948
                                             1903
 MINIMUM TEMPERATURE (F)   61        45      1986
                                             1977


SUNRISE AND SUNSET
AUGUST 25 2016........SUNRISE   642 AM EDT   SUNSET   803 PM EDT
AUGUST 26 2016........SUNRISE   643 AM EDT   SUNSET   801 PM EDT


-  INDICATES NEGATIVE NUMBERS.
R  INDICATES RECORD WAS SET OR TIED.
MM INDICATES DATA IS MISSING.
T  INDICATES TRACE AMOUNT.

&&

SNOW DEPTH IS MEASURED AT 7 AM EST OR 8 AM EDT.

$$
