000
CDUS41 KPBZ 301223
CLIPIT

CLIMATE REPORT
NATIONAL WEATHER SERVICE PITTSBURGH PA
823 AM EDT SAT MAY 30 2015

...................................

...THE PITTSBURGH PA CLIMATE SUMMARY FOR MAY 30 2015...
VALID AS OF 0800 AM LOCAL TIME.

CLIMATE NORMAL PERIOD 1981 TO 2010
CLIMATE RECORD PERIOD 1871 TO 2015

WEATHER ITEM   OBSERVED TIME   RECORD YEAR NORMAL DEPARTURE LAST
                VALUE   (LST)  VALUE       VALUE  FROM      YEAR
                                                  NORMAL
..................................................................
TEMPERATURE (F)
 TODAY
  MAXIMUM         72    659 AM  94    1919
                                      1881
  MINIMUM         67    450 AM  37    1961  54     13       58
                                      1930

PRECIPITATION (IN)
  TODAY            0.00          1.66 1940   0.14  -0.14      T
  MONTH TO DATE    2.40                      3.80  -1.40     4.32
  SINCE JUN 1     35.91                     38.04  -2.13    39.40
  SINCE JAN 1     14.16                     14.95  -0.79    15.09

SNOWFALL (IN)
  TODAY            0.0           0.0  2002   0.0    0.0      0.0
                                      2001
  MONTH TO DATE    0.0                       0.0    0.0      0.0
  SINCE OCT 1     47.5                      41.9    5.6     63.4
  SINCE JUL 1     47.5                      41.9    5.6     63.4
  SNOW DEPTH       0

DEGREE DAYS
 HEATING
  TODAY            0

 COOLING
  TODAY            5
..................................................................


WEATHER CONDITIONS
 THE FOLLOWING WEATHER WAS RECORDED TODAY.
  NO SIGNIFICANT WEATHER WAS OBSERVED.


RELATIVE HUMIDITY (PERCENT)
 HIGHEST    84           200 AM

..........................................................


THE PITTSBURGH PA CLIMATE NORMALS FOR TOMORROW
                         NORMAL    RECORD    YEAR
 MAXIMUM TEMPERATURE (F)   75        93      1919
                                             1895
 MINIMUM TEMPERATURE (F)   54        36      2001


SUNRISE AND SUNSET
MAY 30 2015...........SUNRISE   554 AM EDT   SUNSET   844 PM EDT
MAY 31 2015...........SUNRISE   553 AM EDT   SUNSET   844 PM EDT


-  INDICATES NEGATIVE NUMBERS.
R  INDICATES RECORD WAS SET OR TIED.
MM INDICATES DATA IS MISSING.
T  INDICATES TRACE AMOUNT.

&&

SNOW DEPTH IS MEASURED AT 7 AM EST OR 8 AM EDT.

$$
