000
CDUS41 KPBZ 072212
CLIPIT

CLIMATE REPORT
NATIONAL WEATHER SERVICE PITTSBURGH PA
511 PM EST SUN FEB 7 2016

...................................

...THE PITTSBURGH PA CLIMATE SUMMARY FOR FEBRUARY 7 2016...
VALID TODAY AS OF 0500 PM LOCAL TIME.

CLIMATE NORMAL PERIOD 1981 TO 2010
CLIMATE RECORD PERIOD 1871 TO 2016

WEATHER ITEM   OBSERVED TIME   RECORD YEAR NORMAL DEPARTURE LAST
                VALUE   (LST)  VALUE       VALUE  FROM      YEAR
                                                  NORMAL
..................................................................
TEMPERATURE (F)
 TODAY
  MAXIMUM         51    342 PM  64    1925  38     13       47
  MINIMUM         21    737 AM  -3    1988  22     -1       24
  AVERAGE         36                        30      6       36

PRECIPITATION (IN)
  TODAY            0.00          1.29 1890   0.09  -0.09     0.00
  MONTH TO DATE    0.53                      0.61  -0.08     0.74
  SINCE JUN 1     28.40                     26.40   2.00    24.74
  SINCE JAN 1      2.32                      3.31  -0.99     2.99

SNOWFALL (IN)
  TODAY            0.0           4.5  1967   0.3   -0.3      0.0
  MONTH TO DATE    0.2                       2.6   -2.4      3.8
  SINCE OCT 1     15.1                      25.1  -10.0     26.6
  SINCE JUL 1     15.1                      25.1  -10.0     26.6
  SNOW DEPTH       0

DEGREE DAYS
 HEATING
  TODAY           29                        35     -6       29
  MONTH TO DATE  185                       250    -65      278
  SINCE DEC 1   1992                      2396   -404     2409
  SINCE JUL 1   2846                      3559   -713     3647

 COOLING
  TODAY            0                         0      0        0
  MONTH TO DATE    0                         0      0        0
  SINCE DEC 1      0                         0      0        0
  SINCE JAN 1      0                         0      0        0
..................................................................

WIND (MPH)
  HIGHEST WIND SPEED    15   HIGHEST WIND DIRECTION    SW (210)
  HIGHEST GUST SPEED    19   HIGHEST GUST DIRECTION    SW (230)
  AVERAGE WIND SPEED     4.7


SKY COVER
  POSSIBLE SUNSHINE  MM
  AVERAGE SKY COVER 0.3


WEATHER CONDITIONS
 THE FOLLOWING WEATHER WAS RECORDED TODAY.
  NO SIGNIFICANT WEATHER WAS OBSERVED.


RELATIVE HUMIDITY (PERCENT)
 HIGHEST    68           700 AM
 LOWEST     29           300 PM
 AVERAGE    49

..........................................................


THE PITTSBURGH PA CLIMATE NORMALS FOR TOMORROW
                         NORMAL    RECORD    YEAR
 MAXIMUM TEMPERATURE (F)   38        77      1900
 MINIMUM TEMPERATURE (F)   22        -7      1934


SUNRISE AND SUNSET
FEBRUARY  7 2016......SUNRISE   725 AM EST   SUNSET   546 PM EST
FEBRUARY  8 2016......SUNRISE   724 AM EST   SUNSET   547 PM EST


-  INDICATES NEGATIVE NUMBERS.
R  INDICATES RECORD WAS SET OR TIED.
MM INDICATES DATA IS MISSING.
T  INDICATES TRACE AMOUNT.

&&

SNOW DEPTH IS MEASURED AT 7 AM EST OR 8 AM EDT.

$$
