000
CDUS41 KPBZ 210803
CLIPIT

CLIMATE REPORT
NATIONAL WEATHER SERVICE PITTSBURGH PA
300 AM EST WED FEB 21 2018

...................................

...THE PITTSBURGH PA CLIMATE SUMMARY FOR FEBRUARY 20 2018...

CLIMATE NORMAL PERIOD 1981 TO 2010
CLIMATE RECORD PERIOD 1871 TO 2018

WEATHER ITEM   OBSERVED TIME   RECORD YEAR NORMAL DEPARTURE LAST
                VALUE   (LST)  VALUE       VALUE  FROM      YEAR
                                                  NORMAL
..................................................................
TEMPERATURE (F)
 YESTERDAY
  MAXIMUM         78R   413 PM  68    1891  41     37       61
  MINIMUM         25   1049 PM -10    2015  24      1       34
  AVERAGE         52                        32     20       48

PRECIPITATION (IN)
  YESTERDAY        0.00          0.68 1898   0.08  -0.08     0.00
                                      1890
  MONTH TO DATE    4.99                      1.70   3.29     1.16
  SINCE JUN 1     32.71                     27.49   5.22    26.09
  SINCE JAN 1      9.27                      4.40   4.87     4.70

SNOWFALL (IN)
  YESTERDAY        0.0          10.4  1947   0.4   -0.4      0.0
  MONTH TO DATE    9.7                       7.3    2.4      6.7
  SINCE OCT 1     40.2                      29.8   10.4     22.3
  SINCE JUL 1     40.2                      29.8   10.4     22.3
  SNOW DEPTH       0

DEGREE DAYS
 HEATING
  YESTERDAY       13                        33    -20       17
  MONTH TO DATE  617                       694    -77      561
  SINCE DEC 1   2891                      2840     51     2465
  SINCE JUL 1   3894                      4003   -109     3312

 COOLING
  YESTERDAY        0                         0      0        0
  MONTH TO DATE    0                         0      0        0
  SINCE DEC 1      0                         0      0        0
  SINCE JAN 1      0                         0      0        0
..................................................................

WIND (MPH)
  HIGHEST WIND SPEED    24   HIGHEST WIND DIRECTION    SW (210)
  HIGHEST GUST SPEED    31   HIGHEST GUST DIRECTION    SW (210)
  AVERAGE WIND SPEED    10.6


SKY COVER
  POSSIBLE SUNSHINE  MM
  AVERAGE SKY COVER 0.8


WEATHER CONDITIONS
 THE FOLLOWING WEATHER WAS RECORDED YESTERDAY.
  NO SIGNIFICANT WEATHER WAS OBSERVED.


RELATIVE HUMIDITY (PERCENT)
 HIGHEST    72           700 AM
 LOWEST     39           400 PM
 AVERAGE    56

..........................................................


THE PITTSBURGH PA CLIMATE NORMALS FOR TODAY
                         NORMAL    RECORD    YEAR
 MAXIMUM TEMPERATURE (F)   41        73      1997
 MINIMUM TEMPERATURE (F)   24        -6      1968


SUNRISE AND SUNSET
FEBRUARY 21 2018......SUNRISE   706 AM EST   SUNSET   603 PM EST
FEBRUARY 22 2018......SUNRISE   705 AM EST   SUNSET   604 PM EST


-  INDICATES NEGATIVE NUMBERS.
R  INDICATES RECORD WAS SET OR TIED.
MM INDICATES DATA IS MISSING.
T  INDICATES TRACE AMOUNT.

&&

&&

SNOW DEPTH IS MEASURED AT 7 AM EST OR 8 AM EDT.

SNOW DEPTH IS MEASURED AT 7 AM EST OR 8 AM EDT.

$$
$$
