000
CDUS41 KPBZ 301250
CLIPIT

CLIMATE REPORT
NATIONAL WEATHER SERVICE PITTSBURGH PA
850 AM EDT SUN AUG 30 2015

...................................

...THE PITTSBURGH PA CLIMATE SUMMARY FOR AUGUST 30 2015...
VALID AS OF 0800 AM LOCAL TIME.

CLIMATE NORMAL PERIOD 1981 TO 2010
CLIMATE RECORD PERIOD 1871 TO 2015

WEATHER ITEM   OBSERVED TIME   RECORD YEAR NORMAL DEPARTURE LAST
                VALUE   (LST)  VALUE       VALUE  FROM      YEAR
                                                  NORMAL
..................................................................
TEMPERATURE (F)
 TODAY
  MAXIMUM         74   1219 AM  97    1953
  MINIMUM         67    659 AM  43    1986  60      7       62

PRECIPITATION (IN)
  TODAY            0.10          1.80 2003   0.11  -0.01      T
  MONTH TO DATE    2.29                      3.37  -1.08     3.98
  SINCE JUN 1     13.24                     11.50   1.74    13.22
  SINCE JAN 1     27.72                     26.60   1.12    28.31

SNOWFALL (IN)
  TODAY            0.0           0.0  2002   0.0    0.0      0.0
                                      2001
  MONTH TO DATE    0.0                       0.0    0.0      0.0
  SINCE OCT 1     47.5                      41.9    5.6     63.4
  SINCE JUL 1      0.0                       0.0    0.0      0.0
  SNOW DEPTH       0

DEGREE DAYS
 HEATING
  TODAY            0

 COOLING
  TODAY            6
..................................................................


WEATHER CONDITIONS
 THE FOLLOWING WEATHER WAS RECORDED TODAY.
  LIGHT RAIN
  FOG


RELATIVE HUMIDITY (PERCENT)
 HIGHEST    93           600 AM

..........................................................


THE PITTSBURGH PA CLIMATE NORMALS FOR TOMORROW
                         NORMAL    RECORD    YEAR
 MAXIMUM TEMPERATURE (F)   80        97      1881
 MINIMUM TEMPERATURE (F)   59        42      1976


SUNRISE AND SUNSET
AUGUST 30 2015........SUNRISE   646 AM EDT   SUNSET   756 PM EDT
AUGUST 31 2015........SUNRISE   647 AM EDT   SUNSET   755 PM EDT


-  INDICATES NEGATIVE NUMBERS.
R  INDICATES RECORD WAS SET OR TIED.
MM INDICATES DATA IS MISSING.
T  INDICATES TRACE AMOUNT.

&&

SNOW DEPTH IS MEASURED AT 7 AM EST OR 8 AM EDT.

$$
