000
CDUS41 KPBZ 200702
CLIPIT


CLIMATE REPORT
NATIONAL WEATHER SERVICE PITTSBURGH PA
301 AM EDT SUN APR 20 2014


...................................

...THE PITTSBURGH PA CLIMATE SUMMARY FOR APRIL 19 2014...

CLIMATE NORMAL PERIOD 1981 TO 2010
CLIMATE RECORD PERIOD 1871 TO 2014


WEATHER ITEM   OBSERVED TIME   RECORD YEAR NORMAL DEPARTURE LAST
                VALUE   (LST)  VALUE       VALUE  FROM      YEAR
                                                  NORMAL
..................................................................
TEMPERATURE (F)
 YESTERDAY
  MAXIMUM         64    425 PM  87    1941  63      1       71
  MINIMUM         44    609 AM  19    1983  41      3       42
  AVERAGE         54                        52      2       57

PRECIPITATION (IN)
  YESTERDAY        0.00          1.53 1901   0.11  -0.11     0.14
  MONTH TO DATE    2.40                      1.98   0.42     2.45
  SINCE JUN 1     33.01                     33.11  -0.10    35.55
  SINCE JAN 1      8.70                     10.02  -1.32     9.19

SNOWFALL (IN)
  YESTERDAY        0.0           2.0  1907   0.0    0.0      0.0
  MONTH TO DATE    0.1                       1.3   -1.2       T
  SINCE OCT 1     63.4                      41.2   22.2     57.4
  SINCE JUL 1     63.4                      41.2   22.2     57.4
  SNOW DEPTH       0

DEGREE DAYS
 HEATING
  YESTERDAY       11                        13     -2        8
  MONTH TO DATE  257                       306    -49      239
  SINCE MAR 1   1197                      1094    103     1133
  SINCE JUL 1   5728                      5351    377     5245

 COOLING
  YESTERDAY        0                         0      0        0
  MONTH TO DATE   10                         0     10       17
  SINCE MAR 1     10                         1      9       17
  SINCE JAN 1     10                         1      9       17
..................................................................


WIND (MPH)
  HIGHEST WIND SPEED    15   HIGHEST WIND DIRECTION    NE (60)
  HIGHEST GUST SPEED    20   HIGHEST GUST DIRECTION    NE (60)
  AVERAGE WIND SPEED     6.6


SKY COVER
  POSSIBLE SUNSHINE  MM
  AVERAGE SKY COVER 0.8


WEATHER CONDITIONS
 THE FOLLOWING WEATHER WAS RECORDED YESTERDAY.
  NO SIGNIFICANT WEATHER WAS OBSERVED.


RELATIVE HUMIDITY (PERCENT)
 HIGHEST    83           600 AM
 LOWEST     16           400 PM
 AVERAGE    50

..........................................................


THE PITTSBURGH PA CLIMATE NORMALS FOR TODAY
                         NORMAL    RECORD    YEAR
 MAXIMUM TEMPERATURE (F)   64        86      1941
 MINIMUM TEMPERATURE (F)   42        25      1997
                                             1926
                                             1904


SUNRISE AND SUNSET
APRIL 20 2014.........SUNRISE   635 AM EDT   SUNSET   805 PM EDT
APRIL 21 2014.........SUNRISE   634 AM EDT   SUNSET   806 PM EDT


-  INDICATES NEGATIVE NUMBERS.
R  INDICATES RECORD WAS SET OR TIED.
MM INDICATES DATA IS MISSING.
T  INDICATES TRACE AMOUNT.





&&
SNOW DEPTH IS MEASURED AT 7 AM EST OR 8 AM EDT.
$$
