508
CDUS41 KPBZ 231223
CLIPIT

CLIMATE REPORT
NATIONAL WEATHER SERVICE PITTSBURGH PA
822 AM EDT SUN JUL 23 2017

...................................

...THE PITTSBURGH PA CLIMATE SUMMARY FOR JULY 23 2017...
VALID AS OF 0800 AM LOCAL TIME.

CLIMATE NORMAL PERIOD 1981 TO 2010
CLIMATE RECORD PERIOD 1871 TO 2017

WEATHER ITEM   OBSERVED TIME   RECORD YEAR NORMAL DEPARTURE LAST
                VALUE   (LST)  VALUE       VALUE  FROM      YEAR
                                                  NORMAL
..................................................................
TEMPERATURE (F)
 TODAY
  MAXIMUM         74    659 AM  98    1933
  MINIMUM         73    650 AM  50    1985  63     10       71
                                      1977
                                      1947

PRECIPITATION (IN)
  TODAY            0.00          1.52 1992   0.12  -0.12      T
  MONTH TO DATE    3.94                      2.88   1.06     1.43
  SINCE JUN 1      7.72                      7.18   0.54     4.53
  SINCE JAN 1     26.43                     22.28   4.15    18.15

SNOWFALL (IN)
  TODAY            0.0           0.0  2002   0.0    0.0      0.0
                                      2001
  MONTH TO DATE    0.0                       0.0    0.0      0.0
  SINCE OCT 1     32.0                      41.9   -9.9     29.6
  SINCE JUL 1      0.0                       0.0    0.0      0.0
  SNOW DEPTH       0

DEGREE DAYS
 HEATING
  TODAY            0

 COOLING
  TODAY            9
..................................................................


WEATHER CONDITIONS
 THE FOLLOWING WEATHER WAS RECORDED TODAY.
  FOG


RELATIVE HUMIDITY (PERCENT)
 HIGHEST   100          1200 AM

..........................................................


THE PITTSBURGH PA CLIMATE NORMALS FOR TOMORROW
                         NORMAL    RECORD    YEAR
 MAXIMUM TEMPERATURE (F)   82        98      1934
 MINIMUM TEMPERATURE (F)   63        52      1977


SUNRISE AND SUNSET
JULY 23 2017..........SUNRISE   610 AM EDT   SUNSET   844 PM EDT
JULY 24 2017..........SUNRISE   611 AM EDT   SUNSET   843 PM EDT


-  INDICATES NEGATIVE NUMBERS.
R  INDICATES RECORD WAS SET OR TIED.
MM INDICATES DATA IS MISSING.
T  INDICATES TRACE AMOUNT.

&&

SNOW DEPTH IS MEASURED AT 7 AM EST OR 8 AM EDT.

$$
