000
CDUS41 KPBZ 052233
CLIPIT


CLIMATE REPORT
NATIONAL WEATHER SERVICE PITTSBURGH PA
533 PM EST THU MAR 5 2015


...................................

...THE PITTSBURGH PA CLIMATE SUMMARY FOR MARCH 5 2015...
VALID TODAY AS OF 0500 PM LOCAL TIME.

CLIMATE NORMAL PERIOD 1981 TO 2010
CLIMATE RECORD PERIOD 1871 TO 2015


WEATHER ITEM   OBSERVED TIME   RECORD YEAR NORMAL DEPARTURE LAST
                VALUE   (LST)  VALUE       VALUE  FROM      YEAR
                                                  NORMAL
..................................................................
TEMPERATURE (F)
 TODAY
  MAXIMUM         28   1217 AM  78    2004  45    -17       31
  MINIMUM         14    801 AM   8    1926  27    -13       18
  AVERAGE         21                        36    -15       25

PRECIPITATION (IN)
  TODAY            0.11          1.50 1902   0.09   0.02      T
  MONTH TO DATE    2.09                      0.43   1.66     0.15
  SINCE JUN 1     27.64                     28.61  -0.97    28.89
  SINCE JAN 1      5.89                      5.52   0.37     4.58

SNOWFALL (IN)
  TODAY            1.6          15.0  1902   0.3    1.3       T
  MONTH TO DATE    8.2                       1.6    6.6      2.4
  SINCE OCT 1     45.4                      34.4   11.0     60.8
  SINCE JUL 1     45.4                      34.4   11.0     60.8
  SNOW DEPTH       7

DEGREE DAYS
 HEATING
  TODAY           44                        29     15       40
  MONTH TO DATE  184                       150     34      209
  SINCE MAR 1    184                       150     34      209
  SINCE JUL 1   4852                      4407    445     4740

 COOLING
  TODAY            0                         0      0        0
  MONTH TO DATE    0                         0      0        0
  SINCE MAR 1      0                         0      0        0
  SINCE JAN 1      0                         0      0        0
..................................................................


WIND (MPH)
  HIGHEST WIND SPEED    22   HIGHEST WIND DIRECTION    NW (320)
  HIGHEST GUST SPEED    29   HIGHEST GUST DIRECTION    NW (310)
  AVERAGE WIND SPEED    12.5


SKY COVER
  POSSIBLE SUNSHINE  MM
  AVERAGE SKY COVER 1.0


WEATHER CONDITIONS
 THE FOLLOWING WEATHER WAS RECORDED TODAY.
  LIGHT SNOW
  HAZE


RELATIVE HUMIDITY (PERCENT)
 HIGHEST    92          1200 AM
 LOWEST     51           500 PM
 AVERAGE    72

..........................................................


THE PITTSBURGH PA CLIMATE NORMALS FOR TOMORROW
                         NORMAL    RECORD    YEAR
 MAXIMUM TEMPERATURE (F)   45        74      1946
                                             1894
 MINIMUM TEMPERATURE (F)   27         2      1901


SUNRISE AND SUNSET
MARCH  5 2015.........SUNRISE   649 AM EST   SUNSET   617 PM EST
MARCH  6 2015.........SUNRISE   647 AM EST   SUNSET   618 PM EST


-  INDICATES NEGATIVE NUMBERS.
R  INDICATES RECORD WAS SET OR TIED.
MM INDICATES DATA IS MISSING.
T  INDICATES TRACE AMOUNT.





&&
SNOW DEPTH IS MEASURED AT 7 AM EST OR 8 AM EDT.
$$
