000
CDUS41 KRLX 042118
CLIPKB


CLIMATE REPORT
NATIONAL WEATHER SERVICE CHARLESTON WV
517 PM EDT FRI SEP 4 2015


...................................

...THE PARKERSBURG WV CLIMATE SUMMARY FOR SEPTEMBER 4 2015...
VALID TODAY AS OF 0500 PM LOCAL TIME.

CLIMATE NORMAL PERIOD 1981 TO 2010
CLIMATE RECORD PERIOD 1889 TO 2015


WEATHER ITEM   OBSERVED TIME   RECORD YEAR NORMAL DEPARTURE LAST
                VALUE   (LST)  VALUE       VALUE  FROM      YEAR
                                                  NORMAL
..................................................................
TEMPERATURE (F)
 TODAY
  MAXIMUM         86    359 PM  96    1953  82      4       89
  MINIMUM         64    103 AM  42    1997  59      5       62
  AVERAGE         75                        70      5       76

PRECIPITATION (IN)
  TODAY            0.02          0.58 2011   0.10  -0.08     0.00
  MONTH TO DATE    0.80                      0.44   0.36     0.20
  SINCE SEP 1      0.80                      0.44   0.36     MM
  SINCE JAN 1     28.77                     29.23  -0.46     MM

DEGREE DAYS
 HEATING
  TODAY            0                         1     -1        0
  MONTH TO DATE    0                         2     -2        0
  SINCE SEP 1      0                         2     -2        MM
  SINCE JUL 1      3                         7     -4        MM

 COOLING
  TODAY           10                         6      4       11
  MONTH TO DATE   48                        25     23       50
  SINCE SEP 1     48                        25     23       MM
  SINCE JAN 1    924                       855     69       MM
..................................................................


WIND (MPH)
  HIGHEST WIND SPEED    10   HIGHEST WIND DIRECTION    NW (330)
  HIGHEST GUST SPEED    14   HIGHEST GUST DIRECTION     N (340)
  AVERAGE WIND SPEED     1.8


SKY COVER
  POSSIBLE SUNSHINE  MM
  AVERAGE SKY COVER 0.3


WEATHER CONDITIONS
 THE FOLLOWING WEATHER WAS RECORDED TODAY.
  THUNDERSTORM
  LIGHT RAIN
  FOG
  FOG W/VISIBILITY <= 1/4 MILE


RELATIVE HUMIDITY (PERCENT)
 HIGHEST   100           100 AM
 LOWEST     55           400 PM
 AVERAGE    78

..........................................................


THE PARKERSBURG WV CLIMATE NORMALS FOR TOMORROW
                         NORMAL    RECORD    YEAR
 MAXIMUM TEMPERATURE (F)   81        98      1899
 MINIMUM TEMPERATURE (F)   59        43      1902


SUNRISE AND SUNSET
SEPTEMBER  4 2015.....SUNRISE   657 AM EDT   SUNSET   752 PM EDT
SEPTEMBER  5 2015.....SUNRISE   658 AM EDT   SUNSET   751 PM EDT


-  INDICATES NEGATIVE NUMBERS.
R  INDICATES RECORD WAS SET OR TIED.
MM INDICATES DATA IS MISSING.
T  INDICATES TRACE AMOUNT.




$$
