000
CDUS41 KRLX 202123
CLIPKB


CLIMATE REPORT
NATIONAL WEATHER SERVICE CHARLESTON WV
523 PM EDT SUN AUG 20 2017


...................................

...THE PARKERSBURG WV CLIMATE SUMMARY FOR AUGUST 20 2017...
VALID TODAY AS OF 0500 PM LOCAL TIME.

CLIMATE NORMAL PERIOD 1981 TO 2010
CLIMATE RECORD PERIOD 1889 TO 2017


WEATHER ITEM   OBSERVED TIME   RECORD YEAR NORMAL DEPARTURE LAST
                VALUE   (LST)  VALUE       VALUE  FROM      YEAR
                                                  NORMAL
..................................................................
TEMPERATURE (F)
 TODAY
  MAXIMUM         89    240 PM  98    1983  84      5       86
                                      1962
  MINIMUM         64    720 AM  51    1943  62      2       69
  AVERAGE         77                        73      4       78

PRECIPITATION (IN)
  TODAY            0.00          1.90 1988   0.12  -0.12     0.10
  MONTH TO DATE    3.95                      2.40   1.55     1.28
  SINCE JUN 1     18.69                     10.63   8.06     9.31
  SINCE JAN 1     39.28                     27.58  11.70    25.84

DEGREE DAYS
 HEATING
  TODAY            0                         0      0        0
  MONTH TO DATE    0                         0      0        0
  SINCE JUN 1     19                        20     -1        7
  SINCE JUL 1      0                         1     -1        0

 COOLING
  TODAY           12                         8      4       13
  MONTH TO DATE  139                       178    -39      277
  SINCE JUN 1    627                       661    -34      855
  SINCE JAN 1    747                       745      2      943
..................................................................


WIND (MPH)
  HIGHEST WIND SPEED    10   HIGHEST WIND DIRECTION     S (190)
  HIGHEST GUST SPEED    13   HIGHEST GUST DIRECTION     S (180)
  AVERAGE WIND SPEED     1.4


SKY COVER
  POSSIBLE SUNSHINE  MM
  AVERAGE SKY COVER 0.5


WEATHER CONDITIONS
 THE FOLLOWING WEATHER WAS RECORDED TODAY.
  FOG
  FOG W/VISIBILITY <= 1/4 MILE


RELATIVE HUMIDITY (PERCENT)
 HIGHEST   100           100 AM
 LOWEST     53           200 PM
 AVERAGE    77

..........................................................


THE PARKERSBURG WV CLIMATE NORMALS FOR TOMORROW
                         NORMAL    RECORD    YEAR
 MAXIMUM TEMPERATURE (F)   84       102      1936
 MINIMUM TEMPERATURE (F)   62        51      1940


SUNRISE AND SUNSET
AUGUST 20 2017........SUNRISE   643 AM EDT   SUNSET   814 PM EDT
AUGUST 21 2017........SUNRISE   644 AM EDT   SUNSET   813 PM EDT


-  INDICATES NEGATIVE NUMBERS.
R  INDICATES RECORD WAS SET OR TIED.
MM INDICATES DATA IS MISSING.
T  INDICATES TRACE AMOUNT.




$$
