000
CDUS41 KRLX 190732
CLIPKB


CLIMATE REPORT
NATIONAL WEATHER SERVICE CHARLESTON WV
331 AM EDT THU OCT 19 2017


...................................

...THE PARKERSBURG WV CLIMATE SUMMARY FOR OCTOBER 18 2017...

CLIMATE NORMAL PERIOD 1981 TO 2010
CLIMATE RECORD PERIOD 1889 TO 2017


WEATHER ITEM   OBSERVED TIME   RECORD YEAR NORMAL DEPARTURE LAST
                VALUE   (LST)  VALUE       VALUE  FROM      YEAR
                                                  NORMAL
..................................................................
TEMPERATURE (F)
 YESTERDAY
  MAXIMUM         71    432 PM  85    2016  66      5       85
                                      1938
  MINIMUM         37    715 AM  26    2015  43     -6       65
  AVERAGE         54                        55     -1       75

PRECIPITATION (IN)
  YESTERDAY        0.00          1.46 2004   0.08  -0.08     0.00
  MONTH TO DATE    2.02                      1.63   0.39     0.38
  SINCE JAN 1     42.78                     33.50   9.28    28.55

SNOWFALL (IN)
  YESTERDAY       MM
  MONTH TO DATE   MM
  SINCE SEP 1     MM
  SNOW DEPTH      MM

DEGREE DAYS
 HEATING
  YESTERDAY       11                        11      0        0
  MONTH TO DATE   57                       152    -95       88
  SINCE SEP 1    115                       223   -108       99
  SINCE JUL 1    117                       228   -111       99

 COOLING
  YESTERDAY        0                         0      0       10
  MONTH TO DATE   46                        13     33       21
  SINCE SEP 1    171                       119     52      256
  SINCE JAN 1    973                       949     24     1334
..................................................................


WIND (MPH)
  HIGHEST WIND SPEED     9   HIGHEST WIND DIRECTION     S (190)
  HIGHEST GUST SPEED    11   HIGHEST GUST DIRECTION     S (170)
  AVERAGE WIND SPEED     1.1


SKY COVER
  POSSIBLE SUNSHINE  MM
  AVERAGE SKY COVER 0.2


WEATHER CONDITIONS
 THE FOLLOWING WEATHER WAS RECORDED YESTERDAY.
  FOG
  FOG W/VISIBILITY <= 1/4 MILE


RELATIVE HUMIDITY (PERCENT)
 HIGHEST   100           300 AM
 LOWEST     26           400 PM
 AVERAGE    63

..........................................................


THE PARKERSBURG WV CLIMATE NORMALS FOR TODAY
                         NORMAL    RECORD    YEAR
 MAXIMUM TEMPERATURE (F)   66        85      1953
 MINIMUM TEMPERATURE (F)   43        26      1992


SUNRISE AND SUNSET
OCTOBER 19 2017.......SUNRISE   740 AM EDT   SUNSET   641 PM EDT
OCTOBER 20 2017.......SUNRISE   741 AM EDT   SUNSET   639 PM EDT


-  INDICATES NEGATIVE NUMBERS.
R  INDICATES RECORD WAS SET OR TIED.
MM INDICATES DATA IS MISSING.
T  INDICATES TRACE AMOUNT.




$$
