000
CDUS41 KRLX 160816
CLIPKB


CLIMATE REPORT
NATIONAL WEATHER SERVICE CHARLESTON WV
316 AM EST SAT DEC 16 2017


...................................

...THE PARKERSBURG WV CLIMATE SUMMARY FOR DECEMBER 15 2017...

CLIMATE NORMAL PERIOD 1981 TO 2010
CLIMATE RECORD PERIOD 1889 TO 2017


WEATHER ITEM   OBSERVED TIME   RECORD YEAR NORMAL DEPARTURE LAST
                VALUE   (LST)  VALUE       VALUE  FROM      YEAR
                                                  NORMAL
..................................................................
TEMPERATURE (F)
 YESTERDAY
  MAXIMUM         33    240 PM  74    1971  43    -10       22
  MINIMUM         23    856 AM   5    1989  27     -4        6
                                      1958
                                      1951
  AVERAGE         28                        35     -7       14

PRECIPITATION (IN)
  YESTERDAY        0.00          2.57 1948   0.10  -0.10     0.00
  MONTH TO DATE    0.59                      1.58  -0.99     1.59
  SINCE JAN 1     49.39                     39.67   9.72    33.70

SNOWFALL (IN)
  YESTERDAY       MM
  MONTH TO DATE   MM
  SINCE SEP 1     MM
  SNOW DEPTH      MM

DEGREE DAYS
 HEATING
  YESTERDAY       37                        30      7       51
  MONTH TO DATE  450                       419     31      467
  SINCE DEC 1    450                       419     31      467
  SINCE JUL 1   1350                      1404    -54     1221

 COOLING
  YESTERDAY        0                         0      0        0
  MONTH TO DATE    0                         0      0        0
  SINCE DEC 1      0                         0      0        0
  SINCE JAN 1    975                       955     20     1352
..................................................................


WIND (MPH)
  HIGHEST WIND SPEED    20   HIGHEST WIND DIRECTION     W (280)
  HIGHEST GUST SPEED    26   HIGHEST GUST DIRECTION     W (280)
  AVERAGE WIND SPEED     5.7


SKY COVER
  POSSIBLE SUNSHINE  MM
  AVERAGE SKY COVER 0.7


WEATHER CONDITIONS
 THE FOLLOWING WEATHER WAS RECORDED YESTERDAY.
  HAZE


RELATIVE HUMIDITY (PERCENT)
 HIGHEST    81           300 AM
 LOWEST     43           200 PM
 AVERAGE    62

..........................................................


THE PARKERSBURG WV CLIMATE NORMALS FOR TODAY
                         NORMAL    RECORD    YEAR
 MAXIMUM TEMPERATURE (F)   43        65      1984
                                             1940
 MINIMUM TEMPERATURE (F)   27        -3      1932


SUNRISE AND SUNSET
DECEMBER 16 2017......SUNRISE   739 AM EST   SUNSET   504 PM EST
DECEMBER 17 2017......SUNRISE   740 AM EST   SUNSET   504 PM EST


-  INDICATES NEGATIVE NUMBERS.
R  INDICATES RECORD WAS SET OR TIED.
MM INDICATES DATA IS MISSING.
T  INDICATES TRACE AMOUNT.




$$
