000
CDUS46 KLOX 210908
CLIPMD


CLIMATE REPORT
NATIONAL WEATHER SERVICE LOS ANGELES/OXNARD CA
107 AM PST SUN DEC 21 2014


...................................

...THE PALMDALE AIRPORT CA CLIMATE SUMMARY FOR DECEMBER 20 2014...

CLIMATE NORMAL PERIOD 1981 TO 2010
CLIMATE RECORD PERIOD 1931 TO 2014


WEATHER ITEM   OBSERVED TIME   RECORD YEAR NORMAL DEPARTURE LAST
                VALUE   (LST)  VALUE       VALUE  FROM      YEAR
                                                  NORMAL
..................................................................
TEMPERATURE (F)
 YESTERDAY
  MAXIMUM         58    411 PM  73    1969  58      0       53
  MINIMUM         39    632 AM  18    2012  30      9       31
  AVERAGE         49                        44      5       42

PRECIPITATION (IN)
  YESTERDAY        0.00          0.95 2010   0.05  -0.05     0.00
  MONTH TO DATE    2.57                      0.50   2.07      T
  SINCE JUL 1      2.73                      2.33   0.40     2.07
  SINCE JAN 1      5.78                      7.65  -1.87     2.93

SNOWFALL (IN)
  YESTERDAY        0.0           0.1  1968  MM               0.0
  MONTH TO DATE    0.0                      MM               0.0
  SINCE DEC 1      0.0                      MM               0.0
  SINCE JUL 1      0.0                      MM               0.0
  SNOW DEPTH       0

DEGREE DAYS
 HEATING
  YESTERDAY       16                        21     -5       23
  MONTH TO DATE  316                       406    -90      428
  SINCE DEC 1    316                       406    -90      428
  SINCE JUL 1    630                       933   -303      941

 COOLING
  YESTERDAY        0                         0      0        0
  MONTH TO DATE    0                         0      0        0
  SINCE DEC 1      0                         0      0        0
  SINCE JAN 1   2223                      1815    408     2126
..................................................................


WIND (MPH)
  HIGHEST WIND SPEED    29   HIGHEST WIND DIRECTION     W (280)
  HIGHEST GUST SPEED    33   HIGHEST GUST DIRECTION     W (280)
  AVERAGE WIND SPEED     7.6


SKY COVER
  POSSIBLE SUNSHINE  MM
  AVERAGE SKY COVER 0.0


WEATHER CONDITIONS
 THE FOLLOWING WEATHER WAS RECORDED YESTERDAY.
  FOG
  HAZE


RELATIVE HUMIDITY (PERCENT)
 HIGHEST    92           500 AM
 LOWEST     62           200 PM
 AVERAGE    77

..........................................................


THE PALMDALE AIRPORT CA CLIMATE NORMALS FOR TODAY
                         NORMAL    RECORD    YEAR
 MAXIMUM TEMPERATURE (F)   57        74      1942
 MINIMUM TEMPERATURE (F)   30         9      1968


SUNRISE AND SUNSET
DECEMBER 21 2014......SUNRISE   655 AM PST   SUNSET   446 PM PST
DECEMBER 22 2014......SUNRISE   656 AM PST   SUNSET   446 PM PST


-  INDICATES NEGATIVE NUMBERS.
R  INDICATES RECORD WAS SET OR TIED.
MM INDICATES DATA IS MISSING.
T  INDICATES TRACE AMOUNT.




$$
