000
CDUS46 KLOX 250931
CLIPMD


CLIMATE REPORT
NATIONAL WEATHER SERVICE LOS ANGELES/OXNARD CA
230 AM PDT SUN JUN 25 2017


...................................

...THE PALMDALE AIRPORT CA CLIMATE SUMMARY FOR JUNE 24 2017...

CLIMATE NORMAL PERIOD 1981 TO 2010
CLIMATE RECORD PERIOD 1931 TO 2017


WEATHER ITEM   OBSERVED TIME   RECORD YEAR NORMAL DEPARTURE LAST
                VALUE   (LST)  VALUE       VALUE  FROM      YEAR
                                                  NORMAL
..................................................................
TEMPERATURE (F)
 YESTERDAY
  MAXIMUM        109R   140 PM 109    1961  93     16       96
  MINIMUM         76   1155 PM  44    1944  61     15       72
  AVERAGE         93                        77     16       84

PRECIPITATION (IN)
  YESTERDAY        0.00          0.15 1936   0.00   0.00     0.00
  MONTH TO DATE    0.00                      0.09  -0.09     0.00
  SINCE OCT 1      5.93                      7.77  -1.84     4.28
  SINCE JAN 1      4.14                      5.32  -1.18     2.47

SNOWFALL (IN)
  YESTERDAY        0.0           0.0  1973  MM               0.0
  MONTH TO DATE    0.0                      MM               0.0
  SINCE JUN 1      0.0                      MM               0.0
  SINCE JUL 1      0.0                      MM                T
  SNOW DEPTH       0

DEGREE DAYS
 HEATING
  YESTERDAY        0                         0      0        0
  MONTH TO DATE    7                         6      1        0
  SINCE JUN 1      7                         6      1        0
  SINCE JUL 1   2331                      2924   -593     2605

 COOLING
  YESTERDAY       28                        12     16       19
  MONTH TO DATE  347                       229    118      358
  SINCE JUN 1    347                       229    118      358
  SINCE JAN 1    528                       399    129      502
..................................................................


WIND (MPH)
  HIGHEST WIND SPEED    28   HIGHEST WIND DIRECTION     W (290)
  HIGHEST GUST SPEED    35   HIGHEST GUST DIRECTION    SW (220)
  AVERAGE WIND SPEED    10.1


SKY COVER
  POSSIBLE SUNSHINE  MM
  AVERAGE SKY COVER 0.0


WEATHER CONDITIONS
 THE FOLLOWING WEATHER WAS RECORDED YESTERDAY.
  NO SIGNIFICANT WEATHER WAS OBSERVED.


RELATIVE HUMIDITY (PERCENT)
 HIGHEST    35          1200 AM
 LOWEST      8           300 PM
 AVERAGE    22

..........................................................


THE PALMDALE AIRPORT CA CLIMATE NORMALS FOR TODAY
                         NORMAL    RECORD    YEAR
 MAXIMUM TEMPERATURE (F)   93       108      1964
 MINIMUM TEMPERATURE (F)   61        42      1975


SUNRISE AND SUNSET
JUNE 25 2017..........SUNRISE   541 AM PDT   SUNSET   809 PM PDT
JUNE 26 2017..........SUNRISE   541 AM PDT   SUNSET   809 PM PDT


-  INDICATES NEGATIVE NUMBERS.
R  INDICATES RECORD WAS SET OR TIED.
MM INDICATES DATA IS MISSING.
T  INDICATES TRACE AMOUNT.




$$
