000
CDUS46 KLOX 300113
CLIPMD


CLIMATE REPORT
NATIONAL WEATHER SERVICE LOS ANGELES/OXNARD CA
613 PM PDT FRI MAY 29 2015


...................................

...THE PALMDALE AIRPORT CA CLIMATE SUMMARY FOR MAY 29 2015...
VALID TODAY AS OF 0600 PM LOCAL TIME.

CLIMATE NORMAL PERIOD 1981 TO 2010
CLIMATE RECORD PERIOD 1931 TO 2015


WEATHER ITEM   OBSERVED TIME   RECORD YEAR NORMAL DEPARTURE LAST
                VALUE   (LST)  VALUE       VALUE  FROM      YEAR
                                                  NORMAL
..................................................................
TEMPERATURE (F)
 TODAY
  MAXIMUM         95    148 PM 102    1984  87      8       89
  MINIMUM         59    509 AM  39    1942  55      4       51
  AVERAGE         77                        71      6       70

PRECIPITATION (IN)
  TODAY            0.00          0.02 1988   0.00   0.00     0.00
  MONTH TO DATE    0.10                      0.24  -0.14     0.96
  SINCE OCT 1      4.22                      7.67  -3.45     4.99
  SINCE JAN 1      1.65                      5.22  -3.57     3.05

SNOWFALL (IN)
  TODAY            0.0          MM      MM  MM               0.0
  MONTH TO DATE    0.0                      MM               0.0
  SINCE MAR 1      0.0                      MM               0.0
  SINCE JUL 1      0.0                      MM               0.0
  SNOW DEPTH       0

DEGREE DAYS
 HEATING
  TODAY            0                         1     -1        0
  MONTH TO DATE   98                        66     32       35
  SINCE MAR 1    444                       671   -227      433
  SINCE JUL 1   2099                      2916   -817     2331

 COOLING
  TODAY           12                         7      5        5
  MONTH TO DATE   63                       132    -69      157
  SINCE MAR 1     98                       155    -57      200
  SINCE JAN 1     98                       155    -57      201
..................................................................


WIND (MPH)
  HIGHEST WIND SPEED    24   HIGHEST WIND DIRECTION    SW (230)
  HIGHEST GUST SPEED    29   HIGHEST GUST DIRECTION    SW (220)
  AVERAGE WIND SPEED     8.6


SKY COVER
  POSSIBLE SUNSHINE  MM
  AVERAGE SKY COVER 0.0


WEATHER CONDITIONS
 THE FOLLOWING WEATHER WAS RECORDED TODAY.
  NO SIGNIFICANT WEATHER WAS OBSERVED.


RELATIVE HUMIDITY (PERCENT)
 HIGHEST    36           600 AM
 LOWEST      8          1200 PM
 AVERAGE    22

..........................................................


THE PALMDALE AIRPORT CA CLIMATE NORMALS FOR TOMORROW
                         NORMAL    RECORD    YEAR
 MAXIMUM TEMPERATURE (F)   87       103      1984
 MINIMUM TEMPERATURE (F)   56        39      1998


SUNRISE AND SUNSET
MAY 29 2015...........SUNRISE   542 AM PDT   SUNSET   758 PM PDT
MAY 30 2015...........SUNRISE   541 AM PDT   SUNSET   759 PM PDT


-  INDICATES NEGATIVE NUMBERS.
R  INDICATES RECORD WAS SET OR TIED.
MM INDICATES DATA IS MISSING.
T  INDICATES TRACE AMOUNT.




$$
