000
CDUS46 KLOX 300901
CLIPMD


CLIMATE REPORT
NATIONAL WEATHER SERVICE LOS ANGELES/OXNARD CA
201 AM PDT THU JUL 30 2015


...................................

...THE PALMDALE AIRPORT CA CLIMATE SUMMARY FOR JULY 29 2015...

CLIMATE NORMAL PERIOD 1981 TO 2010
CLIMATE RECORD PERIOD 1931 TO 2015


WEATHER ITEM   OBSERVED TIME   RECORD YEAR NORMAL DEPARTURE LAST
                VALUE   (LST)  VALUE       VALUE  FROM      YEAR
                                                  NORMAL
..................................................................
TEMPERATURE (F)
 YESTERDAY
  MAXIMUM        100    142 PM 111    1995  99      1      101
  MINIMUM         68    528 AM  52    1941  67      1       69
  AVERAGE         84                        83      1       85

PRECIPITATION (IN)
  YESTERDAY        0.65R         0.05 1968   0.00   0.65     0.00
  MONTH TO DATE    1.60                      0.09   1.51      T
  SINCE OCT 1      5.85                      7.86  -2.01     4.99
  SINCE JAN 1      3.28                      5.41  -2.13     3.05

SNOWFALL (IN)
  YESTERDAY        0.0           0.0  1973  MM               0.0
  MONTH TO DATE    0.0                      MM               0.0
  SINCE JUN 1      0.0                      MM               0.0
  SINCE JUL 1      0.0                      MM               0.0
  SNOW DEPTH       0

DEGREE DAYS
 HEATING
  YESTERDAY        0                         0      0        0
  MONTH TO DATE    0                         0      0        0
  SINCE JUN 1      0                         7     -7        0
  SINCE JUL 1      0                         0      0        0

 COOLING
  YESTERDAY       19                        18      1       20
  MONTH TO DATE  389                       468    -79      555
  SINCE JUN 1    837                       774     63      959
  SINCE JAN 1    962                       944     18     1178
..................................................................


WIND (MPH)
  HIGHEST WIND SPEED    41   HIGHEST WIND DIRECTION     E (100)
  HIGHEST GUST SPEED    47   HIGHEST GUST DIRECTION     E (110)
  AVERAGE WIND SPEED     6.1


SKY COVER
  POSSIBLE SUNSHINE  MM
  AVERAGE SKY COVER 0.0


WEATHER CONDITIONS
 THE FOLLOWING WEATHER WAS RECORDED YESTERDAY.
  THUNDERSTORM
  HEAVY RAIN
  LIGHT RAIN
  HAZE


RELATIVE HUMIDITY (PERCENT)
 HIGHEST    74          1100 PM
 LOWEST      9          1100 AM
 AVERAGE    42

..........................................................


THE PALMDALE AIRPORT CA CLIMATE NORMALS FOR TODAY
                         NORMAL    RECORD    YEAR
 MAXIMUM TEMPERATURE (F)   99       110      1995
 MINIMUM TEMPERATURE (F)   67        55      1975


SUNRISE AND SUNSET
JULY 30 2015..........SUNRISE   601 AM PDT   SUNSET   756 PM PDT
JULY 31 2015..........SUNRISE   602 AM PDT   SUNSET   755 PM PDT


-  INDICATES NEGATIVE NUMBERS.
R  INDICATES RECORD WAS SET OR TIED.
MM INDICATES DATA IS MISSING.
T  INDICATES TRACE AMOUNT.




$$
